[INFO] cloning repository https://github.com/TheYahya/port.pub
[INFO] running `Command { std: "git" "-c" "credential.helper=" "-c" "credential.helper=/workspace/cargo-home/bin/git-credential-null" "clone" "--bare" "https://github.com/TheYahya/port.pub" "/workspace/cache/git-repos/https%3A%2F%2Fgithub.com%2FTheYahya%2Fport.pub", kill_on_drop: false }`
[INFO] [stderr] Cloning into bare repository '/workspace/cache/git-repos/https%3A%2F%2Fgithub.com%2FTheYahya%2Fport.pub'...
[INFO] running `Command { std: "git" "rev-parse" "HEAD", kill_on_drop: false }`
[INFO] [stdout] 693958cea9f1e4a980e0c0048385644c6c67e504
[INFO] checking TheYahya/port.pub against f4dd856795debe636f2ba39a900f162f5abeb7e8 for pr-160904
[INFO] running `Command { std: "git" "clone" "/workspace/cache/git-repos/https%3A%2F%2Fgithub.com%2FTheYahya%2Fport.pub" "/workspace/builds/worker-5-tc2/source", kill_on_drop: false }`
[INFO] [stderr] Cloning into '/workspace/builds/worker-5-tc2/source'...
[INFO] [stderr] done.
[INFO] started tweaking git repo https://github.com/TheYahya/port.pub
[INFO] finished tweaking git repo https://github.com/TheYahya/port.pub
[INFO] tweaked toml for git repo https://github.com/TheYahya/port.pub written to /workspace/builds/worker-5-tc2/source/Cargo.toml
[INFO] validating manifest of git repo https://github.com/TheYahya/port.pub on toolchain f4dd856795debe636f2ba39a900f162f5abeb7e8
[INFO] running `Command { std: CARGO_HOME="/workspace/cargo-home" RUSTUP_HOME="/workspace/rustup-home" "/workspace/cargo-home/bin/cargo" "+f4dd856795debe636f2ba39a900f162f5abeb7e8" "metadata" "--manifest-path" "Cargo.toml" "--no-deps", kill_on_drop: false }`
[INFO] crate git repo https://github.com/TheYahya/port.pub already has a lockfile, it will not be regenerated
[INFO] running `Command { std: CARGO_HOME="/workspace/cargo-home" RUSTUP_HOME="/workspace/rustup-home" "/workspace/cargo-home/bin/cargo" "+f4dd856795debe636f2ba39a900f162f5abeb7e8" "fetch" "--manifest-path" "Cargo.toml", kill_on_drop: false }`
[INFO] [stderr] warning: unused field `publish` in `workspace.package`
[INFO] [stderr]   --> Cargo.toml:15:1
[INFO] [stderr]    |
[INFO] [stderr] 15 | publish = false
[INFO] [stderr]    | ^^^^^^^
[INFO] [stderr]    |
[INFO] [stderr]    = note: `cargo::unused_workspace_package_fields` is set to `warn` by default
[INFO] [stderr] help: consider removing the field `workspace.package.publish`
[INFO] [stderr] warning: workspace (manifest) generated 1 warning
[INFO] [stderr]     Blocking waiting for file lock on package cache
[INFO] [stderr]     Updating crates.io index
[INFO] [stderr]     Blocking waiting for file lock on package cache
[ERROR] error running command: no output for 300 seconds
[INFO] checking TheYahya/port.pub against f4dd856795debe636f2ba39a900f162f5abeb7e8 for pr-160904
[INFO] running `Command { std: "git" "clone" "/workspace/cache/git-repos/https%3A%2F%2Fgithub.com%2FTheYahya%2Fport.pub" "/workspace/builds/worker-5-tc2/source", kill_on_drop: false }`
[INFO] [stderr] Cloning into '/workspace/builds/worker-5-tc2/source'...
[INFO] [stderr] done.
[INFO] started tweaking git repo https://github.com/TheYahya/port.pub
[INFO] finished tweaking git repo https://github.com/TheYahya/port.pub
[INFO] tweaked toml for git repo https://github.com/TheYahya/port.pub written to /workspace/builds/worker-5-tc2/source/Cargo.toml
[INFO] validating manifest of git repo https://github.com/TheYahya/port.pub on toolchain f4dd856795debe636f2ba39a900f162f5abeb7e8
[INFO] running `Command { std: CARGO_HOME="/workspace/cargo-home" RUSTUP_HOME="/workspace/rustup-home" "/workspace/cargo-home/bin/cargo" "+f4dd856795debe636f2ba39a900f162f5abeb7e8" "metadata" "--manifest-path" "Cargo.toml" "--no-deps", kill_on_drop: false }`
[INFO] crate git repo https://github.com/TheYahya/port.pub already has a lockfile, it will not be regenerated
[INFO] running `Command { std: CARGO_HOME="/workspace/cargo-home" RUSTUP_HOME="/workspace/rustup-home" "/workspace/cargo-home/bin/cargo" "+f4dd856795debe636f2ba39a900f162f5abeb7e8" "fetch" "--manifest-path" "Cargo.toml", kill_on_drop: false }`
[INFO] [stderr] warning: unused field `publish` in `workspace.package`
[INFO] [stderr]   --> Cargo.toml:15:1
[INFO] [stderr]    |
[INFO] [stderr] 15 | publish = false
[INFO] [stderr]    | ^^^^^^^
[INFO] [stderr]    |
[INFO] [stderr]    = note: `cargo::unused_workspace_package_fields` is set to `warn` by default
[INFO] [stderr] help: consider removing the field `workspace.package.publish`
[INFO] [stderr] warning: workspace (manifest) generated 1 warning
[INFO] [stderr]     Blocking waiting for file lock on package cache
[INFO] [stderr]     Blocking waiting for file lock on package cache
[ERROR] error running command: no output for 300 seconds
[INFO] checking TheYahya/port.pub against f4dd856795debe636f2ba39a900f162f5abeb7e8 for pr-160904
[INFO] running `Command { std: "git" "clone" "/workspace/cache/git-repos/https%3A%2F%2Fgithub.com%2FTheYahya%2Fport.pub" "/workspace/builds/worker-5-tc2/source", kill_on_drop: false }`
[INFO] [stderr] Cloning into '/workspace/builds/worker-5-tc2/source'...
[INFO] [stderr] done.
[INFO] started tweaking git repo https://github.com/TheYahya/port.pub
[INFO] finished tweaking git repo https://github.com/TheYahya/port.pub
[INFO] tweaked toml for git repo https://github.com/TheYahya/port.pub written to /workspace/builds/worker-5-tc2/source/Cargo.toml
[INFO] validating manifest of git repo https://github.com/TheYahya/port.pub on toolchain f4dd856795debe636f2ba39a900f162f5abeb7e8
[INFO] running `Command { std: CARGO_HOME="/workspace/cargo-home" RUSTUP_HOME="/workspace/rustup-home" "/workspace/cargo-home/bin/cargo" "+f4dd856795debe636f2ba39a900f162f5abeb7e8" "metadata" "--manifest-path" "Cargo.toml" "--no-deps", kill_on_drop: false }`
[INFO] crate git repo https://github.com/TheYahya/port.pub already has a lockfile, it will not be regenerated
[INFO] running `Command { std: CARGO_HOME="/workspace/cargo-home" RUSTUP_HOME="/workspace/rustup-home" "/workspace/cargo-home/bin/cargo" "+f4dd856795debe636f2ba39a900f162f5abeb7e8" "fetch" "--manifest-path" "Cargo.toml", kill_on_drop: false }`
[INFO] [stderr] warning: unused field `publish` in `workspace.package`
[INFO] [stderr]   --> Cargo.toml:15:1
[INFO] [stderr]    |
[INFO] [stderr] 15 | publish = false
[INFO] [stderr]    | ^^^^^^^
[INFO] [stderr]    |
[INFO] [stderr]    = note: `cargo::unused_workspace_package_fields` is set to `warn` by default
[INFO] [stderr] help: consider removing the field `workspace.package.publish`
[INFO] [stderr] warning: workspace (manifest) generated 1 warning
[INFO] [stderr]     Blocking waiting for file lock on package cache
[INFO] [stderr]     Blocking waiting for file lock on package cache
[INFO] [stderr]  Downloading crates ...
[INFO] [stderr]   Downloaded castaway v0.2.3
[INFO] [stderr]   Downloaded indoc v2.0.6
[INFO] [stderr]   Downloaded libloading v0.8.7
[INFO] [stderr]   Downloaded instability v0.3.7
[INFO] [stderr]   Downloaded owo-colors v4.2.0
[INFO] [stderr]   Downloaded clap v4.5.34
[INFO] [stderr]   Downloaded color-spantrace v0.2.2
[INFO] [stderr]   Downloaded clap_builder v4.5.34
[INFO] [stderr]   Downloaded color-eyre v0.6.4
[INFO] [stderr]   Downloaded cc v1.2.22
[INFO] [stderr]   Downloaded human_bytes v0.4.3
[INFO] running `Command { std: "docker" "create" "-v" "/var/lib/crater-agent-workspace/builds/worker-5-tc2/source:/opt/rustwide/workdir:ro,Z" "-v" "/var/lib/crater-agent-workspace/builds/worker-5-tc2/target:/opt/rustwide/target:rw,Z" "-v" "/var/lib/crater-agent-workspace/cargo-home:/opt/rustwide/cargo-home:ro,Z" "-v" "/var/lib/crater-agent-workspace/rustup-home:/opt/rustwide/rustup-home:ro,Z" "-m" "1610612736" "--network" "none" "ghcr.io/rust-lang/crates-build-env/linux@sha256:3111399a4047eeb3a02b7a90e478d715f38a8c6669b5c4b49d30a17385265909" "sleep" "infinity", kill_on_drop: false }`
[INFO] [stdout] 59d0c79221d58f49b0d5bde942aed32c2cb63bf453266ea943e6b1a64d7f6738
[INFO] running `Command { std: "docker" "start" "59d0c79221d58f49b0d5bde942aed32c2cb63bf453266ea943e6b1a64d7f6738", kill_on_drop: false }`
[INFO] running `Command { std: "docker" "inspect" "59d0c79221d58f49b0d5bde942aed32c2cb63bf453266ea943e6b1a64d7f6738", kill_on_drop: false }`
[INFO] running `Command { std: "docker" "exec" "-e" "SOURCE_DIR=/opt/rustwide/workdir" "-e" "CARGO_HOME=/opt/rustwide/cargo-home" "-e" "RUSTUP_HOME=/opt/rustwide/rustup-home" "-e" "CARGO_TARGET_DIR=/opt/rustwide/target" "-w" "/opt/rustwide/workdir" "--user" "0:0" "59d0c79221d58f49b0d5bde942aed32c2cb63bf453266ea943e6b1a64d7f6738" "/opt/rustwide/cargo-home/bin/cargo" "+f4dd856795debe636f2ba39a900f162f5abeb7e8" "metadata" "--no-deps" "--format-version=1", kill_on_drop: false }`
[INFO] running `Command { std: "docker" "inspect" "59d0c79221d58f49b0d5bde942aed32c2cb63bf453266ea943e6b1a64d7f6738", kill_on_drop: false }`
[INFO] running `Command { std: "docker" "exec" "-e" "SOURCE_DIR=/opt/rustwide/workdir" "-e" "CARGO_HOME=/opt/rustwide/cargo-home" "-e" "RUSTUP_HOME=/opt/rustwide/rustup-home" "-e" "CARGO_TARGET_DIR=/opt/rustwide/target" "-e" "CARGO_INCREMENTAL=0" "-e" "RUST_BACKTRACE=full" "-e" "RUSTFLAGS=--cap-lints=forbid" "-e" "RUSTDOCFLAGS=--cap-lints=forbid" "-w" "/opt/rustwide/workdir" "--user" "0:0" "59d0c79221d58f49b0d5bde942aed32c2cb63bf453266ea943e6b1a64d7f6738" "/opt/rustwide/cargo-home/bin/cargo" "+f4dd856795debe636f2ba39a900f162f5abeb7e8" "check" "--frozen" "--all" "--all-targets" "--message-format=json", kill_on_drop: false }`
[INFO] [stderr] warning: unused field `publish` in `workspace.package`
[INFO] [stderr]   --> Cargo.toml:15:1
[INFO] [stderr]    |
[INFO] [stderr] 15 | publish = false
[INFO] [stderr]    | ^^^^^^^
[INFO] [stderr]    |
[INFO] [stderr]    = note: `cargo::unused_workspace_package_fields` is set to `warn` by default
[INFO] [stderr] help: consider removing the field `workspace.package.publish`
[INFO] [stderr] warning: workspace (manifest) generated 1 warning
[INFO] [stderr]     Checking log v0.4.26
[INFO] [stderr]     Checking smallvec v1.14.0
[INFO] [stderr]     Checking once_cell v1.21.1
[INFO] [stderr]     Checking bitflags v2.9.0
[INFO] [stderr]    Compiling rustix v0.38.44
[INFO] [stderr]     Checking linux-raw-sys v0.4.15
[INFO] [stderr]    Compiling syn v2.0.100
[INFO] [stderr]    Compiling cc v1.2.22
[INFO] [stderr]    Compiling wayland-sys v0.31.6
[INFO] [stderr]     Checking libloading v0.8.7
[INFO] [stderr]     Checking tracing-core v0.1.33
[INFO] [stderr]     Checking parking_lot_core v0.9.10
[INFO] [stderr]     Checking dlib v0.5.2
[INFO] [stderr]     Checking mio v1.0.3
[INFO] [stderr]     Checking parking_lot v0.12.3
[INFO] [stderr]    Compiling memchr v2.7.4
[INFO] [stderr]    Compiling wayland-client v0.31.10
[INFO] [stderr]     Checking thread_local v1.1.8
[INFO] [stderr]     Checking tracing-log v0.2.0
[INFO] [stderr]     Checking futures-io v0.3.31
[INFO] [stderr]    Compiling rustversion v1.0.20
[INFO] [stderr]     Checking dashmap v6.1.0
[INFO] [stderr]     Checking rand v0.9.2
[INFO] [stderr]     Checking tracing-subscriber v0.3.19
[INFO] [stderr]     Checking signal-hook v0.3.18
[INFO] [stderr]    Compiling quick-xml v0.37.5
[INFO] [stderr]     Checking cursor-icon v1.1.0
[INFO] [stderr]     Checking xcursor v0.3.8
[INFO] [stderr]    Compiling anyhow v1.0.97
[INFO] [stderr]    Compiling owo-colors v4.2.0
[INFO] [stderr]    Compiling object v0.36.7
[INFO] [stderr]    Compiling convert_case v0.7.1
[INFO] [stderr]     Checking signal-hook-mio v0.2.4
[INFO] [stderr]     Checking memmap2 v0.9.5
[INFO] [stderr]    Compiling rustix v1.0.7
[INFO] [stderr]    Compiling eyre v0.6.12
[INFO] [stderr]    Compiling color-spantrace v0.2.2
[INFO] [stderr]    Compiling wayland-backend v0.3.10
[INFO] [stderr]     Checking gimli v0.31.1
[INFO] [stderr]    Compiling wayland-scanner v0.31.6
[INFO] [stderr]     Checking x11rb-protocol v0.13.1
[INFO] [stderr]     Checking hashbrown v0.15.3
[INFO] [stderr]     Checking miniz_oxide v0.8.5
[INFO] [stderr]     Checking itertools v0.13.0
[INFO] [stderr]     Checking castaway v0.2.3
[INFO] [stderr]     Checking rustc-demangle v0.1.24
[INFO] [stderr]    Compiling darling_core v0.20.11
[INFO] [stderr]     Checking addr2line v0.24.2
[INFO] [stderr]    Compiling indoc v2.0.6
[INFO] [stderr]    Compiling litrs v0.4.1
[INFO] [stderr]     Checking indenter v0.3.3
[INFO] [stderr]     Checking clap_lex v0.7.4
[INFO] [stderr]     Checking clap_builder v4.5.34
[INFO] [stderr]     Checking unicode-truncate v1.1.0
[INFO] [stderr]     Checking compact_str v0.8.1
[INFO] [stderr]    Compiling document-features v0.2.11
[INFO] [stderr]     Checking lru v0.12.5
[INFO] [stderr]     Checking unicode-width v0.2.0
[INFO] [stderr]     Checking chrono v0.4.41
[INFO] [stderr]    Compiling tracing-attributes v0.1.28
[INFO] [stderr]    Compiling futures-macro v0.3.31
[INFO] [stderr]    Compiling serde_derive v1.0.219
[INFO] [stderr]    Compiling tokio-macros v2.5.0
[INFO] [stderr]    Compiling thiserror-impl v1.0.69
[INFO] [stderr]     Checking futures-util v0.3.31
[INFO] [stderr]    Compiling darling_macro v0.20.11
[INFO] [stderr]     Checking wayland-csd-frame v0.3.0
[INFO] [stderr]     Checking tokio v1.44.1
[INFO] [stderr]     Checking x11rb v0.13.1
[INFO] [stderr]    Compiling darling v0.20.11
[INFO] [stderr]    Compiling strum_macros v0.26.4
[INFO] [stderr]     Checking tracing v0.1.41
[INFO] [stderr]     Checking polling v3.7.4
[INFO] [stderr]     Checking tracing-error v0.2.1
[INFO] [stderr]    Compiling derive_more-impl v2.0.1
[INFO] [stderr]     Checking thiserror v1.0.69
[INFO] [stderr]     Checking calloop v0.13.0
[INFO] [stderr]     Checking wayland-protocols v0.32.8
[INFO] [stderr]     Checking calloop-wayland-source v0.3.0
[INFO] [stderr]     Checking wayland-cursor v0.31.10
[INFO] [stderr]     Checking x11-clipboard v0.9.3
[INFO] [stderr]    Compiling instability v0.3.7
[INFO] [stderr]     Checking backtrace v0.3.74
[INFO] [stderr]     Checking derive_more v2.0.1
[INFO] [stderr]    Compiling clap_derive v4.5.32
[INFO] [stderr]     Checking crossterm v0.28.1
[INFO] [stderr]     Checking color-eyre v0.6.4
[INFO] [stderr]     Checking crossterm v0.29.0
[INFO] [stderr]     Checking strum v0.26.3
[INFO] [stderr]     Checking human_bytes v0.4.3
[INFO] [stderr]     Checking ratatui v0.29.0
[INFO] [stderr]     Checking serde v1.0.219
[INFO] [stderr]     Checking futures-executor v0.3.31
[INFO] [stderr]     Checking futures v0.3.31
[INFO] [stderr]     Checking clap v4.5.34
[INFO] [stderr]     Checking tokio-util v0.7.14
[INFO] [stderr]     Checking tokio-stream v0.1.17
[INFO] [stderr]     Checking uuid v1.16.0
[INFO] [stderr]     Checking serde_json v1.0.140
[INFO] [stderr]     Checking wayland-protocols-wlr v0.3.8
[INFO] [stderr]     Checking portpub-shared v0.4.1 (/opt/rustwide/workdir/portpub/shared)
[INFO] [stderr]     Checking server v0.4.1 (/opt/rustwide/workdir/portpub/server)
[INFO] [stdout] warning: unused import: `rand::seq::SliceRandom`
[INFO] [stdout]  --> portpub/server/src/main.rs:5:5
[INFO] [stdout]   |
[INFO] [stdout] 5 | use rand::seq::SliceRandom;
[INFO] [stdout]   |     ^^^^^^^^^^^^^^^^^^^^^^
[INFO] [stdout]   |
[INFO] [stdout]   = note: `#[warn(unused_imports)]` (part of `#[warn(unused)]`) on by default
[INFO] [stdout] 
[INFO] [stdout] 
[INFO] [stdout] warning: unused import: `rand::seq::SliceRandom`
[INFO] [stdout]  --> portpub/server/src/main.rs:5:5
[INFO] [stdout]   |
[INFO] [stdout] 5 | use rand::seq::SliceRandom;
[INFO] [stdout]   |     ^^^^^^^^^^^^^^^^^^^^^^
[INFO] [stdout]   |
[INFO] [stdout]   = note: `#[warn(unused_imports)]` (part of `#[warn(unused)]`) on by default
[INFO] [stdout] 
[INFO] [stdout] 
[INFO] [stdout] warning: use of deprecated function `rand::thread_rng`: Renamed to `rng`
[INFO] [stdout]  --> portpub/server/src/main.rs:6:11
[INFO] [stdout]   |
[INFO] [stdout] 6 | use rand::thread_rng;
[INFO] [stdout]   |           ^^^^^^^^^^
[INFO] [stdout]   |
[INFO] [stdout]   = note: `#[warn(deprecated)]` on by default
[INFO] [stdout] 
[INFO] [stdout] 
[INFO] [stdout] warning: use of deprecated function `rand::thread_rng`: Renamed to `rng`
[INFO] [stdout]  --> portpub/server/src/main.rs:6:11
[INFO] [stdout]   |
[INFO] [stdout] 6 | use rand::thread_rng;
[INFO] [stdout]   |           ^^^^^^^^^^
[INFO] [stdout]   |
[INFO] [stdout]   = note: `#[warn(deprecated)]` on by default
[INFO] [stdout] 
[INFO] [stdout] 
[INFO] [stdout] warning: use of deprecated function `rand::thread_rng`: Renamed to `rng`
[INFO] [stdout]   --> portpub/server/src/main.rs:27:19
[INFO] [stdout]    |
[INFO] [stdout] 27 |     let mut rng = thread_rng();
[INFO] [stdout]    |                   ^^^^^^^^^^
[INFO] [stdout] 
[INFO] [stdout] 
[INFO] [stdout] warning: use of deprecated function `rand::thread_rng`: Renamed to `rng`
[INFO] [stdout]   --> portpub/server/src/main.rs:27:19
[INFO] [stdout]    |
[INFO] [stdout] 27 |     let mut rng = thread_rng();
[INFO] [stdout]    |                   ^^^^^^^^^^
[INFO] [stdout] 
[INFO] [stdout] 
[INFO] [stdout] error[E0599]: no method named `choose` found for reference `&'static [u8]` in the current scope
[INFO] [stdout]   --> portpub/server/src/main.rs:32:18
[INFO] [stdout]    |
[INFO] [stdout] 31 | /             CHARSET
[INFO] [stdout] 32 | |                 .choose(&mut rng)
[INFO] [stdout]    | |_________________-^^^^^^
[INFO] [stdout]    |
[INFO] [stdout]    = help: items from traits can only be used if the trait is in scope
[INFO] [stdout] help: trait `IndexedRandom` which provides `choose` is implemented but not in scope; perhaps you want to import it
[INFO] [stdout]    |
[INFO] [stdout]  1 + use rand::prelude::IndexedRandom;
[INFO] [stdout]    |
[INFO] [stdout] help: there is a method `choose_mut` with a similar name
[INFO] [stdout]    |
[INFO] [stdout] 32 |                 .choose_mut(&mut rng)
[INFO] [stdout]    |                        ++++
[INFO] [stdout] 
[INFO] [stdout] 
[INFO] [stdout] error[E0599]: no method named `choose` found for reference `&'static [u8]` in the current scope
[INFO] [stdout]   --> portpub/server/src/main.rs:32:18
[INFO] [stdout]    |
[INFO] [stdout] 31 | /             CHARSET
[INFO] [stdout] 32 | |                 .choose(&mut rng)
[INFO] [stdout]    | |_________________-^^^^^^
[INFO] [stdout]    |
[INFO] [stdout]    = help: items from traits can only be used if the trait is in scope
[INFO] [stdout] help: trait `IndexedRandom` which provides `choose` is implemented but not in scope; perhaps you want to import it
[INFO] [stdout]    |
[INFO] [stdout]  1 + use rand::prelude::IndexedRandom;
[INFO] [stdout]    |
[INFO] [stdout] help: there is a method `choose_mut` with a similar name
[INFO] [stdout]    |
[INFO] [stdout] 32 |                 .choose_mut(&mut rng)
[INFO] [stdout]    |                        ++++
[INFO] [stdout] 
[INFO] [stdout] 
[INFO] [stdout] For more information about this error, try `rustc --explain E0599`.
[INFO] [stdout] 
[INFO] [stdout] For more information about this error, try `rustc --explain E0599`.
[INFO] [stdout] 
[INFO] [stderr] error: could not compile `server` (bin "server") due to 1 previous error; 3 warnings emitted
[INFO] [stderr] warning: build failed, waiting for other jobs to finish...
[INFO] [stderr] error: could not compile `server` (bin "server" test) due to 1 previous error; 3 warnings emitted
[INFO] [stderr] warning: unused dependency `dashmap`
[INFO] [stderr]   --> portpub/shared/Cargo.toml:18:1
[INFO] [stderr]    |
[INFO] [stderr] 18 | dashmap = { version = "6" }
[INFO] [stderr]    | ^^^^^^^^^^^^^^^^^^^^^^^^^^^
[INFO] [stderr]    |
[INFO] [stderr]    = note: `cargo::unused_dependencies` is set to `warn` by default
[INFO] [stderr] help: consider removing the dependency on `dashmap`
[INFO] [stderr] warning: unused dependency `futures`
[INFO] [stderr]   --> portpub/shared/Cargo.toml:23:1
[INFO] [stderr]    |
[INFO] [stderr] 23 | futures = "0.3"
[INFO] [stderr]    | ^^^^^^^^^^^^^^^
[INFO] [stderr]    |
[INFO] [stderr] help: consider removing the dependency on `futures`
[INFO] [stderr] warning: unused dependency `rand`
[INFO] [stderr]   --> portpub/shared/Cargo.toml:19:1
[INFO] [stderr]    |
[INFO] [stderr] 19 | rand = "0.9"
[INFO] [stderr]    | ^^^^^^^^^^^^
[INFO] [stderr]    |
[INFO] [stderr] help: consider removing the dependency on `rand`
[INFO] [stderr] warning: unused dependency `serde_json`
[INFO] [stderr]   --> portpub/shared/Cargo.toml:17:1
[INFO] [stderr]    |
[INFO] [stderr] 17 | serde_json = {version = "1"}
[INFO] [stderr]    | ^^^^^^^^^^^^^^^^^^^^^^^^^^^^
[INFO] [stderr]    |
[INFO] [stderr] help: consider removing the dependency on `serde_json`
[INFO] [stderr] warning: unused dependency `tracing`
[INFO] [stderr]   --> portpub/shared/Cargo.toml:20:1
[INFO] [stderr]    |
[INFO] [stderr] 20 | tracing = "0.1.32"
[INFO] [stderr]    | ^^^^^^^^^^^^^^^^^^
[INFO] [stderr]    |
[INFO] [stderr] help: consider removing the dependency on `tracing`
[INFO] [stderr] warning: unused dependency `tracing-subscriber`
[INFO] [stderr]   --> portpub/shared/Cargo.toml:21:1
[INFO] [stderr]    |
[INFO] [stderr] 21 | tracing-subscriber = "0.3.18"
[INFO] [stderr]    | ^^^^^^^^^^^^^^^^^^^^^^^^^^^^^
[INFO] [stderr]    |
[INFO] [stderr] help: consider removing the dependency on `tracing-subscriber`
[INFO] [stderr] warning: `portpub-shared` (manifest) generated 6 warnings
[INFO] running `Command { std: "docker" "inspect" "59d0c79221d58f49b0d5bde942aed32c2cb63bf453266ea943e6b1a64d7f6738", kill_on_drop: false }`
[INFO] running `Command { std: "docker" "rm" "-f" "59d0c79221d58f49b0d5bde942aed32c2cb63bf453266ea943e6b1a64d7f6738", kill_on_drop: false }`
[INFO] [stdout] 59d0c79221d58f49b0d5bde942aed32c2cb63bf453266ea943e6b1a64d7f6738
