[INFO] cloning repository https://github.com/DevHeap/circles-server
[INFO] running `Command { std: "git" "-c" "credential.helper=" "-c" "credential.helper=/workspace/cargo-home/bin/git-credential-null" "clone" "--bare" "https://github.com/DevHeap/circles-server" "/workspace/cache/git-repos/https%3A%2F%2Fgithub.com%2FDevHeap%2Fcircles-server", kill_on_drop: false }`
[INFO] [stderr] Cloning into bare repository '/workspace/cache/git-repos/https%3A%2F%2Fgithub.com%2FDevHeap%2Fcircles-server'...
[INFO] running `Command { std: "git" "rev-parse" "HEAD", kill_on_drop: false }`
[INFO] [stdout] e1151fa5c5fde123669fab3c5858fac5aaa2de6f
[INFO] checking DevHeap/circles-server against f4dd856795debe636f2ba39a900f162f5abeb7e8 for pr-160904
[INFO] running `Command { std: "git" "clone" "/workspace/cache/git-repos/https%3A%2F%2Fgithub.com%2FDevHeap%2Fcircles-server" "/workspace/builds/worker-0-tc2/source", kill_on_drop: false }`
[INFO] [stderr] Cloning into '/workspace/builds/worker-0-tc2/source'...
[INFO] [stderr] done.
[INFO] started tweaking git repo https://github.com/DevHeap/circles-server
[INFO] finished tweaking git repo https://github.com/DevHeap/circles-server
[INFO] tweaked toml for git repo https://github.com/DevHeap/circles-server written to /workspace/builds/worker-0-tc2/source/Cargo.toml
[INFO] validating manifest of git repo https://github.com/DevHeap/circles-server on toolchain f4dd856795debe636f2ba39a900f162f5abeb7e8
[INFO] running `Command { std: CARGO_HOME="/workspace/cargo-home" RUSTUP_HOME="/workspace/rustup-home" "/workspace/cargo-home/bin/cargo" "+f4dd856795debe636f2ba39a900f162f5abeb7e8" "metadata" "--manifest-path" "Cargo.toml" "--no-deps", kill_on_drop: false }`
[INFO] crate git repo https://github.com/DevHeap/circles-server already has a lockfile, it will not be regenerated
[INFO] running `Command { std: CARGO_HOME="/workspace/cargo-home" RUSTUP_HOME="/workspace/rustup-home" "/workspace/cargo-home/bin/cargo" "+f4dd856795debe636f2ba39a900f162f5abeb7e8" "fetch" "--manifest-path" "Cargo.toml", kill_on_drop: false }`
[INFO] [stderr] warning: Cargo.toml: profile `doc` is deprecated and has no effect
[INFO] [stderr] warning: workspace (manifest) generated 1 warning
[INFO] [stderr] warning: lib/circles-common/Cargo.toml: `package.edition` is unspecified, defaulting to `2015` while the latest is `2024`
[INFO] [stderr] warning: `circles-common` (manifest) generated 1 warning
[INFO] [stderr] warning: services/positions-api/Cargo.toml: `package.edition` is unspecified, defaulting to `2015` while the latest is `2024`
[INFO] [stderr] warning: `positions-api` (manifest) generated 1 warning
[INFO] [stderr]     Blocking waiting for file lock on package cache
[INFO] [stderr]     Blocking waiting for file lock on package cache
[INFO] [stderr]     Blocking waiting for file lock on package cache
[ERROR] error running command: no output for 300 seconds
[INFO] checking DevHeap/circles-server against f4dd856795debe636f2ba39a900f162f5abeb7e8 for pr-160904
[INFO] running `Command { std: "git" "clone" "/workspace/cache/git-repos/https%3A%2F%2Fgithub.com%2FDevHeap%2Fcircles-server" "/workspace/builds/worker-0-tc2/source", kill_on_drop: false }`
[INFO] [stderr] Cloning into '/workspace/builds/worker-0-tc2/source'...
[INFO] [stderr] done.
[INFO] started tweaking git repo https://github.com/DevHeap/circles-server
[INFO] finished tweaking git repo https://github.com/DevHeap/circles-server
[INFO] tweaked toml for git repo https://github.com/DevHeap/circles-server written to /workspace/builds/worker-0-tc2/source/Cargo.toml
[INFO] validating manifest of git repo https://github.com/DevHeap/circles-server on toolchain f4dd856795debe636f2ba39a900f162f5abeb7e8
[INFO] running `Command { std: CARGO_HOME="/workspace/cargo-home" RUSTUP_HOME="/workspace/rustup-home" "/workspace/cargo-home/bin/cargo" "+f4dd856795debe636f2ba39a900f162f5abeb7e8" "metadata" "--manifest-path" "Cargo.toml" "--no-deps", kill_on_drop: false }`
[INFO] crate git repo https://github.com/DevHeap/circles-server already has a lockfile, it will not be regenerated
[INFO] running `Command { std: CARGO_HOME="/workspace/cargo-home" RUSTUP_HOME="/workspace/rustup-home" "/workspace/cargo-home/bin/cargo" "+f4dd856795debe636f2ba39a900f162f5abeb7e8" "fetch" "--manifest-path" "Cargo.toml", kill_on_drop: false }`
[INFO] [stderr] warning: Cargo.toml: profile `doc` is deprecated and has no effect
[INFO] [stderr] warning: workspace (manifest) generated 1 warning
[INFO] [stderr] warning: lib/circles-common/Cargo.toml: `package.edition` is unspecified, defaulting to `2015` while the latest is `2024`
[INFO] [stderr] warning: `circles-common` (manifest) generated 1 warning
[INFO] [stderr] warning: services/positions-api/Cargo.toml: `package.edition` is unspecified, defaulting to `2015` while the latest is `2024`
[INFO] [stderr] warning: `positions-api` (manifest) generated 1 warning
[INFO] [stderr]     Blocking waiting for file lock on package cache
[INFO] [stderr]     Blocking waiting for file lock on package cache
[ERROR] error running command: no output for 300 seconds
[INFO] checking DevHeap/circles-server against f4dd856795debe636f2ba39a900f162f5abeb7e8 for pr-160904
[INFO] running `Command { std: "git" "clone" "/workspace/cache/git-repos/https%3A%2F%2Fgithub.com%2FDevHeap%2Fcircles-server" "/workspace/builds/worker-0-tc2/source", kill_on_drop: false }`
[INFO] [stderr] Cloning into '/workspace/builds/worker-0-tc2/source'...
[INFO] [stderr] done.
[INFO] started tweaking git repo https://github.com/DevHeap/circles-server
[INFO] finished tweaking git repo https://github.com/DevHeap/circles-server
[INFO] tweaked toml for git repo https://github.com/DevHeap/circles-server written to /workspace/builds/worker-0-tc2/source/Cargo.toml
[INFO] validating manifest of git repo https://github.com/DevHeap/circles-server on toolchain f4dd856795debe636f2ba39a900f162f5abeb7e8
[INFO] running `Command { std: CARGO_HOME="/workspace/cargo-home" RUSTUP_HOME="/workspace/rustup-home" "/workspace/cargo-home/bin/cargo" "+f4dd856795debe636f2ba39a900f162f5abeb7e8" "metadata" "--manifest-path" "Cargo.toml" "--no-deps", kill_on_drop: false }`
[INFO] crate git repo https://github.com/DevHeap/circles-server already has a lockfile, it will not be regenerated
[INFO] running `Command { std: CARGO_HOME="/workspace/cargo-home" RUSTUP_HOME="/workspace/rustup-home" "/workspace/cargo-home/bin/cargo" "+f4dd856795debe636f2ba39a900f162f5abeb7e8" "fetch" "--manifest-path" "Cargo.toml", kill_on_drop: false }`
[INFO] [stderr] warning: Cargo.toml: profile `doc` is deprecated and has no effect
[INFO] [stderr] warning: workspace (manifest) generated 1 warning
[INFO] [stderr] warning: lib/circles-common/Cargo.toml: `package.edition` is unspecified, defaulting to `2015` while the latest is `2024`
[INFO] [stderr] warning: `circles-common` (manifest) generated 1 warning
[INFO] [stderr] warning: services/positions-api/Cargo.toml: `package.edition` is unspecified, defaulting to `2015` while the latest is `2024`
[INFO] [stderr] warning: `positions-api` (manifest) generated 1 warning
[INFO] [stderr]     Blocking waiting for file lock on package cache
[INFO] [stderr]     Blocking waiting for file lock on package cache
[ERROR] error running command: no output for 300 seconds
[INFO] checking DevHeap/circles-server against f4dd856795debe636f2ba39a900f162f5abeb7e8 for pr-160904
[INFO] running `Command { std: "git" "clone" "/workspace/cache/git-repos/https%3A%2F%2Fgithub.com%2FDevHeap%2Fcircles-server" "/workspace/builds/worker-0-tc2/source", kill_on_drop: false }`
[INFO] [stderr] Cloning into '/workspace/builds/worker-0-tc2/source'...
[INFO] [stderr] done.
[INFO] started tweaking git repo https://github.com/DevHeap/circles-server
[INFO] finished tweaking git repo https://github.com/DevHeap/circles-server
[INFO] tweaked toml for git repo https://github.com/DevHeap/circles-server written to /workspace/builds/worker-0-tc2/source/Cargo.toml
[INFO] validating manifest of git repo https://github.com/DevHeap/circles-server on toolchain f4dd856795debe636f2ba39a900f162f5abeb7e8
[INFO] running `Command { std: CARGO_HOME="/workspace/cargo-home" RUSTUP_HOME="/workspace/rustup-home" "/workspace/cargo-home/bin/cargo" "+f4dd856795debe636f2ba39a900f162f5abeb7e8" "metadata" "--manifest-path" "Cargo.toml" "--no-deps", kill_on_drop: false }`
[INFO] crate git repo https://github.com/DevHeap/circles-server already has a lockfile, it will not be regenerated
[INFO] running `Command { std: CARGO_HOME="/workspace/cargo-home" RUSTUP_HOME="/workspace/rustup-home" "/workspace/cargo-home/bin/cargo" "+f4dd856795debe636f2ba39a900f162f5abeb7e8" "fetch" "--manifest-path" "Cargo.toml", kill_on_drop: false }`
[INFO] [stderr] warning: Cargo.toml: profile `doc` is deprecated and has no effect
[INFO] [stderr] warning: workspace (manifest) generated 1 warning
[INFO] [stderr] warning: lib/circles-common/Cargo.toml: `package.edition` is unspecified, defaulting to `2015` while the latest is `2024`
[INFO] [stderr] warning: `circles-common` (manifest) generated 1 warning
[INFO] [stderr] warning: services/positions-api/Cargo.toml: `package.edition` is unspecified, defaulting to `2015` while the latest is `2024`
[INFO] [stderr] warning: `positions-api` (manifest) generated 1 warning
[INFO] [stderr]     Blocking waiting for file lock on package cache
[INFO] [stderr]     Blocking waiting for file lock on package cache
[INFO] [stderr]     Blocking waiting for file lock on package cache
[INFO] [stderr]  Downloading crates ...
[INFO] [stderr]   Downloaded tokio-io v0.1.3
[INFO] [stderr]   Downloaded tokio-core v0.1.9
[INFO] [stderr]   Downloaded lazycell v0.5.1
[INFO] [stderr]   Downloaded bytes v0.4.5
[INFO] [stderr]   Downloaded r2d2-diesel v0.16.0
[INFO] [stderr]   Downloaded log v0.3.8
[INFO] [stderr]   Downloaded httparse v1.2.3
[INFO] [stderr]   Downloaded num_cpus v1.7.0
[INFO] [stderr]   Downloaded diesel_infer_schema v0.16.0
[INFO] [stderr]   Downloaded fern v0.4.3
[INFO] [stderr]   Downloaded rustc_version v0.1.7
[INFO] [stderr]   Downloaded futures-cpupool v0.1.6
[INFO] [stderr]   Downloaded foreign-types v0.2.0
[INFO] [stderr]   Downloaded futures v0.1.16
[INFO] [stderr]   Downloaded iovec v0.1.0
[INFO] [stderr]   Downloaded net2 v0.2.31
[INFO] [stderr]   Downloaded num-traits v0.1.40
[INFO] [stderr]   Downloaded backtrace v0.3.3
[INFO] [stderr]   Downloaded rustc-demangle v0.1.5
[INFO] [stderr]   Downloaded r2d2 v0.7.4
[INFO] [stderr]   Downloaded bitflags v0.9.1
[INFO] [stderr]   Downloaded vcpkg v0.2.2
[INFO] [stderr]   Downloaded core-foundation-sys v0.2.3
[INFO] [stderr]   Downloaded secur32-sys v0.2.0
[INFO] [stderr]   Downloaded crypt32-sys v0.2.0
[INFO] [stderr]   Downloaded scoped-tls v0.1.0
[INFO] [stderr]   Downloaded percent-encoding v1.0.0
[INFO] [stderr]   Downloaded semver v0.1.20
[INFO] [stderr]   Downloaded magenta-sys v0.1.1
[INFO] [stderr]   Downloaded scheduled-thread-pool v0.1.0
[INFO] [stderr]   Downloaded relay v0.1.0
[INFO] [stderr]   Downloaded security-framework-sys v0.1.16
[INFO] [stderr]   Downloaded adler32 v1.0.2
[INFO] [stderr]   Downloaded hyper-tls v0.1.2
[INFO] [stderr]   Downloaded serde_derive_internals v0.16.0
[INFO] [stderr]   Downloaded advapi32-sys v0.2.0
[INFO] [stderr]   Downloaded mime v0.3.4
[INFO] [stderr]   Downloaded serde_urlencoded v0.5.1
[INFO] [stderr]   Downloaded dbghelp-sys v0.2.0
[INFO] [stderr]   Downloaded tempdir v0.3.5
[INFO] [stderr]   Downloaded core-foundation v0.2.3
[INFO] [stderr]   Downloaded libflate v0.1.11
[INFO] [stderr]   Downloaded pq-sys v0.4.4
[INFO] [stderr]   Downloaded diesel_codegen v0.16.0
[INFO] [stderr]   Downloaded byteorder v1.1.0
[INFO] [stderr]   Downloaded num v0.1.40
[INFO] [stderr]   Downloaded lazy_static v0.2.9
[INFO] [stderr]   Downloaded magenta v0.1.1
[INFO] [stderr]   Downloaded uuid v0.5.1
[INFO] [stderr]   Downloaded security-framework v0.1.16
[INFO] [stderr]   Downloaded unicase v2.0.0
[INFO] [stderr]   Downloaded serde_derive v1.0.15
[INFO] [stderr]   Downloaded openssl-sys v0.9.19
[INFO] [stderr]   Downloaded tokio-tls v0.1.3
[INFO] [stderr]   Downloaded native-tls v0.1.4
[INFO] [stderr]   Downloaded serde v1.0.15
[INFO] [stderr]   Downloaded cc v1.0.0
[INFO] [stderr]   Downloaded reqwest v0.7.3
[INFO] [stderr]   Downloaded serde_json v1.0.3
[INFO] [stderr]   Downloaded schannel v0.1.8
[INFO] [stderr]   Downloaded rand v0.3.16
[INFO] [stderr]   Downloaded url v1.5.1
[INFO] [stderr]   Downloaded mio v0.6.10
[INFO] [stderr]   Downloaded diesel v0.16.0
[INFO] [stderr]   Downloaded chrono v0.4.0
[INFO] [stderr]   Downloaded hyper v0.11.4
[INFO] [stderr]   Downloaded openssl v0.9.19
[INFO] [stderr]   Downloaded libc v0.2.31
[INFO] [stderr]   Downloaded backtrace-sys v0.1.14
[INFO] running `Command { std: "docker" "create" "-v" "/var/lib/crater-agent-workspace/builds/worker-0-tc2/source:/opt/rustwide/workdir:ro,Z" "-v" "/var/lib/crater-agent-workspace/builds/worker-0-tc2/target:/opt/rustwide/target:rw,Z" "-v" "/var/lib/crater-agent-workspace/cargo-home:/opt/rustwide/cargo-home:ro,Z" "-v" "/var/lib/crater-agent-workspace/rustup-home:/opt/rustwide/rustup-home:ro,Z" "-m" "1610612736" "--network" "none" "ghcr.io/rust-lang/crates-build-env/linux@sha256:3111399a4047eeb3a02b7a90e478d715f38a8c6669b5c4b49d30a17385265909" "sleep" "infinity", kill_on_drop: false }`
[INFO] [stdout] c4141b3adc33f22d500a39fe8f553cdd5e31512ea89f54c0b03b652f70468689
[INFO] running `Command { std: "docker" "start" "c4141b3adc33f22d500a39fe8f553cdd5e31512ea89f54c0b03b652f70468689", kill_on_drop: false }`
[INFO] running `Command { std: "docker" "inspect" "c4141b3adc33f22d500a39fe8f553cdd5e31512ea89f54c0b03b652f70468689", kill_on_drop: false }`
[INFO] running `Command { std: "docker" "exec" "-e" "SOURCE_DIR=/opt/rustwide/workdir" "-e" "CARGO_HOME=/opt/rustwide/cargo-home" "-e" "RUSTUP_HOME=/opt/rustwide/rustup-home" "-e" "CARGO_TARGET_DIR=/opt/rustwide/target" "-w" "/opt/rustwide/workdir" "--user" "0:0" "c4141b3adc33f22d500a39fe8f553cdd5e31512ea89f54c0b03b652f70468689" "/opt/rustwide/cargo-home/bin/cargo" "+f4dd856795debe636f2ba39a900f162f5abeb7e8" "metadata" "--no-deps" "--format-version=1", kill_on_drop: false }`
[INFO] running `Command { std: "docker" "inspect" "c4141b3adc33f22d500a39fe8f553cdd5e31512ea89f54c0b03b652f70468689", kill_on_drop: false }`
[INFO] running `Command { std: "docker" "exec" "-e" "SOURCE_DIR=/opt/rustwide/workdir" "-e" "CARGO_HOME=/opt/rustwide/cargo-home" "-e" "RUSTUP_HOME=/opt/rustwide/rustup-home" "-e" "CARGO_TARGET_DIR=/opt/rustwide/target" "-e" "CARGO_INCREMENTAL=0" "-e" "RUST_BACKTRACE=full" "-e" "RUSTFLAGS=--cap-lints=forbid" "-e" "RUSTDOCFLAGS=--cap-lints=forbid" "-w" "/opt/rustwide/workdir" "--user" "0:0" "c4141b3adc33f22d500a39fe8f553cdd5e31512ea89f54c0b03b652f70468689" "/opt/rustwide/cargo-home/bin/cargo" "+f4dd856795debe636f2ba39a900f162f5abeb7e8" "check" "--frozen" "--all" "--all-targets" "--message-format=json", kill_on_drop: false }`
[INFO] [stderr] warning: Cargo.toml: profile `doc` is deprecated and has no effect
[INFO] [stderr] warning: workspace (manifest) generated 1 warning
[INFO] [stderr] warning: services/positions-api/Cargo.toml: `package.edition` is unspecified, defaulting to `2015` while the latest is `2024`
[INFO] [stderr] warning: `positions-api` (manifest) generated 1 warning
[INFO] [stderr] warning: lib/circles-common/Cargo.toml: `package.edition` is unspecified, defaulting to `2015` while the latest is `2024`
[INFO] [stderr] warning: `circles-common` (manifest) generated 1 warning
[INFO] [stderr]     Checking libc v0.2.31
[INFO] [stderr]    Compiling cc v1.0.0
[INFO] [stderr]     Checking byteorder v1.1.0
[INFO] [stderr]     Checking log v0.3.8
[INFO] [stderr]     Checking futures v0.1.16
[INFO] [stderr]     Checking cfg-if v0.1.2
[INFO] [stderr]    Compiling pkg-config v0.3.9
[INFO] [stderr]     Checking num-traits v0.1.40
[INFO] [stderr]     Checking serde v1.0.15
[INFO] [stderr]    Compiling semver v0.1.20
[INFO] [stderr]     Checking bitflags v0.9.1
[INFO] [stderr]    Compiling pq-sys v0.4.4
[INFO] [stderr]    Compiling openssl v0.9.19
[INFO] [stderr]     Checking slab v0.3.0
[INFO] [stderr]     Checking lazycell v0.5.1
[INFO] [stderr]     Checking foreign-types v0.2.0
[INFO] [stderr]     Checking scoped-tls v0.1.0
[INFO] [stderr]     Checking lazy_static v0.2.9
[INFO] [stderr]    Compiling unicode-xid v0.0.4
[INFO] [stderr]     Checking matches v0.1.6
[INFO] [stderr]     Checking safemem v0.2.0
[INFO] [stderr]    Compiling synom v0.11.3
[INFO] [stderr]     Checking percent-encoding v1.0.0
[INFO] [stderr]    Compiling quote v0.3.15
[INFO] [stderr]     Checking unicode-bidi v0.3.4
[INFO] [stderr]     Checking dtoa v0.4.2
[INFO] [stderr]     Checking unicode-normalization v0.1.5
[INFO] [stderr]     Checking take v0.1.0
[INFO] [stderr]     Checking iovec v0.1.0
[INFO] [stderr]     Checking time v0.1.38
[INFO] [stderr]     Checking net2 v0.2.31
[INFO] [stderr]     Checking rand v0.3.16
[INFO] [stderr]     Checking num-integer v0.1.35
[INFO] [stderr]     Checking num_cpus v1.7.0
[INFO] [stderr]    Compiling rustc_version v0.1.7
[INFO] [stderr]     Checking bytes v0.4.5
[INFO] [stderr]     Checking base64 v0.6.0
[INFO] [stderr]    Compiling syn v0.11.11
[INFO] [stderr]     Checking itoa v0.3.4
[INFO] [stderr]     Checking num-iter v0.1.34
[INFO] [stderr]     Checking smallvec v0.2.1
[INFO] [stderr]    Compiling unicase v2.0.0
[INFO] [stderr]     Checking num v0.1.40
[INFO] [stderr]     Checking mio v0.6.10
[INFO] [stderr]     Checking httparse v1.2.3
[INFO] [stderr]     Checking language-tags v0.2.2
[INFO] [stderr]     Checking idna v0.1.4
[INFO] [stderr]     Checking antidote v1.0.0
[INFO] [stderr]     Checking adler32 v1.0.2
[INFO] [stderr]    Compiling openssl-sys v0.9.19
[INFO] [stderr]    Compiling backtrace-sys v0.1.14
[INFO] [stderr]     Checking scheduled-thread-pool v0.1.0
[INFO] [stderr]     Checking rustc-demangle v0.1.5
[INFO] [stderr]     Checking libflate v0.1.11
[INFO] [stderr]     Checking r2d2 v0.7.4
[INFO] [stderr]     Checking fern v0.4.3
[INFO] [stderr]     Checking mime v0.3.4
[INFO] [stderr] error: failed to run custom build command for `openssl-sys v0.9.19`
[INFO] [stderr] note: To improve backtraces for build dependencies, set the CARGO_PROFILE_DEV_BUILD_OVERRIDE_DEBUG=true environment variable to enable debug information generation.
[INFO] [stderr] 
[INFO] [stderr] Caused by:
[INFO] [stderr]   process didn't exit successfully: `/opt/rustwide/target/debug/build/openssl-sys/7d1793aa99da8af7/out/build_script_build` (exit status: 101)
[INFO] [stderr]   --- stdout
[INFO] [stderr]   cargo:rerun-if-env-changed=X86_64_UNKNOWN_LINUX_GNU_OPENSSL_LIB_DIR
[INFO] [stderr]   cargo:rerun-if-env-changed=OPENSSL_LIB_DIR
[INFO] [stderr]   cargo:rerun-if-env-changed=X86_64_UNKNOWN_LINUX_GNU_OPENSSL_INCLUDE_DIR
[INFO] [stderr]   cargo:rerun-if-env-changed=OPENSSL_INCLUDE_DIR
[INFO] [stderr]   cargo:rerun-if-env-changed=X86_64_UNKNOWN_LINUX_GNU_OPENSSL_DIR
[INFO] [stderr]   cargo:rerun-if-env-changed=OPENSSL_DIR
[INFO] [stderr]   cargo:rustc-link-lib=ssl
[INFO] [stderr]   cargo:rustc-link-lib=crypto
[INFO] [stderr]   OPT_LEVEL = Some("0")
[INFO] [stderr]   TARGET = Some("x86_64-unknown-linux-gnu")
[INFO] [stderr]   HOST = Some("x86_64-unknown-linux-gnu")
[INFO] [stderr]   TARGET = Some("x86_64-unknown-linux-gnu")
[INFO] [stderr]   TARGET = Some("x86_64-unknown-linux-gnu")
[INFO] [stderr]   HOST = Some("x86_64-unknown-linux-gnu")
[INFO] [stderr]   CC_x86_64-unknown-linux-gnu = None
[INFO] [stderr]   CC_x86_64_unknown_linux_gnu = None
[INFO] [stderr]   HOST_CC = None
[INFO] [stderr]   CC = None
[INFO] [stderr]   HOST = Some("x86_64-unknown-linux-gnu")
[INFO] [stderr]   TARGET = Some("x86_64-unknown-linux-gnu")
[INFO] [stderr]   HOST = Some("x86_64-unknown-linux-gnu")
[INFO] [stderr]   CFLAGS_x86_64-unknown-linux-gnu = None
[INFO] [stderr]   CFLAGS_x86_64_unknown_linux_gnu = None
[INFO] [stderr]   HOST_CFLAGS = None
[INFO] [stderr]   CFLAGS = None
[INFO] [stderr]   DEBUG = Some("true")
[INFO] [stderr]   running: "cc" "-O0" "-ffunction-sections" "-fdata-sections" "-fPIC" "-g" "-m64" "-Wall" "-Wextra" "-E" "/opt/rustwide/target/debug/build/openssl-sys/adbd21b097f2a6c3/out/expando.c"
[INFO] [stderr]   exit status: 0
[INFO] [stderr]   cargo:rustc-cfg=osslconf="OPENSSL_NO_SSL3_METHOD"
[INFO] [stderr]   cargo:conf=OPENSSL_NO_SSL3_METHOD
[INFO] [stderr] 
[INFO] [stderr]   --- stderr
[INFO] [stderr] 
[INFO] [stderr]   thread 'main' (603) panicked at /opt/rustwide/cargo-home/registry/src/index.crates.io-1949cf8c6b5b557f/openssl-sys-0.9.19/build.rs:488:9:
[INFO] [stderr] 
[INFO] [stderr] 
[INFO] [stderr]   This crate is only compatible with OpenSSL 1.0.1, 1.0.2, and 1.1.0, or LibreSSL
[INFO] [stderr]   2.5 and 2.6.0, but a different version of OpenSSL was found. The build is now
[INFO] [stderr]   aborting due to this version mismatch.
[INFO] [stderr] 
[INFO] [stderr] 
[INFO] [stderr]   stack backtrace:
[INFO] [stderr]      0:     0x5c52ca4dd5a1 - std[18c5f2a687b463a0]::backtrace_rs::backtrace::libunwind::trace
[INFO] [stderr]                                  at /rustc/f4dd856795debe636f2ba39a900f162f5abeb7e8/library/std/src/../../backtrace/src/backtrace/libunwind.rs:117:9
[INFO] [stderr]      1:     0x5c52ca4dd5a1 - std[18c5f2a687b463a0]::backtrace_rs::backtrace::trace_unsynchronized::<std[18c5f2a687b463a0]::sys::backtrace::_print_fmt::{closure#1}>
[INFO] [stderr]                                  at /rustc/f4dd856795debe636f2ba39a900f162f5abeb7e8/library/std/src/../../backtrace/src/backtrace/mod.rs:66:14
[INFO] [stderr]      2:     0x5c52ca4dd5a1 - std[18c5f2a687b463a0]::sys::backtrace::_print_fmt
[INFO] [stderr]                                  at /rustc/f4dd856795debe636f2ba39a900f162f5abeb7e8/library/std/src/sys/backtrace.rs:74:9
[INFO] [stderr]      3:     0x5c52ca4dd5a1 - <<std[18c5f2a687b463a0]::sys::backtrace::BacktraceLock>::print::DisplayBacktrace as core[ee3e5f980a4e04aa]::fmt::Display>::fmt
[INFO] [stderr]                                  at /rustc/f4dd856795debe636f2ba39a900f162f5abeb7e8/library/std/src/sys/backtrace.rs:44:26
[INFO] [stderr]      4:     0x5c52ca4f185a - <core[ee3e5f980a4e04aa]::fmt::rt::Argument>::fmt
[INFO] [stderr]                                  at /rustc/f4dd856795debe636f2ba39a900f162f5abeb7e8/library/core/src/fmt/rt.rs:152:76
[INFO] [stderr]      5:     0x5c52ca4f185a - core[ee3e5f980a4e04aa]::fmt::write
[INFO] [stderr]      6:     0x5c52ca4e30ac - core[ee3e5f980a4e04aa]::io::write::default_write_fmt::<std[18c5f2a687b463a0]::sys::stdio::unix::Stderr>
[INFO] [stderr]                                  at /rustc/f4dd856795debe636f2ba39a900f162f5abeb7e8/library/core/src/io/write.rs:402:11
[INFO] [stderr]      7:     0x5c52ca4e30ac - <std[18c5f2a687b463a0]::sys::stdio::unix::Stderr as core[ee3e5f980a4e04aa]::io::write::Write>::write_fmt
[INFO] [stderr]                                  at /rustc/f4dd856795debe636f2ba39a900f162f5abeb7e8/library/core/src/io/write.rs:335:13
[INFO] [stderr]      8:     0x5c52ca4bcaf6 - <std[18c5f2a687b463a0]::sys::backtrace::BacktraceLock>::print
[INFO] [stderr]                                  at /rustc/f4dd856795debe636f2ba39a900f162f5abeb7e8/library/std/src/sys/backtrace.rs:47:9
[INFO] [stderr]      9:     0x5c52ca4bcaf6 - std[18c5f2a687b463a0]::panicking::default_hook::{closure#0}
[INFO] [stderr]                                  at /rustc/f4dd856795debe636f2ba39a900f162f5abeb7e8/library/std/src/panicking.rs:289:27
[INFO] [stderr]     10:     0x5c52ca4d80d1 - std[18c5f2a687b463a0]::panicking::default_hook
[INFO] [stderr]                                  at /rustc/f4dd856795debe636f2ba39a900f162f5abeb7e8/library/std/src/panicking.rs:316:9
[INFO] [stderr]     11:     0x5c52ca4d828b - std[18c5f2a687b463a0]::panicking::panic_with_hook
[INFO] [stderr]                                  at /rustc/f4dd856795debe636f2ba39a900f162f5abeb7e8/library/std/src/panicking.rs:811:13
[INFO] [stderr]     12:     0x5c52ca4bbffc - std[18c5f2a687b463a0]::panicking::begin_panic::<&str>::{closure#0}
[INFO] [stderr]                                  at /rustc/f4dd856795debe636f2ba39a900f162f5abeb7e8/library/std/src/panicking.rs:748:9
[INFO] [stderr]     13:     0x5c52ca4b51a9 - std[18c5f2a687b463a0]::sys::backtrace::__rust_end_short_backtrace::<std[18c5f2a687b463a0]::panicking::begin_panic<&str>::{closure#0}, !>
[INFO] [stderr]                                  at /rustc/f4dd856795debe636f2ba39a900f162f5abeb7e8/library/std/src/sys/backtrace.rs:182:18
[INFO] [stderr]     14:     0x5c52ca4b21eb - std[18c5f2a687b463a0]::panicking::begin_panic::<&str>
[INFO] [stderr]                                  at /rustc/f4dd856795debe636f2ba39a900f162f5abeb7e8/library/std/src/panicking.rs:747:5
[INFO] [stderr]     15:     0x5c52ca473c53 - build_script_build[58f85583d8314d5c]::validate_headers
[INFO] [stderr]     16:     0x5c52ca471d33 - build_script_build[58f85583d8314d5c]::try_pkg_config
[INFO] [stderr]     17:     0x5c52ca472127 - build_script_build[58f85583d8314d5c]::find_openssl_dir
[INFO] [stderr]     18:     0x5c52ca4711db - build_script_build[58f85583d8314d5c]::main::{closure#0}
[INFO] [stderr]     19:     0x5c52ca46fef0 - <core[ee3e5f980a4e04aa]::option::Option<std[18c5f2a687b463a0]::ffi::os_str::OsString>>::unwrap_or_else::<build_script_build[58f85583d8314d5c]::main::{closure#0}>
[INFO] [stderr]     20:     0x5c52ca4754be - build_script_build[58f85583d8314d5c]::main
[INFO] [stderr]     21:     0x5c52ca46fc0b - <fn() as core[ee3e5f980a4e04aa]::ops::function::FnOnce<()>>::call_once
[INFO] [stderr]     22:     0x5c52ca478e86 - std[18c5f2a687b463a0]::sys::backtrace::__rust_begin_short_backtrace::<fn(), ()>
[INFO] [stderr]     23:     0x5c52ca479009 - std[18c5f2a687b463a0]::rt::lang_start::<()>::{closure#0}
[INFO] [stderr]     24:     0x5c52ca4d74d8 - <&dyn core[ee3e5f980a4e04aa]::ops::function::Fn<(), Output = i32> + core[ee3e5f980a4e04aa]::panic::unwind_safe::RefUnwindSafe + core[ee3e5f980a4e04aa]::marker::Sync as core[ee3e5f980a4e04aa]::ops::function::FnOnce<()>>::call_once
[INFO] [stderr]                                  at /rustc/f4dd856795debe636f2ba39a900f162f5abeb7e8/library/core/src/ops/function.rs:287:21
[INFO] [stderr]     25:     0x5c52ca4d74d8 - std[18c5f2a687b463a0]::panicking::catch_unwind::do_call::<&dyn core[ee3e5f980a4e04aa]::ops::function::Fn<(), Output = i32> + core[ee3e5f980a4e04aa]::panic::unwind_safe::RefUnwindSafe + core[ee3e5f980a4e04aa]::marker::Sync, i32>
[INFO] [stderr]                                  at /rustc/f4dd856795debe636f2ba39a900f162f5abeb7e8/library/std/src/panicking.rs:573:43
[INFO] [stderr]     26:     0x5c52ca4d74d8 - std[18c5f2a687b463a0]::panicking::catch_unwind::<i32, &dyn core[ee3e5f980a4e04aa]::ops::function::Fn<(), Output = i32> + core[ee3e5f980a4e04aa]::panic::unwind_safe::RefUnwindSafe + core[ee3e5f980a4e04aa]::marker::Sync>
[INFO] [stderr]                                  at /rustc/f4dd856795debe636f2ba39a900f162f5abeb7e8/library/std/src/panicking.rs:541:19
[INFO] [stderr]     27:     0x5c52ca4d74d8 - std[18c5f2a687b463a0]::panic::catch_unwind::<&dyn core[ee3e5f980a4e04aa]::ops::function::Fn<(), Output = i32> + core[ee3e5f980a4e04aa]::panic::unwind_safe::RefUnwindSafe + core[ee3e5f980a4e04aa]::marker::Sync, i32>
[INFO] [stderr]                                  at /rustc/f4dd856795debe636f2ba39a900f162f5abeb7e8/library/std/src/panic.rs:359:14
[INFO] [stderr]     28:     0x5c52ca4d74d8 - std[18c5f2a687b463a0]::rt::lang_start_internal::{closure#0}
[INFO] [stderr]                                  at /rustc/f4dd856795debe636f2ba39a900f162f5abeb7e8/library/std/src/rt.rs:175:24
[INFO] [stderr]     29:     0x5c52ca4d74d8 - std[18c5f2a687b463a0]::panicking::catch_unwind::do_call::<std[18c5f2a687b463a0]::rt::lang_start_internal::{closure#0}, isize>
[INFO] [stderr]                                  at /rustc/f4dd856795debe636f2ba39a900f162f5abeb7e8/library/std/src/panicking.rs:573:43
[INFO] [stderr]     30:     0x5c52ca4d74d8 - std[18c5f2a687b463a0]::panicking::catch_unwind::<isize, std[18c5f2a687b463a0]::rt::lang_start_internal::{closure#0}>
[INFO] [stderr]                                  at /rustc/f4dd856795debe636f2ba39a900f162f5abeb7e8/library/std/src/panicking.rs:541:19
[INFO] [stderr]     31:     0x5c52ca4d74d8 - std[18c5f2a687b463a0]::panic::catch_unwind::<std[18c5f2a687b463a0]::rt::lang_start_internal::{closure#0}, isize>
[INFO] [stderr]                                  at /rustc/f4dd856795debe636f2ba39a900f162f5abeb7e8/library/std/src/panic.rs:359:14
[INFO] [stderr]     32:     0x5c52ca4d74d8 - std[18c5f2a687b463a0]::rt::lang_start_internal
[INFO] [stderr]                                  at /rustc/f4dd856795debe636f2ba39a900f162f5abeb7e8/library/std/src/rt.rs:171:5
[INFO] [stderr]     33:     0x5c52ca477b61 - std[18c5f2a687b463a0]::rt::lang_start::<()>
[INFO] [stderr]     34:     0x5c52ca477715 - main
[INFO] [stderr]     35:     0x704c8c1a9601 - <unknown>
[INFO] [stderr]     36:     0x704c8c1a9718 - __libc_start_main
[INFO] [stderr]     37:     0x5c52ca46b115 - _start
[INFO] [stderr]     38:                0x0 - <unknown>
[INFO] [stderr] warning: build failed, waiting for other jobs to finish...
[INFO] running `Command { std: "docker" "inspect" "c4141b3adc33f22d500a39fe8f553cdd5e31512ea89f54c0b03b652f70468689", kill_on_drop: false }`
[INFO] running `Command { std: "docker" "rm" "-f" "c4141b3adc33f22d500a39fe8f553cdd5e31512ea89f54c0b03b652f70468689", kill_on_drop: false }`
[INFO] [stdout] c4141b3adc33f22d500a39fe8f553cdd5e31512ea89f54c0b03b652f70468689
