[INFO] fetching crate pingap-cache 0.16.0...
[INFO] checking pingap-cache-0.16.0 against 895980e0290783bb09b1ccf1b11f14eb09b10430 for pr-160186
[INFO] extracting crate pingap-cache 0.16.0 into /workspace/builds/worker-1-tc2/source
[INFO] started tweaking crates.io crate pingap-cache 0.16.0
[INFO] finished tweaking crates.io crate pingap-cache 0.16.0
[INFO] tweaked toml for crates.io crate pingap-cache 0.16.0 written to /workspace/builds/worker-1-tc2/source/Cargo.toml
[INFO] validating manifest of crates.io crate pingap-cache 0.16.0 on toolchain 895980e0290783bb09b1ccf1b11f14eb09b10430
[INFO] running `Command { std: CARGO_HOME="/workspace/cargo-home" RUSTUP_HOME="/workspace/rustup-home" "/workspace/cargo-home/bin/cargo" "+895980e0290783bb09b1ccf1b11f14eb09b10430" "metadata" "--manifest-path" "Cargo.toml" "--no-deps", kill_on_drop: false }`
[INFO] crate crates.io crate pingap-cache 0.16.0 already has a lockfile, it will not be regenerated
[INFO] running `Command { std: CARGO_HOME="/workspace/cargo-home" RUSTUP_HOME="/workspace/rustup-home" "/workspace/cargo-home/bin/cargo" "+895980e0290783bb09b1ccf1b11f14eb09b10430" "fetch" "--manifest-path" "Cargo.toml", kill_on_drop: false }`
[INFO] [stderr] warning: `package.homepage` is redundant with `package.repository`
[INFO] [stderr]    --> Cargo.toml:114:12
[INFO] [stderr]     |
[INFO] [stderr] 114 | homepage = "https://github.com/vicanso/pingap"
[INFO] [stderr]     |            ^^^^^^^^^^^^^^^^^^^^^^^^^^^^^^^^^^^
[INFO] [stderr] ...
[INFO] [stderr] 119 | repository = "https://github.com/vicanso/pingap"
[INFO] [stderr]     |              -----------------------------------
[INFO] [stderr]     |
[INFO] [stderr]     = note: `cargo::redundant_homepage` is set to `warn` by default
[INFO] [stderr] help: consider removing `package.homepage`
[INFO] [stderr] warning: `pingap-cache` (manifest) generated 1 warning
[INFO] [stderr]     Blocking waiting for file lock on package cache
[INFO] [stderr]     Blocking waiting for file lock on package cache
[ERROR] error running command: no output for 300 seconds
[INFO] checking pingap-cache-0.16.0 against 895980e0290783bb09b1ccf1b11f14eb09b10430 for pr-160186
[INFO] extracting crate pingap-cache 0.16.0 into /workspace/builds/worker-1-tc2/source
[INFO] started tweaking crates.io crate pingap-cache 0.16.0
[INFO] finished tweaking crates.io crate pingap-cache 0.16.0
[INFO] tweaked toml for crates.io crate pingap-cache 0.16.0 written to /workspace/builds/worker-1-tc2/source/Cargo.toml
[INFO] validating manifest of crates.io crate pingap-cache 0.16.0 on toolchain 895980e0290783bb09b1ccf1b11f14eb09b10430
[INFO] running `Command { std: CARGO_HOME="/workspace/cargo-home" RUSTUP_HOME="/workspace/rustup-home" "/workspace/cargo-home/bin/cargo" "+895980e0290783bb09b1ccf1b11f14eb09b10430" "metadata" "--manifest-path" "Cargo.toml" "--no-deps", kill_on_drop: false }`
[INFO] crate crates.io crate pingap-cache 0.16.0 already has a lockfile, it will not be regenerated
[INFO] running `Command { std: CARGO_HOME="/workspace/cargo-home" RUSTUP_HOME="/workspace/rustup-home" "/workspace/cargo-home/bin/cargo" "+895980e0290783bb09b1ccf1b11f14eb09b10430" "fetch" "--manifest-path" "Cargo.toml", kill_on_drop: false }`
[INFO] [stderr] warning: `package.homepage` is redundant with `package.repository`
[INFO] [stderr]    --> Cargo.toml:114:12
[INFO] [stderr]     |
[INFO] [stderr] 114 | homepage = "https://github.com/vicanso/pingap"
[INFO] [stderr]     |            ^^^^^^^^^^^^^^^^^^^^^^^^^^^^^^^^^^^
[INFO] [stderr] ...
[INFO] [stderr] 119 | repository = "https://github.com/vicanso/pingap"
[INFO] [stderr]     |              -----------------------------------
[INFO] [stderr]     |
[INFO] [stderr]     = note: `cargo::redundant_homepage` is set to `warn` by default
[INFO] [stderr] help: consider removing `package.homepage`
[INFO] [stderr] warning: `pingap-cache` (manifest) generated 1 warning
[INFO] [stderr]     Blocking waiting for file lock on package cache
[INFO] [stderr]     Blocking waiting for file lock on package cache
[ERROR] error running command: no output for 300 seconds
[INFO] checking pingap-cache-0.16.0 against 895980e0290783bb09b1ccf1b11f14eb09b10430 for pr-160186
[INFO] extracting crate pingap-cache 0.16.0 into /workspace/builds/worker-1-tc2/source
[INFO] started tweaking crates.io crate pingap-cache 0.16.0
[INFO] finished tweaking crates.io crate pingap-cache 0.16.0
[INFO] tweaked toml for crates.io crate pingap-cache 0.16.0 written to /workspace/builds/worker-1-tc2/source/Cargo.toml
[INFO] validating manifest of crates.io crate pingap-cache 0.16.0 on toolchain 895980e0290783bb09b1ccf1b11f14eb09b10430
[INFO] running `Command { std: CARGO_HOME="/workspace/cargo-home" RUSTUP_HOME="/workspace/rustup-home" "/workspace/cargo-home/bin/cargo" "+895980e0290783bb09b1ccf1b11f14eb09b10430" "metadata" "--manifest-path" "Cargo.toml" "--no-deps", kill_on_drop: false }`
[INFO] crate crates.io crate pingap-cache 0.16.0 already has a lockfile, it will not be regenerated
[INFO] running `Command { std: CARGO_HOME="/workspace/cargo-home" RUSTUP_HOME="/workspace/rustup-home" "/workspace/cargo-home/bin/cargo" "+895980e0290783bb09b1ccf1b11f14eb09b10430" "fetch" "--manifest-path" "Cargo.toml", kill_on_drop: false }`
[INFO] [stderr] warning: `package.homepage` is redundant with `package.repository`
[INFO] [stderr]    --> Cargo.toml:114:12
[INFO] [stderr]     |
[INFO] [stderr] 114 | homepage = "https://github.com/vicanso/pingap"
[INFO] [stderr]     |            ^^^^^^^^^^^^^^^^^^^^^^^^^^^^^^^^^^^
[INFO] [stderr] ...
[INFO] [stderr] 119 | repository = "https://github.com/vicanso/pingap"
[INFO] [stderr]     |              -----------------------------------
[INFO] [stderr]     |
[INFO] [stderr]     = note: `cargo::redundant_homepage` is set to `warn` by default
[INFO] [stderr] help: consider removing `package.homepage`
[INFO] [stderr] warning: `pingap-cache` (manifest) generated 1 warning
[INFO] [stderr]     Blocking waiting for file lock on package cache
[INFO] [stderr]     Blocking waiting for file lock on package cache
[ERROR] error running command: no output for 300 seconds
[INFO] checking pingap-cache-0.16.0 against 895980e0290783bb09b1ccf1b11f14eb09b10430 for pr-160186
[INFO] extracting crate pingap-cache 0.16.0 into /workspace/builds/worker-1-tc2/source
[INFO] started tweaking crates.io crate pingap-cache 0.16.0
[INFO] finished tweaking crates.io crate pingap-cache 0.16.0
[INFO] tweaked toml for crates.io crate pingap-cache 0.16.0 written to /workspace/builds/worker-1-tc2/source/Cargo.toml
[INFO] validating manifest of crates.io crate pingap-cache 0.16.0 on toolchain 895980e0290783bb09b1ccf1b11f14eb09b10430
[INFO] running `Command { std: CARGO_HOME="/workspace/cargo-home" RUSTUP_HOME="/workspace/rustup-home" "/workspace/cargo-home/bin/cargo" "+895980e0290783bb09b1ccf1b11f14eb09b10430" "metadata" "--manifest-path" "Cargo.toml" "--no-deps", kill_on_drop: false }`
[INFO] crate crates.io crate pingap-cache 0.16.0 already has a lockfile, it will not be regenerated
[INFO] running `Command { std: CARGO_HOME="/workspace/cargo-home" RUSTUP_HOME="/workspace/rustup-home" "/workspace/cargo-home/bin/cargo" "+895980e0290783bb09b1ccf1b11f14eb09b10430" "fetch" "--manifest-path" "Cargo.toml", kill_on_drop: false }`
[INFO] [stderr] warning: `package.homepage` is redundant with `package.repository`
[INFO] [stderr]    --> Cargo.toml:114:12
[INFO] [stderr]     |
[INFO] [stderr] 114 | homepage = "https://github.com/vicanso/pingap"
[INFO] [stderr]     |            ^^^^^^^^^^^^^^^^^^^^^^^^^^^^^^^^^^^
[INFO] [stderr] ...
[INFO] [stderr] 119 | repository = "https://github.com/vicanso/pingap"
[INFO] [stderr]     |              -----------------------------------
[INFO] [stderr]     |
[INFO] [stderr]     = note: `cargo::redundant_homepage` is set to `warn` by default
[INFO] [stderr] help: consider removing `package.homepage`
[INFO] [stderr] warning: `pingap-cache` (manifest) generated 1 warning
[INFO] [stderr]     Blocking waiting for file lock on package cache
[INFO] [stderr]     Blocking waiting for file lock on package cache
[INFO] [stderr]  Downloading crates ...
[INFO] [stderr]   Downloaded tokio-stream v0.1.19
[INFO] [stderr]   Downloaded page_size v0.6.0
[INFO] [stderr]   Downloaded plotters-svg v0.3.7
[INFO] [stderr]   Downloaded tokio-test v0.4.5
[INFO] [stderr]   Downloaded plotters-backend v0.3.7
[INFO] [stderr]   Downloaded plotters v0.3.7
[INFO] [stderr]   Downloaded ciborium-ll v0.2.2
[INFO] [stderr]   Downloaded ciborium-io v0.2.2
[INFO] [stderr]   Downloaded oorandom v11.1.5
[INFO] [stderr]   Downloaded cast v0.3.0
[INFO] [stderr]   Downloaded alloca v0.4.0
[INFO] [stderr]   Downloaded criterion-plot v0.8.2
[INFO] [stderr]   Downloaded anes v0.1.6
[INFO] [stderr]   Downloaded bytesize v2.7.0
[INFO] [stderr]   Downloaded ciborium v0.2.2
[INFO] [stderr]   Downloaded web-sys v0.3.105
[INFO] [stderr]   Downloaded alloc-stdlib v0.2.4
[INFO] [stderr]   Downloaded futures-sink v0.3.34
[INFO] [stderr]   Downloaded pingora-header-serde v0.9.0
[INFO] [stderr]   Downloaded futures-macro v0.3.34
[INFO] [stderr]   Downloaded dirs v7.0.0
[INFO] [stderr]   Downloaded snafu v0.9.2
[INFO] [stderr]   Downloaded daemonix v0.1.0
[INFO] [stderr]   Downloaded libredox v0.1.24
[INFO] [stderr]   Downloaded futures-io v0.3.34
[INFO] [stderr]   Downloaded wasm-bindgen-macro v0.2.128
[INFO] [stderr]   Downloaded hostname v0.4.2
[INFO] [stderr]   Downloaded pingora-error v0.9.0
[INFO] [stderr]   Downloaded path-absolutize v4.0.1
[INFO] [stderr]   Downloaded cpufeatures v0.3.1
[INFO] [stderr]   Downloaded path-dedot v4.0.1
[INFO] [stderr]   Downloaded humantime-serde v1.1.1
[INFO] [stderr]   Downloaded ipnet v2.12.2
[INFO] [stderr]   Downloaded smallvec v1.16.1
[INFO] [stderr]   Downloaded wasm-bindgen-shared v0.2.128
[INFO] [stderr]   Downloaded futures-executor v0.3.34
[INFO] [stderr]   Downloaded writeable v0.6.4
[INFO] [stderr]   Downloaded seize v0.3.3
[INFO] [stderr]   Downloaded hermit-abi v0.5.3
[INFO] [stderr]   Downloaded daggy v0.8.1
[INFO] [stderr]   Downloaded pingora-pool v0.9.0
[INFO] [stderr]   Downloaded either v1.18.0
[INFO] [stderr]   Downloaded tinytemplate v1.2.1
[INFO] [stderr]   Downloaded sfv v0.10.4
[INFO] [stderr]   Downloaded crossbeam-queue v0.3.14
[INFO] [stderr]   Downloaded potential_utf v0.1.6
[INFO] [stderr]   Downloaded dashmap v5.5.3
[INFO] [stderr]   Downloaded zerovec-derive v0.11.6
[INFO] [stderr]   Downloaded pingora-http v0.9.0
[INFO] [stderr]   Downloaded lru v0.18.4
[INFO] [stderr]   Downloaded find-msvc-tools v0.1.12
[INFO] [stderr]   Downloaded humantime v2.4.0
[INFO] [stderr]   Downloaded async-trait v0.1.92
[INFO] [stderr]   Downloaded pingora-limits v0.9.0
[INFO] [stderr]   Downloaded snafu-derive v0.9.2
[INFO] [stderr]   Downloaded tinystr v0.8.4
[INFO] [stderr]   Downloaded fixedbitset v0.5.7
[INFO] [stderr]   Downloaded zstd-safe v8.0.0
[INFO] [stderr]   Downloaded pingora-timeout v0.9.0
[INFO] [stderr]   Downloaded litemap v0.8.3
[INFO] [stderr]   Downloaded arrayvec v0.7.8
[INFO] [stderr]   Downloaded event-listener v5.4.2
[INFO] [stderr]   Downloaded pingora-lru v0.9.0
[INFO] [stderr]   Downloaded hybrid-array v0.4.15
[INFO] [stderr]   Downloaded mio v1.2.3
[INFO] [stderr]   Downloaded crossbeam-deque v0.8.8
[INFO] [stderr]   Downloaded zstd-safe v7.3.0
[INFO] [stderr]   Downloaded sha2 v0.11.0
[INFO] [stderr]   Downloaded futures-channel v0.3.34
[INFO] [stderr]   Downloaded crc32fast v1.5.1
[INFO] [stderr]   Downloaded pingora-runtime v0.9.0
[INFO] [stderr]   Downloaded zstd v0.14.0
[INFO] [stderr]   Downloaded crossbeam-epoch v0.9.21
[INFO] [stderr]   Downloaded crossbeam-skiplist v0.1.3
[INFO] [stderr]   Downloaded icu_provider v2.3.1
[INFO] [stderr]   Downloaded TinyUFO v0.9.0
[INFO] [stderr]   Downloaded pingora-ketama v0.9.0
[INFO] [stderr]   Downloaded futures v0.3.34
[INFO] [stderr]   Downloaded arc-swap v1.9.2
[INFO] [stderr]   Downloaded icu_locale_core v2.3.0
[INFO] [stderr]   Downloaded pingora v0.9.0
[INFO] [stderr]   Downloaded wasm-bindgen v0.2.128
[INFO] [stderr]   Downloaded icu_normalizer_data v2.3.0
[INFO] [stderr]   Downloaded pingora-load-balancing v0.9.0
[INFO] [stderr]   Downloaded prometheus v0.14.0
[INFO] [stderr]   Downloaded zerotrie v0.2.5
[INFO] [stderr]   Downloaded flurry v0.5.2
[INFO] [stderr]   Downloaded icu_collections v2.3.0
[INFO] [stderr]   Downloaded cc v1.4.5
[INFO] [stderr]   Downloaded js-sys v0.3.105
[INFO] [stderr]   Downloaded serde_qs v1.1.3
[INFO] [stderr]   Downloaded zerocopy-derive v0.8.57
[INFO] [stderr]   Downloaded wasm-bindgen-macro-support v0.2.128
[INFO] [stderr]   Downloaded criterion v0.8.2
[INFO] [stderr]   Downloaded pingora-cache v0.9.0
[INFO] [stderr]   Downloaded pingap-core v0.16.0
[INFO] [stderr]   Downloaded icu_properties v2.3.0
[INFO] [stderr]   Downloaded zerovec v0.11.8
[INFO] [stderr]   Downloaded pingora-proxy v0.9.0
[INFO] [stderr]   Downloaded rust_decimal v1.43.0
[INFO] [stderr]   Downloaded h2 v0.4.19
[INFO] [stderr]   Downloaded icu_properties_data v2.3.0
[INFO] [stderr]   Downloaded rayon v1.12.0
[INFO] [stderr]   Downloaded brotli-decompressor v2.5.1
[INFO] [stderr]   Downloaded zerocopy v0.8.57
[INFO] [stderr]   Downloaded syn v3.0.5
[INFO] [stderr]   Downloaded nix v0.31.3
[INFO] [stderr]   Downloaded bstr v1.13.1
[INFO] [stderr]   Downloaded pingora-core v0.9.0
[INFO] [stderr]   Downloaded libz-ng-sys v1.1.29
[INFO] [stderr]   Downloaded icu_normalizer v2.3.0
[INFO] [stderr]   Downloaded petgraph v0.7.1
[INFO] [stderr]   Downloaded zstd-sys v2.1.0+zstd.1.5.7
[INFO] [stderr]   Downloaded brotli v3.5.0
[INFO] running `Command { std: "docker" "create" "-v" "/var/lib/crater-agent-workspace/builds/worker-1-tc2/source:/opt/rustwide/workdir:ro,Z" "-v" "/var/lib/crater-agent-workspace/builds/worker-1-tc2/target:/opt/rustwide/target:rw,Z" "-v" "/var/lib/crater-agent-workspace/cargo-home:/opt/rustwide/cargo-home:ro,Z" "-v" "/var/lib/crater-agent-workspace/rustup-home:/opt/rustwide/rustup-home:ro,Z" "-m" "1610612736" "--network" "none" "ghcr.io/rust-lang/crates-build-env/linux@sha256:77db811e55d90add9212f6832c23229e3de5f1c1f9905e8cb07319ea15df73ac" "sleep" "infinity", kill_on_drop: false }`
[INFO] [stdout] f97804015a89cc6995bfd2255b7d78204cbb3288ac084a3b3f29ba85f7ff5fd0
[INFO] running `Command { std: "docker" "start" "f97804015a89cc6995bfd2255b7d78204cbb3288ac084a3b3f29ba85f7ff5fd0", kill_on_drop: false }`
[INFO] running `Command { std: "docker" "inspect" "f97804015a89cc6995bfd2255b7d78204cbb3288ac084a3b3f29ba85f7ff5fd0", kill_on_drop: false }`
[INFO] running `Command { std: "docker" "exec" "-e" "SOURCE_DIR=/opt/rustwide/workdir" "-e" "CARGO_HOME=/opt/rustwide/cargo-home" "-e" "RUSTUP_HOME=/opt/rustwide/rustup-home" "-e" "CARGO_TARGET_DIR=/opt/rustwide/target" "-w" "/opt/rustwide/workdir" "--user" "0:0" "f97804015a89cc6995bfd2255b7d78204cbb3288ac084a3b3f29ba85f7ff5fd0" "/opt/rustwide/cargo-home/bin/cargo" "+895980e0290783bb09b1ccf1b11f14eb09b10430" "metadata" "--no-deps" "--format-version=1", kill_on_drop: false }`
[INFO] running `Command { std: "docker" "inspect" "f97804015a89cc6995bfd2255b7d78204cbb3288ac084a3b3f29ba85f7ff5fd0", kill_on_drop: false }`
[INFO] running `Command { std: "docker" "exec" "-e" "SOURCE_DIR=/opt/rustwide/workdir" "-e" "CARGO_HOME=/opt/rustwide/cargo-home" "-e" "RUSTUP_HOME=/opt/rustwide/rustup-home" "-e" "CARGO_TARGET_DIR=/opt/rustwide/target" "-e" "CARGO_INCREMENTAL=0" "-e" "RUST_BACKTRACE=full" "-e" "RUSTFLAGS=--cap-lints=forbid" "-e" "RUSTDOCFLAGS=--cap-lints=forbid" "-w" "/opt/rustwide/workdir" "--user" "0:0" "f97804015a89cc6995bfd2255b7d78204cbb3288ac084a3b3f29ba85f7ff5fd0" "/opt/rustwide/cargo-home/bin/cargo" "+895980e0290783bb09b1ccf1b11f14eb09b10430" "check" "--frozen" "--all" "--all-targets" "--message-format=json", kill_on_drop: false }`
[INFO] [stderr] warning: `package.homepage` is redundant with `package.repository`
[INFO] [stderr]    --> Cargo.toml:114:12
[INFO] [stderr]     |
[INFO] [stderr] 114 | homepage = "https://github.com/vicanso/pingap"
[INFO] [stderr]     |            ^^^^^^^^^^^^^^^^^^^^^^^^^^^^^^^^^^^
[INFO] [stderr] ...
[INFO] [stderr] 119 | repository = "https://github.com/vicanso/pingap"
[INFO] [stderr]     |              -----------------------------------
[INFO] [stderr]     |
[INFO] [stderr]     = note: `cargo::redundant_homepage` is set to `warn` by default
[INFO] [stderr] help: consider removing `package.homepage`
[INFO] [stderr] warning: `pingap-cache` (manifest) generated 1 warning
[INFO] [stderr]    Compiling unicode-ident v1.0.24
[INFO] [stderr]    Compiling libc v0.2.189
[INFO] [stderr]    Compiling shlex v2.0.1
[INFO] [stderr]    Compiling find-msvc-tools v0.1.12
[INFO] [stderr]     Checking pin-project-lite v0.2.17
[INFO] [stderr]    Compiling zerocopy v0.8.57
[INFO] [stderr]    Compiling crossbeam-utils v0.8.23
[INFO] [stderr]    Compiling serde_core v1.0.229
[INFO] [stderr]     Checking smallvec v1.16.1
[INFO] [stderr]     Checking bytes v1.12.1
[INFO] [stderr]     Checking memchr v2.8.3
[INFO] [stderr]     Checking futures-core v0.3.34
[INFO] [stderr]     Checking foldhash v0.2.0
[INFO] [stderr]    Compiling serde v1.0.229
[INFO] [stderr]    Compiling pkg-config v0.3.34
[INFO] [stderr]    Compiling crunchy v0.2.4
[INFO] [stderr]    Compiling proc-macro2 v1.0.107
[INFO] [stderr]    Compiling num-traits v0.2.19
[INFO] [stderr]    Compiling heck v0.5.0
[INFO] [stderr]     Checking hashbrown v0.17.1
[INFO] [stderr]    Compiling tiny-keccak v2.0.2
[INFO] [stderr]     Checking itoa v1.0.18
[INFO] [stderr]    Compiling parking_lot_core v0.9.12
[INFO] [stderr]     Checking typenum v1.20.1
[INFO] [stderr]     Checking scopeguard v1.2.0
[INFO] [stderr]    Compiling cfg-if v1.0.4
[INFO] [stderr]     Checking futures-sink v0.3.34
[INFO] [stderr]     Checking lock_api v0.4.14
[INFO] [stderr]    Compiling getrandom v0.3.4
[INFO] [stderr]    Compiling once_cell v1.21.4
[INFO] [stderr]    Compiling ahash v0.8.12
[INFO] [stderr]     Checking utf8parse v0.2.2
[INFO] [stderr]    Compiling rustversion v1.0.23
[INFO] [stderr]     Checking slab v0.4.12
[INFO] [stderr]     Checking anstyle-parse v1.0.0
[INFO] [stderr]     Checking aho-corasick v1.1.5
[INFO] [stderr]    Compiling quote v1.0.47
[INFO] [stderr]     Checking futures-channel v0.3.34
[INFO] [stderr]     Checking thread_local v1.1.10
[INFO] [stderr]     Checking futures-io v0.3.34
[INFO] [stderr]     Checking is_terminal_polyfill v1.70.2
[INFO] [stderr]     Checking regex-syntax v0.8.11
[INFO] [stderr]    Compiling syn v2.0.119
[INFO] [stderr]    Compiling syn v3.0.5
[INFO] [stderr]     Checking indexmap v2.14.2
[INFO] [stderr]     Checking anstyle v1.0.14
[INFO] [stderr]     Checking anstyle-query v1.1.5
[INFO] [stderr]    Compiling crc32fast v1.5.1
[INFO] [stderr]     Checking colorchoice v1.0.5
[INFO] [stderr]     Checking futures-task v0.3.34
[INFO] [stderr]     Checking http v1.5.0
[INFO] [stderr]     Checking anstream v1.0.0
[INFO] [stderr]    Compiling memoffset v0.9.1
[INFO] [stderr]     Checking strsim v0.11.1
[INFO] [stderr]    Compiling cfg_aliases v0.2.2
[INFO] [stderr]    Compiling httparse v1.10.1
[INFO] [stderr]    Compiling rust_decimal v1.43.0
[INFO] [stderr]     Checking arrayvec v0.7.8
[INFO] [stderr]    Compiling syn v1.0.109
[INFO] [stderr]    Compiling zstd-safe v8.0.0
[INFO] [stderr]     Checking percent-encoding v2.3.2
[INFO] [stderr]    Compiling crossbeam-epoch v0.9.21
[INFO] [stderr]     Checking seize v0.3.3
[INFO] [stderr]     Checking log v0.4.34
[INFO] [stderr]    Compiling jobserver v0.1.35
[INFO] [stderr]    Compiling getrandom v0.2.17
[INFO] [stderr]     Checking bitflags v2.13.2
[INFO] [stderr]     Checking clap_lex v1.1.0
[INFO] [stderr]     Checking alloc-stdlib v0.2.4
[INFO] [stderr]    Compiling nix v0.31.3
[INFO] [stderr]     Checking crossbeam-queue v0.3.14
[INFO] [stderr]     Checking tracing-core v0.1.36
[INFO] [stderr]     Checking clap_builder v4.6.6
[INFO] [stderr]     Checking fixedbitset v0.5.7
[INFO] [stderr]     Checking ryu v1.0.23
[INFO] [stderr]    Compiling const-random-macro v0.1.16
[INFO] [stderr]    Compiling zstd-safe v7.3.0
[INFO] [stderr]    Compiling cc v1.4.5
[INFO] [stderr]     Checking litemap v0.8.3
[INFO] [stderr]     Checking writeable v0.6.4
[INFO] [stderr]     Checking hashbrown v0.14.5
[INFO] [stderr]     Checking pingora-error v0.9.0
[INFO] [stderr]     Checking const-random v0.1.18
[INFO] [stderr]     Checking event-listener v5.4.2
[INFO] [stderr]     Checking petgraph v0.7.1
[INFO] [stderr]     Checking brotli-decompressor v2.5.1
[INFO] [stderr]     Checking pingora-http v0.9.0
[INFO] [stderr]     Checking generic-array v0.14.7
[INFO] [stderr]     Checking lru v0.18.4
[INFO] [stderr]     Checking iana-time-zone v0.1.65
[INFO] [stderr]     Checking unsafe-libyaml v0.2.11
[INFO] [stderr]     Checking errno v0.3.14
[INFO] [stderr]     Checking mio v1.2.3
[INFO] [stderr]     Checking socket2 v0.6.5
[INFO] [stderr]     Checking signal-hook-registry v1.4.8
[INFO] [stderr]     Checking num_cpus v1.17.0
[INFO] [stderr]     Checking parking_lot v0.12.5
[INFO] [stderr]     Checking fnv v1.0.7
[INFO] [stderr]     Checking atomic-waker v1.1.2
[INFO] [stderr]     Checking regex-automata v0.4.18
[INFO] [stderr]     Checking dashmap v5.5.3
[INFO] [stderr]    Compiling icu_properties_data v2.3.0
[INFO] [stderr]    Compiling icu_normalizer_data v2.3.0
[INFO] [stderr]     Checking crypto-common v0.1.7
[INFO] [stderr]     Checking rand_core v0.6.4
[INFO] [stderr]    Compiling cmake v0.1.58
[INFO] [stderr]     Checking block-buffer v0.10.4
[INFO] [stderr]     Checking sfv v0.10.4
[INFO] [stderr]     Checking chrono v0.4.45
[INFO] [stderr]     Checking daemonix v0.1.0
[INFO] [stderr]     Checking event-listener-strategy v0.5.4
[INFO] [stderr]     Checking concurrent-queue v2.5.0
[INFO] [stderr]    Compiling indexmap v1.9.3
[INFO] [stderr]     Checking httpdate v1.0.3
[INFO] [stderr]     Checking unicase v2.9.0
[INFO] [stderr]     Checking openssl-probe v0.1.6
[INFO] [stderr]    Compiling zmij v1.0.23
[INFO] [stderr]     Checking digest v0.10.7
[INFO] [stderr]     Checking async-channel v2.5.0
[INFO] [stderr]     Checking brotli v3.5.0
[INFO] [stderr]     Checking hybrid-array v0.4.15
[INFO] [stderr]     Checking rmp v0.8.15
[INFO] [stderr]    Compiling serde_json v1.0.151
[INFO] [stderr]     Checking hashbrown v0.12.3
[INFO] [stderr]     Checking blake2 v0.10.6
[INFO] [stderr]    Compiling zstd-sys v2.1.0+zstd.1.5.7
[INFO] [stderr]    Compiling libz-ng-sys v1.1.29
[INFO] [stderr]    Compiling crossbeam-deque v0.8.8
[INFO] [stderr]     Checking hex v0.4.3
[INFO] [stderr]     Checking pingora-ketama v0.9.0
[INFO] [stderr]     Checking arc-swap v1.9.2
[INFO] [stderr]     Checking either v1.18.0
[INFO] [stderr]    Compiling alloca v0.4.0
[INFO] [stderr]     Checking crossbeam-skiplist v0.1.3
[INFO] [stderr]     Checking form_urlencoded v1.2.2
[INFO] [stderr]     Checking same-file v1.0.6
[INFO] [stderr]    Compiling getrandom v0.4.3
[INFO] [stderr]     Checking daggy v0.8.1
[INFO] [stderr]    Compiling rustix v1.1.4
[INFO] [stderr]     Checking cpufeatures v0.3.1
[INFO] [stderr]     Checking ciborium-io v0.2.2
[INFO] [stderr]     Checking plotters-backend v0.3.7
[INFO] [stderr]     Checking dirs-sys v0.5.0
[INFO] [stderr]     Checking block-buffer v0.12.1
[INFO] [stderr]     Checking crypto-common v0.2.2
[INFO] [stderr]     Checking walkdir v2.5.0
[INFO] [stderr]     Checking itertools v0.13.0
[INFO] [stderr]     Checking plotters-svg v0.3.7
[INFO] [stderr]     Checking rayon-core v1.13.0
[INFO] [stderr]     Checking hostname v0.4.2
[INFO] [stderr]     Checking linux-raw-sys v0.12.1
[INFO] [stderr]     Checking urlencoding v2.1.3
[INFO] [stderr]     Checking path-dedot v4.0.1
[INFO] [stderr]     Checking ipnet v2.12.2
[INFO] [stderr]     Checking humantime v2.4.0
[INFO] [stderr]     Checking cast v0.3.0
[INFO] [stderr]     Checking path-absolutize v4.0.1
[INFO] [stderr]     Checking plotters v0.3.7
[INFO] [stderr]     Checking dirs v7.0.0
[INFO] [stderr]     Checking rayon v1.12.0
[INFO] [stderr]     Checking bytesize v2.7.0
[INFO] [stderr]     Checking page_size v0.6.0
[INFO] [stderr]     Checking oorandom v11.1.5
[INFO] [stderr]     Checking yansi v1.0.1
[INFO] [stderr]     Checking fastrand v2.5.0
[INFO] [stderr]     Checking diff v0.1.13
[INFO] [stderr]     Checking anes v0.1.6
[INFO] [stderr]     Checking filetime v0.2.29
[INFO] [stderr]     Checking pretty_assertions v1.4.1
[INFO] [stderr] error: could not compile `syn` (lib)
[INFO] [stderr] 
[INFO] [stderr] Caused by:
[INFO] [stderr]   process didn't exit successfully: `/opt/rustwide/rustup-home/toolchains/895980e0290783bb09b1ccf1b11f14eb09b10430/bin/rustc --crate-name syn --edition=2021 /opt/rustwide/cargo-home/registry/src/index.crates.io-1949cf8c6b5b557f/syn-2.0.119/src/lib.rs --error-format=json --json=diagnostic-rendered-ansi,artifacts,future-incompat,unused-externs-silent --crate-type lib --emit=dep-info,metadata,link -Z embed-metadata=no -C embed-bitcode=no --cfg 'feature="clone-impls"' --cfg 'feature="default"' --cfg 'feature="derive"' --cfg 'feature="extra-traits"' --cfg 'feature="fold"' --cfg 'feature="full"' --cfg 'feature="parsing"' --cfg 'feature="printing"' --cfg 'feature="proc-macro"' --cfg 'feature="visit"' --cfg 'feature="visit-mut"' --check-cfg 'cfg(docsrs,test)' --check-cfg 'cfg(feature, values("clone-impls", "default", "derive", "extra-traits", "fold", "full", "parsing", "printing", "proc-macro", "test", "visit", "visit-mut"))' -C metadata=197bcc89ecb20593 -C extra-filename=-cf9a9978d9be874a --out-dir /opt/rustwide/target/debug/build/syn/cf9a9978d9be874a/out -L dependency=/opt/rustwide/target/debug/build/proc-macro2/ee684499ef27f3b8/out -L dependency=/opt/rustwide/target/debug/build/unicode-ident/8c98a1a0e58216a9/out --extern proc_macro2=/opt/rustwide/target/debug/build/proc-macro2/ee684499ef27f3b8/out/libproc_macro2-ee684499ef27f3b8.rmeta --extern quote=/opt/rustwide/target/debug/build/quote/97307b84563a2c10/out/libquote-97307b84563a2c10.rmeta --extern unicode_ident=/opt/rustwide/target/debug/build/unicode-ident/8c98a1a0e58216a9/out/libunicode_ident-8c98a1a0e58216a9.rmeta --cap-lints allow --cap-lints=forbid --force-warn=unused_crate_dependencies` (signal: 9, SIGKILL: kill)
[INFO] [stderr] warning: build failed, waiting for other jobs to finish...
[INFO] running `Command { std: "docker" "inspect" "f97804015a89cc6995bfd2255b7d78204cbb3288ac084a3b3f29ba85f7ff5fd0", kill_on_drop: false }`
[INFO] running `Command { std: "docker" "rm" "-f" "f97804015a89cc6995bfd2255b7d78204cbb3288ac084a3b3f29ba85f7ff5fd0", kill_on_drop: false }`
[INFO] [stdout] f97804015a89cc6995bfd2255b7d78204cbb3288ac084a3b3f29ba85f7ff5fd0
