[INFO] cloning repository https://github.com/Zidan-Kharisma-Sakana/temp
[INFO] running `Command { std: "git" "-c" "credential.helper=" "-c" "credential.helper=/workspace/cargo-home/bin/git-credential-null" "clone" "--bare" "https://github.com/Zidan-Kharisma-Sakana/temp" "/workspace/cache/git-repos/https%3A%2F%2Fgithub.com%2FZidan-Kharisma-Sakana%2Ftemp", kill_on_drop: false }`
[INFO] [stderr] Cloning into bare repository '/workspace/cache/git-repos/https%3A%2F%2Fgithub.com%2FZidan-Kharisma-Sakana%2Ftemp'...
[INFO] running `Command { std: "git" "rev-parse" "HEAD", kill_on_drop: false }`
[INFO] [stdout] 3807e0e980ac748c8e1e8bafef46c7e4b47bac79
[INFO] checking Zidan-Kharisma-Sakana/temp against 5c543b0b8c73c7b72bc8284ced4fb22ead15734d for pr-160186
[INFO] running `Command { std: "git" "clone" "/workspace/cache/git-repos/https%3A%2F%2Fgithub.com%2FZidan-Kharisma-Sakana%2Ftemp" "/workspace/builds/worker-3-tc1/source", kill_on_drop: false }`
[INFO] [stderr] Cloning into '/workspace/builds/worker-3-tc1/source'...
[INFO] [stderr] done.
[INFO] started tweaking git repo https://github.com/Zidan-Kharisma-Sakana/temp
[INFO] finished tweaking git repo https://github.com/Zidan-Kharisma-Sakana/temp
[INFO] tweaked toml for git repo https://github.com/Zidan-Kharisma-Sakana/temp written to /workspace/builds/worker-3-tc1/source/Cargo.toml
[INFO] validating manifest of git repo https://github.com/Zidan-Kharisma-Sakana/temp on toolchain 5c543b0b8c73c7b72bc8284ced4fb22ead15734d
[INFO] running `Command { std: CARGO_HOME="/workspace/cargo-home" RUSTUP_HOME="/workspace/rustup-home" "/workspace/cargo-home/bin/cargo" "+5c543b0b8c73c7b72bc8284ced4fb22ead15734d" "metadata" "--manifest-path" "Cargo.toml" "--no-deps", kill_on_drop: false }`
[INFO] crate git repo https://github.com/Zidan-Kharisma-Sakana/temp already has a lockfile, it will not be regenerated
[INFO] running `Command { std: CARGO_HOME="/workspace/cargo-home" RUSTUP_HOME="/workspace/rustup-home" "/workspace/cargo-home/bin/cargo" "+5c543b0b8c73c7b72bc8284ced4fb22ead15734d" "fetch" "--manifest-path" "Cargo.toml", kill_on_drop: false }`
[INFO] [stderr]     Updating crates.io index
[INFO] [stderr]  Downloading crates ...
[INFO] [stderr]   Downloaded bson v2.15.0
[INFO] [stderr]   Downloaded rustc_version_runtime v0.3.0
[INFO] [stderr]   Downloaded macro_magic_core v0.5.1
[INFO] [stderr]   Downloaded macro_magic_core_macros v0.5.1
[INFO] [stderr]   Downloaded mongodb-internal-macros v3.5.1
[INFO] [stderr]   Downloaded typed-builder v0.22.0
[INFO] [stderr]   Downloaded mongocrypt-sys v0.1.5+1.15.1
[INFO] [stderr]   Downloaded resolv-conf v0.7.6
[INFO] [stderr]   Downloaded enum-as-inner v0.6.1
[INFO] [stderr]   Downloaded serde_with_macros v3.17.0
[INFO] [stderr]   Downloaded derive-syn-parse v0.2.0
[INFO] [stderr]   Downloaded macro_magic_macros v0.5.1
[INFO] [stderr]   Downloaded ipconfig v0.3.2
[INFO] [stderr]   Downloaded typed-builder-macro v0.22.0
[INFO] [stderr]   Downloaded macro_magic v0.5.1
[INFO] [stderr]   Downloaded mongocrypt v0.3.2
[INFO] [stderr]   Downloaded tracing-subscriber v0.3.22
[INFO] [stderr]   Downloaded serde_with v3.17.0
[INFO] [stderr]   Downloaded moka v0.12.14
[INFO] [stderr]   Downloaded derive-where v1.6.0
[INFO] [stderr]   Downloaded rdkafka v0.37.0
[INFO] [stderr]   Downloaded hickory-resolver v0.25.2
[INFO] [stderr]   Downloaded bson v3.1.0
[INFO] [stderr]   Downloaded mongodb v3.5.1
[INFO] [stderr]   Downloaded hickory-proto v0.25.2
[INFO] [stderr]   Downloaded libz-sys v1.1.28
[INFO] [stderr]   Downloaded rdkafka-sys v4.10.0+2.12.1
[INFO] running `Command { std: "docker" "create" "-v" "/var/lib/crater-agent-workspace/builds/worker-3-tc1/source:/opt/rustwide/workdir:ro,Z" "-v" "/var/lib/crater-agent-workspace/builds/worker-3-tc1/target:/opt/rustwide/target:rw,Z" "-v" "/var/lib/crater-agent-workspace/cargo-home:/opt/rustwide/cargo-home:ro,Z" "-v" "/var/lib/crater-agent-workspace/rustup-home:/opt/rustwide/rustup-home:ro,Z" "-m" "1610612736" "--network" "none" "ghcr.io/rust-lang/crates-build-env/linux@sha256:77db811e55d90add9212f6832c23229e3de5f1c1f9905e8cb07319ea15df73ac" "sleep" "infinity", kill_on_drop: false }`
[INFO] [stdout] e905f457919ae4b4bcc577d8985f46ced053c90e708637f284d998851ce3c62a
[INFO] running `Command { std: "docker" "start" "e905f457919ae4b4bcc577d8985f46ced053c90e708637f284d998851ce3c62a", kill_on_drop: false }`
[INFO] running `Command { std: "docker" "inspect" "e905f457919ae4b4bcc577d8985f46ced053c90e708637f284d998851ce3c62a", kill_on_drop: false }`
[INFO] running `Command { std: "docker" "exec" "-e" "SOURCE_DIR=/opt/rustwide/workdir" "-e" "CARGO_HOME=/opt/rustwide/cargo-home" "-e" "RUSTUP_HOME=/opt/rustwide/rustup-home" "-e" "CARGO_TARGET_DIR=/opt/rustwide/target" "-w" "/opt/rustwide/workdir" "--user" "0:0" "e905f457919ae4b4bcc577d8985f46ced053c90e708637f284d998851ce3c62a" "/opt/rustwide/cargo-home/bin/cargo" "+5c543b0b8c73c7b72bc8284ced4fb22ead15734d" "metadata" "--no-deps" "--format-version=1", kill_on_drop: false }`
[INFO] running `Command { std: "docker" "inspect" "e905f457919ae4b4bcc577d8985f46ced053c90e708637f284d998851ce3c62a", kill_on_drop: false }`
[INFO] running `Command { std: "docker" "exec" "-e" "SOURCE_DIR=/opt/rustwide/workdir" "-e" "CARGO_HOME=/opt/rustwide/cargo-home" "-e" "RUSTUP_HOME=/opt/rustwide/rustup-home" "-e" "CARGO_TARGET_DIR=/opt/rustwide/target" "-e" "CARGO_INCREMENTAL=0" "-e" "RUST_BACKTRACE=full" "-e" "RUSTFLAGS=--cap-lints=forbid" "-e" "RUSTDOCFLAGS=--cap-lints=forbid" "-w" "/opt/rustwide/workdir" "--user" "0:0" "e905f457919ae4b4bcc577d8985f46ced053c90e708637f284d998851ce3c62a" "/opt/rustwide/cargo-home/bin/cargo" "+5c543b0b8c73c7b72bc8284ced4fb22ead15734d" "check" "--frozen" "--all" "--all-targets" "--message-format=json", kill_on_drop: false }`
[INFO] [stderr]    Compiling libc v0.2.183
[INFO] [stderr]    Compiling portable-atomic v1.13.1
[INFO] [stderr]     Checking critical-section v1.2.0
[INFO] [stderr]    Compiling serde_core v1.0.228
[INFO] [stderr]     Checking itoa v1.0.17
[INFO] [stderr]     Checking futures-sink v0.3.32
[INFO] [stderr]    Compiling crunchy v0.2.4
[INFO] [stderr]    Compiling zerocopy v0.8.42
[INFO] [stderr]    Compiling cc v1.2.56
[INFO] [stderr]     Checking memchr v2.8.0
[INFO] [stderr]    Compiling getrandom v0.3.4
[INFO] [stderr]    Compiling zerovec-derive v0.11.2
[INFO] [stderr]    Compiling tokio-macros v2.6.1
[INFO] [stderr]    Compiling zerofrom-derive v0.1.6
[INFO] [stderr]    Compiling yoke-derive v0.8.1
[INFO] [stderr]    Compiling tiny-keccak v2.0.2
[INFO] [stderr]     Checking futures-channel v0.3.32
[INFO] [stderr]     Checking futures-io v0.3.32
[INFO] [stderr]     Checking litemap v0.8.1
[INFO] [stderr]     Checking writeable v0.6.2
[INFO] [stderr]    Compiling icu_normalizer_data v2.1.1
[INFO] [stderr]    Compiling icu_properties_data v2.1.2
[INFO] [stderr]    Compiling cfg-if v1.0.4
[INFO] [stderr]    Compiling once_cell v1.21.3
[INFO] [stderr]     Checking http v1.4.0
[INFO] [stderr]    Compiling pkg-config v0.3.33
[INFO] [stderr]    Compiling equivalent v1.0.2
[INFO] [stderr]    Compiling winnow v1.0.2
[INFO] [stderr]    Compiling crossbeam-utils v0.8.21
[INFO] [stderr]     Checking hashbrown v0.16.1
[INFO] [stderr]    Compiling autocfg v1.5.0
[INFO] [stderr]     Checking futures-util v0.3.32
[INFO] [stderr]    Compiling fnv v1.0.7
[INFO] [stderr]    Compiling darling_core v0.21.3
[INFO] [stderr]     Checking digest v0.10.7
[INFO] [stderr]    Compiling num-traits v0.2.19
[INFO] [stderr]    Compiling derive-syn-parse v0.2.0
[INFO] [stderr]     Checking tracing-core v0.1.36
[INFO] [stderr]     Checking zerofrom v0.1.6
[INFO] [stderr]     Checking yoke v0.8.1
[INFO] [stderr]    Compiling macro_magic_core_macros v0.5.1
[INFO] [stderr]     Checking tinyvec_macros v0.1.1
[INFO] [stderr]     Checking indexmap v2.13.0
[INFO] [stderr]    Compiling radium v0.7.0
[INFO] [stderr]     Checking zerovec v0.11.5
[INFO] [stderr]     Checking zerotrie v0.2.3
[INFO] [stderr]     Checking http-body v1.0.1
[INFO] [stderr]    Compiling serde_json v1.0.149
[INFO] [stderr]     Checking tracing v0.1.44
[INFO] [stderr]    Compiling rustversion v1.0.22
[INFO] [stderr]    Compiling toml_datetime v1.1.1+spec-1.1.0
[INFO] [stderr]     Checking tinyvec v1.10.0
[INFO] [stderr]    Compiling getrandom v0.2.17
[INFO] [stderr]    Compiling ahash v0.8.12
[INFO] [stderr]     Checking parking_lot_core v0.9.12
[INFO] [stderr]     Checking errno v0.3.14
[INFO] [stderr]     Checking socket2 v0.6.3
[INFO] [stderr]     Checking signal-hook-registry v1.4.8
[INFO] [stderr]     Checking mio v1.1.1
[INFO] [stderr]     Checking rand_core v0.9.5
[INFO] [stderr]    Compiling const-random-macro v0.1.16
[INFO] [stderr]     Checking parking_lot v0.12.5
[INFO] [stderr]     Checking getrandom v0.4.2
[INFO] [stderr]     Checking tinystr v0.8.2
[INFO] [stderr]     Checking icu_locale_core v2.1.1
[INFO] [stderr]     Checking potential_utf v0.1.4
[INFO] [stderr]     Checking icu_collections v2.1.1
[INFO] [stderr]    Compiling ring v0.17.14
[INFO] [stderr]    Compiling libz-sys v1.1.28
[INFO] [stderr]    Compiling const-random v0.1.18
[INFO] [stderr]    Compiling macro_magic_core v0.5.1
[INFO] [stderr]    Compiling time-core v0.1.8
[INFO] [stderr]    Compiling semver v1.0.27
[INFO] [stderr]    Compiling num-conv v0.2.0
[INFO] [stderr]     Checking wyz v0.5.1
[INFO] [stderr]     Checking deranged v0.5.8
[INFO] [stderr]    Compiling time-macros v0.2.27
[INFO] [stderr]     Checking tokio v1.50.0
[INFO] [stderr]    Compiling toml_parser v1.1.2+spec-1.1.0
[INFO] [stderr]    Compiling rustc_version v0.4.1
[INFO] [stderr]     Checking funty v2.0.0
[INFO] [stderr]    Compiling rustls v0.23.37
[INFO] [stderr]    Compiling unicode-segmentation v1.12.0
[INFO] [stderr]    Compiling rustc_version_runtime v0.3.0
[INFO] [stderr]    Compiling enum-as-inner v0.6.1
[INFO] [stderr]    Compiling macro_magic_macros v0.5.1
[INFO] [stderr]     Checking serde v1.0.228
[INFO] [stderr]     Checking icu_provider v2.1.1
[INFO] [stderr]     Checking uuid v1.22.0
[INFO] [stderr]    Compiling toml_edit v0.25.11+spec-1.1.0
[INFO] [stderr]    Compiling convert_case v0.10.0
[INFO] [stderr]     Checking bitvec v1.0.1
[INFO] [stderr]     Checking serde_bytes v0.11.19
[INFO] [stderr]     Checking crossbeam-channel v0.5.15
[INFO] [stderr]     Checking crossbeam-epoch v0.9.18
[INFO] [stderr]     Checking icu_properties v2.1.2
[INFO] [stderr]     Checking icu_normalizer v2.1.1
[INFO] [stderr]    Compiling rdkafka-sys v4.10.0+2.12.1
[INFO] [stderr]    Compiling async-trait v0.1.89
[INFO] [stderr]     Checking regex-syntax v0.8.10
[INFO] [stderr]     Checking chrono v0.4.44
[INFO] [stderr]     Checking data-encoding v2.10.0
[INFO] [stderr]    Compiling unicode-xid v0.2.6
[INFO] [stderr]     Checking time v0.3.47
[INFO] [stderr]     Checking ipnet v2.12.0
[INFO] [stderr]     Checking tagptr v0.2.0
[INFO] [stderr]    Compiling proc-macro-crate v3.5.0
[INFO] [stderr]     Checking moka v0.12.14
[INFO] [stderr]    Compiling derive_more-impl v2.1.1
[INFO] [stderr]    Compiling macro_magic v0.5.1
[INFO] [stderr]     Checking unicode-normalization v0.1.25
[INFO] [stderr]     Checking http-body-util v0.1.3
[INFO] [stderr]    Compiling darling_macro v0.21.3
[INFO] [stderr]    Compiling typed-builder-macro v0.22.0
[INFO] [stderr]    Compiling num_enum_derive v0.7.6
[INFO] [stderr]     Checking bitflags v2.10.0
[INFO] [stderr]    Compiling darling v0.21.3
[INFO] [stderr]    Compiling serde_with_macros v3.17.0
[INFO] [stderr]     Checking resolv-conf v0.7.6
[INFO] [stderr]     Checking unicode-properties v0.1.4
[INFO] [stderr]     Checking unicode-bidi v0.3.18
[INFO] [stderr]     Checking idna_adapter v1.2.1
[INFO] [stderr]     Checking regex-automata v0.4.14
[INFO] [stderr]     Checking idna v1.1.0
[INFO] [stderr]     Checking serde_urlencoded v0.7.1
[INFO] [stderr]     Checking url v2.5.8
[INFO] [stderr]     Checking axum-core v0.5.6
[INFO] [stderr]     Checking stringprep v0.1.5
[INFO] [stderr]    Compiling mongodb-internal-macros v3.5.1
[INFO] [stderr]     Checking futures-executor v0.3.32
[INFO] [stderr]     Checking num_enum v0.7.6
[INFO] [stderr]     Checking sha2 v0.10.9
[INFO] [stderr]     Checking sha1 v0.10.6
[INFO] [stderr]     Checking serde_path_to_error v0.1.20
[INFO] [stderr]     Checking tracing-log v0.2.0
[INFO] [stderr]     Checking pbkdf2 v0.12.2
[INFO] [stderr]     Checking md-5 v0.10.6
[INFO] [stderr]     Checking hmac v0.12.1
[INFO] [stderr]    Compiling derive-where v1.6.0
[INFO] [stderr]     Checking take_mut v0.2.2
[INFO] [stderr]     Checking simdutf8 v0.1.5
[INFO] [stderr]     Checking serde_with v3.17.0
[INFO] [stderr]     Checking futures v0.3.32
[INFO] [stderr]     Checking tower-http v0.6.8
[INFO] [stderr]     Checking dotenv v0.15.0
[INFO] [stderr]     Checking typed-builder v0.22.0
[INFO] [stderr]     Checking rustls-webpki v0.103.9
[INFO] [stderr]     Checking ppv-lite86 v0.2.21
[INFO] [stderr]     Checking derive_more v2.1.1
[INFO] [stderr]     Checking rand_chacha v0.9.0
[INFO] [stderr]     Checking rand v0.9.2
[INFO] [stderr]     Checking bson v2.15.0
[INFO] [stderr]     Checking matchers v0.2.0
[INFO] [stderr]     Checking tracing-subscriber v0.3.22
[INFO] [stderr]     Checking hyper v1.8.1
[INFO] [stderr]     Checking hickory-proto v0.25.2
[INFO] [stderr]     Checking tower v0.5.3
[INFO] [stderr]     Checking tokio-util v0.7.18
[INFO] [stderr]     Checking hyper-util v0.1.20
[INFO] [stderr]     Checking bson v3.1.0
[INFO] [stderr]     Checking axum v0.8.8
[INFO] [stderr]     Checking tokio-rustls v0.26.4
[INFO] [stderr]     Checking hickory-resolver v0.25.2
[INFO] [stderr]     Checking mongodb v3.5.1
[INFO] [stderr] error: could not compile `mongodb` (lib)
[INFO] [stderr] 
[INFO] [stderr] Caused by:
[INFO] [stderr]   process didn't exit successfully: `/opt/rustwide/rustup-home/toolchains/5c543b0b8c73c7b72bc8284ced4fb22ead15734d/bin/rustc --crate-name mongodb --edition=2021 /opt/rustwide/cargo-home/registry/src/index.crates.io-1949cf8c6b5b557f/mongodb-3.5.1/src/lib.rs --error-format=json --json=diagnostic-rendered-ansi,artifacts,future-incompat,unused-externs-silent --crate-type lib --emit=dep-info,metadata -C embed-bitcode=no -C debuginfo=2 --cfg 'feature="bson-2"' --cfg 'feature="compat-3-0-0"' --cfg 'feature="compat-3-3-0"' --cfg 'feature="default"' --cfg 'feature="dns-resolver"' --cfg 'feature="rustls-tls"' --check-cfg 'cfg(docsrs,test)' --check-cfg 'cfg(feature, values("aws-auth", "azure-kms", "azure-oidc", "bson-2", "bson-3", "cert-key-password", "compat-3-0-0", "compat-3-3-0", "default", "dns-resolver", "error-backtrace", "gcp-kms", "gcp-oidc", "gssapi-auth", "in-use-encryption", "in-use-encryption-unstable", "openssl-tls", "opentelemetry", "rustls-tls", "snappy-compression", "socks5-proxy", "sync", "text-indexes-unstable", "tracing-unstable", "zlib-compression", "zstd-compression"))' -C metadata=60b6114381b821d3 -C extra-filename=-0cbed9a55623472a --out-dir /opt/rustwide/target/debug/build/mongodb/0cbed9a55623472a/out -L dependency=/opt/rustwide/target/debug/build/ahash/f10fe63fb8a8a344/out -L dependency=/opt/rustwide/target/debug/build/async-trait/5e6c8dc165503e7e/out -L dependency=/opt/rustwide/target/debug/build/base64/d8aec028dea2d277/out -L dependency=/opt/rustwide/target/debug/build/bitvec/479ff0b335550b1b/out -L dependency=/opt/rustwide/target/debug/build/block-buffer/b04eaee73c2162d4/out -L dependency=/opt/rustwide/target/debug/build/bytes/c3c82aecfaa31497/out -L dependency=/opt/rustwide/target/debug/build/cfg-if/190c9021fd162845/out -L dependency=/opt/rustwide/target/debug/build/chrono/9d9a06eb1f94427b/out -L dependency=/opt/rustwide/target/debug/build/cpufeatures/1ae956ba346ebd12/out -L dependency=/opt/rustwide/target/debug/build/critical-section/a7ed3c6694782041/out -L dependency=/opt/rustwide/target/debug/build/crossbeam-channel/3f3e79021782ecb3/out -L dependency=/opt/rustwide/target/debug/build/crossbeam-epoch/df884fc986a3360c/out -L dependency=/opt/rustwide/target/debug/build/crossbeam-utils/1c9006e854b046b8/out -L dependency=/opt/rustwide/target/debug/build/crypto-common/d79518ed211cb180/out -L dependency=/opt/rustwide/target/debug/build/data-encoding/0665ac500a5bccd3/out -L dependency=/opt/rustwide/target/debug/build/deranged/7c9de6a11faea304/out -L dependency=/opt/rustwide/target/debug/build/derive_more-impl/69c10a84c2764389/out -L dependency=/opt/rustwide/target/debug/build/digest/27634ac9f59752d3/out -L dependency=/opt/rustwide/target/debug/build/displaydoc/c6ccd507e0e8818b/out -L dependency=/opt/rustwide/target/debug/build/enum-as-inner/7ffce13b62b46d89/out -L dependency=/opt/rustwide/target/debug/build/equivalent/d23b026399a51038/out -L dependency=/opt/rustwide/target/debug/build/errno/42724e475aaba02e/out -L dependency=/opt/rustwide/target/debug/build/form_urlencoded/a0709cb2f4e6749a/out -L dependency=/opt/rustwide/target/debug/build/funty/f036997386003508/out -L dependency=/opt/rustwide/target/debug/build/futures-channel/6351650e09691772/out -L dependency=/opt/rustwide/target/debug/build/futures-core/1cd512d543215c04/out -L dependency=/opt/rustwide/target/debug/build/futures-io/8551f65ba49d7852/out -L dependency=/opt/rustwide/target/debug/build/futures-macro/497fa74e1fd189b0/out -L dependency=/opt/rustwide/target/debug/build/futures-sink/80687936758fa695/out -L dependency=/opt/rustwide/target/debug/build/futures-task/bde3b8216abf23c5/out -L dependency=/opt/rustwide/target/debug/build/futures-util/a72e51f94c44ec0c/out -L dependency=/opt/rustwide/target/debug/build/generic-array/e9a46cd80cad0634/out -L dependency=/opt/rustwide/target/debug/build/getrandom/20012bf0a671e53b/out -L dependency=/opt/rustwide/target/debug/build/getrandom/f674f9a7da070cfc/out -L dependency=/opt/rustwide/target/debug/build/getrandom/fee3142063433d17/out -L dependency=/opt/rustwide/target/debug/build/hashbrown/d6527847c19413e5/out -L dependency=/opt/rustwide/target/debug/build/hex/4852862d92867e36/out -L dependency=/opt/rustwide/target/debug/build/hickory-proto/f1b86a15d260de20/out -L dependency=/opt/rustwide/target/debug/build/iana-time-zone/4c741fc3ef3881f8/out -L dependency=/opt/rustwide/target/debug/build/icu_collections/41be48d4e9d59511/out -L dependency=/opt/rustwide/target/debug/build/icu_locale_core/34b04d4b774e10f9/out -L dependency=/opt/rustwide/target/debug/build/icu_normalizer/04f3243a9605dd2c/out -L dependency=/opt/rustwide/target/debug/build/icu_normalizer_data/4ddd33bbaff8cd99/out -L dependency=/opt/rustwide/target/debug/build/icu_properties/2251ecd1df6447fe/out -L dependency=/opt/rustwide/target/debug/build/icu_properties_data/3afdc7f5111c31fe/out -L dependency=/opt/rustwide/target/debug/build/icu_provider/aa12b984a6b9bc3c/out -L dependency=/opt/rustwide/target/debug/build/idna/a8235224bbfeaa50/out -L dependency=/opt/rustwide/target/debug/build/idna_adapter/02f98462207ce31b/out -L dependency=/opt/rustwide/target/debug/build/indexmap/bad0424019eef9ed/out -L dependency=/opt/rustwide/target/debug/build/ipnet/9851617f9fc4e935/out -L dependency=/opt/rustwide/target/debug/build/itoa/6847572a153e76b0/out -L dependency=/opt/rustwide/target/debug/build/libc/6f65a897ddedb32c/out -L dependency=/opt/rustwide/target/debug/build/litemap/323fb0cb3f9fad3e/out -L dependency=/opt/rustwide/target/debug/build/lock_api/b47e4fe57039b3cf/out -L dependency=/opt/rustwide/target/debug/build/log/243a4081f8655140/out -L dependency=/opt/rustwide/target/debug/build/macro_magic_macros/29c7da40c21028f3/out -L dependency=/opt/rustwide/target/debug/build/memchr/3d944e3b9ac373a3/out -L dependency=/opt/rustwide/target/debug/build/mio/46f64652e77ffaca/out -L dependency=/opt/rustwide/target/debug/build/moka/f98dc061e5fd0733/out -L dependency=/opt/rustwide/target/debug/build/num-conv/30f64bcec041bc65/out -L dependency=/opt/rustwide/target/debug/build/num-traits/3c4d893fd622ad0a/out -L dependency=/opt/rustwide/target/debug/build/once_cell/009327a6a872ab24/out -L dependency=/opt/rustwide/target/debug/build/parking_lot/8f5941a23d020c9e/out -L dependency=/opt/rustwide/target/debug/build/parking_lot_core/3727ddaa4b004b3f/out -L dependency=/opt/rustwide/target/debug/build/percent-encoding/f0f3780066f274e0/out -L dependency=/opt/rustwide/target/debug/build/pin-project-lite/7176d3be2b7ee2e1/out -L dependency=/opt/rustwide/target/debug/build/portable-atomic/1db95b1b44ff4bb7/out -L dependency=/opt/rustwide/target/debug/build/potential_utf/345b87e31baacb16/out -L dependency=/opt/rustwide/target/debug/build/powerfmt/6244fffd86cf9c21/out -L dependency=/opt/rustwide/target/debug/build/ppv-lite86/e28a121063c38adb/out -L dependency=/opt/rustwide/target/debug/build/radium/6818750d4d7c9b07/out -L dependency=/opt/rustwide/target/debug/build/rand/33bd79ff14307980/out -L dependency=/opt/rustwide/target/debug/build/rand_chacha/b6b889176152078d/out -L dependency=/opt/rustwide/target/debug/build/rand_core/33404aa74b656bfb/out -L dependency=/opt/rustwide/target/debug/build/resolv-conf/edf6c74a9825dce1/out -L dependency=/opt/rustwide/target/debug/build/ring/641ebb6f266c6e81/out -L dependency=/opt/rustwide/target/debug/build/rustc_version/0b7fef428115c3da/out -L dependency=/opt/rustwide/target/debug/build/rustls-pki-types/e278ec71858aaccb/out -L dependency=/opt/rustwide/target/debug/build/rustls-webpki/5cd60f98df70d5c1/out -L dependency=/opt/rustwide/target/debug/build/rustls/c31d0990955cf356/out -L dependency=/opt/rustwide/target/debug/build/scopeguard/e7d227cb308b3799/out -L dependency=/opt/rustwide/target/debug/build/semver/5367890081b49244/out -L dependency=/opt/rustwide/target/debug/build/serde/6b79cc936cca709e/out -L dependency=/opt/rustwide/target/debug/build/serde_bytes/535a1cb7814b9f19/out -L dependency=/opt/rustwide/target/debug/build/serde_core/4eaec148b7690d44/out -L dependency=/opt/rustwide/target/debug/build/serde_derive/0d175b916ca1f2fd/out -L dependency=/opt/rustwide/target/debug/build/serde_json/f9fff1adc1bac9a3/out -L dependency=/opt/rustwide/target/debug/build/serde_with_macros/77fda7caac7f78ee/out -L dependency=/opt/rustwide/target/debug/build/signal-hook-registry/580a44cfc0a51087/out -L dependency=/opt/rustwide/target/debug/build/slab/101f873bca723251/out -L dependency=/opt/rustwide/target/debug/build/smallvec/dd4339173f24a482/out -L dependency=/opt/rustwide/target/debug/build/socket2/c0ba1ba8b4b3a90a/out -L dependency=/opt/rustwide/target/debug/build/stable_deref_trait/a4bd0afb694af506/out -L dependency=/opt/rustwide/target/debug/build/subtle/350c4d777e42ad0b/out -L dependency=/opt/rustwide/target/debug/build/tagptr/f702f7ce40e6e497/out -L dependency=/opt/rustwide/target/debug/build/tap/5e0b76b1214ba198/out -L dependency=/opt/rustwide/target/debug/build/thiserror-impl/dbf610caa12c8446/out -L dependency=/opt/rustwide/target/debug/build/thiserror/06222b11579db239/out -L dependency=/opt/rustwide/target/debug/build/time-core/9111675e166313da/out -L dependency=/opt/rustwide/target/debug/build/time-macros/bebbd389a8e77655/out -L dependency=/opt/rustwide/target/debug/build/time/6943f8cee48b0404/out -L dependency=/opt/rustwide/target/debug/build/tinystr/390e287b3de9375a/out -L dependency=/opt/rustwide/target/debug/build/tinyvec/7840d73a59ba407b/out -L dependency=/opt/rustwide/target/debug/build/tinyvec_macros/8f2743a6fdad0226/out -L dependency=/opt/rustwide/target/debug/build/tokio-macros/5245f75f1c433b38/out -L dependency=/opt/rustwide/target/debug/build/tokio/2fb96852b4e1ec2d/out -L dependency=/opt/rustwide/target/debug/build/tracing-attributes/44e0a9075c9092e4/out -L dependency=/opt/rustwide/target/debug/build/tracing-core/246bf0645310a33f/out -L dependency=/opt/rustwide/target/debug/build/tracing/2627d82f040aadf1/out -L dependency=/opt/rustwide/target/debug/build/typed-builder-macro/792c0022992e1e37/out -L dependency=/opt/rustwide/target/debug/build/typenum/2001cc7989580d48/out -L dependency=/opt/rustwide/target/debug/build/unicode-bidi/b38c5b9f0edeee4c/out -L dependency=/opt/rustwide/target/debug/build/unicode-normalization/28e9df09d2e4afd3/out -L dependency=/opt/rustwide/target/debug/build/unicode-properties/8bc31be9a5479a6f/out -L dependency=/opt/rustwide/target/debug/build/untrusted/03cde965a30f6cbb/out -L dependency=/opt/rustwide/target/debug/build/url/14e70bb5d79ead45/out -L dependency=/opt/rustwide/target/debug/build/utf8_iter/88f5a358869389d3/out -L dependency=/opt/rustwide/target/debug/build/uuid/9e25ef896a971479/out -L dependency=/opt/rustwide/target/debug/build/writeable/37efbbfd3652a026/out -L dependency=/opt/rustwide/target/debug/build/wyz/98cc9b693d506724/out -L dependency=/opt/rustwide/target/debug/build/yoke-derive/8ba2ffbc8173da0a/out -L dependency=/opt/rustwide/target/debug/build/yoke/49ca5b5ae423a11b/out -L dependency=/opt/rustwide/target/debug/build/zerocopy/24562efa7351dcde/out -L dependency=/opt/rustwide/target/debug/build/zerofrom-derive/395ebc19768beab9/out -L dependency=/opt/rustwide/target/debug/build/zerofrom/a5a6cb47efe570cb/out -L dependency=/opt/rustwide/target/debug/build/zeroize/a40156bb3ac2a890/out -L dependency=/opt/rustwide/target/debug/build/zerotrie/a0a1c4b31459f0b2/out -L dependency=/opt/rustwide/target/debug/build/zerovec-derive/f9c43f7fbb3cb3bc/out -L dependency=/opt/rustwide/target/debug/build/zerovec/9dc5c557b79596ca/out -L dependency=/opt/rustwide/target/debug/build/zmij/7606d3367d7489bc/out --extern base64=/opt/rustwide/target/debug/build/base64/d8aec028dea2d277/out/libbase64-d8aec028dea2d277.rmeta --extern bitflags=/opt/rustwide/target/debug/build/bitflags/3d79a77b594dfc85/out/libbitflags-3d79a77b594dfc85.rmeta --extern bson2=/opt/rustwide/target/debug/build/bson/b4de94996e3a4115/out/libbson-b4de94996e3a4115.rmeta --extern derive_where=/opt/rustwide/target/debug/build/derive-where/1b64e0b4f9de3fc1/out/libderive_where-1b64e0b4f9de3fc1.so --extern derive_more=/opt/rustwide/target/debug/build/derive_more/33a5c6b6484d6131/out/libderive_more-33a5c6b6484d6131.rmeta --extern futures_core=/opt/rustwide/target/debug/build/futures-core/1cd512d543215c04/out/libfutures_core-1cd512d543215c04.rmeta --extern futures_io=/opt/rustwide/target/debug/build/futures-io/8551f65ba49d7852/out/libfutures_io-8551f65ba49d7852.rmeta --extern futures_util=/opt/rustwide/target/debug/build/futures-util/a72e51f94c44ec0c/out/libfutures_util-a72e51f94c44ec0c.rmeta --extern hex=/opt/rustwide/target/debug/build/hex/4852862d92867e36/out/libhex-4852862d92867e36.rmeta --extern hickory_proto=/opt/rustwide/target/debug/build/hickory-proto/f1b86a15d260de20/out/libhickory_proto-f1b86a15d260de20.rmeta --extern hickory_resolver=/opt/rustwide/target/debug/build/hickory-resolver/361b457fce3cf917/out/libhickory_resolver-361b457fce3cf917.rmeta --extern hmac=/opt/rustwide/target/debug/build/hmac/2f1ebcd67df73ec3/out/libhmac-2f1ebcd67df73ec3.rmeta --extern macro_magic=/opt/rustwide/target/debug/build/macro_magic/a339599d09bf41d9/out/libmacro_magic-a339599d09bf41d9.rmeta --extern md5=/opt/rustwide/target/debug/build/md-5/950be67336102dba/out/libmd5-950be67336102dba.rmeta --extern mongodb_internal_macros=/opt/rustwide/target/debug/build/mongodb-internal-macros/f157400305ab672b/out/libmongodb_internal_macros-f157400305ab672b.so --extern pbkdf2=/opt/rustwide/target/debug/build/pbkdf2/11798093ec36655d/out/libpbkdf2-11798093ec36655d.rmeta --extern percent_encoding=/opt/rustwide/target/debug/build/percent-encoding/f0f3780066f274e0/out/libpercent_encoding-f0f3780066f274e0.rmeta --extern rand=/opt/rustwide/target/debug/build/rand/33bd79ff14307980/out/librand-33bd79ff14307980.rmeta --extern rustc_version_runtime=/opt/rustwide/target/debug/build/rustc_version_runtime/61bb801cc311cc6c/out/librustc_version_runtime-61bb801cc311cc6c.rmeta --extern rustls=/opt/rustwide/target/debug/build/rustls/c31d0990955cf356/out/librustls-c31d0990955cf356.rmeta --extern rustversion=/opt/rustwide/target/debug/build/rustversion/5a027c01becb027b/out/librustversion-5a027c01becb027b.so --extern serde=/opt/rustwide/target/debug/build/serde/6b79cc936cca709e/out/libserde-6b79cc936cca709e.rmeta --extern serde_bytes=/opt/rustwide/target/debug/build/serde_bytes/535a1cb7814b9f19/out/libserde_bytes-535a1cb7814b9f19.rmeta --extern serde_with=/opt/rustwide/target/debug/build/serde_with/508ba81464f9d153/out/libserde_with-508ba81464f9d153.rmeta --extern sha1=/opt/rustwide/target/debug/build/sha1/ab42978751f138ea/out/libsha1-ab42978751f138ea.rmeta --extern sha2=/opt/rustwide/target/debug/build/sha2/5f38b52b664e4f09/out/libsha2-5f38b52b664e4f09.rmeta --extern socket2=/opt/rustwide/target/debug/build/socket2/c0ba1ba8b4b3a90a/out/libsocket2-c0ba1ba8b4b3a90a.rmeta --extern stringprep=/opt/rustwide/target/debug/build/stringprep/f63bac2be0da4c88/out/libstringprep-f63bac2be0da4c88.rmeta --extern strsim=/opt/rustwide/target/debug/build/strsim/a1f0dce47f9b6856/out/libstrsim-a1f0dce47f9b6856.rmeta --extern take_mut=/opt/rustwide/target/debug/build/take_mut/0167925e006b9ec1/out/libtake_mut-0167925e006b9ec1.rmeta --extern thiserror=/opt/rustwide/target/debug/build/thiserror/06222b11579db239/out/libthiserror-06222b11579db239.rmeta --extern tokio=/opt/rustwide/target/debug/build/tokio/2fb96852b4e1ec2d/out/libtokio-2fb96852b4e1ec2d.rmeta --extern tokio_rustls=/opt/rustwide/target/debug/build/tokio-rustls/22ac26fef9e31211/out/libtokio_rustls-22ac26fef9e31211.rmeta --extern tokio_util=/opt/rustwide/target/debug/build/tokio-util/a4de1b00ff774b9f/out/libtokio_util-a4de1b00ff774b9f.rmeta --extern typed_builder=/opt/rustwide/target/debug/build/typed-builder/ee1108634b1dd9e2/out/libtyped_builder-ee1108634b1dd9e2.rmeta --extern uuid=/opt/rustwide/target/debug/build/uuid/9e25ef896a971479/out/libuuid-9e25ef896a971479.rmeta --extern webpki_roots=/opt/rustwide/target/debug/build/webpki-roots/6bc6b40f3367f030/out/libwebpki_roots-6bc6b40f3367f030.rmeta --cap-lints allow --cap-lints=forbid --force-warn=unused_crate_dependencies -L native=/opt/rustwide/target/debug/build/ring/846acf0778205177/out` (signal: 9, SIGKILL: kill)
[INFO] [stderr] warning: build failed, waiting for other jobs to finish...
[INFO] [stderr] error: failed to run custom build command for `rdkafka-sys v4.10.0+2.12.1`
[INFO] [stderr] note: To improve backtraces for build dependencies, set the CARGO_PROFILE_DEV_BUILD_OVERRIDE_DEBUG=true environment variable to enable debug information generation.
[INFO] [stderr] 
[INFO] [stderr] Caused by:
[INFO] [stderr]   process didn't exit successfully: `/opt/rustwide/target/debug/build/rdkafka-sys/10887cabde9875a1/out/build_script_build` (exit status: 101)
[INFO] [stderr]   --- stdout
[INFO] [stderr]   Cloning librdkafka
[INFO] [stderr]   Configuring librdkafka
[INFO] [stderr]   checking for OS or distribution... ok (ubuntu)
[INFO] [stderr]   checking for C compiler from CC env... failed
[INFO] [stderr]   checking for gcc (by command)... ok
[INFO] [stderr]   checking for C++ compiler from CXX env... failed
[INFO] [stderr]   checking for C++ compiler (g++)... ok
[INFO] [stderr]   checking executable ld... ok
[INFO] [stderr]   checking executable nm... ok
[INFO] [stderr]   checking executable objdump... ok
[INFO] [stderr]   checking executable strip... ok
[INFO] [stderr]   checking executable libtool... ok
[INFO] [stderr]   checking executable ranlib... ok
[INFO] [stderr]   checking for pkgconfig (by command)... ok
[INFO] [stderr]   checking for install (by command)... ok
[INFO] [stderr]   checking for GNU ar... ok
[INFO] [stderr]   checking for PIC (by compile)... ok
[INFO] [stderr]   checking for GNU-compatible linker options... ok
[INFO] [stderr]   checking for GNU linker-script ld flag... ok
[INFO] [stderr]   checking for __atomic_32 (by compile)... ok
[INFO] [stderr]   checking for __atomic_64 (by compile)... ok
[INFO] [stderr]   checking for socket (by compile)... ok
[INFO] [stderr]   parsing version '0x020c01ff'... ok (2.12.1)
[INFO] [stderr]   checking for librt (by pkg-config)... failed
[INFO] [stderr]   checking for librt (by compile)... ok
[INFO] [stderr]   checking for libpthread (by pkg-config)... failed
[INFO] [stderr]   checking for libpthread (by compile)... ok
[INFO] [stderr]   checking for c11threads (by pkg-config)... failed
[INFO] [stderr]   checking for c11threads (by compile)... ok
[INFO] [stderr]   checking for libdl (by pkg-config)... failed
[INFO] [stderr]   checking for libdl (by compile)... ok
[INFO] [stderr]   checking for zlib (by pkg-config)... ok
[INFO] [stderr]   checking for libm (by pkg-config)... failed
[INFO] [stderr]   checking for libm (by compile)... ok
[INFO] [stderr]   checking for syslog (by compile)... ok
[INFO] [stderr]   checking for rapidjson (by compile)... failed (disable)
[INFO] [stderr]   checking for crc32chw (by compile)... ok
[INFO] [stderr]   checking for regex (by compile)... ok
[INFO] [stderr]   checking for rand_r (by compile)... ok
[INFO] [stderr]   checking for strndup (by compile)... ok
[INFO] [stderr]   checking for strlcpy (by compile)... ok
[INFO] [stderr]   checking for strerror_r (by compile)... ok
[INFO] [stderr]   checking for strcasestr (by compile)... ok
[INFO] [stderr]   checking for pthread_setname_gnu (by compile)... ok
[INFO] [stderr]   checking for nm (by env NM)... ok (cached)
[INFO] [stderr]   checking for python3 (by command)... ok
[INFO] [stderr]   checking for getrusage (by compile)... ok
[INFO] [stderr]   Generated Makefile.config
[INFO] [stderr]   Generated config.h
[INFO] [stderr] 
[INFO] [stderr]   Configuration summary:
[INFO] [stderr]     prefix                   /usr/local
[INFO] [stderr]     MKL_DISTRO               ubuntu
[INFO] [stderr]     SOLIB_EXT                .so
[INFO] [stderr]     ARCH                     x86_64
[INFO] [stderr]     CPU                      generic
[INFO] [stderr]     GEN_PKG_CONFIG           y
[INFO] [stderr]     MKL_APP_NAME             librdkafka
[INFO] [stderr]     MKL_APP_DESC_ONELINE     The Apache Kafka C/C++ library
[INFO] [stderr]     CC                       gcc
[INFO] [stderr]     CXX                      g++
[INFO] [stderr]     LD                       ld
[INFO] [stderr]     NM                       nm
[INFO] [stderr]     OBJDUMP                  objdump
[INFO] [stderr]     STRIP                    strip
[INFO] [stderr]     LIBTOOL                  libtool
[INFO] [stderr]     RANLIB                   ranlib
[INFO] [stderr]     CPPFLAGS                 -g -O2 -fPIC -Wall -Wsign-compare -Wfloat-equal -Wpointer-arith -Wcast-align
[INFO] [stderr]     PKG_CONFIG               pkg-config
[INFO] [stderr]     INSTALL                  /usr/bin/install
[INFO] [stderr]     HAS_GNU_AR               y
[INFO] [stderr]     LIB_LDFLAGS              -shared -Wl,-soname,$(LIBFILENAME)
[INFO] [stderr]     LDFLAG_LINKERSCRIPT      -Wl,--version-script=
[INFO] [stderr]     RDKAFKA_VERSION_STR      2.12.1
[INFO] [stderr]     MKL_APP_VERSION          2.12.1
[INFO] [stderr]     LIBS                     -lm -lz -ldl -lpthread -lrt -lpthread -lrt
[INFO] [stderr]     MKL_PKGCONFIG_LIBS_PRIVATE -lm -ldl -lpthread -lrt -lpthread -lrt
[INFO] [stderr]     MKL_PKGCONFIG_REQUIRES_PRIVATE zlib
[INFO] [stderr]     CFLAGS                   
[INFO] [stderr]     MKL_PKGCONFIG_REQUIRES   zlib
[INFO] [stderr]     CXXFLAGS                 -Wno-non-virtual-dtor
[INFO] [stderr]     SYMDUMPER                $(NM) -D
[INFO] [stderr]     MKL_DYNAMIC_LIBS         -lm -lz -ldl -lpthread -lrt -lpthread -lrt
[INFO] [stderr]     exec_prefix              /usr/local
[INFO] [stderr]     bindir                   /usr/local/bin
[INFO] [stderr]     sbindir                  /usr/local/sbin
[INFO] [stderr]     libexecdir               /usr/local/libexec
[INFO] [stderr]     datadir                  /usr/local/share
[INFO] [stderr]     sysconfdir               /usr/local/etc
[INFO] [stderr]     sharedstatedir           /usr/local/com
[INFO] [stderr]     localstatedir            /usr/local/var
[INFO] [stderr]     runstatedir              /usr/local/var/run
[INFO] [stderr]     libdir                   /usr/local/lib
[INFO] [stderr]     includedir               /usr/local/include
[INFO] [stderr]     infodir                  /usr/local/info
[INFO] [stderr]     mandir                   /usr/local/man
[INFO] [stderr]     BUILT_WITH               GCC GXX PKGCONFIG INSTALL GNULD LDS C11THREADS LIBDL PLUGINS ZLIB HDRHISTOGRAM SYSLOG SNAPPY SOCKEM CRC32C_HW
[INFO] [stderr]   Generated config.cache
[INFO] [stderr] 
[INFO] [stderr]   Now type 'make' to build
[INFO] [stderr]   Compiling librdkafka
[INFO] [stderr]   make[1]: Entering directory '/opt/rustwide/target/debug/build/rdkafka-sys/d5298ad07b852e01/out/src'
[INFO] [stderr]   gcc -MD -MP -g -O2 -fPIC -Wall -Wsign-compare -Wfloat-equal -Wpointer-arith -Wcast-align -I.  -c rdkafka.c -o rdkafka.o
[INFO] [stderr]   gcc -MD -MP -g -O2 -fPIC -Wall -Wsign-compare -Wfloat-equal -Wpointer-arith -Wcast-align -I.  -c rdkafka_broker.c -o rdkafka_broker.o
[INFO] [stderr]   gcc -MD -MP -g -O2 -fPIC -Wall -Wsign-compare -Wfloat-equal -Wpointer-arith -Wcast-align -I.  -c rdkafka_msg.c -o rdkafka_msg.o
[INFO] [stderr]   gcc -MD -MP -g -O2 -fPIC -Wall -Wsign-compare -Wfloat-equal -Wpointer-arith -Wcast-align -I.  -c rdkafka_topic.c -o rdkafka_topic.o
[INFO] [stderr]   gcc -MD -MP -g -O2 -fPIC -Wall -Wsign-compare -Wfloat-equal -Wpointer-arith -Wcast-align -I.  -c rdkafka_conf.c -o rdkafka_conf.o
[INFO] [stderr]   gcc -MD -MP -g -O2 -fPIC -Wall -Wsign-compare -Wfloat-equal -Wpointer-arith -Wcast-align -I.  -c rdkafka_timer.c -o rdkafka_timer.o
[INFO] [stderr]   gcc -MD -MP -g -O2 -fPIC -Wall -Wsign-compare -Wfloat-equal -Wpointer-arith -Wcast-align -I.  -c rdkafka_offset.c -o rdkafka_offset.o
[INFO] [stderr]   gcc -MD -MP -g -O2 -fPIC -Wall -Wsign-compare -Wfloat-equal -Wpointer-arith -Wcast-align -I.  -c rdkafka_transport.c -o rdkafka_transport.o
[INFO] [stderr]   gcc -MD -MP -g -O2 -fPIC -Wall -Wsign-compare -Wfloat-equal -Wpointer-arith -Wcast-align -I.  -c rdkafka_buf.c -o rdkafka_buf.o
[INFO] [stderr]   gcc -MD -MP -g -O2 -fPIC -Wall -Wsign-compare -Wfloat-equal -Wpointer-arith -Wcast-align -I.  -c rdkafka_queue.c -o rdkafka_queue.o
[INFO] [stderr]   gcc -MD -MP -g -O2 -fPIC -Wall -Wsign-compare -Wfloat-equal -Wpointer-arith -Wcast-align -I.  -c rdkafka_op.c -o rdkafka_op.o
[INFO] [stderr]   gcc -MD -MP -g -O2 -fPIC -Wall -Wsign-compare -Wfloat-equal -Wpointer-arith -Wcast-align -I.  -c rdkafka_request.c -o rdkafka_request.o
[INFO] [stderr]   gcc -MD -MP -g -O2 -fPIC -Wall -Wsign-compare -Wfloat-equal -Wpointer-arith -Wcast-align -I.  -c rdkafka_cgrp.c -o rdkafka_cgrp.o
[INFO] [stderr]   gcc -MD -MP -g -O2 -fPIC -Wall -Wsign-compare -Wfloat-equal -Wpointer-arith -Wcast-align -I.  -c rdkafka_pattern.c -o rdkafka_pattern.o
[INFO] [stderr]   gcc -MD -MP -g -O2 -fPIC -Wall -Wsign-compare -Wfloat-equal -Wpointer-arith -Wcast-align -I.  -c rdkafka_partition.c -o rdkafka_partition.o
[INFO] [stderr]   gcc -MD -MP -g -O2 -fPIC -Wall -Wsign-compare -Wfloat-equal -Wpointer-arith -Wcast-align -I.  -c rdkafka_subscription.c -o rdkafka_subscription.o
[INFO] [stderr]   gcc -MD -MP -g -O2 -fPIC -Wall -Wsign-compare -Wfloat-equal -Wpointer-arith -Wcast-align -I.  -c rdkafka_assignment.c -o rdkafka_assignment.o
[INFO] [stderr]   gcc -MD -MP -g -O2 -fPIC -Wall -Wsign-compare -Wfloat-equal -Wpointer-arith -Wcast-align -I.  -c rdkafka_assignor.c -o rdkafka_assignor.o
[INFO] [stderr]   gcc -MD -MP -g -O2 -fPIC -Wall -Wsign-compare -Wfloat-equal -Wpointer-arith -Wcast-align -I.  -c rdkafka_range_assignor.c -o rdkafka_range_assignor.o
[INFO] [stderr]   gcc -MD -MP -g -O2 -fPIC -Wall -Wsign-compare -Wfloat-equal -Wpointer-arith -Wcast-align -I.  -c rdkafka_roundrobin_assignor.c -o rdkafka_roundrobin_assignor.o
[INFO] [stderr]   gcc -MD -MP -g -O2 -fPIC -Wall -Wsign-compare -Wfloat-equal -Wpointer-arith -Wcast-align -I.  -c rdkafka_sticky_assignor.c -o rdkafka_sticky_assignor.o
[INFO] [stderr]   gcc -MD -MP -g -O2 -fPIC -Wall -Wsign-compare -Wfloat-equal -Wpointer-arith -Wcast-align -I.  -c rdkafka_feature.c -o rdkafka_feature.o
[INFO] [stderr]   gcc -MD -MP -g -O2 -fPIC -Wall -Wsign-compare -Wfloat-equal -Wpointer-arith -Wcast-align -I.  -c rdcrc32.c -o rdcrc32.o
[INFO] [stderr]   gcc -MD -MP -g -O2 -fPIC -Wall -Wsign-compare -Wfloat-equal -Wpointer-arith -Wcast-align -I.  -c crc32c.c -o crc32c.o
[INFO] [stderr]   gcc -MD -MP -g -O2 -fPIC -Wall -Wsign-compare -Wfloat-equal -Wpointer-arith -Wcast-align -I.  -c rdmurmur2.c -o rdmurmur2.o
[INFO] [stderr]   gcc -MD -MP -g -O2 -fPIC -Wall -Wsign-compare -Wfloat-equal -Wpointer-arith -Wcast-align -I.  -c rdfnv1a.c -o rdfnv1a.o
[INFO] [stderr]   gcc -MD -MP -g -O2 -fPIC -Wall -Wsign-compare -Wfloat-equal -Wpointer-arith -Wcast-align -I.  -c cJSON.c -o cJSON.o
[INFO] [stderr]   gcc -MD -MP -g -O2 -fPIC -Wall -Wsign-compare -Wfloat-equal -Wpointer-arith -Wcast-align -I.  -c rdaddr.c -o rdaddr.o
[INFO] [stderr]   gcc -MD -MP -g -O2 -fPIC -Wall -Wsign-compare -Wfloat-equal -Wpointer-arith -Wcast-align -I.  -c rdrand.c -o rdrand.o
[INFO] [stderr]   gcc -MD -MP -g -O2 -fPIC -Wall -Wsign-compare -Wfloat-equal -Wpointer-arith -Wcast-align -I.  -c rdlist.c -o rdlist.o
[INFO] [stderr]   gcc -MD -MP -g -O2 -fPIC -Wall -Wsign-compare -Wfloat-equal -Wpointer-arith -Wcast-align -I.  -c tinycthread.c -o tinycthread.o
[INFO] [stderr]   gcc -MD -MP -g -O2 -fPIC -Wall -Wsign-compare -Wfloat-equal -Wpointer-arith -Wcast-align -I.  -c tinycthread_extra.c -o tinycthread_extra.o
[INFO] [stderr]   gcc -MD -MP -g -O2 -fPIC -Wall -Wsign-compare -Wfloat-equal -Wpointer-arith -Wcast-align -I.  -c rdlog.c -o rdlog.o
[INFO] [stderr]   gcc -MD -MP -g -O2 -fPIC -Wall -Wsign-compare -Wfloat-equal -Wpointer-arith -Wcast-align -I.  -c rdstring.c -o rdstring.o
[INFO] [stderr]   gcc -MD -MP -g -O2 -fPIC -Wall -Wsign-compare -Wfloat-equal -Wpointer-arith -Wcast-align -I.  -c rdkafka_event.c -o rdkafka_event.o
[INFO] [stderr]   gcc -MD -MP -g -O2 -fPIC -Wall -Wsign-compare -Wfloat-equal -Wpointer-arith -Wcast-align -I.  -c rdkafka_metadata.c -o rdkafka_metadata.o
[INFO] [stderr]   gcc -MD -MP -g -O2 -fPIC -Wall -Wsign-compare -Wfloat-equal -Wpointer-arith -Wcast-align -I.  -c rdregex.c -o rdregex.o
[INFO] [stderr]   gcc -MD -MP -g -O2 -fPIC -Wall -Wsign-compare -Wfloat-equal -Wpointer-arith -Wcast-align -I.  -c rdports.c -o rdports.o
[INFO] [stderr]   gcc -MD -MP -g -O2 -fPIC -Wall -Wsign-compare -Wfloat-equal -Wpointer-arith -Wcast-align -I.  -c rdkafka_metadata_cache.c -o rdkafka_metadata_cache.o
[INFO] [stderr]   gcc -MD -MP -g -O2 -fPIC -Wall -Wsign-compare -Wfloat-equal -Wpointer-arith -Wcast-align -I.  -c rdavl.c -o rdavl.o
[INFO] [stderr]   gcc -MD -MP -g -O2 -fPIC -Wall -Wsign-compare -Wfloat-equal -Wpointer-arith -Wcast-align -I.  -c rdkafka_sasl.c -o rdkafka_sasl.o
[INFO] [stderr]   gcc -MD -MP -g -O2 -fPIC -Wall -Wsign-compare -Wfloat-equal -Wpointer-arith -Wcast-align -I.  -c rdkafka_sasl_plain.c -o rdkafka_sasl_plain.o
[INFO] [stderr]   gcc -MD -MP -g -O2 -fPIC -Wall -Wsign-compare -Wfloat-equal -Wpointer-arith -Wcast-align -I.  -c rdkafka_interceptor.c -o rdkafka_interceptor.o
[INFO] [stderr]   gcc -MD -MP -g -O2 -fPIC -Wall -Wsign-compare -Wfloat-equal -Wpointer-arith -Wcast-align -I.  -c rdkafka_msgset_writer.c -o rdkafka_msgset_writer.o
[INFO] [stderr]   gcc -MD -MP -g -O2 -fPIC -Wall -Wsign-compare -Wfloat-equal -Wpointer-arith -Wcast-align -I.  -c rdkafka_msgset_reader.c -o rdkafka_msgset_reader.o
[INFO] [stderr]   gcc -MD -MP -g -O2 -fPIC -Wall -Wsign-compare -Wfloat-equal -Wpointer-arith -Wcast-align -I.  -c rdkafka_header.c -o rdkafka_header.o
[INFO] [stderr]   gcc -MD -MP -g -O2 -fPIC -Wall -Wsign-compare -Wfloat-equal -Wpointer-arith -Wcast-align -I.  -c rdkafka_admin.c -o rdkafka_admin.o
[INFO] [stderr]   gcc -MD -MP -g -O2 -fPIC -Wall -Wsign-compare -Wfloat-equal -Wpointer-arith -Wcast-align -I.  -c rdkafka_aux.c -o rdkafka_aux.o
[INFO] [stderr]   gcc -MD -MP -g -O2 -fPIC -Wall -Wsign-compare -Wfloat-equal -Wpointer-arith -Wcast-align -I.  -c rdkafka_background.c -o rdkafka_background.o
[INFO] [stderr]   gcc -MD -MP -g -O2 -fPIC -Wall -Wsign-compare -Wfloat-equal -Wpointer-arith -Wcast-align -I.  -c rdkafka_idempotence.c -o rdkafka_idempotence.o
[INFO] [stderr]   gcc -MD -MP -g -O2 -fPIC -Wall -Wsign-compare -Wfloat-equal -Wpointer-arith -Wcast-align -I.  -c rdkafka_cert.c -o rdkafka_cert.o
[INFO] [stderr]   gcc -MD -MP -g -O2 -fPIC -Wall -Wsign-compare -Wfloat-equal -Wpointer-arith -Wcast-align -I.  -c rdkafka_txnmgr.c -o rdkafka_txnmgr.o
[INFO] [stderr]   gcc -MD -MP -g -O2 -fPIC -Wall -Wsign-compare -Wfloat-equal -Wpointer-arith -Wcast-align -I.  -c rdkafka_coord.c -o rdkafka_coord.o
[INFO] [stderr]   gcc -MD -MP -g -O2 -fPIC -Wall -Wsign-compare -Wfloat-equal -Wpointer-arith -Wcast-align -I.  -c rdbase64.c -o rdbase64.o
[INFO] [stderr]   gcc -MD -MP -g -O2 -fPIC -Wall -Wsign-compare -Wfloat-equal -Wpointer-arith -Wcast-align -I.  -c rdvarint.c -o rdvarint.o
[INFO] [stderr]   gcc -MD -MP -g -O2 -fPIC -Wall -Wsign-compare -Wfloat-equal -Wpointer-arith -Wcast-align -I.  -c rdbuf.c -o rdbuf.o
[INFO] [stderr]   gcc -MD -MP -g -O2 -fPIC -Wall -Wsign-compare -Wfloat-equal -Wpointer-arith -Wcast-align -I.  -c rdmap.c -o rdmap.o
[INFO] [stderr]   gcc -MD -MP -g -O2 -fPIC -Wall -Wsign-compare -Wfloat-equal -Wpointer-arith -Wcast-align -I.  -c rdunittest.c -o rdunittest.o
[INFO] [stderr]   gcc -MD -MP -g -O2 -fPIC -Wall -Wsign-compare -Wfloat-equal -Wpointer-arith -Wcast-align -I.  -c rdkafka_mock.c -o rdkafka_mock.o
[INFO] [stderr]   gcc -MD -MP -g -O2 -fPIC -Wall -Wsign-compare -Wfloat-equal -Wpointer-arith -Wcast-align -I.  -c rdkafka_mock_handlers.c -o rdkafka_mock_handlers.o
[INFO] [stderr]   gcc -MD -MP -g -O2 -fPIC -Wall -Wsign-compare -Wfloat-equal -Wpointer-arith -Wcast-align -I.  -c rdkafka_mock_cgrp.c -o rdkafka_mock_cgrp.o
[INFO] [stderr]   gcc -MD -MP -g -O2 -fPIC -Wall -Wsign-compare -Wfloat-equal -Wpointer-arith -Wcast-align -I.  -c rdkafka_error.c -o rdkafka_error.o
[INFO] [stderr]   gcc -MD -MP -g -O2 -fPIC -Wall -Wsign-compare -Wfloat-equal -Wpointer-arith -Wcast-align -I.  -c rdkafka_fetcher.c -o rdkafka_fetcher.o
[INFO] [stderr]   gcc -MD -MP -g -O2 -fPIC -Wall -Wsign-compare -Wfloat-equal -Wpointer-arith -Wcast-align -I.  -c rdkafka_telemetry.c -o rdkafka_telemetry.o
[INFO] [stderr]   gcc -MD -MP -g -O2 -fPIC -Wall -Wsign-compare -Wfloat-equal -Wpointer-arith -Wcast-align -I.  -c rdkafka_telemetry_encode.c -o rdkafka_telemetry_encode.o
[INFO] [stderr]   gcc -MD -MP -g -O2 -fPIC -Wall -Wsign-compare -Wfloat-equal -Wpointer-arith -Wcast-align -I.  -c rdkafka_telemetry_decode.c -o rdkafka_telemetry_decode.o
[INFO] [stderr]   gcc -MD -MP -g -O2 -fPIC -Wall -Wsign-compare -Wfloat-equal -Wpointer-arith -Wcast-align -I.  -c nanopb/pb_encode.c -o nanopb/pb_encode.o
[INFO] [stderr]   gcc -MD -MP -g -O2 -fPIC -Wall -Wsign-compare -Wfloat-equal -Wpointer-arith -Wcast-align -I.  -c nanopb/pb_decode.c -o nanopb/pb_decode.o
[INFO] [stderr]   gcc -MD -MP -g -O2 -fPIC -Wall -Wsign-compare -Wfloat-equal -Wpointer-arith -Wcast-align -I.  -c nanopb/pb_common.c -o nanopb/pb_common.o
[INFO] [stderr]   gcc -MD -MP -g -O2 -fPIC -Wall -Wsign-compare -Wfloat-equal -Wpointer-arith -Wcast-align -I.  -c opentelemetry/metrics.pb.c -o opentelemetry/metrics.pb.o
[INFO] [stderr]   gcc -MD -MP -g -O2 -fPIC -Wall -Wsign-compare -Wfloat-equal -Wpointer-arith -Wcast-align -I.  -c opentelemetry/common.pb.c -o opentelemetry/common.pb.o
[INFO] [stderr]   gcc -MD -MP -g -O2 -fPIC -Wall -Wsign-compare -Wfloat-equal -Wpointer-arith -Wcast-align -I.  -c opentelemetry/resource.pb.c -o opentelemetry/resource.pb.o
[INFO] [stderr]   gcc -MD -MP -g -O2 -fPIC -Wall -Wsign-compare -Wfloat-equal -Wpointer-arith -Wcast-align -I.  -c snappy.c -o snappy.o
[INFO] [stderr]   gcc -MD -MP -g -O2 -fPIC -Wall -Wsign-compare -Wfloat-equal -Wpointer-arith -Wcast-align -I.  -c rdgz.c -o rdgz.o
[INFO] [stderr]   gcc -MD -MP -g -O2 -fPIC -Wall -Wsign-compare -Wfloat-equal -Wpointer-arith -Wcast-align -I.  -c rdhdrhistogram.c -o rdhdrhistogram.o
[INFO] [stderr]   gcc -MD -MP -g -O2 -fPIC -Wall -Wsign-compare -Wfloat-equal -Wpointer-arith -Wcast-align -I.  -c rdkafka_lz4.c -o rdkafka_lz4.o
[INFO] [stderr]   gcc -MD -MP -g -O2 -fPIC -Wall -Wsign-compare -Wfloat-equal -Wpointer-arith -Wcast-align -I.  -O3 -c rdxxhash.c -o rdxxhash.o
[INFO] [stderr]   gcc -MD -MP -g -O2 -fPIC -Wall -Wsign-compare -Wfloat-equal -Wpointer-arith -Wcast-align -I.  -O3 -c lz4.c -o lz4.o
[INFO] [stderr]   gcc -MD -MP -g -O2 -fPIC -Wall -Wsign-compare -Wfloat-equal -Wpointer-arith -Wcast-align -I.  -O3 -c lz4frame.c -o lz4frame.o
[INFO] [stderr]   gcc -MD -MP -g -O2 -fPIC -Wall -Wsign-compare -Wfloat-equal -Wpointer-arith -Wcast-align -I.  -O3 -c lz4hc.c -o lz4hc.o
[INFO] [stderr]   gcc -MD -MP -g -O2 -fPIC -Wall -Wsign-compare -Wfloat-equal -Wpointer-arith -Wcast-align -I.  -c rddl.c -o rddl.o
[INFO] [stderr]   gcc -MD -MP -g -O2 -fPIC -Wall -Wsign-compare -Wfloat-equal -Wpointer-arith -Wcast-align -I.  -c rdkafka_plugin.c -o rdkafka_plugin.o
[INFO] [stderr]   Generating linker script librdkafka.lds from rdkafka.h rdkafka_mock.h
[INFO] [stderr]   Generating pkg-config file rdkafka.pc
[INFO] [stderr]   Creating shared library librdkafka.so.1
[INFO] [stderr]   Creating static library librdkafka.a
[INFO] [stderr]   gcc  -shared -Wl,-soname,librdkafka.so.1 -Wl,--version-script=librdkafka.lds rdkafka.o rdkafka_broker.o rdkafka_msg.o rdkafka_topic.o rdkafka_conf.o rdkafka_timer.o rdkafka_offset.o rdkafka_transport.o rdkafka_buf.o rdkafka_queue.o rdkafka_op.o rdkafka_request.o rdkafka_cgrp.o rdkafka_pattern.o rdkafka_partition.o rdkafka_subscription.o rdkafka_assignment.o rdkafka_assignor.o rdkafka_range_assignor.o rdkafka_roundrobin_assignor.o rdkafka_sticky_assignor.o rdkafka_feature.o rdcrc32.o crc32c.o rdmurmur2.o rdfnv1a.o cJSON.o rdaddr.o rdrand.o rdlist.o tinycthread.o tinycthread_extra.o rdlog.o rdstring.o rdkafka_event.o rdkafka_metadata.o rdregex.o rdports.o rdkafka_metadata_cache.o rdavl.o rdkafka_sasl.o rdkafka_sasl_plain.o rdkafka_interceptor.o rdkafka_msgset_writer.o rdkafka_msgset_reader.o rdkafka_header.o rdkafka_admin.o rdkafka_aux.o rdkafka_background.o rdkafka_idempotence.o rdkafka_cert.o rdkafka_txnmgr.o rdkafka_coord.o rdbase64.o rdvarint.o rdbuf.o rdmap.o rdunittest.o rdkafka_mock.o rdkafka_mock_handlers.o rdkafka_mock_cgrp.o rdkafka_error.o rdkafka_fetcher.o rdkafka_telemetry.o rdkafka_telemetry_encode.o rdkafka_telemetry_decode.o nanopb/pb_encode.o nanopb/pb_decode.o nanopb/pb_common.o opentelemetry/metrics.pb.o opentelemetry/common.pb.o opentelemetry/resource.pb.o snappy.o rdgz.o rdhdrhistogram.o rdkafka_lz4.o rdxxhash.o lz4.o lz4frame.o lz4hc.o rddl.o rdkafka_plugin.o -o librdkafka.so.1 -lm -lz -ldl -lpthread -lrt -lpthread -lrt
[INFO] [stderr]   ar rcs librdkafka.a rdkafka.o rdkafka_broker.o rdkafka_msg.o rdkafka_topic.o rdkafka_conf.o rdkafka_timer.o rdkafka_offset.o rdkafka_transport.o rdkafka_buf.o rdkafka_queue.o rdkafka_op.o rdkafka_request.o rdkafka_cgrp.o rdkafka_pattern.o rdkafka_partition.o rdkafka_subscription.o rdkafka_assignment.o rdkafka_assignor.o rdkafka_range_assignor.o rdkafka_roundrobin_assignor.o rdkafka_sticky_assignor.o rdkafka_feature.o rdcrc32.o crc32c.o rdmurmur2.o rdfnv1a.o cJSON.o rdaddr.o rdrand.o rdlist.o tinycthread.o tinycthread_extra.o rdlog.o rdstring.o rdkafka_event.o rdkafka_metadata.o rdregex.o rdports.o rdkafka_metadata_cache.o rdavl.o rdkafka_sasl.o rdkafka_sasl_plain.o rdkafka_interceptor.o rdkafka_msgset_writer.o rdkafka_msgset_reader.o rdkafka_header.o rdkafka_admin.o rdkafka_aux.o rdkafka_background.o rdkafka_idempotence.o rdkafka_cert.o rdkafka_txnmgr.o rdkafka_coord.o rdbase64.o rdvarint.o rdbuf.o rdmap.o rdunittest.o rdkafka_mock.o rdkafka_mock_handlers.o rdkafka_mock_cgrp.o rdkafka_error.o rdkafka_fetcher.o rdkafka_telemetry.o rdkafka_telemetry_encode.o rdkafka_telemetry_decode.o nanopb/pb_encode.o nanopb/pb_decode.o nanopb/pb_common.o opentelemetry/metrics.pb.o opentelemetry/common.pb.o opentelemetry/resource.pb.o snappy.o rdgz.o rdhdrhistogram.o rdkafka_lz4.o rdxxhash.o lz4.o lz4frame.o lz4hc.o rddl.o rdkafka_plugin.o
[INFO] [stderr]   cp librdkafka.a librdkafka-dbg.a
[INFO] [stderr]   WARNING: librdkafka-static.a: No static libraries available/enabled for inclusion in self-contained static library librdkafka-static.a: this library will be identical to librdkafka.a
[INFO] [stderr]   WARNING: librdkafka-static.a: The following libraries were not available as static libraries and need to be linked dynamically: -lm -lz -ldl -lpthread -lrt -lpthread -lrt
[INFO] [stderr]   cp librdkafka.a librdkafka-static.a
[INFO] [stderr]   cp librdkafka-dbg.a librdkafka-static-dbg.a
[INFO] [stderr]   cp librdkafka-static.a librdkafka-static-dbg.a
[INFO] [stderr]   Generating pkg-config file rdkafka-static.pc
[INFO] [stderr]   cp librdkafka.so.1 librdkafka-dbg.so.1
[INFO] [stderr]   Creating librdkafka.so symlink
[INFO] [stderr]   rm -f "librdkafka.so" && ln -s "librdkafka.so.1" "librdkafka.so"
[INFO] [stderr]   Checking librdkafka integrity
[INFO] [stderr]   librdkafka.so.1                OK
[INFO] [stderr]   librdkafka.a                   OK
[INFO] [stderr]   Symbol visibility              OK
[INFO] [stderr]   make[1]: Leaving directory '/opt/rustwide/target/debug/build/rdkafka-sys/d5298ad07b852e01/out/src'
[INFO] [stderr]   make[1]: Entering directory '/opt/rustwide/target/debug/build/rdkafka-sys/d5298ad07b852e01/out/src-cpp'
[INFO] [stderr]   g++ -MD -MP -g -O2 -fPIC -Wall -Wsign-compare -Wfloat-equal -Wpointer-arith -Wcast-align -Wno-non-virtual-dtor -c RdKafka.cpp -o RdKafka.o
[INFO] [stderr]   g++ -MD -MP -g -O2 -fPIC -Wall -Wsign-compare -Wfloat-equal -Wpointer-arith -Wcast-align -Wno-non-virtual-dtor -c ConfImpl.cpp -o ConfImpl.o
[INFO] [stderr]   g++ -MD -MP -g -O2 -fPIC -Wall -Wsign-compare -Wfloat-equal -Wpointer-arith -Wcast-align -Wno-non-virtual-dtor -c HandleImpl.cpp -o HandleImpl.o
[INFO] [stderr]   g++ -MD -MP -g -O2 -fPIC -Wall -Wsign-compare -Wfloat-equal -Wpointer-arith -Wcast-align -Wno-non-virtual-dtor -c ConsumerImpl.cpp -o ConsumerImpl.o
[INFO] [stderr]   g++ -MD -MP -g -O2 -fPIC -Wall -Wsign-compare -Wfloat-equal -Wpointer-arith -Wcast-align -Wno-non-virtual-dtor -c ProducerImpl.cpp -o ProducerImpl.o
[INFO] [stderr]   g++ -MD -MP -g -O2 -fPIC -Wall -Wsign-compare -Wfloat-equal -Wpointer-arith -Wcast-align -Wno-non-virtual-dtor -c KafkaConsumerImpl.cpp -o KafkaConsumerImpl.o
[INFO] [stderr]   g++ -MD -MP -g -O2 -fPIC -Wall -Wsign-compare -Wfloat-equal -Wpointer-arith -Wcast-align -Wno-non-virtual-dtor -c TopicImpl.cpp -o TopicImpl.o
[INFO] [stderr]   g++ -MD -MP -g -O2 -fPIC -Wall -Wsign-compare -Wfloat-equal -Wpointer-arith -Wcast-align -Wno-non-virtual-dtor -c TopicPartitionImpl.cpp -o TopicPartitionImpl.o
[INFO] [stderr]   g++ -MD -MP -g -O2 -fPIC -Wall -Wsign-compare -Wfloat-equal -Wpointer-arith -Wcast-align -Wno-non-virtual-dtor -c MessageImpl.cpp -o MessageImpl.o
[INFO] [stderr]   g++ -MD -MP -g -O2 -fPIC -Wall -Wsign-compare -Wfloat-equal -Wpointer-arith -Wcast-align -Wno-non-virtual-dtor -c HeadersImpl.cpp -o HeadersImpl.o
[INFO] [stderr]   g++ -MD -MP -g -O2 -fPIC -Wall -Wsign-compare -Wfloat-equal -Wpointer-arith -Wcast-align -Wno-non-virtual-dtor -c QueueImpl.cpp -o QueueImpl.o
[INFO] [stderr]   g++ -MD -MP -g -O2 -fPIC -Wall -Wsign-compare -Wfloat-equal -Wpointer-arith -Wcast-align -Wno-non-virtual-dtor -c MetadataImpl.cpp -o MetadataImpl.o
[INFO] [stderr]   Generating pkg-config file rdkafka++.pc
[INFO] [stderr]   Generating pkg-config file rdkafka++-static.pc
[INFO] [stderr]   make[1]: Leaving directory '/opt/rustwide/target/debug/build/rdkafka-sys/d5298ad07b852e01/out/src-cpp'
[INFO] [stderr] 
[INFO] [stderr]   --- stderr
[INFO] [stderr]   Building and linking librdkafka statically
[INFO] [stderr]   Running command: "cp -a librdkafka/. /opt/rustwide/target/debug/build/rdkafka-sys/d5298ad07b852e01/out" in dir: .
[INFO] [stderr]   Running command: "/opt/rustwide/target/debug/build/rdkafka-sys/d5298ad07b852e01/out/configure --disable-ssl --disable-gssapi --disable-curl --disable-zstd --disable-lz4-ext" in dir: /opt/rustwide/target/debug/build/rdkafka-sys/d5298ad07b852e01/out
[INFO] [stderr]   Running command: "make libs" in dir: /opt/rustwide/target/debug/build/rdkafka-sys/d5298ad07b852e01/out
[INFO] [stderr]   rdkafka_aux.c: In function 'rd_kafka_Node_new_from_brokers':
[INFO] [stderr]   rdkafka_aux.c:270:13: warning: initialization discards 'const' qualifier from pointer target type [-Wdiscarded-qualifiers]
[INFO] [stderr]     270 |             bsearch(&key_sorted, brokers_sorted, broker_cnt,
[INFO] [stderr]         |             ^~~~~~~
[INFO] [stderr]   rdkafka_aux.c:275:13: warning: initialization discards 'const' qualifier from pointer target type [-Wdiscarded-qualifiers]
[INFO] [stderr]     275 |             bsearch(&key_internal, brokers_internal, broker_cnt,
[INFO] [stderr]         |             ^~~~~~~
[INFO] [stderr]   g++: fatal error: Killed signal terminated program cc1plus
[INFO] [stderr]   compilation terminated.
[INFO] [stderr]   make[1]: *** [../mklove/Makefile.base:100: ConsumerImpl.o] Error 1
[INFO] [stderr]   make[1]: *** Waiting for unfinished jobs....
[INFO] [stderr]   make: *** [Makefile:28: libs] Error 2
[INFO] [stderr] 
[INFO] [stderr]   thread 'main' (1600) panicked at /opt/rustwide/cargo-home/registry/src/index.crates.io-1949cf8c6b5b557f/rdkafka-sys-4.10.0+2.12.1/build.rs:36:33:
[INFO] [stderr]   Command failed with error code 2
[INFO] [stderr]   stack backtrace:
[INFO] [stderr]      0:     0x5996e1838481 - std[970ebd7dca1e8e9c]::backtrace_rs::backtrace::libunwind::trace
[INFO] [stderr]                                  at /rustc/5c543b0b8c73c7b72bc8284ced4fb22ead15734d/library/std/src/../../backtrace/src/backtrace/libunwind.rs:117:9
[INFO] [stderr]      1:     0x5996e1838481 - std[970ebd7dca1e8e9c]::backtrace_rs::backtrace::trace_unsynchronized::<std[970ebd7dca1e8e9c]::sys::backtrace::_print_fmt::{closure#1}>
[INFO] [stderr]                                  at /rustc/5c543b0b8c73c7b72bc8284ced4fb22ead15734d/library/std/src/../../backtrace/src/backtrace/mod.rs:66:14
[INFO] [stderr]      2:     0x5996e1838481 - std[970ebd7dca1e8e9c]::sys::backtrace::_print_fmt
[INFO] [stderr]                                  at /rustc/5c543b0b8c73c7b72bc8284ced4fb22ead15734d/library/std/src/sys/backtrace.rs:74:9
[INFO] [stderr]      3:     0x5996e1838481 - <<std[970ebd7dca1e8e9c]::sys::backtrace::BacktraceLock>::print::DisplayBacktrace as core[246ef9d645e4a18a]::fmt::Display>::fmt
[INFO] [stderr]                                  at /rustc/5c543b0b8c73c7b72bc8284ced4fb22ead15734d/library/std/src/sys/backtrace.rs:44:26
[INFO] [stderr]      4:     0x5996e1849e8a - <core[246ef9d645e4a18a]::fmt::rt::Argument>::fmt
[INFO] [stderr]                                  at /rustc/5c543b0b8c73c7b72bc8284ced4fb22ead15734d/library/core/src/fmt/rt.rs:152:76
[INFO] [stderr]      5:     0x5996e1849e8a - core[246ef9d645e4a18a]::fmt::write
[INFO] [stderr]      6:     0x5996e183c50c - core[246ef9d645e4a18a]::io::write::default_write_fmt::<std[970ebd7dca1e8e9c]::sys::stdio::unix::Stderr>
[INFO] [stderr]                                  at /rustc/5c543b0b8c73c7b72bc8284ced4fb22ead15734d/library/core/src/io/write.rs:402:11
[INFO] [stderr]      7:     0x5996e183c50c - <std[970ebd7dca1e8e9c]::sys::stdio::unix::Stderr as core[246ef9d645e4a18a]::io::write::Write>::write_fmt
[INFO] [stderr]                                  at /rustc/5c543b0b8c73c7b72bc8284ced4fb22ead15734d/library/core/src/io/write.rs:335:13
[INFO] [stderr]      8:     0x5996e1819276 - <std[970ebd7dca1e8e9c]::sys::backtrace::BacktraceLock>::print
[INFO] [stderr]                                  at /rustc/5c543b0b8c73c7b72bc8284ced4fb22ead15734d/library/std/src/sys/backtrace.rs:47:9
[INFO] [stderr]      9:     0x5996e1819276 - std[970ebd7dca1e8e9c]::panicking::default_hook::{closure#0}
[INFO] [stderr]                                  at /rustc/5c543b0b8c73c7b72bc8284ced4fb22ead15734d/library/std/src/panicking.rs:289:27
[INFO] [stderr]     10:     0x5996e1833811 - std[970ebd7dca1e8e9c]::panicking::default_hook
[INFO] [stderr]                                  at /rustc/5c543b0b8c73c7b72bc8284ced4fb22ead15734d/library/std/src/panicking.rs:316:9
[INFO] [stderr]     11:     0x5996e18339cb - std[970ebd7dca1e8e9c]::panicking::panic_with_hook
[INFO] [stderr]                                  at /rustc/5c543b0b8c73c7b72bc8284ced4fb22ead15734d/library/std/src/panicking.rs:811:13
[INFO] [stderr]     12:     0x5996e1819322 - std[970ebd7dca1e8e9c]::panicking::panic_handler::{closure#0}
[INFO] [stderr]                                  at /rustc/5c543b0b8c73c7b72bc8284ced4fb22ead15734d/library/std/src/panicking.rs:685:13
[INFO] [stderr]     13:     0x5996e1811de9 - std[970ebd7dca1e8e9c]::sys::backtrace::__rust_end_short_backtrace::<std[970ebd7dca1e8e9c]::panicking::panic_handler::{closure#0}, !>
[INFO] [stderr]                                  at /rustc/5c543b0b8c73c7b72bc8284ced4fb22ead15734d/library/std/src/sys/backtrace.rs:182:18
[INFO] [stderr]     14:     0x5996e1819bad - __rustc[3f28edee45324a8d]::rust_begin_unwind
[INFO] [stderr]                                  at /rustc/5c543b0b8c73c7b72bc8284ced4fb22ead15734d/library/std/src/panicking.rs:676:5
[INFO] [stderr]     15:     0x5996e184a61c - core[246ef9d645e4a18a]::panicking::panic_fmt
[INFO] [stderr]                                  at /rustc/5c543b0b8c73c7b72bc8284ced4fb22ead15734d/library/core/src/panicking.rs:80:14
[INFO] [stderr]     16:     0x5996e17e0d3d - build_script_build[7996d3204d7f8294]::run_command_or_fail::<&str, &str>
[INFO] [stderr]     17:     0x5996e17e3da5 - build_script_build[7996d3204d7f8294]::build_librdkafka
[INFO] [stderr]     18:     0x5996e17e4266 - build_script_build[7996d3204d7f8294]::main
[INFO] [stderr]     19:     0x5996e17e5273 - <fn() as core[246ef9d645e4a18a]::ops::function::FnOnce<()>>::call_once
[INFO] [stderr]     20:     0x5996e17e1d96 - std[970ebd7dca1e8e9c]::sys::backtrace::__rust_begin_short_backtrace::<fn(), ()>
[INFO] [stderr]     21:     0x5996e17e1f29 - std[970ebd7dca1e8e9c]::rt::lang_start::<()>::{closure#0}
[INFO] [stderr]     22:     0x5996e1832c18 - <&dyn core[246ef9d645e4a18a]::ops::function::Fn<(), Output = i32> + core[246ef9d645e4a18a]::panic::unwind_safe::RefUnwindSafe + core[246ef9d645e4a18a]::marker::Sync as core[246ef9d645e4a18a]::ops::function::FnOnce<()>>::call_once
[INFO] [stderr]                                  at /rustc/5c543b0b8c73c7b72bc8284ced4fb22ead15734d/library/core/src/ops/function.rs:287:21
[INFO] [stderr]     23:     0x5996e1832c18 - std[970ebd7dca1e8e9c]::panicking::catch_unwind::do_call::<&dyn core[246ef9d645e4a18a]::ops::function::Fn<(), Output = i32> + core[246ef9d645e4a18a]::panic::unwind_safe::RefUnwindSafe + core[246ef9d645e4a18a]::marker::Sync, i32>
[INFO] [stderr]                                  at /rustc/5c543b0b8c73c7b72bc8284ced4fb22ead15734d/library/std/src/panicking.rs:573:43
[INFO] [stderr]     24:     0x5996e1832c18 - std[970ebd7dca1e8e9c]::panicking::catch_unwind::<i32, &dyn core[246ef9d645e4a18a]::ops::function::Fn<(), Output = i32> + core[246ef9d645e4a18a]::panic::unwind_safe::RefUnwindSafe + core[246ef9d645e4a18a]::marker::Sync>
[INFO] [stderr]                                  at /rustc/5c543b0b8c73c7b72bc8284ced4fb22ead15734d/library/std/src/panicking.rs:541:19
[INFO] [stderr]     25:     0x5996e1832c18 - std[970ebd7dca1e8e9c]::panic::catch_unwind::<&dyn core[246ef9d645e4a18a]::ops::function::Fn<(), Output = i32> + core[246ef9d645e4a18a]::panic::unwind_safe::RefUnwindSafe + core[246ef9d645e4a18a]::marker::Sync, i32>
[INFO] [stderr]                                  at /rustc/5c543b0b8c73c7b72bc8284ced4fb22ead15734d/library/std/src/panic.rs:359:14
[INFO] [stderr]     26:     0x5996e1832c18 - std[970ebd7dca1e8e9c]::rt::lang_start_internal::{closure#0}
[INFO] [stderr]                                  at /rustc/5c543b0b8c73c7b72bc8284ced4fb22ead15734d/library/std/src/rt.rs:175:24
[INFO] [stderr]     27:     0x5996e1832c18 - std[970ebd7dca1e8e9c]::panicking::catch_unwind::do_call::<std[970ebd7dca1e8e9c]::rt::lang_start_internal::{closure#0}, isize>
[INFO] [stderr]                                  at /rustc/5c543b0b8c73c7b72bc8284ced4fb22ead15734d/library/std/src/panicking.rs:573:43
[INFO] [stderr]     28:     0x5996e1832c18 - std[970ebd7dca1e8e9c]::panicking::catch_unwind::<isize, std[970ebd7dca1e8e9c]::rt::lang_start_internal::{closure#0}>
[INFO] [stderr]                                  at /rustc/5c543b0b8c73c7b72bc8284ced4fb22ead15734d/library/std/src/panicking.rs:541:19
[INFO] [stderr]     29:     0x5996e1832c18 - std[970ebd7dca1e8e9c]::panic::catch_unwind::<std[970ebd7dca1e8e9c]::rt::lang_start_internal::{closure#0}, isize>
[INFO] [stderr]                                  at /rustc/5c543b0b8c73c7b72bc8284ced4fb22ead15734d/library/std/src/panic.rs:359:14
[INFO] [stderr]     30:     0x5996e1832c18 - std[970ebd7dca1e8e9c]::rt::lang_start_internal
[INFO] [stderr]                                  at /rustc/5c543b0b8c73c7b72bc8284ced4fb22ead15734d/library/std/src/rt.rs:171:5
[INFO] [stderr]     31:     0x5996e17e1b01 - std[970ebd7dca1e8e9c]::rt::lang_start::<()>
[INFO] [stderr]     32:     0x5996e17e52c5 - main
[INFO] [stderr]     33:     0x73aa16f2c601 - <unknown>
[INFO] [stderr]     34:     0x73aa16f2c718 - __libc_start_main
[INFO] [stderr]     35:     0x5996e17e0605 - _start
[INFO] [stderr]     36:                0x0 - <unknown>
[INFO] running `Command { std: "docker" "inspect" "e905f457919ae4b4bcc577d8985f46ced053c90e708637f284d998851ce3c62a", kill_on_drop: false }`
[INFO] running `Command { std: "docker" "rm" "-f" "e905f457919ae4b4bcc577d8985f46ced053c90e708637f284d998851ce3c62a", kill_on_drop: false }`
[INFO] [stdout] e905f457919ae4b4bcc577d8985f46ced053c90e708637f284d998851ce3c62a
