[INFO] fetching crate teamy-figue 6.0.0-rc.2...
[INFO] checking teamy-figue-6.0.0-rc.2 against 895980e0290783bb09b1ccf1b11f14eb09b10430 for pr-160186
[INFO] extracting crate teamy-figue 6.0.0-rc.2 into /workspace/builds/worker-5-tc2/source
[INFO] started tweaking crates.io crate teamy-figue 6.0.0-rc.2
[INFO] removed 0 missing examples
[INFO] removed 0 missing tests
[INFO] finished tweaking crates.io crate teamy-figue 6.0.0-rc.2
[INFO] tweaked toml for crates.io crate teamy-figue 6.0.0-rc.2 written to /workspace/builds/worker-5-tc2/source/Cargo.toml
[INFO] validating manifest of crates.io crate teamy-figue 6.0.0-rc.2 on toolchain 895980e0290783bb09b1ccf1b11f14eb09b10430
[INFO] running `Command { std: CARGO_HOME="/workspace/cargo-home" RUSTUP_HOME="/workspace/rustup-home" "/workspace/cargo-home/bin/cargo" "+895980e0290783bb09b1ccf1b11f14eb09b10430" "metadata" "--manifest-path" "Cargo.toml" "--no-deps", kill_on_drop: false }`
[INFO] crate crates.io crate teamy-figue 6.0.0-rc.2 already has a lockfile, it will not be regenerated
[INFO] running `Command { std: CARGO_HOME="/workspace/cargo-home" RUSTUP_HOME="/workspace/rustup-home" "/workspace/cargo-home/bin/cargo" "+895980e0290783bb09b1ccf1b11f14eb09b10430" "fetch" "--manifest-path" "Cargo.toml", kill_on_drop: false }`
[INFO] [stderr] warning: `package.homepage` is redundant with `package.repository`
[INFO] [stderr]    --> Cargo.toml:142:12
[INFO] [stderr]     |
[INFO] [stderr] 142 | homepage = "https://github.com/TeamDman/figue"
[INFO] [stderr]     |            ^^^^^^^^^^^^^^^^^^^^^^^^^^^^^^^^^^^
[INFO] [stderr] ...
[INFO] [stderr] 147 | repository = "https://github.com/TeamDman/figue"
[INFO] [stderr]     |              -----------------------------------
[INFO] [stderr]     |
[INFO] [stderr]     = note: `cargo::redundant_homepage` is set to `warn` by default
[INFO] [stderr] help: consider removing `package.homepage`
[INFO] [stderr] warning: `teamy-figue` (manifest) generated 1 warning
[INFO] running `Command { std: "docker" "create" "-v" "/var/lib/crater-agent-workspace/builds/worker-5-tc2/source:/opt/rustwide/workdir:ro,Z" "-v" "/var/lib/crater-agent-workspace/builds/worker-5-tc2/target:/opt/rustwide/target:rw,Z" "-v" "/var/lib/crater-agent-workspace/cargo-home:/opt/rustwide/cargo-home:ro,Z" "-v" "/var/lib/crater-agent-workspace/rustup-home:/opt/rustwide/rustup-home:ro,Z" "-m" "1610612736" "--network" "none" "ghcr.io/rust-lang/crates-build-env/linux@sha256:77db811e55d90add9212f6832c23229e3de5f1c1f9905e8cb07319ea15df73ac" "sleep" "infinity", kill_on_drop: false }`
[INFO] [stdout] d3870bc18a81ac22e7c68d29878bc31dd2bd4507e9053ea69822aece0dfe5e7f
[INFO] running `Command { std: "docker" "start" "d3870bc18a81ac22e7c68d29878bc31dd2bd4507e9053ea69822aece0dfe5e7f", kill_on_drop: false }`
[INFO] running `Command { std: "docker" "inspect" "d3870bc18a81ac22e7c68d29878bc31dd2bd4507e9053ea69822aece0dfe5e7f", kill_on_drop: false }`
[INFO] running `Command { std: "docker" "exec" "-e" "SOURCE_DIR=/opt/rustwide/workdir" "-e" "CARGO_HOME=/opt/rustwide/cargo-home" "-e" "RUSTUP_HOME=/opt/rustwide/rustup-home" "-e" "CARGO_TARGET_DIR=/opt/rustwide/target" "-w" "/opt/rustwide/workdir" "--user" "0:0" "d3870bc18a81ac22e7c68d29878bc31dd2bd4507e9053ea69822aece0dfe5e7f" "/opt/rustwide/cargo-home/bin/cargo" "+895980e0290783bb09b1ccf1b11f14eb09b10430" "metadata" "--no-deps" "--format-version=1", kill_on_drop: false }`
[INFO] running `Command { std: "docker" "inspect" "d3870bc18a81ac22e7c68d29878bc31dd2bd4507e9053ea69822aece0dfe5e7f", kill_on_drop: false }`
[INFO] running `Command { std: "docker" "exec" "-e" "SOURCE_DIR=/opt/rustwide/workdir" "-e" "CARGO_HOME=/opt/rustwide/cargo-home" "-e" "RUSTUP_HOME=/opt/rustwide/rustup-home" "-e" "CARGO_TARGET_DIR=/opt/rustwide/target" "-e" "CARGO_INCREMENTAL=0" "-e" "RUST_BACKTRACE=full" "-e" "RUSTFLAGS=--cap-lints=forbid" "-e" "RUSTDOCFLAGS=--cap-lints=forbid" "-w" "/opt/rustwide/workdir" "--user" "0:0" "d3870bc18a81ac22e7c68d29878bc31dd2bd4507e9053ea69822aece0dfe5e7f" "/opt/rustwide/cargo-home/bin/cargo" "+895980e0290783bb09b1ccf1b11f14eb09b10430" "check" "--frozen" "--all" "--all-targets" "--message-format=json", kill_on_drop: false }`
[INFO] [stderr] warning: `package.homepage` is redundant with `package.repository`
[INFO] [stderr]    --> Cargo.toml:142:12
[INFO] [stderr]     |
[INFO] [stderr] 142 | homepage = "https://github.com/TeamDman/figue"
[INFO] [stderr]     |            ^^^^^^^^^^^^^^^^^^^^^^^^^^^^^^^^^^^
[INFO] [stderr] ...
[INFO] [stderr] 147 | repository = "https://github.com/TeamDman/figue"
[INFO] [stderr]     |              -----------------------------------
[INFO] [stderr]     |
[INFO] [stderr]     = note: `cargo::redundant_homepage` is set to `warn` by default
[INFO] [stderr] help: consider removing `package.homepage`
[INFO] [stderr] warning: `teamy-figue` (manifest) generated 1 warning
[INFO] [stderr]    Compiling quote v1.0.47
[INFO] [stderr]    Compiling camino v1.2.5
[INFO] [stderr]     Checking constant_time_eq v0.4.2
[INFO] [stderr]     Checking impls v1.0.3
[INFO] [stderr]     Checking const-fnv1a-hash v1.1.0
[INFO] [stderr]    Compiling mutants v0.0.3
[INFO] [stderr]    Compiling cc v1.4.2
[INFO] [stderr]     Checking hashbrown v0.17.1
[INFO] [stderr]    Compiling teamy-facet-core v0.50.0-rc.7
[INFO] [stderr]    Compiling rustix v1.1.4
[INFO] [stderr]    Compiling nix v0.31.3
[INFO] [stderr]    Compiling teamy-facet v0.50.0-rc.7
[INFO] [stderr]     Checking parking_lot_core v0.9.12
[INFO] [stderr]     Checking mio v1.2.2
[INFO] [stderr]     Checking signal-hook v0.3.18
[INFO] [stderr]     Checking is_ci v1.2.0
[INFO] [stderr]     Checking is-terminal v0.4.17
[INFO] [stderr]    Compiling owo-colors v4.3.0
[INFO] [stderr]     Checking supports-color v3.0.2
[INFO] [stderr]     Checking coolor v1.1.0
[INFO] [stderr]     Checking supports-color v2.1.0
[INFO] [stderr]    Compiling unsynn v0.3.0
[INFO] [stderr]     Checking vte v0.14.1
[INFO] [stderr]    Compiling syn v2.0.119
[INFO] [stderr]     Checking parking_lot v0.12.5
[INFO] [stderr]     Checking getrandom v0.4.3
[INFO] [stderr]     Checking yansi v1.0.1
[INFO] [stderr]     Checking console v0.16.4
[INFO] [stderr]     Checking similar v2.7.0
[INFO] [stderr]     Checking heck v0.5.0
[INFO] [stderr]     Checking strip-ansi-escapes v0.2.1
[INFO] [stderr]     Checking signal-hook-mio v0.2.5
[INFO] [stderr]     Checking ariadne v0.6.0
[INFO] [stderr]     Checking indexmap v2.14.0
[INFO] [stderr]    Compiling teamy-facet-macro-types v0.50.0-rc.7
[INFO] [stderr]    Compiling blake3 v1.8.6
[INFO] [stderr]    Compiling teamy-facet-macro-parse v0.50.0-rc.7
[INFO] [stderr]    Compiling teamy-facet-macros-impl v0.50.0-rc.7
[INFO] [stderr]     Checking taxon v0.2.0-rc.5
[INFO] [stderr]     Checking tempfile v3.27.0
[INFO] [stderr]     Checking insta v1.48.0
[INFO] [stderr]     Checking teamy-facet-path v0.50.0-rc.7
[INFO] [stderr]     Checking teamy-facet-reflect v0.50.0-rc.7
[INFO] [stderr]    Compiling derive_more-impl v2.1.1
[INFO] [stderr]    Compiling thiserror-impl v1.0.69
[INFO] [stderr]    Compiling tracing-attributes v0.1.31
[INFO] [stderr]     Checking derive_more v2.1.1
[INFO] [stderr]     Checking crossterm v0.29.0
[INFO] [stderr]     Checking thiserror v1.0.69
[INFO] [stderr]     Checking tracing v0.1.44
[INFO] [stderr]     Checking xterm-query v0.6.0
[INFO] [stderr]     Checking teamy-facet-dessert v0.50.0-rc.7
[INFO] [stderr]     Checking teamy-facet-solver v0.50.0-rc.7
[INFO] [stderr]     Checking teamy-facet-format v0.50.0-rc.7
[INFO] [stderr]     Checking terminal-light v1.9.0
[INFO] [stderr]     Checking teamy-facet-pretty v0.50.0-rc.7
[INFO] [stderr]    Compiling teamy-facet-macros v0.50.0-rc.7
[INFO] [stderr]     Checking teamy-figue-attrs v6.0.0-rc.2
[INFO] [stderr]     Checking teamy-facet-error v0.50.0-rc.7
[INFO] [stderr]     Checking teamy-facet-json v0.50.0-rc.7
[INFO] [stderr]     Checking teamy-figue v6.0.0-rc.2 (/opt/rustwide/workdir)
[INFO] [stdout] error[E0432]: unresolved import `facet_solver`
[INFO] [stdout]    --> src/config_value.rs:423:13
[INFO] [stdout]     |
[INFO] [stdout] 423 |         use facet_solver::VariantsByFormat;
[INFO] [stdout]     |             ^^^^^^^^^^^^ use of unresolved module or unlinked crate `facet_solver`
[INFO] [stdout]     |
[INFO] [stdout] help: there is a crate or module with a similar name
[INFO] [stdout]     |
[INFO] [stdout] 423 -         use facet_solver::VariantsByFormat;
[INFO] [stdout] 423 +         use facet_core::VariantsByFormat;
[INFO] [stdout]     |
[INFO] [stdout] 
[INFO] [stdout] 
[INFO] [stdout] error[E0432]: unresolved import `facet_default`
[INFO] [stdout]     --> src/config_value_parser.rs:2539:9
[INFO] [stdout]      |
[INFO] [stdout] 2539 |     use facet_default as _;
[INFO] [stdout]      |         -------------^^^^^
[INFO] [stdout]      |         |
[INFO] [stdout]      |         no external crate `facet_default`
[INFO] [stdout] 
[INFO] [stdout] 
[INFO] [stdout] error[E0432]: unresolved import `facet_testhelpers`
[INFO] [stdout]     --> src/driver.rs:1805:9
[INFO] [stdout]      |
[INFO] [stdout] 1805 |     use facet_testhelpers::test;
[INFO] [stdout]      |         ^^^^^^^^^^^^^^^^^ use of unresolved module or unlinked crate `facet_testhelpers`
[INFO] [stdout]      |
[INFO] [stdout]      = help: if you wanted to use a crate named `facet_testhelpers`, use `cargo add facet_testhelpers` to add it to your `Cargo.toml`
[INFO] [stdout] 
[INFO] [stdout] 
[INFO] [stdout] error[E0432]: unresolved import `facet_testhelpers`
[INFO] [stdout]     --> src/layers/cli.rs:1728:9
[INFO] [stdout]      |
[INFO] [stdout] 1728 |     use facet_testhelpers::test;
[INFO] [stdout]      |         ^^^^^^^^^^^^^^^^^ use of unresolved module or unlinked crate `facet_testhelpers`
[INFO] [stdout]      |
[INFO] [stdout]      = help: if you wanted to use a crate named `facet_testhelpers`, use `cargo add facet_testhelpers` to add it to your `Cargo.toml`
[INFO] [stdout] 
[INFO] [stdout] 
[INFO] [stdout] error[E0432]: unresolved import `facet_testhelpers`
[INFO] [stdout]  --> src/schema/tests.rs:4:5
[INFO] [stdout]   |
[INFO] [stdout] 4 | use facet_testhelpers::test;
[INFO] [stdout]   |     ^^^^^^^^^^^^^^^^^ use of unresolved module or unlinked crate `facet_testhelpers`
[INFO] [stdout]   |
[INFO] [stdout]   = help: if you wanted to use a crate named `facet_testhelpers`, use `cargo add facet_testhelpers` to add it to your `Cargo.toml`
[INFO] [stdout] 
[INFO] [stdout] 
[INFO] [stdout] error[E0433]: cannot find `facet_default` in the list of imported crates
[INFO] [stdout]     --> src/config_value_parser.rs:2541:21
[INFO] [stdout]      |
[INFO] [stdout] 2541 |     #[derive(Debug, Facet, PartialEq)]
[INFO] [stdout]      |                     ^^^^^ could not find `facet_default` in the list of imported crates
[INFO] [stdout]      |
[INFO] [stdout]      = note: this error originates in the derive macro `Facet` (in Nightly builds, run with -Z macro-backtrace for more info)
[INFO] [stdout] 
[INFO] [stdout] 
[INFO] [stdout] error[E0433]: cannot find module or crate `facet_testhelpers` in this scope
[INFO] [stdout]     --> src/config_value_parser.rs:2189:7
[INFO] [stdout]      |
[INFO] [stdout] 2189 |     #[facet_testhelpers::test]
[INFO] [stdout]      |       ^^^^^^^^^^^^^^^^^ use of unresolved module or unlinked crate `facet_testhelpers`
[INFO] [stdout] 
[INFO] [stdout] 
[INFO] [stdout] error: cannot find attribute `facet` in this scope
[INFO] [stdout]     --> src/config_value_parser.rs:2195:15
[INFO] [stdout]      |
[INFO] [stdout] 2195 |             #[facet(default)]
[INFO] [stdout]      |               ^^^^^
[INFO] [stdout]      |
[INFO] [stdout]      = note: `facet` is an attribute that can be used by the derive macro `Facet`, you might be missing a `derive` attribute
[INFO] [stdout]      = note: `facet` is in scope, but it is a crate, not an attribute
[INFO] [stdout] 
[INFO] [stdout] 
[INFO] [stdout] error: cannot find attribute `facet` in this scope
[INFO] [stdout]     --> src/config_value_parser.rs:2202:15
[INFO] [stdout]      |
[INFO] [stdout] 2202 |             #[facet(flatten)]
[INFO] [stdout]      |               ^^^^^
[INFO] [stdout]      |
[INFO] [stdout]      = note: `facet` is an attribute that can be used by the derive macro `Facet`, you might be missing a `derive` attribute
[INFO] [stdout]      = note: `facet` is in scope, but it is a crate, not an attribute
[INFO] [stdout] 
[INFO] [stdout] 
[INFO] [stdout] error[E0599]: the variant, associated function, or constant `SHAPE` exists for enum `IpAddr`, but its trait bounds were not satisfied
[INFO] [stdout]  --> examples/test_ipaddr.rs:7:25
[INFO] [stdout]   |
[INFO] [stdout] 7 |     let shape = IpAddr::SHAPE;
[INFO] [stdout]   |                         ^^^^^ variant, associated function, or constant cannot be called on `IpAddr` due to unsatisfied trait bounds
[INFO] [stdout]   |
[INFO] [stdout]   = note: the following trait bounds were not satisfied:
[INFO] [stdout]           `IpAddr: Facet<'_>`
[INFO] [stdout]           which is required by `&IpAddr: Facet<'_>`
[INFO] [stdout]           `IpAddr: Facet<'_>`
[INFO] [stdout]           which is required by `&mut IpAddr: Facet<'_>`
[INFO] [stdout] 
[INFO] [stdout] 
[INFO] [stdout] error[E0277]: the trait bound `IpAddr: Facet<'_>` is not satisfied
[INFO] [stdout]    --> examples/test_ipaddr.rs:25:33
[INFO] [stdout]     |
[INFO] [stdout]  25 |     match facet_json::to_string(&ip) {
[INFO] [stdout]     |           --------------------- ^^^ the trait `Facet<'_>` is not implemented for `IpAddr`
[INFO] [stdout]     |           |
[INFO] [stdout]     |           required by a bound introduced by this call
[INFO] [stdout]     |
[INFO] [stdout]     = help: the following other types implement trait `Facet<'facet>`:
[INFO] [stdout]               `!` implements `Facet<'_>`
[INFO] [stdout]               `&'a T` implements `Facet<'a>`
[INFO] [stdout]               `&'a mut T` implements `Facet<'a>`
[INFO] [stdout]               `()` implements `Facet<'_>`
[INFO] [stdout]               `(T0, T1)` implements `Facet<'a>`
[INFO] [stdout]               `(T0, T1, T2)` implements `Facet<'a>`
[INFO] [stdout]               `(T0, T1, T2, T3)` implements `Facet<'a>`
[INFO] [stdout]               `(T0,)` implements `Facet<'a>`
[INFO] [stdout]             and 103 others
[INFO] [stdout] note: required by a bound in `facet_json::to_string`
[INFO] [stdout]    --> /opt/rustwide/cargo-home/registry/src/index.crates.io-1949cf8c6b5b557f/teamy-facet-json-0.50.0-rc.7/src/serializer.rs:662:8
[INFO] [stdout]     |
[INFO] [stdout] 660 | pub fn to_string<'facet, T>(value: &'_ T) -> Result<String, SerializeError<JsonSerializeError>>
[INFO] [stdout] 661 | where
[INFO] [stdout] 662 |     T: Facet<'facet> + ?Sized,
[INFO] [stdout]     |        ^^^^^^^^^^^^^ required by this bound in `to_string`
[INFO] [stdout] 
[INFO] [stdout] 
[INFO] [stdout] Some errors have detailed explanations: E0277, E0599.
[INFO] [stdout] 
[INFO] [stdout] For more information about an error, try `rustc --explain E0277`.
[INFO] [stdout] 
[INFO] [stderr] error: could not compile `teamy-figue` (example "test_ipaddr") due to 2 previous errors
[INFO] [stderr] warning: build failed, waiting for other jobs to finish...
[INFO] [stdout] error[E0432]: unresolved import `facet_testhelpers`
[INFO] [stdout]  --> tests/integration/subcommand.rs:3:5
[INFO] [stdout]   |
[INFO] [stdout] 3 | use facet_testhelpers::test;
[INFO] [stdout]   |     ^^^^^^^^^^^^^^^^^ use of unresolved module or unlinked crate `facet_testhelpers`
[INFO] [stdout]   |
[INFO] [stdout]   = help: if you wanted to use a crate named `facet_testhelpers`, use `cargo add facet_testhelpers` to add it to your `Cargo.toml`
[INFO] [stdout] 
[INFO] [stdout] 
[INFO] [stdout] error[E0433]: cannot find module or crate `facet_testhelpers` in this scope
[INFO] [stdout]   --> tests/integration/subspans.rs:26:3
[INFO] [stdout]    |
[INFO] [stdout] 26 | #[facet_testhelpers::test]
[INFO] [stdout]    |   ^^^^^^^^^^^^^^^^^ use of unresolved module or unlinked crate `facet_testhelpers`
[INFO] [stdout] 
[INFO] [stdout] 
[INFO] [stdout] error[E0433]: cannot find module or crate `facet_testhelpers` in this scope
[INFO] [stdout]    --> tests/integration/subcommand.rs:611:3
[INFO] [stdout]     |
[INFO] [stdout] 611 | #[facet_testhelpers::test]
[INFO] [stdout]     |   ^^^^^^^^^^^^^^^^^ use of unresolved module or unlinked crate `facet_testhelpers`
[INFO] [stdout] 
[INFO] [stdout] 
[INFO] [stdout] error[E0277]: the trait bound `test_full_deserialization_with_flatten::Config: facet::Facet<'static>` is not satisfied
[INFO] [stdout]     --> src/config_value_parser.rs:2216:30
[INFO] [stdout]      |
[INFO] [stdout] 2216 |         let config: Config = from_config_value(&input).expect("should deserialize");
[INFO] [stdout]      |                              ^^^^^^^^^^^^^^^^^^^^^^^^^ unsatisfied trait bound
[INFO] [stdout]      |
[INFO] [stdout] help: the trait `facet::Facet<'static>` is not implemented for `test_full_deserialization_with_flatten::Config`
[INFO] [stdout]     --> src/config_value_parser.rs:2200:9
[INFO] [stdout]      |
[INFO] [stdout] 2200 |         struct Config {
[INFO] [stdout]      |         ^^^^^^^^^^^^^
[INFO] [stdout]      = help: the following other types implement trait `facet::Facet<'facet>`:
[INFO] [stdout]                `!` implements `facet::Facet<'_>`
[INFO] [stdout]                `&'a T` implements `facet::Facet<'a>`
[INFO] [stdout]                `&'a mut T` implements `facet::Facet<'a>`
[INFO] [stdout]                `()` implements `facet::Facet<'_>`
[INFO] [stdout]                `(T0, T1)` implements `facet::Facet<'a>`
[INFO] [stdout]                `(T0, T1, T2)` implements `facet::Facet<'a>`
[INFO] [stdout]                `(T0, T1, T2, T3)` implements `facet::Facet<'a>`
[INFO] [stdout]                `(T0,)` implements `facet::Facet<'a>`
[INFO] [stdout]              and 147 others
[INFO] [stdout] note: required by a bound in `config_value_parser::from_config_value`
[INFO] [stdout]     --> src/config_value_parser.rs:42:8
[INFO] [stdout]      |
[INFO] [stdout]   40 | pub fn from_config_value<T>(value: &ConfigValue) -> Result<T, ConfigValueDeserializeError>
[INFO] [stdout]   41 | where
[INFO] [stdout]   42 |     T: Facet<'static>,
[INFO] [stdout]      |        ^^^^^^^^^^^^^^ required by this bound in `from_config_value`
[INFO] [stdout] 
[INFO] [stdout] 
[INFO] [stdout] error[E0277]: the trait bound `Kweh: facet::Facet<'static>` is not satisfied
[INFO] [stdout]     --> src/config_value_parser.rs:2549:22
[INFO] [stdout]      |
[INFO] [stdout] 2549 |     let kweh: Kweh = from_config_value(&value).expect("should deserialize default");
[INFO] [stdout]      |                      ^^^^^^^^^^^^^^^^^^^^^^^^^ unsatisfied trait bound
[INFO] [stdout]      |
[INFO] [stdout] help: the trait `facet::Facet<'static>` is not implemented for `Kweh`
[INFO] [stdout]     --> src/config_value_parser.rs:2543:5
[INFO] [stdout]      |
[INFO] [stdout] 2543 |     struct Kweh {
[INFO] [stdout]      |     ^^^^^^^^^^^
[INFO] [stdout]      = help: the following other types implement trait `facet::Facet<'facet>`:
[INFO] [stdout]                `!` implements `facet::Facet<'_>`
[INFO] [stdout]                `&'a T` implements `facet::Facet<'a>`
[INFO] [stdout]                `&'a mut T` implements `facet::Facet<'a>`
[INFO] [stdout]                `()` implements `facet::Facet<'_>`
[INFO] [stdout]                `(T0, T1)` implements `facet::Facet<'a>`
[INFO] [stdout]                `(T0, T1, T2)` implements `facet::Facet<'a>`
[INFO] [stdout]                `(T0, T1, T2, T3)` implements `facet::Facet<'a>`
[INFO] [stdout]                `(T0,)` implements `facet::Facet<'a>`
[INFO] [stdout]              and 136 others
[INFO] [stdout] note: required by a bound in `config_value_parser::from_config_value`
[INFO] [stdout]     --> src/config_value_parser.rs:42:8
[INFO] [stdout]      |
[INFO] [stdout]   40 | pub fn from_config_value<T>(value: &ConfigValue) -> Result<T, ConfigValueDeserializeError>
[INFO] [stdout]   41 | where
[INFO] [stdout]   42 |     T: Facet<'static>,
[INFO] [stdout]      |        ^^^^^^^^^^^^^^ required by this bound in `from_config_value`
[INFO] [stdout] 
[INFO] [stdout] 
[INFO] [stdout] error[E0277]: the trait bound `IpAddr: Facet<'_>` is not satisfied
[INFO] [stdout]    --> tests/integration/err.rs:161:18
[INFO] [stdout]     |
[INFO] [stdout] 161 |         address: IpAddr,
[INFO] [stdout]     |                  ^^^^^^ the trait `Facet<'_>` is not implemented for `IpAddr`
[INFO] [stdout]     |
[INFO] [stdout]     = help: the following other types implement trait `Facet<'facet>`:
[INFO] [stdout]               `!` implements `Facet<'_>`
[INFO] [stdout]               `&'a T` implements `Facet<'a>`
[INFO] [stdout]               `&'a mut T` implements `Facet<'a>`
[INFO] [stdout]               `()` implements `Facet<'_>`
[INFO] [stdout]               `(T0, T1)` implements `Facet<'a>`
[INFO] [stdout]               `(T0, T1, T2)` implements `Facet<'a>`
[INFO] [stdout]               `(T0, T1, T2, T3)` implements `Facet<'a>`
[INFO] [stdout]               `(T0,)` implements `Facet<'a>`
[INFO] [stdout]             and 149 others
[INFO] [stdout] note: required by a bound in `shape_of`
[INFO] [stdout]    --> /opt/rustwide/cargo-home/registry/src/index.crates.io-1949cf8c6b5b557f/teamy-facet-core-0.50.0-rc.7/src/lib.rs:81:30
[INFO] [stdout]     |
[INFO] [stdout]  81 | pub const fn shape_of<'a, T: Facet<'a>>() -> &'static Shape {
[INFO] [stdout]     |                              ^^^^^^^^^ required by this bound in `shape_of`
[INFO] [stdout] 
[INFO] [stdout] 
[INFO] [stdout] error[E0277]: the trait bound `IpAddr: Facet<'_>` is not satisfied
[INFO] [stdout]    --> tests/integration/simple.rs:235:20
[INFO] [stdout]     |
[INFO] [stdout] 235 |         bind_addr: IpAddr,
[INFO] [stdout]     |                    ^^^^^^ the trait `Facet<'_>` is not implemented for `IpAddr`
[INFO] [stdout]     |
[INFO] [stdout]     = help: the following other types implement trait `Facet<'facet>`:
[INFO] [stdout]               `!` implements `Facet<'_>`
[INFO] [stdout]               `&'a T` implements `Facet<'a>`
[INFO] [stdout]               `&'a mut T` implements `Facet<'a>`
[INFO] [stdout]               `()` implements `Facet<'_>`
[INFO] [stdout]               `(T0, T1)` implements `Facet<'a>`
[INFO] [stdout]               `(T0, T1, T2)` implements `Facet<'a>`
[INFO] [stdout]               `(T0, T1, T2, T3)` implements `Facet<'a>`
[INFO] [stdout]               `(T0,)` implements `Facet<'a>`
[INFO] [stdout]             and 155 others
[INFO] [stdout] note: required by a bound in `shape_of`
[INFO] [stdout]    --> /opt/rustwide/cargo-home/registry/src/index.crates.io-1949cf8c6b5b557f/teamy-facet-core-0.50.0-rc.7/src/lib.rs:81:30
[INFO] [stdout]     |
[INFO] [stdout]  81 | pub const fn shape_of<'a, T: Facet<'a>>() -> &'static Shape {
[INFO] [stdout]     |                              ^^^^^^^^^ required by this bound in `shape_of`
[INFO] [stdout] 
[INFO] [stdout] 
[INFO] [stdout] error[E0277]: the trait bound `IpAddr: Facet<'_>` is not satisfied
[INFO] [stdout]    --> tests/integration/simple.rs:235:20
[INFO] [stdout]     |
[INFO] [stdout] 235 |         bind_addr: IpAddr,
[INFO] [stdout]     |                    ^^^^^^ the trait `Facet<'_>` is not implemented for `IpAddr`
[INFO] [stdout]     |
[INFO] [stdout]     = help: the following other types implement trait `Facet<'facet>`:
[INFO] [stdout]               `!` implements `Facet<'_>`
[INFO] [stdout]               `&'a T` implements `Facet<'a>`
[INFO] [stdout]               `&'a mut T` implements `Facet<'a>`
[INFO] [stdout]               `()` implements `Facet<'_>`
[INFO] [stdout]               `(T0, T1)` implements `Facet<'a>`
[INFO] [stdout]               `(T0, T1, T2)` implements `Facet<'a>`
[INFO] [stdout]               `(T0, T1, T2, T3)` implements `Facet<'a>`
[INFO] [stdout]               `(T0,)` implements `Facet<'a>`
[INFO] [stdout]             and 155 others
[INFO] [stdout] 
[INFO] [stdout] 
[INFO] [stdout] Some errors have detailed explanations: E0277, E0432, E0433.
[INFO] [stdout] 
[INFO] [stdout] For more information about an error, try `rustc --explain E0277`.
[INFO] [stdout] 
[INFO] [stderr] error: could not compile `teamy-figue` (test "main") due to 6 previous errors
[INFO] [stdout] Some errors have detailed explanations: E0277, E0432, E0433.
[INFO] [stdout] 
[INFO] [stdout] For more information about an error, try `rustc --explain E0277`.
[INFO] [stdout] 
[INFO] [stderr] error: could not compile `teamy-figue` (lib test) due to 11 previous errors
[INFO] running `Command { std: "docker" "inspect" "d3870bc18a81ac22e7c68d29878bc31dd2bd4507e9053ea69822aece0dfe5e7f", kill_on_drop: false }`
[INFO] running `Command { std: "docker" "rm" "-f" "d3870bc18a81ac22e7c68d29878bc31dd2bd4507e9053ea69822aece0dfe5e7f", kill_on_drop: false }`
[INFO] [stdout] d3870bc18a81ac22e7c68d29878bc31dd2bd4507e9053ea69822aece0dfe5e7f
