[INFO] fetching crate regent-sdk 0.16.1...
[INFO] checking regent-sdk-0.16.1 against 5c543b0b8c73c7b72bc8284ced4fb22ead15734d for pr-160186
[INFO] extracting crate regent-sdk 0.16.1 into /workspace/builds/worker-3-tc1/source
[INFO] started tweaking crates.io crate regent-sdk 0.16.1
[INFO] removed 0 missing examples
[INFO] removed 0 missing tests
[INFO] finished tweaking crates.io crate regent-sdk 0.16.1
[INFO] tweaked toml for crates.io crate regent-sdk 0.16.1 written to /workspace/builds/worker-3-tc1/source/Cargo.toml
[INFO] validating manifest of crates.io crate regent-sdk 0.16.1 on toolchain 5c543b0b8c73c7b72bc8284ced4fb22ead15734d
[INFO] running `Command { std: CARGO_HOME="/workspace/cargo-home" RUSTUP_HOME="/workspace/rustup-home" "/workspace/cargo-home/bin/cargo" "+5c543b0b8c73c7b72bc8284ced4fb22ead15734d" "metadata" "--manifest-path" "Cargo.toml" "--no-deps", kill_on_drop: false }`
[INFO] crate crates.io crate regent-sdk 0.16.1 already has a lockfile, it will not be regenerated
[INFO] running `Command { std: CARGO_HOME="/workspace/cargo-home" RUSTUP_HOME="/workspace/rustup-home" "/workspace/cargo-home/bin/cargo" "+5c543b0b8c73c7b72bc8284ced4fb22ead15734d" "fetch" "--manifest-path" "Cargo.toml", kill_on_drop: false }`
[INFO] [stderr]     Updating crates.io index
[INFO] [stderr]  Downloading crates ...
[INFO] [stderr]   Downloaded inout v0.2.4
[INFO] [stderr]   Downloaded yaml_serde v0.10.7
[INFO] [stderr]   Downloaded libyaml-rs v0.3.0
[INFO] [stderr]   Downloaded russh v0.63.3
[INFO] [stderr]   Downloaded md5 v0.8.1
[INFO] [stderr]   Downloaded nanoid v0.5.0
[INFO] [stderr]   Downloaded google-cloud-secretmanager-v1 v1.14.0
[INFO] [stderr]   Downloaded google-cloud-wkt v1.9.0
[INFO] [stderr]   Downloaded google-cloud-location v1.12.0
[INFO] [stderr]   Downloaded tracing-opentelemetry v0.34.0
[INFO] [stderr]   Downloaded google-cloud-rpc v1.6.0
[INFO] [stderr]   Downloaded google-cloud-gax-internal v0.7.20
[INFO] [stderr]   Downloaded opentelemetry v0.33.1
[INFO] [stderr]   Downloaded opentelemetry_sdk v0.33.1
[INFO] [stderr]   Downloaded google-cloud-iam-v1 v1.13.0
[INFO] [stderr]   Downloaded google-cloud-gax v1.15.0
[INFO] [stderr]   Downloaded google-cloud-type v1.6.0
[INFO] [stderr]   Downloaded opentelemetry-semantic-conventions v0.33.1
[INFO] [stderr]   Downloaded google-cloud-auth v1.17.0
[INFO] [stderr]   Downloaded aws-sdk-secretsmanager v1.120.0
[INFO] running `Command { std: "docker" "create" "-v" "/var/lib/crater-agent-workspace/builds/worker-3-tc1/source:/opt/rustwide/workdir:ro,Z" "-v" "/var/lib/crater-agent-workspace/builds/worker-3-tc1/target:/opt/rustwide/target:rw,Z" "-v" "/var/lib/crater-agent-workspace/cargo-home:/opt/rustwide/cargo-home:ro,Z" "-v" "/var/lib/crater-agent-workspace/rustup-home:/opt/rustwide/rustup-home:ro,Z" "-m" "1610612736" "--network" "none" "ghcr.io/rust-lang/crates-build-env/linux@sha256:77db811e55d90add9212f6832c23229e3de5f1c1f9905e8cb07319ea15df73ac" "sleep" "infinity", kill_on_drop: false }`
[INFO] [stdout] 3dc76d3b0619f5c92d0598cb64028ff59a5cc23b5d59d659890bfe82d950b644
[INFO] running `Command { std: "docker" "start" "3dc76d3b0619f5c92d0598cb64028ff59a5cc23b5d59d659890bfe82d950b644", kill_on_drop: false }`
[INFO] running `Command { std: "docker" "inspect" "3dc76d3b0619f5c92d0598cb64028ff59a5cc23b5d59d659890bfe82d950b644", kill_on_drop: false }`
[INFO] running `Command { std: "docker" "exec" "-e" "SOURCE_DIR=/opt/rustwide/workdir" "-e" "CARGO_HOME=/opt/rustwide/cargo-home" "-e" "RUSTUP_HOME=/opt/rustwide/rustup-home" "-e" "CARGO_TARGET_DIR=/opt/rustwide/target" "-w" "/opt/rustwide/workdir" "--user" "0:0" "3dc76d3b0619f5c92d0598cb64028ff59a5cc23b5d59d659890bfe82d950b644" "/opt/rustwide/cargo-home/bin/cargo" "+5c543b0b8c73c7b72bc8284ced4fb22ead15734d" "metadata" "--no-deps" "--format-version=1", kill_on_drop: false }`
[INFO] running `Command { std: "docker" "inspect" "3dc76d3b0619f5c92d0598cb64028ff59a5cc23b5d59d659890bfe82d950b644", kill_on_drop: false }`
[INFO] running `Command { std: "docker" "exec" "-e" "SOURCE_DIR=/opt/rustwide/workdir" "-e" "CARGO_HOME=/opt/rustwide/cargo-home" "-e" "RUSTUP_HOME=/opt/rustwide/rustup-home" "-e" "CARGO_TARGET_DIR=/opt/rustwide/target" "-e" "CARGO_INCREMENTAL=0" "-e" "RUST_BACKTRACE=full" "-e" "RUSTFLAGS=--cap-lints=forbid" "-e" "RUSTDOCFLAGS=--cap-lints=forbid" "-w" "/opt/rustwide/workdir" "--user" "0:0" "3dc76d3b0619f5c92d0598cb64028ff59a5cc23b5d59d659890bfe82d950b644" "/opt/rustwide/cargo-home/bin/cargo" "+5c543b0b8c73c7b72bc8284ced4fb22ead15734d" "check" "--frozen" "--all" "--all-targets" "--message-format=json", kill_on_drop: false }`
[INFO] [stderr]     Checking subtle v2.6.1
[INFO] [stderr]    Compiling getrandom v0.4.3
[INFO] [stderr]     Checking cpubits v0.1.1
[INFO] [stderr]     Checking pem-rfc7468 v1.0.0
[INFO] [stderr]    Compiling serde_core v1.0.229
[INFO] [stderr]     Checking base16ct v1.0.0
[INFO] [stderr]     Checking errno v0.3.14
[INFO] [stderr]     Checking mio v1.2.4
[INFO] [stderr]     Checking socket2 v0.6.5
[INFO] [stderr]    Compiling syn v3.0.9
[INFO] [stderr]     Checking futures-channel v0.3.34
[INFO] [stderr]    Compiling cmake v0.1.58
[INFO] [stderr]    Compiling curve25519-dalek v5.0.0
[INFO] [stderr]    Compiling nix v0.31.3
[INFO] [stderr]    Compiling generic-array v0.14.7
[INFO] [stderr]     Checking getrandom v0.3.4
[INFO] [stderr]    Compiling curve25519-dalek-derive v0.1.1
[INFO] [stderr]     Checking ctutils v0.4.3
[INFO] [stderr]     Checking der v0.8.2
[INFO] [stderr]     Checking ff v0.14.0
[INFO] [stderr]     Checking signal-hook-registry v1.4.8
[INFO] [stderr]     Checking keccak v0.2.2
[INFO] [stderr]    Compiling crc32fast v1.5.2
[INFO] [stderr]     Checking group v0.14.0
[INFO] [stderr]     Checking tracing v0.1.44
[INFO] [stderr]     Checking hybrid-array v0.4.15
[INFO] [stderr]     Checking rand_core v0.9.5
[INFO] [stderr]    Compiling aws-lc-rs v1.18.2
[INFO] [stderr]     Checking hex v0.4.3
[INFO] [stderr]     Checking sponge-cursor v0.1.0
[INFO] [stderr]    Compiling enum_dispatch v0.3.13
[INFO] [stderr]     Checking rand_chacha v0.9.0
[INFO] [stderr]     Checking indexmap v2.14.2
[INFO] [stderr]     Checking flate2 v1.1.10
[INFO] [stderr]    Compiling delegate v0.13.5
[INFO] [stderr]     Checking md5 v0.8.1
[INFO] [stderr]     Checking hex-literal v1.1.0
[INFO] [stderr]    Compiling aws-lc-sys v0.46.0
[INFO] [stderr]     Checking libyaml-rs v0.3.0
[INFO] [stderr]     Checking axum-core v0.5.6
[INFO] [stderr]     Checking rand v0.9.5
[INFO] [stderr]     Checking chrono v0.4.45
[INFO] [stderr]     Checking tracing-subscriber v0.3.23
[INFO] [stderr]     Checking generic-array v1.4.5
[INFO] [stderr]     Checking nanoid v0.5.0
[INFO] [stderr]     Checking spki v0.8.1
[INFO] [stderr]     Checking pkcs1 v0.8.0-rc.4
[INFO] [stderr]     Checking crypto-common v0.2.2
[INFO] [stderr]     Checking block-buffer v0.12.1
[INFO] [stderr]     Checking block-padding v0.4.2
[INFO] [stderr]     Checking crypto-bigint v0.7.5
[INFO] [stderr]     Checking sec1 v0.8.1
[INFO] [stderr]     Checking module-lattice v0.2.3
[INFO] [stderr]     Checking inout v0.2.4
[INFO] [stderr]     Checking digest v0.11.3
[INFO] [stderr]     Checking cipher v0.5.2
[INFO] [stderr]     Checking universal-hash v0.6.1
[INFO] [stderr]     Checking aead v0.6.1
[INFO] [stderr]     Checking kem v0.3.0
[INFO] [stderr]     Checking polyval v0.7.3
[INFO] [stderr]     Checking poly1305 v0.9.1
[INFO] [stderr]     Checking ghash v0.6.0
[INFO] [stderr]     Checking hmac v0.13.0
[INFO] [stderr]     Checking sha2 v0.11.1
[INFO] [stderr]     Checking signature v3.0.0
[INFO] [stderr]     Checking blake2 v0.11.0
[INFO] [stderr]     Checking sha1 v0.11.0
[INFO] [stderr]     Checking sha3 v0.11.0
[INFO] [stderr]     Checking sha3 v0.12.0
[INFO] [stderr]     Checking ctr v0.10.1
[INFO] [stderr]     Checking aes v0.9.3
[INFO] [stderr]     Checking salsa20 v0.11.0
[INFO] [stderr]     Checking cbc v0.2.1
[INFO] [stderr]     Checking chacha20 v0.10.2
[INFO] [stderr]     Checking blowfish v0.10.0
[INFO] [stderr]     Checking pbkdf2 v0.13.0
[INFO] [stderr]     Checking hkdf v0.13.0
[INFO] [stderr]     Checking ml-kem v0.3.2
[INFO] [stderr]     Checking argon2 v0.6.0
[INFO] [stderr]     Checking serde_json v1.0.154
[INFO] [stderr]     Checking serde_path_to_error v0.1.20
[INFO] [stderr]     Checking rand v0.10.3
[INFO] [stderr]     Checking num-bigint v0.5.1
[INFO] [stderr]     Checking scrypt v0.12.0
[INFO] [stderr]     Checking bcrypt-pbkdf v0.11.0
[INFO] [stderr]     Checking aes-gcm v0.11.1
[INFO] [stderr]     Checking pkcs5 v0.8.1
[INFO] [stderr]     Checking pkcs8 v0.11.0
[INFO] [stderr]    Compiling tokio-macros v2.7.2
[INFO] [stderr]    Compiling futures-macro v0.3.34
[INFO] [stderr]    Compiling serde_derive v1.0.229
[INFO] [stderr]     Checking ed25519 v3.0.0
[INFO] [stderr]     Checking ed25519-dalek v3.0.0
[INFO] [stderr]    Compiling thiserror-impl v2.0.21
[INFO] [stderr]     Checking tokio v1.53.3
[INFO] [stderr]     Checking futures-util v0.3.34
[INFO] [stderr]     Checking thiserror v2.0.21
[INFO] [stderr]     Checking elliptic-curve v0.14.1
[INFO] [stderr]     Checking primefield v0.14.0
[INFO] [stderr]     Checking rfc6979 v0.6.0
[INFO] [stderr]     Checking ssh-encoding v0.3.0
[INFO] [stderr]     Checking crypto-primes v0.7.2
[INFO] [stderr]     Checking wnaf v0.14.1
[INFO] [stderr]     Checking serde v1.0.229
[INFO] [stderr]     Checking ssh-cipher v0.3.0
[INFO] [stderr]     Checking russh-cryptovec v0.62.0
[INFO] [stderr]     Checking primeorder v0.14.0
[INFO] [stderr]     Checking ecdsa v0.17.0
[INFO] [stderr]     Checking serde_urlencoded v0.7.1
[INFO] [stderr]     Checking humantime-serde v1.1.1
[INFO] [stderr]     Checking tera v2.4.0
[INFO] [stderr]     Checking yaml_serde v0.10.7
[INFO] [stderr]     Checking p256 v0.14.0
[INFO] [stderr]     Checking p521 v0.14.0
[INFO] [stderr]     Checking p384 v0.14.0
[INFO] [stderr]     Checking rsa v0.10.0-rc.18
[INFO] [stderr]     Checking futures-executor v0.3.34
[INFO] [stderr]     Checking futures v0.3.34
[INFO] [stderr]     Checking russh-util v0.52.0
[INFO] [stderr]     Checking hyper v1.12.0
[INFO] [stderr]     Checking tower v0.5.3
[INFO] [stderr]     Checking hyper-util v0.1.21
[INFO] [stderr]     Checking axum v0.8.9
[INFO] [stderr]     Checking ssh-key v0.7.0-rc.11
[INFO] [stderr]     Checking russh v0.63.3
[INFO] [stderr]     Checking regent-sdk v0.16.1 (/opt/rustwide/workdir)
[INFO] [stdout] warning: unused import: `crate::secrets::SecretProvider`
[INFO] [stdout]   --> src/hosts/handlers/localhost.rs:12:5
[INFO] [stdout]    |
[INFO] [stdout] 12 | use crate::secrets::SecretProvider;
[INFO] [stdout]    |     ^^^^^^^^^^^^^^^^^^^^^^^^^^^^^^
[INFO] [stdout]    |
[INFO] [stdout]    = note: `#[warn(unused_imports)]` (part of `#[warn(unused)]`) on by default
[INFO] [stdout] 
[INFO] [stdout] 
[INFO] [stdout] warning: unused import: `crate::secrets::SecretProvider`
[INFO] [stdout]   --> src/hosts/handlers/mod.rs:19:5
[INFO] [stdout]    |
[INFO] [stdout] 19 | use crate::secrets::SecretProvider;
[INFO] [stdout]    |     ^^^^^^^^^^^^^^^^^^^^^^^^^^^^^^
[INFO] [stdout] 
[INFO] [stdout] 
[INFO] [stdout] warning: unused import: `crate::secrets::SecretProvider`
[INFO] [stdout]   --> src/hosts/inventory.rs:12:5
[INFO] [stdout]    |
[INFO] [stdout] 12 | use crate::secrets::SecretProvider;
[INFO] [stdout]    |     ^^^^^^^^^^^^^^^^^^^^^^^^^^^^^^
[INFO] [stdout] 
[INFO] [stdout] 
[INFO] [stdout] warning: unused import: `tokio::time::Instant`
[INFO] [stdout]   --> src/state/attribute/mod.rs:15:5
[INFO] [stdout]    |
[INFO] [stdout] 15 | use tokio::time::Instant;
[INFO] [stdout]    |     ^^^^^^^^^^^^^^^^^^^^
[INFO] [stdout] 
[INFO] [stdout] 
[INFO] [stdout] warning: unused import: `sleep`
[INFO] [stdout]   --> src/state/attribute/mod.rs:16:19
[INFO] [stdout]    |
[INFO] [stdout] 16 | use tokio::time::{sleep, timeout as tokio_timeout};
[INFO] [stdout]    |                   ^^^^^
[INFO] [stdout] 
[INFO] [stdout] 
[INFO] [stdout] warning: unused import: `debug`
[INFO] [stdout]   --> src/state/attribute/mod.rs:17:15
[INFO] [stdout]    |
[INFO] [stdout] 17 | use tracing::{debug, error, info};
[INFO] [stdout]    |               ^^^^^
[INFO] [stdout] 
[INFO] [stdout] 
[INFO] [stdout] warning: unused import: `crate::secrets::SecretProvider`
[INFO] [stdout]   --> src/hosts/handlers/localhost.rs:12:5
[INFO] [stdout]    |
[INFO] [stdout] 12 | use crate::secrets::SecretProvider;
[INFO] [stdout]    |     ^^^^^^^^^^^^^^^^^^^^^^^^^^^^^^
[INFO] [stdout]    |
[INFO] [stdout]    = note: `#[warn(unused_imports)]` (part of `#[warn(unused)]`) on by default
[INFO] [stdout] 
[INFO] [stdout] 
[INFO] [stdout] warning: unused import: `crate::secrets::SecretProvider`
[INFO] [stdout]   --> src/hosts/handlers/mod.rs:19:5
[INFO] [stdout]    |
[INFO] [stdout] 19 | use crate::secrets::SecretProvider;
[INFO] [stdout]    |     ^^^^^^^^^^^^^^^^^^^^^^^^^^^^^^
[INFO] [stdout] 
[INFO] [stdout] 
[INFO] [stdout] warning: unused import: `crate::secrets::SecretProvider`
[INFO] [stdout]   --> src/hosts/inventory.rs:12:5
[INFO] [stdout]    |
[INFO] [stdout] 12 | use crate::secrets::SecretProvider;
[INFO] [stdout]    |     ^^^^^^^^^^^^^^^^^^^^^^^^^^^^^^
[INFO] [stdout] 
[INFO] [stdout] 
[INFO] [stdout] warning: unused import: `tokio::time::Instant`
[INFO] [stdout]   --> src/state/attribute/mod.rs:15:5
[INFO] [stdout]    |
[INFO] [stdout] 15 | use tokio::time::Instant;
[INFO] [stdout]    |     ^^^^^^^^^^^^^^^^^^^^
[INFO] [stdout] 
[INFO] [stdout] 
[INFO] [stdout] warning: unused import: `sleep`
[INFO] [stdout]   --> src/state/attribute/mod.rs:16:19
[INFO] [stdout]    |
[INFO] [stdout] 16 | use tokio::time::{sleep, timeout as tokio_timeout};
[INFO] [stdout]    |                   ^^^^^
[INFO] [stdout] 
[INFO] [stdout] 
[INFO] [stdout] warning: unused import: `debug`
[INFO] [stdout]   --> src/state/attribute/mod.rs:17:15
[INFO] [stdout]    |
[INFO] [stdout] 17 | use tracing::{debug, error, info};
[INFO] [stdout]    |               ^^^^^
[INFO] [stdout] 
[INFO] [stdout] 
[INFO] [stdout] warning: variable does not need to be mutable
[INFO] [stdout]    --> src/hosts/managed_host.rs:793:13
[INFO] [stdout]     |
[INFO] [stdout] 793 |         let mut reaching_compliance_failed = false;
[INFO] [stdout]     |             ----^^^^^^^^^^^^^^^^^^^^^^^^^^
[INFO] [stdout]     |             |
[INFO] [stdout]     |             help: remove this `mut`
[INFO] [stdout]     |
[INFO] [stdout]     = note: `#[warn(unused_mut)]` (part of `#[warn(unused)]`) on by default
[INFO] [stdout] 
[INFO] [stdout] 
[INFO] [stdout] warning: variable does not need to be mutable
[INFO] [stdout]    --> src/hosts/managed_host.rs:793:13
[INFO] [stdout]     |
[INFO] [stdout] 793 |         let mut reaching_compliance_failed = false;
[INFO] [stdout]     |             ----^^^^^^^^^^^^^^^^^^^^^^^^^^
[INFO] [stdout]     |             |
[INFO] [stdout]     |             help: remove this `mut`
[INFO] [stdout]     |
[INFO] [stdout]     = note: `#[warn(unused_mut)]` (part of `#[warn(unused)]`) on by default
[INFO] [stdout] 
[INFO] [stdout] 
[INFO] [stdout] error[E0609]: no field `state` on type `ollama::OllamaExpectedState`
[INFO] [stdout]     --> src/state/attribute/ai/ollama.rs:1042:26
[INFO] [stdout]      |
[INFO] [stdout] 1042 |         assert_eq!(block.state, OllamaExpectedState::Present);
[INFO] [stdout]      |                          ^^^^^ unknown field
[INFO] [stdout] 
[INFO] [stdout] 
[INFO] [stdout] error[E0533]: expected value, found struct variant `OllamaExpectedState::Present`
[INFO] [stdout]     --> src/state/attribute/ai/ollama.rs:1042:33
[INFO] [stdout]      |
[INFO] [stdout] 1042 |         assert_eq!(block.state, OllamaExpectedState::Present);
[INFO] [stdout]      |                                 ^^^^^^^^^^^^^^^^^^^^^^^^^^^^ not a value
[INFO] [stdout]      |
[INFO] [stdout] help: you might have meant to create a new value of the struct
[INFO] [stdout]      |
[INFO] [stdout] 1042 |         assert_eq!(block.state, OllamaExpectedState::Present { api_config: /* value */, models: /* value */ });
[INFO] [stdout]      |                                                              ++++++++++++++++++++++++++++++++++++++++++++++++
[INFO] [stdout] 
[INFO] [stdout] 
[INFO] [stdout] error[E0609]: no field `api_config` on type `ollama::OllamaExpectedState`
[INFO] [stdout]     --> src/state/attribute/ai/ollama.rs:1045:32
[INFO] [stdout]      |
[INFO] [stdout] 1045 |         let api_config = block.api_config.as_ref().unwrap();
[INFO] [stdout]      |                                ^^^^^^^^^^ unknown field
[INFO] [stdout] 
[INFO] [stdout] 
[INFO] [stdout] error[E0609]: no field `models` on type `ollama::OllamaExpectedState`
[INFO] [stdout]     --> src/state/attribute/ai/ollama.rs:1053:28
[INFO] [stdout]      |
[INFO] [stdout] 1053 |         let models = block.models.as_ref().unwrap();
[INFO] [stdout]      |                            ^^^^^^ unknown field
[INFO] [stdout] 
[INFO] [stdout] 
[INFO] [stdout] warning: unused variable: `privilege`
[INFO] [stdout]   --> src/hosts/handlers/localhost.rs:92:9
[INFO] [stdout]    |
[INFO] [stdout] 92 |         privilege: &Privilege,
[INFO] [stdout]    |         ^^^^^^^^^ help: if this is intentional, prefix it with an underscore: `_privilege`
[INFO] [stdout]    |
[INFO] [stdout]    = note: `#[warn(unused_variables)]` (part of `#[warn(unused)]`) on by default
[INFO] [stdout] 
[INFO] [stdout] 
[INFO] [stdout] warning: unused variable: `remaining_methods`
[INFO] [stdout]    --> src/hosts/handlers/ssh2.rs:164:33
[INFO] [stdout]     |
[INFO] [stdout] 164 | ...                   remaining_methods,
[INFO] [stdout]     |                       ^^^^^^^^^^^^^^^^^ help: try ignoring the field: `remaining_methods: _`
[INFO] [stdout] 
[INFO] [stdout] 
[INFO] [stdout] warning: unused variable: `partial_success`
[INFO] [stdout]    --> src/hosts/handlers/ssh2.rs:165:33
[INFO] [stdout]     |
[INFO] [stdout] 165 | ...                   partial_success,
[INFO] [stdout]     |                       ^^^^^^^^^^^^^^^ help: try ignoring the field: `partial_success: _`
[INFO] [stdout] 
[INFO] [stdout] 
[INFO] [stdout] warning: unused variable: `remaining_methods`
[INFO] [stdout]    --> src/hosts/handlers/ssh2.rs:203:37
[INFO] [stdout]     |
[INFO] [stdout] 203 | ...                   remaining_methods,
[INFO] [stdout]     |                       ^^^^^^^^^^^^^^^^^ help: try ignoring the field: `remaining_methods: _`
[INFO] [stdout] 
[INFO] [stdout] 
[INFO] [stdout] warning: unused variable: `partial_success`
[INFO] [stdout]    --> src/hosts/handlers/ssh2.rs:204:37
[INFO] [stdout]     |
[INFO] [stdout] 204 | ...                   partial_success,
[INFO] [stdout]     |                       ^^^^^^^^^^^^^^^ help: try ignoring the field: `partial_success: _`
[INFO] [stdout] 
[INFO] [stdout] 
[INFO] [stdout] warning: unused variable: `filename`
[INFO] [stdout]    --> src/hosts/handlers/ssh2.rs:463:29
[INFO] [stdout]     |
[INFO] [stdout] 463 |                         let filename = parts[1].to_string();
[INFO] [stdout]     |                             ^^^^^^^^ help: if this is intentional, prefix it with an underscore: `_filename`
[INFO] [stdout] 
[INFO] [stdout] 
[INFO] [stdout] warning: unused variable: `privilege`
[INFO] [stdout]   --> src/hosts/handlers/localhost.rs:92:9
[INFO] [stdout]    |
[INFO] [stdout] 92 |         privilege: &Privilege,
[INFO] [stdout]    |         ^^^^^^^^^ help: if this is intentional, prefix it with an underscore: `_privilege`
[INFO] [stdout]    |
[INFO] [stdout]    = note: `#[warn(unused_variables)]` (part of `#[warn(unused)]`) on by default
[INFO] [stdout] 
[INFO] [stdout] 
[INFO] [stdout] warning: unused variable: `reaching_compliance_failed`
[INFO] [stdout]    --> src/hosts/managed_host.rs:793:13
[INFO] [stdout]     |
[INFO] [stdout] 793 |         let mut reaching_compliance_failed = false;
[INFO] [stdout]     |             ^^^^^^^^^^^^^^^^^^^^^^^^^^^^^^ help: if this is intentional, prefix it with an underscore: `_reaching_compliance_failed`
[INFO] [stdout] 
[INFO] [stdout] 
[INFO] [stdout] warning: unused variable: `remaining_methods`
[INFO] [stdout]    --> src/hosts/handlers/ssh2.rs:164:33
[INFO] [stdout]     |
[INFO] [stdout] 164 | ...                   remaining_methods,
[INFO] [stdout]     |                       ^^^^^^^^^^^^^^^^^ help: try ignoring the field: `remaining_methods: _`
[INFO] [stdout] 
[INFO] [stdout] 
[INFO] [stdout] warning: unused variable: `partial_success`
[INFO] [stdout]    --> src/hosts/handlers/ssh2.rs:165:33
[INFO] [stdout]     |
[INFO] [stdout] 165 | ...                   partial_success,
[INFO] [stdout]     |                       ^^^^^^^^^^^^^^^ help: try ignoring the field: `partial_success: _`
[INFO] [stdout] 
[INFO] [stdout] 
[INFO] [stdout] warning: unused variable: `remaining_methods`
[INFO] [stdout]    --> src/hosts/handlers/ssh2.rs:203:37
[INFO] [stdout]     |
[INFO] [stdout] 203 | ...                   remaining_methods,
[INFO] [stdout]     |                       ^^^^^^^^^^^^^^^^^ help: try ignoring the field: `remaining_methods: _`
[INFO] [stdout] 
[INFO] [stdout] 
[INFO] [stdout] warning: unused variable: `partial_success`
[INFO] [stdout]    --> src/hosts/handlers/ssh2.rs:204:37
[INFO] [stdout]     |
[INFO] [stdout] 204 | ...                   partial_success,
[INFO] [stdout]     |                       ^^^^^^^^^^^^^^^ help: try ignoring the field: `partial_success: _`
[INFO] [stdout] 
[INFO] [stdout] 
[INFO] [stdout] warning: unused variable: `filename`
[INFO] [stdout]    --> src/hosts/handlers/ssh2.rs:463:29
[INFO] [stdout]     |
[INFO] [stdout] 463 |                         let filename = parts[1].to_string();
[INFO] [stdout]     |                             ^^^^^^^^ help: if this is intentional, prefix it with an underscore: `_filename`
[INFO] [stdout] 
[INFO] [stdout] 
[INFO] [stdout] warning: unused variable: `reaching_compliance_failed`
[INFO] [stdout]    --> src/hosts/managed_host.rs:793:13
[INFO] [stdout]     |
[INFO] [stdout] 793 |         let mut reaching_compliance_failed = false;
[INFO] [stdout]     |             ^^^^^^^^^^^^^^^^^^^^^^^^^^^^^^ help: if this is intentional, prefix it with an underscore: `_reaching_compliance_failed`
[INFO] [stdout] 
[INFO] [stdout] 
[INFO] [stdout] warning: unused variable: `privilege`
[INFO] [stdout]    --> src/state/attribute/mod.rs:940:9
[INFO] [stdout]     |
[INFO] [stdout] 940 |         privilege: &Privilege,
[INFO] [stdout]     |         ^^^^^^^^^ help: if this is intentional, prefix it with an underscore: `_privilege`
[INFO] [stdout] 
[INFO] [stdout] 
[INFO] [stdout] warning: unused variable: `privilege`
[INFO] [stdout]    --> src/state/attribute/mod.rs:940:9
[INFO] [stdout]     |
[INFO] [stdout] 940 |         privilege: &Privilege,
[INFO] [stdout]     |         ^^^^^^^^^ help: if this is intentional, prefix it with an underscore: `_privilege`
[INFO] [stdout] 
[INFO] [stdout] 
[INFO] [stdout] Some errors have detailed explanations: E0533, E0609.
[INFO] [stdout] 
[INFO] [stdout] For more information about an error, try `rustc --explain E0533`.
[INFO] [stdout] 
[INFO] [stdout] warning: type `Ssh2Client` is more private than the item `Ssh2HostHandler::Connected::1`
[INFO] [stdout]   --> src/hosts/handlers/ssh2.rs:39:31
[INFO] [stdout]    |
[INFO] [stdout] 39 |     Connected(Ssh2AuthMethod, Handle<Ssh2Client>),
[INFO] [stdout]    |                               ^^^^^^^^^^^^^^^^^^ field `Ssh2HostHandler::Connected::1` is reachable at visibility `pub`
[INFO] [stdout]    |
[INFO] [stdout] note: but type `Ssh2Client` is only usable at visibility `pub(self)`
[INFO] [stdout]   --> src/hosts/handlers/ssh2.rs:42:1
[INFO] [stdout]    |
[INFO] [stdout] 42 | struct Ssh2Client {}
[INFO] [stdout]    | ^^^^^^^^^^^^^^^^^
[INFO] [stdout]    = note: `#[warn(private_interfaces)]` on by default
[INFO] [stdout] 
[INFO] [stdout] 
[INFO] [stderr] error: could not compile `regent-sdk` (lib test) due to 4 previous errors; 15 warnings emitted
[INFO] [stderr] warning: build failed, waiting for other jobs to finish...
[INFO] [stdout] warning: use of `async fn` in public traits is discouraged as auto trait bounds cannot be specified
[INFO] [stdout]    --> src/hosts/handlers/mod.rs:157:5
[INFO] [stdout]     |
[INFO] [stdout] 157 |     async fn connect(
[INFO] [stdout]     |     ^^^^^
[INFO] [stdout]     |
[INFO] [stdout]     = note: you can suppress this lint if you plan to use the trait only in your own code, or do not care about auto traits like `Send` on the `Future`
[INFO] [stdout]     = note: `#[warn(async_fn_in_trait)]` on by default
[INFO] [stdout] help: you can alternatively desugar to a normal `fn` that returns `impl Future` and add any desired bounds such as `Send`, but these cannot be relaxed without a breaking API change
[INFO] [stdout]     |
[INFO] [stdout] 157 ~     fn connect(
[INFO] [stdout] 158 |         &mut self,
[INFO] [stdout] 159 |         endpoint: &str,
[INFO] [stdout] 160 |         // secret_provider: &Option<SecretProvider>,
[INFO] [stdout] 161 ~     ) -> impl std::future::Future<Output = Result<(), RegentError>> + Send;
[INFO] [stdout]     |
[INFO] [stdout] 
[INFO] [stdout] 
[INFO] [stdout] warning: use of `async fn` in public traits is discouraged as auto trait bounds cannot be specified
[INFO] [stdout]    --> src/hosts/handlers/mod.rs:164:5
[INFO] [stdout]     |
[INFO] [stdout] 164 |     async fn is_connected(&mut self) -> bool;
[INFO] [stdout]     |     ^^^^^
[INFO] [stdout]     |
[INFO] [stdout]     = note: you can suppress this lint if you plan to use the trait only in your own code, or do not care about auto traits like `Send` on the `Future`
[INFO] [stdout] help: you can alternatively desugar to a normal `fn` that returns `impl Future` and add any desired bounds such as `Send`, but these cannot be relaxed without a breaking API change
[INFO] [stdout]     |
[INFO] [stdout] 164 -     async fn is_connected(&mut self) -> bool;
[INFO] [stdout] 164 +     fn is_connected(&mut self) -> impl std::future::Future<Output = bool> + Send;
[INFO] [stdout]     |
[INFO] [stdout] 
[INFO] [stdout] 
[INFO] [stdout] warning: use of `async fn` in public traits is discouraged as auto trait bounds cannot be specified
[INFO] [stdout]    --> src/hosts/handlers/mod.rs:167:5
[INFO] [stdout]     |
[INFO] [stdout] 167 |     async fn disconnect(&mut self) -> Result<(), RegentError>;
[INFO] [stdout]     |     ^^^^^
[INFO] [stdout]     |
[INFO] [stdout]     = note: you can suppress this lint if you plan to use the trait only in your own code, or do not care about auto traits like `Send` on the `Future`
[INFO] [stdout] help: you can alternatively desugar to a normal `fn` that returns `impl Future` and add any desired bounds such as `Send`, but these cannot be relaxed without a breaking API change
[INFO] [stdout]     |
[INFO] [stdout] 167 -     async fn disconnect(&mut self) -> Result<(), RegentError>;
[INFO] [stdout] 167 +     fn disconnect(&mut self) -> impl std::future::Future<Output = Result<(), RegentError>> + Send;
[INFO] [stdout]     |
[INFO] [stdout] 
[INFO] [stdout] 
[INFO] [stdout] warning: use of `async fn` in public traits is discouraged as auto trait bounds cannot be specified
[INFO] [stdout]    --> src/hosts/handlers/mod.rs:170:5
[INFO] [stdout]     |
[INFO] [stdout] 170 |     async fn is_this_command_available(
[INFO] [stdout]     |     ^^^^^
[INFO] [stdout]     |
[INFO] [stdout]     = note: you can suppress this lint if you plan to use the trait only in your own code, or do not care about auto traits like `Send` on the `Future`
[INFO] [stdout] help: you can alternatively desugar to a normal `fn` that returns `impl Future` and add any desired bounds such as `Send`, but these cannot be relaxed without a breaking API change
[INFO] [stdout]     |
[INFO] [stdout] 170 ~     fn is_this_command_available(
[INFO] [stdout] 171 |         &mut self,
[INFO] [stdout] 172 |         command: &str,
[INFO] [stdout] 173 |         privilege: &Privilege,
[INFO] [stdout] 174 ~     ) -> impl std::future::Future<Output = Result<bool, RegentError>> + Send;
[INFO] [stdout]     |
[INFO] [stdout] 
[INFO] [stdout] 
[INFO] [stdout] warning: use of `async fn` in public traits is discouraged as auto trait bounds cannot be specified
[INFO] [stdout]    --> src/hosts/handlers/mod.rs:177:5
[INFO] [stdout]     |
[INFO] [stdout] 177 |     async fn run_command(
[INFO] [stdout]     |     ^^^^^
[INFO] [stdout]     |
[INFO] [stdout]     = note: you can suppress this lint if you plan to use the trait only in your own code, or do not care about auto traits like `Send` on the `Future`
[INFO] [stdout] help: you can alternatively desugar to a normal `fn` that returns `impl Future` and add any desired bounds such as `Send`, but these cannot be relaxed without a breaking API change
[INFO] [stdout]     |
[INFO] [stdout] 177 ~     fn run_command(
[INFO] [stdout] 178 |         &mut self,
[INFO] [stdout] 179 |         command: &str,
[INFO] [stdout] 180 |         privilege: &Privilege,
[INFO] [stdout] 181 ~     ) -> impl std::future::Future<Output = Result<CommandResult, RegentError>> + Send;
[INFO] [stdout]     |
[INFO] [stdout] 
[INFO] [stdout] 
[INFO] [stdout] warning: use of `async fn` in public traits is discouraged as auto trait bounds cannot be specified
[INFO] [stdout]    --> src/hosts/handlers/mod.rs:190:5
[INFO] [stdout]     |
[INFO] [stdout] 190 |     async fn get_file(&mut self, path: PathBuf) -> Result<Vec<u8>, RegentError>;
[INFO] [stdout]     |     ^^^^^
[INFO] [stdout]     |
[INFO] [stdout]     = note: you can suppress this lint if you plan to use the trait only in your own code, or do not care about auto traits like `Send` on the `Future`
[INFO] [stdout] help: you can alternatively desugar to a normal `fn` that returns `impl Future` and add any desired bounds such as `Send`, but these cannot be relaxed without a breaking API change
[INFO] [stdout]     |
[INFO] [stdout] 190 -     async fn get_file(&mut self, path: PathBuf) -> Result<Vec<u8>, RegentError>;
[INFO] [stdout] 190 +     fn get_file(&mut self, path: PathBuf) -> impl std::future::Future<Output = Result<Vec<u8>, RegentError>> + Send;
[INFO] [stdout]     |
[INFO] [stdout] 
[INFO] [stdout] 
[INFO] [stdout] warning: use of `async fn` in public traits is discouraged as auto trait bounds cannot be specified
[INFO] [stdout]    --> src/hosts/managed_host.rs:936:5
[INFO] [stdout]     |
[INFO] [stdout] 936 |     async fn assess_compliance(
[INFO] [stdout]     |     ^^^^^
[INFO] [stdout]     |
[INFO] [stdout]     = note: you can suppress this lint if you plan to use the trait only in your own code, or do not care about auto traits like `Send` on the `Future`
[INFO] [stdout] help: you can alternatively desugar to a normal `fn` that returns `impl Future` and add any desired bounds such as `Send`, but these cannot be relaxed without a breaking API change
[INFO] [stdout]     |
[INFO] [stdout] 936 ~     fn assess_compliance(
[INFO] [stdout] 937 |         &self,
[INFO] [stdout] ...
[INFO] [stdout] 941 |         optional_secret_provider: &Option<SecretProvidersPool>,
[INFO] [stdout] 942 ~     ) -> impl std::future::Future<Output = Result<AttributeComplianceAssessment, RegentError>> + Send;
[INFO] [stdout]     |
[INFO] [stdout] 
[INFO] [stdout] 
[INFO] [stdout] warning: use of `async fn` in public traits is discouraged as auto trait bounds cannot be specified
[INFO] [stdout]    --> src/hosts/managed_host.rs:955:5
[INFO] [stdout]     |
[INFO] [stdout] 955 |     async fn call(
[INFO] [stdout]     |     ^^^^^
[INFO] [stdout]     |
[INFO] [stdout]     = note: you can suppress this lint if you plan to use the trait only in your own code, or do not care about auto traits like `Send` on the `Future`
[INFO] [stdout] help: you can alternatively desugar to a normal `fn` that returns `impl Future` and add any desired bounds such as `Send`, but these cannot be relaxed without a breaking API change
[INFO] [stdout]     |
[INFO] [stdout] 955 ~     fn call(
[INFO] [stdout] 956 |         &self,
[INFO] [stdout] ...
[INFO] [stdout] 959 |         optional_secret_provider: &Option<SecretProvidersPool>,
[INFO] [stdout] 960 ~     ) -> impl std::future::Future<Output = Result<InternalApiCallOutcome, RegentError>> + Send;
[INFO] [stdout]     |
[INFO] [stdout] 
[INFO] [stdout] 
[INFO] [stdout] warning: use of `async fn` in public traits is discouraged as auto trait bounds cannot be specified
[INFO] [stdout]    --> src/secrets/mod.rs:229:5
[INFO] [stdout]     |
[INFO] [stdout] 229 |     async fn connect(&mut self) -> Result<(), RegentError>;
[INFO] [stdout]     |     ^^^^^
[INFO] [stdout]     |
[INFO] [stdout]     = note: you can suppress this lint if you plan to use the trait only in your own code, or do not care about auto traits like `Send` on the `Future`
[INFO] [stdout] help: you can alternatively desugar to a normal `fn` that returns `impl Future` and add any desired bounds such as `Send`, but these cannot be relaxed without a breaking API change
[INFO] [stdout]     |
[INFO] [stdout] 229 -     async fn connect(&mut self) -> Result<(), RegentError>;
[INFO] [stdout] 229 +     fn connect(&mut self) -> impl std::future::Future<Output = Result<(), RegentError>> + Send;
[INFO] [stdout]     |
[INFO] [stdout] 
[INFO] [stdout] 
[INFO] [stdout] warning: use of `async fn` in public traits is discouraged as auto trait bounds cannot be specified
[INFO] [stdout]    --> src/secrets/mod.rs:232:5
[INFO] [stdout]     |
[INFO] [stdout] 232 |     async fn get_secret_typed<T: DeserializeOwned>(
[INFO] [stdout]     |     ^^^^^
[INFO] [stdout]     |
[INFO] [stdout]     = note: you can suppress this lint if you plan to use the trait only in your own code, or do not care about auto traits like `Send` on the `Future`
[INFO] [stdout] help: you can alternatively desugar to a normal `fn` that returns `impl Future` and add any desired bounds such as `Send`, but these cannot be relaxed without a breaking API change
[INFO] [stdout]     |
[INFO] [stdout] 232 ~     fn get_secret_typed<T: DeserializeOwned>(
[INFO] [stdout] 233 |         &self,
[INFO] [stdout] 234 |         secret_reference: &str,
[INFO] [stdout] 235 ~     ) -> impl std::future::Future<Output = Result<Secret<T>, RegentError>> + Send;
[INFO] [stdout]     |
[INFO] [stdout] 
[INFO] [stdout] 
[INFO] [stdout] warning: use of `async fn` in public traits is discouraged as auto trait bounds cannot be specified
[INFO] [stdout]    --> src/secrets/mod.rs:238:5
[INFO] [stdout]     |
[INFO] [stdout] 238 |     async fn get_secret_raw(&self, secret_reference: &str) -> Result<Secret<String>, RegentError>;
[INFO] [stdout]     |     ^^^^^
[INFO] [stdout]     |
[INFO] [stdout]     = note: you can suppress this lint if you plan to use the trait only in your own code, or do not care about auto traits like `Send` on the `Future`
[INFO] [stdout] help: you can alternatively desugar to a normal `fn` that returns `impl Future` and add any desired bounds such as `Send`, but these cannot be relaxed without a breaking API change
[INFO] [stdout]     |
[INFO] [stdout] 238 -     async fn get_secret_raw(&self, secret_reference: &str) -> Result<Secret<String>, RegentError>;
[INFO] [stdout] 238 +     fn get_secret_raw(&self, secret_reference: &str) -> impl std::future::Future<Output = Result<Secret<String>, RegentError>> + Send;
[INFO] [stdout]     |
[INFO] [stdout] 
[INFO] [stdout] 
[INFO] [stdout] warning: use of `async fn` in public traits is discouraged as auto trait bounds cannot be specified
[INFO] [stdout]    --> src/secrets/mod.rs:251:5
[INFO] [stdout]     |
[INFO] [stdout] 251 |     async fn connect(&mut self) -> Result<(), RegentError>;
[INFO] [stdout]     |     ^^^^^
[INFO] [stdout]     |
[INFO] [stdout]     = note: you can suppress this lint if you plan to use the trait only in your own code, or do not care about auto traits like `Send` on the `Future`
[INFO] [stdout] help: you can alternatively desugar to a normal `fn` that returns `impl Future` and add any desired bounds such as `Send`, but these cannot be relaxed without a breaking API change
[INFO] [stdout]     |
[INFO] [stdout] 251 -     async fn connect(&mut self) -> Result<(), RegentError>;
[INFO] [stdout] 251 +     fn connect(&mut self) -> impl std::future::Future<Output = Result<(), RegentError>> + Send;
[INFO] [stdout]     |
[INFO] [stdout] 
[INFO] [stdout] 
[INFO] [stdout] warning: use of `async fn` in public traits is discouraged as auto trait bounds cannot be specified
[INFO] [stdout]    --> src/secrets/mod.rs:254:5
[INFO] [stdout]     |
[INFO] [stdout] 254 |     async fn get_secret_typed<T: DeserializeOwned>(
[INFO] [stdout]     |     ^^^^^
[INFO] [stdout]     |
[INFO] [stdout]     = note: you can suppress this lint if you plan to use the trait only in your own code, or do not care about auto traits like `Send` on the `Future`
[INFO] [stdout] help: you can alternatively desugar to a normal `fn` that returns `impl Future` and add any desired bounds such as `Send`, but these cannot be relaxed without a breaking API change
[INFO] [stdout]     |
[INFO] [stdout] 254 ~     fn get_secret_typed<T: DeserializeOwned>(
[INFO] [stdout] 255 |         &self,
[INFO] [stdout] 256 |         secret_reference: &str,
[INFO] [stdout] 257 ~     ) -> impl std::future::Future<Output = Result<Secret<T>, RegentError>> + Send;
[INFO] [stdout]     |
[INFO] [stdout] 
[INFO] [stdout] 
[INFO] [stdout] warning: use of `async fn` in public traits is discouraged as auto trait bounds cannot be specified
[INFO] [stdout]    --> src/secrets/mod.rs:260:5
[INFO] [stdout]     |
[INFO] [stdout] 260 |     async fn get_secret_raw(&self, secret_reference: &str) -> Result<Secret<String>, RegentError>;
[INFO] [stdout]     |     ^^^^^
[INFO] [stdout]     |
[INFO] [stdout]     = note: you can suppress this lint if you plan to use the trait only in your own code, or do not care about auto traits like `Send` on the `Future`
[INFO] [stdout] help: you can alternatively desugar to a normal `fn` that returns `impl Future` and add any desired bounds such as `Send`, but these cannot be relaxed without a breaking API change
[INFO] [stdout]     |
[INFO] [stdout] 260 -     async fn get_secret_raw(&self, secret_reference: &str) -> Result<Secret<String>, RegentError>;
[INFO] [stdout] 260 +     fn get_secret_raw(&self, secret_reference: &str) -> impl std::future::Future<Output = Result<Secret<String>, RegentError>> + Send;
[INFO] [stdout]     |
[INFO] [stdout] 
[INFO] [stdout] 
[INFO] [stderr] warning: unused dependency `chrono`
[INFO] [stderr]   --> Cargo.toml:59:19
[INFO] [stderr]    |
[INFO] [stderr] 59 | [dev-dependencies.chrono]
[INFO] [stderr]    |                   ^^^^^^^
[INFO] [stderr]    |
[INFO] [stderr]    = note: `cargo::unused_dependencies` is set to `warn` by default
[INFO] [stderr] help: consider removing the dependency on `chrono`
[INFO] [stderr] warning: unused dependency `chrono`
[INFO] [stderr]   --> Cargo.toml:13:15
[INFO] [stderr]    |
[INFO] [stderr] 13 | [dependencies.chrono]
[INFO] [stderr]    |               ^^^^^^^
[INFO] [stderr]    |
[INFO] [stderr] help: consider removing the dependency on `chrono`
[INFO] [stderr] warning: `regent-sdk` (manifest) generated 2 warnings
[INFO] running `Command { std: "docker" "inspect" "3dc76d3b0619f5c92d0598cb64028ff59a5cc23b5d59d659890bfe82d950b644", kill_on_drop: false }`
[INFO] running `Command { std: "docker" "rm" "-f" "3dc76d3b0619f5c92d0598cb64028ff59a5cc23b5d59d659890bfe82d950b644", kill_on_drop: false }`
[INFO] [stdout] 3dc76d3b0619f5c92d0598cb64028ff59a5cc23b5d59d659890bfe82d950b644
