[INFO] fetching crate polyoxide-relay 0.39.0...
[INFO] checking polyoxide-relay-0.39.0 against 895980e0290783bb09b1ccf1b11f14eb09b10430 for pr-160186
[INFO] extracting crate polyoxide-relay 0.39.0 into /workspace/builds/worker-4-tc2/source
[INFO] started tweaking crates.io crate polyoxide-relay 0.39.0
[INFO] removed 0 missing examples
[INFO] removed 0 missing tests
[INFO] finished tweaking crates.io crate polyoxide-relay 0.39.0
[INFO] tweaked toml for crates.io crate polyoxide-relay 0.39.0 written to /workspace/builds/worker-4-tc2/source/Cargo.toml
[INFO] validating manifest of crates.io crate polyoxide-relay 0.39.0 on toolchain 895980e0290783bb09b1ccf1b11f14eb09b10430
[INFO] running `Command { std: CARGO_HOME="/workspace/cargo-home" RUSTUP_HOME="/workspace/rustup-home" "/workspace/cargo-home/bin/cargo" "+895980e0290783bb09b1ccf1b11f14eb09b10430" "metadata" "--manifest-path" "Cargo.toml" "--no-deps", kill_on_drop: false }`
[INFO] crate crates.io crate polyoxide-relay 0.39.0 already has a lockfile, it will not be regenerated
[INFO] running `Command { std: CARGO_HOME="/workspace/cargo-home" RUSTUP_HOME="/workspace/rustup-home" "/workspace/cargo-home/bin/cargo" "+895980e0290783bb09b1ccf1b11f14eb09b10430" "fetch" "--manifest-path" "Cargo.toml", kill_on_drop: false }`
[INFO] running `Command { std: "docker" "create" "-v" "/var/lib/crater-agent-workspace/builds/worker-4-tc2/source:/opt/rustwide/workdir:ro,Z" "-v" "/var/lib/crater-agent-workspace/builds/worker-4-tc2/target:/opt/rustwide/target:rw,Z" "-v" "/var/lib/crater-agent-workspace/cargo-home:/opt/rustwide/cargo-home:ro,Z" "-v" "/var/lib/crater-agent-workspace/rustup-home:/opt/rustwide/rustup-home:ro,Z" "-m" "1610612736" "--network" "none" "ghcr.io/rust-lang/crates-build-env/linux@sha256:77db811e55d90add9212f6832c23229e3de5f1c1f9905e8cb07319ea15df73ac" "sleep" "infinity", kill_on_drop: false }`
[INFO] [stdout] d2a4af4c5919d816215bf1c0f6d1f3e868acdb91f87dd2aacfacc6c3b8482b68
[INFO] running `Command { std: "docker" "start" "d2a4af4c5919d816215bf1c0f6d1f3e868acdb91f87dd2aacfacc6c3b8482b68", kill_on_drop: false }`
[INFO] running `Command { std: "docker" "inspect" "d2a4af4c5919d816215bf1c0f6d1f3e868acdb91f87dd2aacfacc6c3b8482b68", kill_on_drop: false }`
[INFO] running `Command { std: "docker" "exec" "-e" "SOURCE_DIR=/opt/rustwide/workdir" "-e" "CARGO_HOME=/opt/rustwide/cargo-home" "-e" "RUSTUP_HOME=/opt/rustwide/rustup-home" "-e" "CARGO_TARGET_DIR=/opt/rustwide/target" "-w" "/opt/rustwide/workdir" "--user" "0:0" "d2a4af4c5919d816215bf1c0f6d1f3e868acdb91f87dd2aacfacc6c3b8482b68" "/opt/rustwide/cargo-home/bin/cargo" "+895980e0290783bb09b1ccf1b11f14eb09b10430" "metadata" "--no-deps" "--format-version=1", kill_on_drop: false }`
[INFO] running `Command { std: "docker" "inspect" "d2a4af4c5919d816215bf1c0f6d1f3e868acdb91f87dd2aacfacc6c3b8482b68", kill_on_drop: false }`
[INFO] running `Command { std: "docker" "exec" "-e" "SOURCE_DIR=/opt/rustwide/workdir" "-e" "CARGO_HOME=/opt/rustwide/cargo-home" "-e" "RUSTUP_HOME=/opt/rustwide/rustup-home" "-e" "CARGO_TARGET_DIR=/opt/rustwide/target" "-e" "CARGO_INCREMENTAL=0" "-e" "RUST_BACKTRACE=full" "-e" "RUSTFLAGS=--cap-lints=forbid" "-e" "RUSTDOCFLAGS=--cap-lints=forbid" "-w" "/opt/rustwide/workdir" "--user" "0:0" "d2a4af4c5919d816215bf1c0f6d1f3e868acdb91f87dd2aacfacc6c3b8482b68" "/opt/rustwide/cargo-home/bin/cargo" "+895980e0290783bb09b1ccf1b11f14eb09b10430" "check" "--frozen" "--all" "--all-targets" "--message-format=json", kill_on_drop: false }`
[INFO] [stderr]    Compiling quote v1.0.45
[INFO] [stderr]    Compiling libc v0.2.185
[INFO] [stderr]    Compiling serde_core v1.0.228
[INFO] [stderr]    Compiling serde v1.0.228
[INFO] [stderr]     Checking zeroize v1.8.2
[INFO] [stderr]     Checking subtle v2.6.1
[INFO] [stderr]     Checking const-oid v0.9.6
[INFO] [stderr]     Checking pin-project-lite v0.2.17
[INFO] [stderr]    Compiling unicode-segmentation v1.13.2
[INFO] [stderr]    Compiling generic-array v0.14.7
[INFO] [stderr]    Compiling unicode-xid v0.2.6
[INFO] [stderr]    Compiling ruint-macro v1.2.1
[INFO] [stderr]     Checking memchr v2.8.0
[INFO] [stderr]    Compiling zmij v1.0.21
[INFO] [stderr]     Checking base16ct v0.2.0
[INFO] [stderr]     Checking once_cell v1.21.4
[INFO] [stderr]    Compiling dunce v1.0.5
[INFO] [stderr]     Checking foldhash v0.2.0
[INFO] [stderr]     Checking keccak v0.1.6
[INFO] [stderr]     Checking der v0.7.10
[INFO] [stderr]     Checking rustc-hash v2.1.2
[INFO] [stderr]    Compiling parking_lot_core v0.9.12
[INFO] [stderr]     Checking futures-core v0.3.32
[INFO] [stderr]     Checking tracing-core v0.1.36
[INFO] [stderr]     Checking lock_api v0.4.14
[INFO] [stderr]    Compiling typenum v1.19.0
[INFO] [stderr]    Compiling serde_json v1.0.149
[INFO] [stderr]    Compiling shlex v1.3.0
[INFO] [stderr]    Compiling syn v2.0.117
[INFO] [stderr]     Checking futures-sink v0.3.32
[INFO] [stderr]     Checking stable_deref_trait v1.2.1
[INFO] [stderr]    Compiling itoa v1.0.18
[INFO] [stderr]    Compiling cpufeatures v0.2.17
[INFO] [stderr]    Compiling heck v0.5.0
[INFO] [stderr]    Compiling cfg-if v1.0.4
[INFO] [stderr]    Compiling convert_case v0.10.0
[INFO] [stderr]     Checking slab v0.4.12
[INFO] [stderr]    Compiling winnow v0.7.15
[INFO] [stderr]     Checking futures-channel v0.3.32
[INFO] [stderr]    Compiling fs_extra v1.3.0
[INFO] [stderr]    Compiling proc-macro-error-attr2 v2.0.0
[INFO] [stderr]    Compiling equivalent v1.0.2
[INFO] [stderr]     Checking futures-task v0.3.32
[INFO] [stderr]    Compiling ident_case v1.0.1
[INFO] [stderr]    Compiling strsim v0.11.1
[INFO] [stderr]     Checking block-buffer v0.10.4
[INFO] [stderr]     Checking crypto-common v0.1.7
[INFO] [stderr]     Checking sec1 v0.7.3
[INFO] [stderr]     Checking spki v0.7.3
[INFO] [stderr]     Checking futures-io v0.3.32
[INFO] [stderr]     Checking digest v0.10.7
[INFO] [stderr]    Compiling hashbrown v0.17.0
[INFO] [stderr]    Compiling aws-lc-rs v1.16.3
[INFO] [stderr]     Checking litemap v0.8.2
[INFO] [stderr]     Checking writeable v0.6.3
[INFO] [stderr]     Checking rustls-pki-types v1.14.0
[INFO] [stderr]    Compiling icu_properties_data v2.2.0
[INFO] [stderr]     Checking hmac v0.12.1
[INFO] [stderr]     Checking sha2 v0.10.9
[INFO] [stderr]     Checking sha3 v0.10.8
[INFO] [stderr]     Checking percent-encoding v2.3.2
[INFO] [stderr]    Compiling icu_normalizer_data v2.2.0
[INFO] [stderr]     Checking rfc6979 v0.4.0
[INFO] [stderr]     Checking utf8_iter v1.0.4
[INFO] [stderr]     Checking untrusted v0.9.0
[INFO] [stderr]     Checking crc-catalog v2.4.0
[INFO] [stderr]    Compiling httparse v1.10.1
[INFO] [stderr]     Checking tower-service v0.3.3
[INFO] [stderr]     Checking crc v3.4.0
[INFO] [stderr]    Compiling rustls v0.23.38
[INFO] [stderr]     Checking atomic-waker v1.1.2
[INFO] [stderr]     Checking getrandom v0.2.17
[INFO] [stderr]     Checking socket2 v0.6.3
[INFO] [stderr]     Checking mio v1.2.0
[INFO] [stderr]     Checking form_urlencoded v1.2.2
[INFO] [stderr]     Checking base64 v0.22.1
[INFO] [stderr]    Compiling jobserver v0.1.34
[INFO] [stderr]     Checking rand_core v0.6.4
[INFO] [stderr]     Checking bitflags v2.11.1
[INFO] [stderr]    Compiling zerocopy v0.8.48
[INFO] [stderr]    Compiling cc v1.2.60
[INFO] [stderr]     Checking ff v0.13.1
[INFO] [stderr]     Checking crypto-bigint v0.5.5
[INFO] [stderr]     Checking signature v2.2.0
[INFO] [stderr]     Checking group v0.13.0
[INFO] [stderr]     Checking flate2 v1.1.9
[INFO] [stderr]     Checking sync_wrapper v1.0.2
[INFO] [stderr]     Checking ipnet v2.12.0
[INFO] [stderr]     Checking tower-layer v0.3.3
[INFO] [stderr]     Checking compression-core v0.4.33
[INFO] [stderr]     Checking log v0.4.29
[INFO] [stderr]     Checking webpki-roots v1.0.7
[INFO] [stderr]    Compiling crossbeam-utils v0.8.21
[INFO] [stderr]     Checking indexmap v2.14.0
[INFO] [stderr]     Checking iri-string v0.7.12
[INFO] [stderr]     Checking openssl-probe v0.2.1
[INFO] [stderr]    Compiling getrandom v0.3.4
[INFO] [stderr]     Checking futures-utils-wasm v0.1.0
[INFO] [stderr]     Checking rustls-native-certs v0.8.3
[INFO] [stderr]    Compiling rustversion v1.0.22
[INFO] [stderr]     Checking compression-codecs v0.4.45
[INFO] [stderr]     Checking hashbrown v0.14.5
[INFO] [stderr]     Checking rand_core v0.9.5
[INFO] [stderr]    Compiling portable-atomic v1.13.1
[INFO] [stderr]     Checking ryu v1.0.23
[INFO] [stderr]     Checking raw-cpuid v11.6.0
[INFO] [stderr]     Checking spinning_top v0.3.0
[INFO] [stderr]     Checking hashbrown v0.16.1
[INFO] [stderr]     Checking const-hex v1.18.1
[INFO] [stderr]     Checking aho-corasick v1.1.4
[INFO] [stderr]     Checking futures-timer v3.0.3
[INFO] [stderr]    Compiling cmake v0.1.58
[INFO] [stderr]     Checking regex-syntax v0.8.10
[INFO] [stderr]     Checking no-std-compat v0.4.1
[INFO] [stderr]     Checking web-time v1.1.0
[INFO] [stderr]     Checking nonzero_ext v0.3.0
[INFO] [stderr]     Checking polyoxide-venue v0.39.0
[INFO] [stderr]     Checking colored v3.1.1
[INFO] [stderr]     Checking similar v2.7.0
[INFO] [stderr]     Checking hex v0.4.3
[INFO] [stderr]     Checking dotenvy v0.15.7
[INFO] [stderr]     Checking lru v0.16.4
[INFO] [stderr]    Compiling aws-lc-sys v0.40.0
[INFO] [stderr]    Compiling ring v0.17.14
[INFO] [stderr]    Compiling ruint v1.17.2
[INFO] [stderr]     Checking elliptic-curve v0.13.8
[INFO] [stderr]     Checking ecdsa v0.16.9
[INFO] [stderr]     Checking quanta v0.12.6
[INFO] [stderr]     Checking k256 v0.13.4
[INFO] [stderr]     Checking regex-automata v0.4.14
[INFO] [stderr]    Compiling synstructure v0.13.2
[INFO] [stderr]    Compiling macro-string v0.1.4
[INFO] [stderr]    Compiling syn-solidity v1.5.7
[INFO] [stderr]    Compiling proc-macro-error2 v2.0.1
[INFO] [stderr]    Compiling serde_derive v1.0.228
[INFO] [stderr]    Compiling derive_more-impl v2.1.1
[INFO] [stderr]    Compiling alloy-rlp-derive v0.3.15
[INFO] [stderr]    Compiling tracing-attributes v0.1.31
[INFO] [stderr]    Compiling zerofrom-derive v0.1.7
[INFO] [stderr]    Compiling thiserror-impl v2.0.18
[INFO] [stderr]    Compiling yoke-derive v0.8.2
[INFO] [stderr]    Compiling tokio-macros v2.7.0
[INFO] [stderr]    Compiling zerovec-derive v0.11.3
[INFO] [stderr]    Compiling displaydoc v0.2.5
[INFO] [stderr]    Compiling futures-macro v0.3.32
[INFO] [stderr]    Compiling auto_impl v1.3.0
[INFO] [stderr]    Compiling async-trait v0.1.89
[INFO] [stderr]    Compiling strum_macros v0.27.2
[INFO] [stderr]    Compiling pin-project-internal v1.1.11
[INFO] [stderr]     Checking ppv-lite86 v0.2.21
[INFO] [stderr]    Compiling num_enum_derive v0.7.6
[INFO] [stderr]     Checking tracing v0.1.44
[INFO] [stderr]    Compiling async-stream-impl v0.3.6
[INFO] [stderr]     Checking zerofrom v0.1.7
[INFO] [stderr]    Compiling dynosaur_derive v0.3.1
[INFO] [stderr]     Checking regex v1.12.3
[INFO] [stderr]     Checking futures-util v0.3.32
[INFO] [stderr]     Checking yoke v0.8.2
[INFO] [stderr]     Checking thiserror v2.0.18
[INFO] [stderr]     Checking rand_chacha v0.9.0
[INFO] [stderr]     Checking async-stream v0.3.6
[INFO] [stderr]     Checking pin-project v1.1.11
[INFO] [stderr]     Checking zerovec v0.11.6
[INFO] [stderr]     Checking zerotrie v0.2.4
[INFO] [stderr]     Checking rand_chacha v0.3.1
[INFO] [stderr]     Checking rand v0.9.4
[INFO] [stderr]     Checking num_enum v0.7.6
[INFO] [stderr]     Checking rand v0.8.5
[INFO] [stderr]     Checking dynosaur v0.3.1
[INFO] [stderr]     Checking tinystr v0.8.3
[INFO] [stderr]     Checking potential_utf v0.1.5
[INFO] [stderr]     Checking icu_locale_core v2.2.0
[INFO] [stderr]     Checking icu_collections v2.2.0
[INFO] [stderr]     Checking strum v0.27.2
[INFO] [stderr]     Checking bytes v1.11.1
[INFO] [stderr]     Checking smallvec v1.15.1
[INFO] [stderr]     Checking either v1.15.0
[INFO] [stderr]     Checking alloy-sol-type-parser v1.5.7
[INFO] [stderr]     Checking parking_lot v0.12.5
[INFO] [stderr]     Checking icu_provider v2.2.0
[INFO] [stderr]     Checking dashmap v6.1.0
[INFO] [stderr]    Compiling darling_core v0.23.0
[INFO] [stderr]     Checking itertools v0.14.0
[INFO] [stderr]     Checking serde_urlencoded v0.7.1
[INFO] [stderr]     Checking assert-json-diff v2.0.2
[INFO] [stderr]     Checking icu_properties v2.2.0
[INFO] [stderr]     Checking icu_normalizer v2.2.0
[INFO] [stderr]     Checking alloy-rlp v0.3.15
[INFO] [stderr]     Checking http v1.4.0
[INFO] [stderr]     Checking tokio v1.52.0
[INFO] [stderr]     Checking derive_more v2.1.1
[INFO] [stderr]     Checking futures-executor v0.3.32
[INFO] [stderr]     Checking governor v0.8.1
[INFO] [stderr]    Compiling alloy-primitives v1.5.7
[INFO] [stderr]     Checking futures v0.3.32
[INFO] [stderr]     Checking http-body v1.0.1
[INFO] [stderr]     Checking http-body-util v0.1.3
[INFO] [stderr]     Checking nybbles v0.4.8
[INFO] [stderr]     Checking idna_adapter v1.2.1
[INFO] [stderr]     Checking idna v1.1.0
[INFO] [stderr]     Checking url v2.5.8
[INFO] [stderr]    Compiling alloy-json-abi v1.5.7
[INFO] [stderr]     Checking alloy-eip2930 v0.2.3
[INFO] [stderr]     Checking alloy-eip7702 v0.6.3
[INFO] [stderr]     Checking alloy-eip2124 v0.2.0
[INFO] [stderr]     Checking alloy-serde v1.8.3
[INFO] [stderr]     Checking alloy-eip7928 v0.3.3
[INFO] [stderr]     Checking alloy-trie v0.9.5
[INFO] [stderr]     Checking alloy-signer v1.8.3
[INFO] [stderr]     Checking alloy-chains v0.2.34
[INFO] [stderr]    Compiling darling_macro v0.23.0
[INFO] [stderr]    Compiling darling v0.23.0
[INFO] [stderr]    Compiling serde_with_macros v3.18.0
[INFO] [stderr]    Compiling alloy-tx-macros v1.8.3
[INFO] [stderr]    Compiling alloy-sol-macro-input v1.5.7
[INFO] [stderr]    Compiling alloy-sol-macro-expander v1.5.7
[INFO] [stderr]     Checking serde_with v3.18.0
[INFO] [stderr]     Checking tokio-util v0.7.18
[INFO] [stderr]     Checking tower v0.5.3
[INFO] [stderr]     Checking async-compression v0.4.50
[INFO] [stderr]     Checking rustls-webpki v0.103.12
[INFO] [stderr]     Checking alloy-eips v1.8.3
[INFO] [stderr]     Checking h2 v0.4.13
[INFO] [stderr]     Checking tower-http v0.6.8
[INFO] [stderr]     Checking tokio-stream v0.1.18
[INFO] [stderr]    Compiling alloy-sol-macro v1.5.7
[INFO] [stderr]     Checking alloy-sol-types v1.5.7
[INFO] [stderr]     Checking alloy-consensus v1.8.3
[INFO] [stderr]     Checking hyper v1.9.0
[INFO] [stderr]     Checking alloy-json-rpc v1.8.3
[INFO] [stderr]     Checking alloy-dyn-abi v1.5.7
[INFO] [stderr]     Checking alloy-transport v1.8.3
[INFO] [stderr]     Checking alloy-network-primitives v1.8.3
[INFO] [stderr]     Checking alloy-consensus-any v1.8.3
[INFO] [stderr]     Checking tokio-rustls v0.26.4
[INFO] [stderr]     Checking rustls-platform-verifier v0.6.2
[INFO] [stderr]     Checking alloy-rpc-types-eth v1.8.3
[INFO] [stderr]     Checking alloy-core v1.5.7
[INFO] [stderr]     Checking hyper-util v0.1.20
[INFO] [stderr]     Checking hyper-rustls v0.27.9
[INFO] [stderr]     Checking mockito v1.7.2
[INFO] [stderr]     Checking reqwest v0.13.2
[INFO] [stderr]     Checking reqwest v0.12.28
[INFO] [stderr]     Checking alloy-rpc-types-any v1.8.3
[INFO] [stderr]     Checking alloy-rpc-types v1.8.3
[INFO] [stderr]     Checking alloy-network v1.8.3
[INFO] [stderr]     Checking polyoxide-core v0.39.0
[INFO] [stderr]     Checking alloy-signer-local v1.8.3
[INFO] [stderr]     Checking alloy-transport-http v1.8.3
[INFO] [stderr]     Checking alloy-rpc-client v1.8.3
[INFO] [stderr]     Checking alloy-provider v1.8.3
[INFO] [stderr]     Checking alloy-contract v1.8.3
[INFO] [stderr]     Checking alloy v1.8.3
[INFO] [stderr]     Checking polyoxide-relay v0.39.0 (/opt/rustwide/workdir)
[INFO] [stdout] error[E0433]: cannot find module or crate `polyoxide_test_support` in this scope
[INFO] [stdout]   --> tests/headers.rs:12:5
[INFO] [stdout]    |
[INFO] [stdout] 12 | use polyoxide_test_support::query::headers_sent;
[INFO] [stdout]    |     ^^^^^^^^^^^^^^^^^^^^^^ use of unresolved module or unlinked crate `polyoxide_test_support`
[INFO] [stdout]    |
[INFO] [stdout]    = help: if you wanted to use a crate named `polyoxide_test_support`, use `cargo add polyoxide_test_support` to add it to your `Cargo.toml`
[INFO] [stdout] 
[INFO] [stdout] 
[INFO] [stdout] error[E0432]: unresolved import `polyoxide_test_support`
[INFO] [stdout]   --> tests/live_api.rs:13:5
[INFO] [stdout]    |
[INFO] [stdout] 13 | use polyoxide_test_support::{load_env, optional_env, ResultExt};
[INFO] [stdout]    |     ^^^^^^^^^^^^^^^^^^^^^^ use of unresolved module or unlinked crate `polyoxide_test_support`
[INFO] [stdout]    |
[INFO] [stdout]    = help: if you wanted to use a crate named `polyoxide_test_support`, use `cargo add polyoxide_test_support` to add it to your `Cargo.toml`
[INFO] [stdout] 
[INFO] [stdout] 
[INFO] [stdout] For more information about this error, try `rustc --explain E0433`.
[INFO] [stdout] 
[INFO] [stderr] error: could not compile `polyoxide-relay` (test "headers") due to 1 previous error
[INFO] [stderr] warning: build failed, waiting for other jobs to finish...
[INFO] [stdout] error[E0599]: no method named `or_fail` found for enum `std::result::Result<T, E>` in the current scope
[INFO] [stdout]   --> tests/live_api.rs:18:10
[INFO] [stdout]    |
[INFO] [stdout] 17 |     RelayClient::builder()
[INFO] [stdout] 18 |         .or_fail("default builder URL is valid")
[INFO] [stdout]    |          ^^^^^^^ method not found in `std::result::Result<RelayClientBuilder, RelayError>`
[INFO] [stdout] 
[INFO] [stdout] 
[INFO] [stdout] error[E0599]: no method named `or_fail` found for enum `std::result::Result<T, E>` in the current scope
[INFO] [stdout]   --> tests/live_api.rs:41:10
[INFO] [stdout]    |
[INFO] [stdout] 40 |     let account = BuilderAccount::new(creds.get("POLYMARKET_PRIVATE_KEY"), Some(config))
[INFO] [stdout] 41 |         .or_fail("builder account from the environment");
[INFO] [stdout]    |          ^^^^^^^ method not found in `std::result::Result<BuilderAccount, RelayError>`
[INFO] [stdout] 
[INFO] [stdout] 
[INFO] [stdout] error[E0599]: no method named `or_fail` found for enum `std::result::Result<T, E>` in the current scope
[INFO] [stdout]   --> tests/live_api.rs:43:10
[INFO] [stdout]    |
[INFO] [stdout] 42 |     RelayClient::builder()
[INFO] [stdout] 43 |         .or_fail("default builder URL is valid")
[INFO] [stdout]    |          ^^^^^^^ method not found in `std::result::Result<RelayClientBuilder, RelayError>`
[INFO] [stdout] 
[INFO] [stdout] 
[INFO] [stdout] error[E0599]: no method named `or_fail` found for enum `std::result::Result<T, E>` in the current scope
[INFO] [stdout]   --> tests/live_api.rs:65:6
[INFO] [stdout]    |
[INFO] [stdout] 60 |     let account = BuilderAccount::with_relayer_api_key(
[INFO] [stdout] 61 |         creds.get("POLYMARKET_PRIVATE_KEY"),
[INFO] [stdout] 62 |         creds.get("RELAYER_API_KEY").to_owned(),
[INFO] [stdout] 63 |         creds.get("RELAYER_API_KEY_ADDRESS").to_owned(),
[INFO] [stdout] 64 |     )
[INFO] [stdout] 65 |     .or_fail("relayer API key account from the environment");
[INFO] [stdout]    |      ^^^^^^^ method not found in `std::result::Result<BuilderAccount, RelayError>`
[INFO] [stdout] 
[INFO] [stdout] 
[INFO] [stdout] error[E0599]: no method named `or_fail` found for enum `std::result::Result<T, E>` in the current scope
[INFO] [stdout]   --> tests/live_api.rs:67:10
[INFO] [stdout]    |
[INFO] [stdout] 66 |     RelayClient::builder()
[INFO] [stdout] 67 |         .or_fail("default builder URL is valid")
[INFO] [stdout]    |          ^^^^^^^ method not found in `std::result::Result<RelayClientBuilder, RelayError>`
[INFO] [stdout] 
[INFO] [stdout] 
[INFO] [stdout] error[E0599]: no method named `or_fail` found for enum `std::result::Result<T, E>` in the current scope
[INFO] [stdout]   --> tests/live_api.rs:79:39
[INFO] [stdout]    |
[INFO] [stdout] 79 |     let latency = client.ping().await.or_fail("ping should succeed");
[INFO] [stdout]    |                                       ^^^^^^^ method not found in `std::result::Result<Duration, RelayError>`
[INFO] [stdout] 
[INFO] [stdout] 
[INFO] [stdout] error[E0599]: no method named `or_fail` found for enum `std::result::Result<T, E>` in the current scope
[INFO] [stdout]   --> tests/live_api.rs:96:10
[INFO] [stdout]    |
[INFO] [stdout] 93 |     let deployed = client
[INFO] [stdout] 94 |         .get_deployed(Address::ZERO)
[INFO] [stdout] 95 |         .await
[INFO] [stdout] 96 |         .or_fail("get_deployed should succeed for zero address");
[INFO] [stdout]    |          ^^^^^^^ method not found in `std::result::Result<bool, RelayError>`
[INFO] [stdout] 
[INFO] [stdout] 
[INFO] [stdout] error[E0599]: no method named `or_fail` found for enum `std::result::Result<T, E>` in the current scope
[INFO] [stdout]    --> tests/live_api.rs:113:10
[INFO] [stdout]     |
[INFO] [stdout] 110 |     let deployed = client
[INFO] [stdout] 111 |         .get_deployed(addr)
[INFO] [stdout] 112 |         .await
[INFO] [stdout] 113 |         .or_fail("get_deployed should deserialize");
[INFO] [stdout]     |          ^^^^^^^ method not found in `std::result::Result<bool, RelayError>`
[INFO] [stdout] 
[INFO] [stdout] 
[INFO] [stdout] error[E0599]: no method named `or_fail` found for enum `std::result::Result<T, E>` in the current scope
[INFO] [stdout]    --> tests/live_api.rs:128:10
[INFO] [stdout]     |
[INFO] [stdout] 125 |     let nonce = client
[INFO] [stdout] 126 |         .get_nonce(Address::ZERO)
[INFO] [stdout] 127 |         .await
[INFO] [stdout] 128 |         .or_fail("get_nonce should succeed for zero address");
[INFO] [stdout]     |          ^^^^^^^ method not found in `std::result::Result<u64, RelayError>`
[INFO] [stdout] 
[INFO] [stdout] 
[INFO] [stdout] error[E0599]: no method named `or_fail` found for enum `std::result::Result<T, E>` in the current scope
[INFO] [stdout]    --> tests/live_api.rs:141:10
[INFO] [stdout]     |
[INFO] [stdout] 138 |     let txs = client
[INFO] [stdout] 139 |         .list_transactions()
[INFO] [stdout] 140 |         .await
[INFO] [stdout] 141 |         .or_fail("list_transactions should succeed");
[INFO] [stdout]     |          ^^^^^^^ method not found in `std::result::Result<Vec<RelayerTransaction>, RelayError>`
[INFO] [stdout] 
[INFO] [stdout] 
[INFO] [stdout] error[E0599]: no method named `or_fail` found for enum `std::result::Result<T, E>` in the current scope
[INFO] [stdout]    --> tests/live_api.rs:153:10
[INFO] [stdout]     |
[INFO] [stdout] 150 |     let txs = client
[INFO] [stdout] 151 |         .list_transactions()
[INFO] [stdout] 152 |         .await
[INFO] [stdout] 153 |         .or_fail("list_transactions should succeed");
[INFO] [stdout]     |          ^^^^^^^ method not found in `std::result::Result<Vec<RelayerTransaction>, RelayError>`
[INFO] [stdout] 
[INFO] [stdout] 
[INFO] [stdout] error[E0599]: no method named `or_fail` found for enum `std::result::Result<T, E>` in the current scope
[INFO] [stdout]    --> tests/live_api.rs:166:10
[INFO] [stdout]     |
[INFO] [stdout] 163 |     let keys = client
[INFO] [stdout] 164 |         .list_relayer_api_keys()
[INFO] [stdout] 165 |         .await
[INFO] [stdout] 166 |         .or_fail("list_relayer_api_keys should succeed");
[INFO] [stdout]     |          ^^^^^^^ method not found in `std::result::Result<Vec<polyoxide_relay::RelayerApiKey>, RelayError>`
[INFO] [stdout] 
[INFO] [stdout] 
[INFO] [stdout] Some errors have detailed explanations: E0432, E0599.
[INFO] [stdout] 
[INFO] [stdout] For more information about an error, try `rustc --explain E0432`.
[INFO] [stdout] 
[INFO] [stderr] error: could not compile `polyoxide-relay` (test "live_api") due to 13 previous errors
[INFO] running `Command { std: "docker" "inspect" "d2a4af4c5919d816215bf1c0f6d1f3e868acdb91f87dd2aacfacc6c3b8482b68", kill_on_drop: false }`
[INFO] running `Command { std: "docker" "rm" "-f" "d2a4af4c5919d816215bf1c0f6d1f3e868acdb91f87dd2aacfacc6c3b8482b68", kill_on_drop: false }`
[INFO] [stdout] d2a4af4c5919d816215bf1c0f6d1f3e868acdb91f87dd2aacfacc6c3b8482b68
