[INFO] fetching crate pm-accounts 0.1.0-alpha.1...
[INFO] checking pm-accounts-0.1.0-alpha.1 against 895980e0290783bb09b1ccf1b11f14eb09b10430 for pr-160186
[INFO] extracting crate pm-accounts 0.1.0-alpha.1 into /workspace/builds/worker-3-tc2/source
[INFO] started tweaking crates.io crate pm-accounts 0.1.0-alpha.1
[INFO] removed 0 missing tests
[INFO] finished tweaking crates.io crate pm-accounts 0.1.0-alpha.1
[INFO] tweaked toml for crates.io crate pm-accounts 0.1.0-alpha.1 written to /workspace/builds/worker-3-tc2/source/Cargo.toml
[INFO] validating manifest of crates.io crate pm-accounts 0.1.0-alpha.1 on toolchain 895980e0290783bb09b1ccf1b11f14eb09b10430
[INFO] running `Command { std: CARGO_HOME="/workspace/cargo-home" RUSTUP_HOME="/workspace/rustup-home" "/workspace/cargo-home/bin/cargo" "+895980e0290783bb09b1ccf1b11f14eb09b10430" "metadata" "--manifest-path" "Cargo.toml" "--no-deps", kill_on_drop: false }`
[INFO] crate crates.io crate pm-accounts 0.1.0-alpha.1 already has a lockfile, it will not be regenerated
[INFO] running `Command { std: CARGO_HOME="/workspace/cargo-home" RUSTUP_HOME="/workspace/rustup-home" "/workspace/cargo-home/bin/cargo" "+895980e0290783bb09b1ccf1b11f14eb09b10430" "fetch" "--manifest-path" "Cargo.toml", kill_on_drop: false }`
[INFO] [stderr]     Blocking waiting for file lock on package cache
[INFO] [stderr]     Blocking waiting for file lock on package cache
[ERROR] error running command: no output for 300 seconds
[INFO] checking pm-accounts-0.1.0-alpha.1 against 895980e0290783bb09b1ccf1b11f14eb09b10430 for pr-160186
[INFO] extracting crate pm-accounts 0.1.0-alpha.1 into /workspace/builds/worker-3-tc2/source
[INFO] started tweaking crates.io crate pm-accounts 0.1.0-alpha.1
[INFO] removed 0 missing tests
[INFO] finished tweaking crates.io crate pm-accounts 0.1.0-alpha.1
[INFO] tweaked toml for crates.io crate pm-accounts 0.1.0-alpha.1 written to /workspace/builds/worker-3-tc2/source/Cargo.toml
[INFO] validating manifest of crates.io crate pm-accounts 0.1.0-alpha.1 on toolchain 895980e0290783bb09b1ccf1b11f14eb09b10430
[INFO] running `Command { std: CARGO_HOME="/workspace/cargo-home" RUSTUP_HOME="/workspace/rustup-home" "/workspace/cargo-home/bin/cargo" "+895980e0290783bb09b1ccf1b11f14eb09b10430" "metadata" "--manifest-path" "Cargo.toml" "--no-deps", kill_on_drop: false }`
[INFO] crate crates.io crate pm-accounts 0.1.0-alpha.1 already has a lockfile, it will not be regenerated
[INFO] running `Command { std: CARGO_HOME="/workspace/cargo-home" RUSTUP_HOME="/workspace/rustup-home" "/workspace/cargo-home/bin/cargo" "+895980e0290783bb09b1ccf1b11f14eb09b10430" "fetch" "--manifest-path" "Cargo.toml", kill_on_drop: false }`
[INFO] [stderr]     Blocking waiting for file lock on package cache
[INFO] [stderr]     Blocking waiting for file lock on package cache
[ERROR] error running command: no output for 300 seconds
[INFO] checking pm-accounts-0.1.0-alpha.1 against 895980e0290783bb09b1ccf1b11f14eb09b10430 for pr-160186
[INFO] extracting crate pm-accounts 0.1.0-alpha.1 into /workspace/builds/worker-3-tc2/source
[INFO] started tweaking crates.io crate pm-accounts 0.1.0-alpha.1
[INFO] removed 0 missing tests
[INFO] finished tweaking crates.io crate pm-accounts 0.1.0-alpha.1
[INFO] tweaked toml for crates.io crate pm-accounts 0.1.0-alpha.1 written to /workspace/builds/worker-3-tc2/source/Cargo.toml
[INFO] validating manifest of crates.io crate pm-accounts 0.1.0-alpha.1 on toolchain 895980e0290783bb09b1ccf1b11f14eb09b10430
[INFO] running `Command { std: CARGO_HOME="/workspace/cargo-home" RUSTUP_HOME="/workspace/rustup-home" "/workspace/cargo-home/bin/cargo" "+895980e0290783bb09b1ccf1b11f14eb09b10430" "metadata" "--manifest-path" "Cargo.toml" "--no-deps", kill_on_drop: false }`
[INFO] crate crates.io crate pm-accounts 0.1.0-alpha.1 already has a lockfile, it will not be regenerated
[INFO] running `Command { std: CARGO_HOME="/workspace/cargo-home" RUSTUP_HOME="/workspace/rustup-home" "/workspace/cargo-home/bin/cargo" "+895980e0290783bb09b1ccf1b11f14eb09b10430" "fetch" "--manifest-path" "Cargo.toml", kill_on_drop: false }`
[INFO] [stderr]     Blocking waiting for file lock on package cache
[INFO] [stderr]     Blocking waiting for file lock on package cache
[ERROR] error running command: no output for 300 seconds
[INFO] checking pm-accounts-0.1.0-alpha.1 against 895980e0290783bb09b1ccf1b11f14eb09b10430 for pr-160186
[INFO] extracting crate pm-accounts 0.1.0-alpha.1 into /workspace/builds/worker-3-tc2/source
[INFO] started tweaking crates.io crate pm-accounts 0.1.0-alpha.1
[INFO] removed 0 missing tests
[INFO] finished tweaking crates.io crate pm-accounts 0.1.0-alpha.1
[INFO] tweaked toml for crates.io crate pm-accounts 0.1.0-alpha.1 written to /workspace/builds/worker-3-tc2/source/Cargo.toml
[INFO] validating manifest of crates.io crate pm-accounts 0.1.0-alpha.1 on toolchain 895980e0290783bb09b1ccf1b11f14eb09b10430
[INFO] running `Command { std: CARGO_HOME="/workspace/cargo-home" RUSTUP_HOME="/workspace/rustup-home" "/workspace/cargo-home/bin/cargo" "+895980e0290783bb09b1ccf1b11f14eb09b10430" "metadata" "--manifest-path" "Cargo.toml" "--no-deps", kill_on_drop: false }`
[INFO] crate crates.io crate pm-accounts 0.1.0-alpha.1 already has a lockfile, it will not be regenerated
[INFO] running `Command { std: CARGO_HOME="/workspace/cargo-home" RUSTUP_HOME="/workspace/rustup-home" "/workspace/cargo-home/bin/cargo" "+895980e0290783bb09b1ccf1b11f14eb09b10430" "fetch" "--manifest-path" "Cargo.toml", kill_on_drop: false }`
[INFO] [stderr]     Blocking waiting for file lock on package cache
[INFO] [stderr]     Blocking waiting for file lock on package cache
[INFO] [stderr]  Downloading crates ...
[INFO] [stderr]   Downloaded tokio-macros v2.5.0
[INFO] [stderr]   Downloaded unicode-ident v1.0.16
[INFO] [stderr]   Downloaded quote v1.0.38
[INFO] [stderr]   Downloaded wasm-bindgen-macro v0.2.100
[INFO] [stderr]   Downloaded arrayref v0.3.9
[INFO] [stderr]   Downloaded pm-types v0.1.0-alpha.1
[INFO] [stderr]   Downloaded wasm-bindgen-shared v0.2.100
[INFO] [stderr]   Downloaded matchit v0.7.3
[INFO] [stderr]   Downloaded wasm-bindgen-macro-support v0.2.100
[INFO] [stderr]   Downloaded winter-utils v0.11.0
[INFO] [stderr]   Downloaded smawk v0.3.2
[INFO] [stderr]   Downloaded log v0.4.25
[INFO] [stderr]   Downloaded tonic-build v0.12.3
[INFO] [stderr]   Downloaded clap_derive v4.5.24
[INFO] [stderr]   Downloaded prost v0.13.4
[INFO] [stderr]   Downloaded supports-hyperlinks v3.1.0
[INFO] [stderr]   Downloaded pm-utils-cli v0.1.0-alpha.1
[INFO] [stderr]   Downloaded bitflags v2.8.0
[INFO] [stderr]   Downloaded winter-rand-utils v0.11.0
[INFO] [stderr]   Downloaded wit-bindgen-rt v0.33.0
[INFO] [stderr]   Downloaded rustversion v1.0.19
[INFO] [stderr]   Downloaded jobserver v0.1.32
[INFO] [stderr]   Downloaded multimap v0.10.0
[INFO] [stderr]   Downloaded terminal_size v0.4.1
[INFO] [stderr]   Downloaded winter-maybe-async v0.11.0
[INFO] [stderr]   Downloaded logos-derive v0.14.4
[INFO] [stderr]   Downloaded dissimilar v1.0.9
[INFO] [stderr]   Downloaded miden-verifier v0.12.0
[INFO] [stderr]   Downloaded anstyle-wincon v3.0.7
[INFO] [stderr]   Downloaded miette-derive v7.4.0
[INFO] [stderr]   Downloaded beef v0.5.2
[INFO] [stderr]   Downloaded winter-verifier v0.11.0
[INFO] [stderr]   Downloaded miniz_oxide v0.8.3
[INFO] [stderr]   Downloaded wasm-bindgen-backend v0.2.100
[INFO] [stderr]   Downloaded js-sys v0.3.77
[INFO] [stderr]   Downloaded either v1.13.0
[INFO] [stderr]   Downloaded thiserror v2.0.11
[INFO] [stderr]   Downloaded glob v0.3.2
[INFO] [stderr]   Downloaded tracing-attributes v0.1.28
[INFO] [stderr]   Downloaded tempfile v3.16.0
[INFO] [stderr]   Downloaded getrandom v0.3.1
[INFO] [stderr]   Downloaded rustls-native-certs v0.8.1
[INFO] [stderr]   Downloaded security-framework-sys v2.14.0
[INFO] [stderr]   Downloaded hyper-timeout v0.5.2
[INFO] [stderr]   Downloaded owo-colors v4.1.0
[INFO] [stderr]   Downloaded winter-fri v0.11.0
[INFO] [stderr]   Downloaded proc-macro2 v1.0.93
[INFO] [stderr]   Downloaded serde_derive v1.0.217
[INFO] [stderr]   Downloaded ryu v1.0.19
[INFO] [stderr]   Downloaded winter-crypto v0.11.0
[INFO] [stderr]   Downloaded thiserror-impl v2.0.11
[INFO] [stderr]   Downloaded prost-derive v0.13.4
[INFO] [stderr]   Downloaded prost-build v0.13.4
[INFO] [stderr]   Downloaded tokio-rustls v0.26.1
[INFO] [stderr]   Downloaded core-foundation v0.10.0
[INFO] [stderr]   Downloaded axum-core v0.4.5
[INFO] [stderr]   Downloaded async-trait v0.1.85
[INFO] [stderr]   Downloaded protox-parse v0.7.0
[INFO] [stderr]   Downloaded socket2 v0.5.8
[INFO] [stderr]   Downloaded bytes v1.9.0
[INFO] [stderr]   Downloaded serde v1.0.217
[INFO] [stderr]   Downloaded winter-math v0.11.0
[INFO] [stderr]   Downloaded clap v4.5.27
[INFO] [stderr]   Downloaded clap_lex v0.7.4
[INFO] [stderr]   Downloaded tracing v0.1.41
[INFO] [stderr]   Downloaded prost-types v0.13.4
[INFO] [stderr]   Downloaded prettyplease v0.2.29
[INFO] [stderr]   Downloaded pin-project-internal v1.1.8
[INFO] [stderr]   Downloaded protox v0.7.2
[INFO] [stderr]   Downloaded trybuild v1.0.103
[INFO] [stderr]   Downloaded strip-ansi-escapes v0.2.1
[INFO] [stderr]   Downloaded logos-codegen v0.14.4
[INFO] [stderr]   Downloaded wasm-bindgen v0.2.100
[INFO] [stderr]   Downloaded rayon-core v1.12.1
[INFO] [stderr]   Downloaded anyhow v1.0.95
[INFO] [stderr]   Downloaded pin-project v1.1.8
[INFO] [stderr]   Downloaded rustls-pki-types v1.11.0
[INFO] [stderr]   Downloaded textwrap v0.16.1
[INFO] [stderr]   Downloaded winter-air v0.11.0
[INFO] [stderr]   Downloaded mio v1.0.3
[INFO] [stderr]   Downloaded bumpalo v3.17.0
[INFO] [stderr]   Downloaded indexmap v2.7.1
[INFO] [stderr]   Downloaded security-framework v3.2.0
[INFO] [stderr]   Downloaded prost-reflect v0.14.5
[INFO] [stderr]   Downloaded miden-tx v0.7.0
[INFO] [stderr]   Downloaded cc v1.2.10
[INFO] [stderr]   Downloaded tonic v0.12.3
[INFO] [stderr]   Downloaded tower v0.4.13
[INFO] [stderr]   Downloaded miette v7.4.0
[INFO] [stderr]   Downloaded tokio-util v0.7.13
[INFO] [stderr]   Downloaded http v1.2.0
[INFO] [stderr]   Downloaded miden-core v0.12.0
[INFO] [stderr]   Downloaded syn v2.0.96
[INFO] [stderr]   Downloaded serde_json v1.0.138
[INFO] [stderr]   Downloaded wasi v0.13.3+wasi-0.2.2
[INFO] [stderr]   Downloaded miden-client v0.7.0
[INFO] [stderr]   Downloaded axum v0.7.9
[INFO] [stderr]   Downloaded miden-crypto v0.13.2
[INFO] [stderr]   Downloaded rayon v1.10.0
[INFO] [stderr]   Downloaded blake3 v1.5.5
[INFO] [stderr]   Downloaded clap_builder v4.5.27
[INFO] [stderr]   Downloaded object v0.36.7
[INFO] [stderr]   Downloaded windows-core v0.52.0
[INFO] [stderr]   Downloaded terminal_size v0.3.0
[INFO] [stderr]   Downloaded vte v0.14.1
[INFO] [stderr]   Downloaded semver v1.0.25
[INFO] [stderr]   Downloaded dirs-sys-next v0.1.2
[INFO] [stderr]   Downloaded rustls v0.23.21
[INFO] [stderr]   Downloaded rustc_version v0.2.3
[INFO] [stderr]   Downloaded winapi-util v0.1.9
[INFO] [stderr]   Downloaded semver-parser v0.7.0
[INFO] [stderr]   Downloaded string_cache v0.8.7
[INFO] [stderr]   Downloaded miden-rpc-proto v0.7.2
[INFO] [stderr]   Downloaded petgraph v0.6.5
[INFO] [stderr]   Downloaded libc v0.2.169
[INFO] [stderr]   Downloaded tokio v1.43.0
[INFO] [stderr]   Downloaded logos v0.14.4
[INFO] [stderr]   Downloaded dirs-next v2.0.0
[INFO] [stderr]   Downloaded deadpool-runtime v0.1.4
[INFO] [stderr]   Downloaded phf_shared v0.10.0
[INFO] [stderr]   Downloaded libredox v0.1.3
[INFO] [stderr]   Downloaded redox_syscall v0.5.8
[INFO] [stderr]   Downloaded siphasher v0.3.11
[INFO] [stderr]   Downloaded lalrpop-util v0.20.2
[INFO] [stderr]   Downloaded precomputed-hash v0.1.1
[INFO] [stderr]   Downloaded deadpool-sqlite v0.9.0
[INFO] [stderr]   Downloaded crunchy v0.2.3
[INFO] [stderr]   Downloaded deadpool-sync v0.1.4
[INFO] [stderr]   Downloaded miden-formatting v0.1.1
[INFO] [stderr]   Downloaded rand_xoshiro v0.6.0
[INFO] [stderr]   Downloaded indenter v0.3.3
[INFO] [stderr]   Downloaded ascii-canvas v3.0.0
[INFO] [stderr]   Downloaded target-triple v0.1.3
[INFO] [stderr]   Downloaded miden-prover v0.12.0
[INFO] [stderr]   Downloaded miden-miette-derive v8.0.0
[INFO] [stderr]   Downloaded generator v0.8.4
[INFO] [stderr]   Downloaded ena v0.14.3
[INFO] [stderr]   Downloaded deadpool v0.12.1
[INFO] [stderr]   Downloaded iana-time-zone v0.1.61
[INFO] [stderr]   Downloaded semver v0.9.0
[INFO] [stderr]   Downloaded term v0.7.0
[INFO] [stderr]   Downloaded winter-prover v0.11.0
[INFO] [stderr]   Downloaded loom v0.7.2
[INFO] [stderr]   Downloaded miden-air v0.12.0
[INFO] [stderr]   Downloaded miden-lib v0.7.0
[INFO] [stderr]   Downloaded miden-miette v8.0.0
[INFO] [stderr]   Downloaded winnow v0.6.25
[INFO] [stderr]   Downloaded miden-objects v0.7.2
[INFO] [stderr]   Downloaded miden-assembly v0.12.0
[INFO] [stderr]   Downloaded miden-processor v0.12.0
[INFO] [stderr]   Downloaded miden-stdlib v0.12.0
[INFO] [stderr]   Downloaded lalrpop v0.20.2
[INFO] running `Command { std: "docker" "create" "-v" "/var/lib/crater-agent-workspace/builds/worker-3-tc2/source:/opt/rustwide/workdir:ro,Z" "-v" "/var/lib/crater-agent-workspace/builds/worker-3-tc2/target:/opt/rustwide/target:rw,Z" "-v" "/var/lib/crater-agent-workspace/cargo-home:/opt/rustwide/cargo-home:ro,Z" "-v" "/var/lib/crater-agent-workspace/rustup-home:/opt/rustwide/rustup-home:ro,Z" "-m" "1610612736" "--network" "none" "ghcr.io/rust-lang/crates-build-env/linux@sha256:77db811e55d90add9212f6832c23229e3de5f1c1f9905e8cb07319ea15df73ac" "sleep" "infinity", kill_on_drop: false }`
[INFO] [stdout] 9687c6bed913042f98fd07cc45d1e19acca71589f745ac75c6de80c714c27ea2
[INFO] running `Command { std: "docker" "start" "9687c6bed913042f98fd07cc45d1e19acca71589f745ac75c6de80c714c27ea2", kill_on_drop: false }`
[INFO] running `Command { std: "docker" "inspect" "9687c6bed913042f98fd07cc45d1e19acca71589f745ac75c6de80c714c27ea2", kill_on_drop: false }`
[INFO] running `Command { std: "docker" "exec" "-e" "SOURCE_DIR=/opt/rustwide/workdir" "-e" "CARGO_HOME=/opt/rustwide/cargo-home" "-e" "RUSTUP_HOME=/opt/rustwide/rustup-home" "-e" "CARGO_TARGET_DIR=/opt/rustwide/target" "-w" "/opt/rustwide/workdir" "--user" "0:0" "9687c6bed913042f98fd07cc45d1e19acca71589f745ac75c6de80c714c27ea2" "/opt/rustwide/cargo-home/bin/cargo" "+895980e0290783bb09b1ccf1b11f14eb09b10430" "metadata" "--no-deps" "--format-version=1", kill_on_drop: false }`
[INFO] running `Command { std: "docker" "inspect" "9687c6bed913042f98fd07cc45d1e19acca71589f745ac75c6de80c714c27ea2", kill_on_drop: false }`
[INFO] running `Command { std: "docker" "exec" "-e" "SOURCE_DIR=/opt/rustwide/workdir" "-e" "CARGO_HOME=/opt/rustwide/cargo-home" "-e" "RUSTUP_HOME=/opt/rustwide/rustup-home" "-e" "CARGO_TARGET_DIR=/opt/rustwide/target" "-e" "CARGO_INCREMENTAL=0" "-e" "RUST_BACKTRACE=full" "-e" "RUSTFLAGS=--cap-lints=forbid" "-e" "RUSTDOCFLAGS=--cap-lints=forbid" "-w" "/opt/rustwide/workdir" "--user" "0:0" "9687c6bed913042f98fd07cc45d1e19acca71589f745ac75c6de80c714c27ea2" "/opt/rustwide/cargo-home/bin/cargo" "+895980e0290783bb09b1ccf1b11f14eb09b10430" "check" "--frozen" "--all" "--all-targets" "--message-format=json", kill_on_drop: false }`
[INFO] [stderr]    Compiling proc-macro2 v1.0.93
[INFO] [stderr]    Compiling unicode-ident v1.0.16
[INFO] [stderr]    Compiling libc v0.2.169
[INFO] [stderr]    Compiling autocfg v1.4.0
[INFO] [stderr]    Compiling version_check v0.9.5
[INFO] [stderr]    Compiling crossbeam-utils v0.8.21
[INFO] [stderr]    Compiling libm v0.2.11
[INFO] [stderr]    Compiling typenum v1.17.0
[INFO] [stderr]    Compiling rayon-core v1.12.1
[INFO] [stderr]    Compiling either v1.13.0
[INFO] [stderr]    Compiling rustix v0.38.44
[INFO] [stderr]    Compiling object v0.36.7
[INFO] [stderr]    Compiling memchr v2.7.4
[INFO] [stderr]    Compiling serde v1.0.217
[INFO] [stderr]    Compiling parking_lot_core v0.9.10
[INFO] [stderr]    Compiling owo-colors v4.1.0
[INFO] [stderr]    Compiling thiserror v2.0.11
[INFO] [stderr]     Checking pin-project-lite v0.2.16
[INFO] [stderr]    Compiling once_cell v1.20.2
[INFO] [stderr]    Compiling linux-raw-sys v0.4.15
[INFO] [stderr]    Compiling generic-array v0.14.7
[INFO] [stderr]    Compiling bitflags v2.8.0
[INFO] [stderr]    Compiling glob v0.3.2
[INFO] [stderr]    Compiling gimli v0.31.1
[INFO] [stderr]    Compiling adler2 v2.0.0
[INFO] [stderr]    Compiling smallvec v1.13.2
[INFO] [stderr]    Compiling scopeguard v1.2.0
[INFO] [stderr]    Compiling num-traits v0.2.19
[INFO] [stderr]    Compiling lock_api v0.4.12
[INFO] [stderr]    Compiling miniz_oxide v0.8.3
[INFO] [stderr]    Compiling rustc-demangle v0.1.24
[INFO] [stderr]    Compiling constant_time_eq v0.3.1
[INFO] [stderr]    Compiling keccak v0.1.5
[INFO] [stderr]    Compiling arrayref v0.3.9
[INFO] [stderr]    Compiling unicode-width v0.1.14
[INFO] [stderr]    Compiling quote v1.0.38
[INFO] [stderr]    Compiling hashbrown v0.15.2
[INFO] [stderr]    Compiling crossbeam-epoch v0.9.18
[INFO] [stderr]    Compiling unicode-linebreak v0.1.5
[INFO] [stderr]    Compiling is_ci v1.2.0
[INFO] [stderr]    Compiling byteorder v1.5.0
[INFO] [stderr]    Compiling smawk v0.3.2
[INFO] [stderr]    Compiling syn v2.0.96
[INFO] [stderr]    Compiling supports-color v3.0.2
[INFO] [stderr]    Compiling aho-corasick v1.1.3
[INFO] [stderr]    Compiling crossbeam-deque v0.8.6
[INFO] [stderr]    Compiling textwrap v0.16.1
[INFO] [stderr]    Compiling supports-unicode v3.0.0
[INFO] [stderr]    Compiling utf8parse v0.2.2
[INFO] [stderr]    Compiling supports-hyperlinks v3.1.0
[INFO] [stderr]    Compiling block-buffer v0.10.4
[INFO] [stderr]    Compiling crypto-common v0.1.6
[INFO] [stderr]    Compiling indexmap v2.7.1
[INFO] [stderr]    Compiling num-integer v0.1.46
[INFO] [stderr]    Compiling anstyle-parse v0.2.6
[INFO] [stderr]    Compiling jobserver v0.1.32
[INFO] [stderr]    Compiling digest v0.10.7
[INFO] [stderr]    Compiling getrandom v0.2.15
[INFO] [stderr]    Compiling cc v1.2.10
[INFO] [stderr]    Compiling rand_core v0.6.4
[INFO] [stderr]    Compiling dirs-sys-next v0.1.2
[INFO] [stderr]    Compiling rayon v1.10.0
[INFO] [stderr]    Compiling parking_lot v0.12.3
[INFO] [stderr]    Compiling sha3 v0.10.8
[INFO] [stderr]    Compiling is_terminal_polyfill v1.70.1
[INFO] [stderr]    Compiling semver v1.0.25
[INFO] [stderr]    Compiling colorchoice v1.0.3
[INFO] [stderr]    Compiling crunchy v0.2.3
[INFO] [stderr]    Compiling anstyle v1.0.10
[INFO] [stderr]    Compiling anstyle-query v1.1.2
[INFO] [stderr]    Compiling regex-automata v0.4.9
[INFO] [stderr]    Compiling fixedbitset v0.4.2
[INFO] [stderr]    Compiling log v0.4.25
[INFO] [stderr]    Compiling anstream v0.6.18
[INFO] [stderr]    Compiling dirs-next v2.0.0
[INFO] [stderr]    Compiling num-bigint v0.4.6
[INFO] [stderr]    Compiling petgraph v0.6.5
[INFO] [stderr]    Compiling clap_lex v0.7.4
[INFO] [stderr]    Compiling tiny-keccak v2.0.2
[INFO] [stderr]    Compiling siphasher v0.3.11
[INFO] [stderr]     Checking bytes v1.9.0
[INFO] [stderr]    Compiling phf_shared v0.10.0
[INFO] [stderr]    Compiling clap_builder v4.5.27
[INFO] [stderr]    Compiling term v0.7.0
[INFO] [stderr]    Compiling num-iter v0.1.45
[INFO] [stderr]    Compiling num-complex v0.4.6
[INFO] [stderr]    Compiling precomputed-hash v0.1.1
[INFO] [stderr]    Compiling new_debug_unreachable v1.0.6
[INFO] [stderr]    Compiling bit-vec v0.6.3
[INFO] [stderr]    Compiling string_cache v0.8.7
[INFO] [stderr]    Compiling ascii-canvas v3.0.0
[INFO] [stderr]    Compiling bit-set v0.5.3
[INFO] [stderr]    Compiling ena v0.14.3
[INFO] [stderr]    Compiling tracing-core v0.1.33
[INFO] [stderr]    Compiling itertools v0.11.0
[INFO] [stderr]    Compiling spin v0.9.8
[INFO] [stderr]    Compiling addr2line v0.24.2
[INFO] [stderr]    Compiling num-rational v0.4.2
[INFO] [stderr] error: could not compile `gimli` (lib)
[INFO] [stderr] 
[INFO] [stderr] Caused by:
[INFO] [stderr]   process didn't exit successfully: `/opt/rustwide/rustup-home/toolchains/895980e0290783bb09b1ccf1b11f14eb09b10430/bin/rustc --crate-name gimli --edition=2018 /opt/rustwide/cargo-home/registry/src/index.crates.io-1949cf8c6b5b557f/gimli-0.31.1/src/lib.rs --error-format=json --json=diagnostic-rendered-ansi,artifacts,future-incompat,unused-externs-silent --crate-type lib --emit=dep-info,metadata,link -Z embed-metadata=no -C embed-bitcode=no --cfg 'feature="read"' --cfg 'feature="read-core"' --check-cfg 'cfg(docsrs,test)' --check-cfg 'cfg(feature, values("default", "endian-reader", "fallible-iterator", "read", "read-all", "read-core", "rustc-dep-of-std", "std", "write"))' -C metadata=5a6e98a75c2eb76f -C extra-filename=-c231d64f92266cef --out-dir /opt/rustwide/target/debug/build/gimli/c231d64f92266cef/out --cap-lints allow --cap-lints=forbid --force-warn=unused_crate_dependencies` (signal: 9, SIGKILL: kill)
[INFO] [stderr] warning: build failed, waiting for other jobs to finish...
[INFO] [stderr] error: could not compile `object` (lib)
[INFO] [stderr] 
[INFO] [stderr] Caused by:
[INFO] [stderr]   process didn't exit successfully: `/opt/rustwide/rustup-home/toolchains/895980e0290783bb09b1ccf1b11f14eb09b10430/bin/rustc --crate-name object --edition=2018 /opt/rustwide/cargo-home/registry/src/index.crates.io-1949cf8c6b5b557f/object-0.36.7/src/lib.rs --error-format=json --json=diagnostic-rendered-ansi,artifacts,future-incompat,unused-externs-silent --crate-type lib --emit=dep-info,metadata,link -Z embed-metadata=no -C embed-bitcode=no --cfg 'feature="archive"' --cfg 'feature="coff"' --cfg 'feature="elf"' --cfg 'feature="macho"' --cfg 'feature="pe"' --cfg 'feature="read_core"' --cfg 'feature="unaligned"' --cfg 'feature="xcoff"' --check-cfg 'cfg(docsrs,test)' --check-cfg 'cfg(feature, values("all", "alloc", "archive", "build", "build_core", "cargo-all", "coff", "compiler_builtins", "compression", "core", "default", "doc", "elf", "macho", "pe", "read", "read_core", "rustc-dep-of-std", "std", "unaligned", "unstable", "unstable-all", "wasm", "write", "write_core", "write_std", "xcoff"))' -C metadata=222c6f0c55830e1b -C extra-filename=-511d29b59c95e15d --out-dir /opt/rustwide/target/debug/build/object/511d29b59c95e15d/out --extern memchr=/opt/rustwide/target/debug/build/memchr/371cdb7d366b303a/out/libmemchr-371cdb7d366b303a.rmeta --cap-lints allow --cap-lints=forbid --force-warn=unused_crate_dependencies --cfg core_error --check-cfg 'cfg(core_error)'` (signal: 9, SIGKILL: kill)
[INFO] running `Command { std: "docker" "inspect" "9687c6bed913042f98fd07cc45d1e19acca71589f745ac75c6de80c714c27ea2", kill_on_drop: false }`
[INFO] running `Command { std: "docker" "rm" "-f" "9687c6bed913042f98fd07cc45d1e19acca71589f745ac75c6de80c714c27ea2", kill_on_drop: false }`
[INFO] [stdout] 9687c6bed913042f98fd07cc45d1e19acca71589f745ac75c6de80c714c27ea2
