[INFO] fetching crate patina_test 24.0.0...
[INFO] checking patina_test-24.0.0 against 895980e0290783bb09b1ccf1b11f14eb09b10430 for pr-160186
[INFO] extracting crate patina_test 24.0.0 into /workspace/builds/worker-4-tc2/source
[INFO] started tweaking crates.io crate patina_test 24.0.0
[INFO] finished tweaking crates.io crate patina_test 24.0.0
[INFO] tweaked toml for crates.io crate patina_test 24.0.0 written to /workspace/builds/worker-4-tc2/source/Cargo.toml
[INFO] validating manifest of crates.io crate patina_test 24.0.0 on toolchain 895980e0290783bb09b1ccf1b11f14eb09b10430
[INFO] running `Command { std: CARGO_HOME="/workspace/cargo-home" RUSTUP_HOME="/workspace/rustup-home" "/workspace/cargo-home/bin/cargo" "+895980e0290783bb09b1ccf1b11f14eb09b10430" "metadata" "--manifest-path" "Cargo.toml" "--no-deps", kill_on_drop: false }`
[INFO] crate crates.io crate patina_test 24.0.0 already has a lockfile, it will not be regenerated
[INFO] running `Command { std: CARGO_HOME="/workspace/cargo-home" RUSTUP_HOME="/workspace/rustup-home" "/workspace/cargo-home/bin/cargo" "+895980e0290783bb09b1ccf1b11f14eb09b10430" "fetch" "--manifest-path" "Cargo.toml", kill_on_drop: false }`
[INFO] running `Command { std: "docker" "create" "-v" "/var/lib/crater-agent-workspace/builds/worker-4-tc2/source:/opt/rustwide/workdir:ro,Z" "-v" "/var/lib/crater-agent-workspace/builds/worker-4-tc2/target:/opt/rustwide/target:rw,Z" "-v" "/var/lib/crater-agent-workspace/cargo-home:/opt/rustwide/cargo-home:ro,Z" "-v" "/var/lib/crater-agent-workspace/rustup-home:/opt/rustwide/rustup-home:ro,Z" "-m" "1610612736" "--network" "none" "ghcr.io/rust-lang/crates-build-env/linux@sha256:77db811e55d90add9212f6832c23229e3de5f1c1f9905e8cb07319ea15df73ac" "sleep" "infinity", kill_on_drop: false }`
[INFO] [stdout] b652c043e7d751e8827a086cc359540d590c098af6377dd29ab497f42815f4ed
[INFO] running `Command { std: "docker" "start" "b652c043e7d751e8827a086cc359540d590c098af6377dd29ab497f42815f4ed", kill_on_drop: false }`
[INFO] running `Command { std: "docker" "inspect" "b652c043e7d751e8827a086cc359540d590c098af6377dd29ab497f42815f4ed", kill_on_drop: false }`
[INFO] running `Command { std: "docker" "exec" "-e" "SOURCE_DIR=/opt/rustwide/workdir" "-e" "CARGO_HOME=/opt/rustwide/cargo-home" "-e" "RUSTUP_HOME=/opt/rustwide/rustup-home" "-e" "CARGO_TARGET_DIR=/opt/rustwide/target" "-w" "/opt/rustwide/workdir" "--user" "0:0" "b652c043e7d751e8827a086cc359540d590c098af6377dd29ab497f42815f4ed" "/opt/rustwide/cargo-home/bin/cargo" "+895980e0290783bb09b1ccf1b11f14eb09b10430" "metadata" "--no-deps" "--format-version=1", kill_on_drop: false }`
[INFO] running `Command { std: "docker" "inspect" "b652c043e7d751e8827a086cc359540d590c098af6377dd29ab497f42815f4ed", kill_on_drop: false }`
[INFO] running `Command { std: "docker" "exec" "-e" "SOURCE_DIR=/opt/rustwide/workdir" "-e" "CARGO_HOME=/opt/rustwide/cargo-home" "-e" "RUSTUP_HOME=/opt/rustwide/rustup-home" "-e" "CARGO_TARGET_DIR=/opt/rustwide/target" "-e" "CARGO_INCREMENTAL=0" "-e" "RUST_BACKTRACE=full" "-e" "RUSTFLAGS=--cap-lints=forbid" "-e" "RUSTDOCFLAGS=--cap-lints=forbid" "-w" "/opt/rustwide/workdir" "--user" "0:0" "b652c043e7d751e8827a086cc359540d590c098af6377dd29ab497f42815f4ed" "/opt/rustwide/cargo-home/bin/cargo" "+895980e0290783bb09b1ccf1b11f14eb09b10430" "check" "--frozen" "--all" "--all-targets" "--message-format=json", kill_on_drop: false }`
[INFO] [stderr]    Compiling syn v2.0.119
[INFO] [stderr]    Compiling zerocopy v0.8.63
[INFO] [stderr]    Compiling scroll_derive v0.13.2
[INFO] [stderr]    Compiling linkme-impl v0.3.37
[INFO] [stderr]    Compiling powerfmt v0.2.1
[INFO] [stderr]    Compiling deranged v0.5.9
[INFO] [stderr]    Compiling crc32fast v1.5.2
[INFO] [stderr]    Compiling time-macros v0.2.32
[INFO] [stderr]    Compiling linkme v0.3.37
[INFO] [stderr]    Compiling uuid v1.28.0
[INFO] [stderr]     Checking plain v0.2.3
[INFO] [stderr]     Checking spin v0.12.3
[INFO] [stderr]     Checking r-efi v7.1.0
[INFO] [stderr]     Checking bitvec v1.1.1
[INFO] [stderr]     Checking uart_16550 v0.8.1
[INFO] [stderr]    Compiling patina_macro v24.0.0
[INFO] [stderr]     Checking scroll v0.13.0
[INFO] [stderr]     Checking goblin v0.10.7
[INFO] [stderr]    Compiling time v0.3.55
[INFO] [stderr]    Compiling zerocopy-derive v0.8.63
[INFO] [stderr]    Compiling compile-time v0.2.0
[INFO] [stderr]     Checking safe-mmio v0.3.2
[INFO] [stderr]     Checking patina v24.0.0
[INFO] [stderr]     Checking patina_test v24.0.0 (/opt/rustwide/workdir)
[INFO] [stdout] error[E0432]: unresolved imports `patina::component::service::uefi_services::event::MockEventServices`, `patina::component::service::uefi_services::timer_event::MockTimerEventServices`
[INFO] [stdout]    --> src/component.rs:274:13
[INFO] [stdout]     |
[INFO] [stdout] 274 |             event::MockEventServices, timer_event::MockTimerEventServices,
[INFO] [stdout]     |             ^^^^^^^-----------------  ^^^^^^^^^^^^^----------------------
[INFO] [stdout]     |                    |                               |
[INFO] [stdout]     |                    |                               no `MockTimerEventServices` in `component::service::uefi_services::timer_event`
[INFO] [stdout]     |                    no `MockEventServices` in `component::service::uefi_services::event`
[INFO] [stdout]     |
[INFO] [stdout] help: a similar name exists in the module
[INFO] [stdout]     |
[INFO] [stdout] 274 -             event::MockEventServices, timer_event::MockTimerEventServices,
[INFO] [stdout] 274 +             event::EventServices, timer_event::MockTimerEventServices,
[INFO] [stdout]     |
[INFO] [stdout] help: a similar name exists in the module
[INFO] [stdout]     |
[INFO] [stdout] 274 -             event::MockEventServices, timer_event::MockTimerEventServices,
[INFO] [stdout] 274 +             event::MockEventServices, timer_event::TimerEventServices,
[INFO] [stdout]     |
[INFO] [stdout] 
[INFO] [stdout] 
[INFO] [stdout] error[E0432]: unresolved imports `patina::component::service::uefi_services::event::MockEventServices`, `patina::component::service::uefi_services::timer_event::MockTimerEventServices`
[INFO] [stdout]    --> src/component.rs:297:28
[INFO] [stdout]     |
[INFO] [stdout] 297 |             event::{Event, MockEventServices},
[INFO] [stdout]     |                            ^^^^^^^^^^^^^^^^^ no `MockEventServices` in `component::service::uefi_services::event`
[INFO] [stdout] 298 |             timer_event::MockTimerEventServices,
[INFO] [stdout]     |             ^^^^^^^^^^^^^----------------------
[INFO] [stdout]     |                          |
[INFO] [stdout]     |                          no `MockTimerEventServices` in `component::service::uefi_services::timer_event`
[INFO] [stdout]     |
[INFO] [stdout] help: a similar name exists in the module
[INFO] [stdout]     |
[INFO] [stdout] 297 -             event::{Event, MockEventServices},
[INFO] [stdout] 297 +             event::{Event, EventServices},
[INFO] [stdout]     |
[INFO] [stdout] help: a similar name exists in the module
[INFO] [stdout]     |
[INFO] [stdout] 298 -             timer_event::MockTimerEventServices,
[INFO] [stdout] 298 +             timer_event::TimerEventServices,
[INFO] [stdout]     |
[INFO] [stdout] 
[INFO] [stdout] 
[INFO] [stdout] error[E0432]: unresolved imports `patina::component::service::uefi_services::event::MockEventServices`, `patina::component::service::uefi_services::timer_event::MockTimerEventServices`
[INFO] [stdout]    --> src/service.rs:397:49
[INFO] [stdout]     |
[INFO] [stdout] 397 |             event::{Event, EventNotifyCallback, MockEventServices},
[INFO] [stdout]     |                                                 ^^^^^^^^^^^^^^^^^ no `MockEventServices` in `component::service::uefi_services::event`
[INFO] [stdout] 398 |             timer_event::MockTimerEventServices,
[INFO] [stdout]     |             ^^^^^^^^^^^^^----------------------
[INFO] [stdout]     |                          |
[INFO] [stdout]     |                          no `MockTimerEventServices` in `component::service::uefi_services::timer_event`
[INFO] [stdout]     |
[INFO] [stdout] help: a similar name exists in the module
[INFO] [stdout]     |
[INFO] [stdout] 397 -             event::{Event, EventNotifyCallback, MockEventServices},
[INFO] [stdout] 397 +             event::{Event, EventNotifyCallback, EventServices},
[INFO] [stdout]     |
[INFO] [stdout] help: a similar name exists in the module
[INFO] [stdout]     |
[INFO] [stdout] 398 -             timer_event::MockTimerEventServices,
[INFO] [stdout] 398 +             timer_event::TimerEventServices,
[INFO] [stdout]     |
[INFO] [stdout] 
[INFO] [stdout] 
[INFO] [stdout] error[E0432]: unresolved imports `patina::component::service::uefi_services::event::MockEventServices`, `patina::component::service::uefi_services::timer_event::MockTimerEventServices`
[INFO] [stdout]    --> src/service.rs:437:40
[INFO] [stdout]     |
[INFO] [stdout] 437 |             event::{Event, EventError, MockEventServices},
[INFO] [stdout]     |                                        ^^^^^^^^^^^^^^^^^ no `MockEventServices` in `component::service::uefi_services::event`
[INFO] [stdout] 438 |             timer_event::MockTimerEventServices,
[INFO] [stdout]     |             ^^^^^^^^^^^^^----------------------
[INFO] [stdout]     |                          |
[INFO] [stdout]     |                          no `MockTimerEventServices` in `component::service::uefi_services::timer_event`
[INFO] [stdout]     |
[INFO] [stdout] help: a similar name exists in the module
[INFO] [stdout]     |
[INFO] [stdout] 437 -             event::{Event, EventError, MockEventServices},
[INFO] [stdout] 437 +             event::{Event, EventError, EventServices},
[INFO] [stdout]     |
[INFO] [stdout] help: a similar name exists in the module
[INFO] [stdout]     |
[INFO] [stdout] 438 -             timer_event::MockTimerEventServices,
[INFO] [stdout] 438 +             timer_event::TimerEventServices,
[INFO] [stdout]     |
[INFO] [stdout] 
[INFO] [stdout] 
[INFO] [stdout] error[E0432]: unresolved imports `patina::component::service::uefi_services::event::MockEventServices`, `patina::component::service::uefi_services::timer_event::MockTimerEventServices`
[INFO] [stdout]    --> src/service.rs:474:40
[INFO] [stdout]     |
[INFO] [stdout] 474 |             event::{Event, EventError, MockEventServices},
[INFO] [stdout]     |                                        ^^^^^^^^^^^^^^^^^ no `MockEventServices` in `component::service::uefi_services::event`
[INFO] [stdout] 475 |             timer_event::MockTimerEventServices,
[INFO] [stdout]     |             ^^^^^^^^^^^^^----------------------
[INFO] [stdout]     |                          |
[INFO] [stdout]     |                          no `MockTimerEventServices` in `component::service::uefi_services::timer_event`
[INFO] [stdout]     |
[INFO] [stdout] help: a similar name exists in the module
[INFO] [stdout]     |
[INFO] [stdout] 474 -             event::{Event, EventError, MockEventServices},
[INFO] [stdout] 474 +             event::{Event, EventError, EventServices},
[INFO] [stdout]     |
[INFO] [stdout] help: a similar name exists in the module
[INFO] [stdout]     |
[INFO] [stdout] 475 -             timer_event::MockTimerEventServices,
[INFO] [stdout] 475 +             timer_event::TimerEventServices,
[INFO] [stdout]     |
[INFO] [stdout] 
[INFO] [stdout] 
[INFO] [stdout] error[E0432]: unresolved imports `patina::component::service::uefi_services::event::MockEventServices`, `patina::component::service::uefi_services::timer_event::MockTimerEventServices`
[INFO] [stdout]    --> src/service.rs:506:40
[INFO] [stdout]     |
[INFO] [stdout] 506 |             event::{Event, EventError, MockEventServices},
[INFO] [stdout]     |                                        ^^^^^^^^^^^^^^^^^ no `MockEventServices` in `component::service::uefi_services::event`
[INFO] [stdout] 507 |             timer_event::MockTimerEventServices,
[INFO] [stdout]     |             ^^^^^^^^^^^^^----------------------
[INFO] [stdout]     |                          |
[INFO] [stdout]     |                          no `MockTimerEventServices` in `component::service::uefi_services::timer_event`
[INFO] [stdout]     |
[INFO] [stdout] help: a similar name exists in the module
[INFO] [stdout]     |
[INFO] [stdout] 506 -             event::{Event, EventError, MockEventServices},
[INFO] [stdout] 506 +             event::{Event, EventError, EventServices},
[INFO] [stdout]     |
[INFO] [stdout] help: a similar name exists in the module
[INFO] [stdout]     |
[INFO] [stdout] 507 -             timer_event::MockTimerEventServices,
[INFO] [stdout] 507 +             timer_event::TimerEventServices,
[INFO] [stdout]     |
[INFO] [stdout] 
[INFO] [stdout] 
[INFO] [stdout] error[E0432]: unresolved imports `patina::component::service::uefi_services::event::MockEventServices`, `patina::component::service::uefi_services::timer_event::MockTimerEventServices`
[INFO] [stdout]    --> src/service.rs:547:49
[INFO] [stdout]     |
[INFO] [stdout] 547 |             event::{Event, EventNotifyCallback, MockEventServices},
[INFO] [stdout]     |                                                 ^^^^^^^^^^^^^^^^^ no `MockEventServices` in `component::service::uefi_services::event`
[INFO] [stdout] 548 |             timer_event::MockTimerEventServices,
[INFO] [stdout]     |             ^^^^^^^^^^^^^----------------------
[INFO] [stdout]     |                          |
[INFO] [stdout]     |                          no `MockTimerEventServices` in `component::service::uefi_services::timer_event`
[INFO] [stdout]     |
[INFO] [stdout] help: a similar name exists in the module
[INFO] [stdout]     |
[INFO] [stdout] 547 -             event::{Event, EventNotifyCallback, MockEventServices},
[INFO] [stdout] 547 +             event::{Event, EventNotifyCallback, EventServices},
[INFO] [stdout]     |
[INFO] [stdout] help: a similar name exists in the module
[INFO] [stdout]     |
[INFO] [stdout] 548 -             timer_event::MockTimerEventServices,
[INFO] [stdout] 548 +             timer_event::TimerEventServices,
[INFO] [stdout]     |
[INFO] [stdout] 
[INFO] [stdout] 
[INFO] [stdout] error[E0432]: unresolved import `patina::component::service::uefi_services::event::MockEventServices`
[INFO] [stdout]    --> src/service.rs:618:92
[INFO] [stdout]     |
[INFO] [stdout] 618 |         use patina::component::service::uefi_services::event::{Event, EventNotifyCallback, MockEventServices};
[INFO] [stdout]     |                                                                                            ^^^^^^^^^^^^^^^^^ no `MockEventServices` in `component::service::uefi_services::event`
[INFO] [stdout]     |
[INFO] [stdout] help: a similar name exists in the module
[INFO] [stdout]     |
[INFO] [stdout] 618 -         use patina::component::service::uefi_services::event::{Event, EventNotifyCallback, MockEventServices};
[INFO] [stdout] 618 +         use patina::component::service::uefi_services::event::{Event, EventNotifyCallback, EventServices};
[INFO] [stdout]     |
[INFO] [stdout] 
[INFO] [stdout] 
[INFO] [stdout] For more information about this error, try `rustc --explain E0432`.
[INFO] [stdout] 
[INFO] [stderr] error: could not compile `patina_test` (lib test) due to 8 previous errors
[INFO] running `Command { std: "docker" "inspect" "b652c043e7d751e8827a086cc359540d590c098af6377dd29ab497f42815f4ed", kill_on_drop: false }`
[INFO] running `Command { std: "docker" "rm" "-f" "b652c043e7d751e8827a086cc359540d590c098af6377dd29ab497f42815f4ed", kill_on_drop: false }`
[INFO] [stdout] b652c043e7d751e8827a086cc359540d590c098af6377dd29ab497f42815f4ed
