[INFO] fetching crate patina 24.0.0...
[INFO] checking patina-24.0.0 against 5c543b0b8c73c7b72bc8284ced4fb22ead15734d for pr-160186
[INFO] extracting crate patina 24.0.0 into /workspace/builds/worker-2-tc1/source
[INFO] started tweaking crates.io crate patina 24.0.0
[INFO] removed 0 missing examples
[INFO] removed 0 missing tests
[INFO] finished tweaking crates.io crate patina 24.0.0
[INFO] tweaked toml for crates.io crate patina 24.0.0 written to /workspace/builds/worker-2-tc1/source/Cargo.toml
[INFO] validating manifest of crates.io crate patina 24.0.0 on toolchain 5c543b0b8c73c7b72bc8284ced4fb22ead15734d
[INFO] running `Command { std: CARGO_HOME="/workspace/cargo-home" RUSTUP_HOME="/workspace/rustup-home" "/workspace/cargo-home/bin/cargo" "+5c543b0b8c73c7b72bc8284ced4fb22ead15734d" "metadata" "--manifest-path" "Cargo.toml" "--no-deps", kill_on_drop: false }`
[INFO] crate crates.io crate patina 24.0.0 already has a lockfile, it will not be regenerated
[INFO] running `Command { std: CARGO_HOME="/workspace/cargo-home" RUSTUP_HOME="/workspace/rustup-home" "/workspace/cargo-home/bin/cargo" "+5c543b0b8c73c7b72bc8284ced4fb22ead15734d" "fetch" "--manifest-path" "Cargo.toml", kill_on_drop: false }`
[INFO] [stderr]     Updating crates.io index
[INFO] [stderr]  Downloading crates ...
[INFO] [stderr]   Downloaded trybuild v1.0.122
[INFO] [stderr]   Downloaded scroll v0.13.0
[INFO] [stderr]   Downloaded uart_16550 v0.8.1
[INFO] [stderr]   Downloaded target-tuple v1.0.2
[INFO] [stderr]   Downloaded dissimilar v1.0.11
[INFO] [stderr]   Downloaded r-efi v7.1.0
[INFO] [stderr]   Downloaded scroll_derive v0.13.2
[INFO] [stderr]   Downloaded compile-time v0.2.0
[INFO] [stderr]   Downloaded mockall v0.15.0
[INFO] [stderr]   Downloaded mockall_derive v0.15.0
[INFO] [stderr]   Downloaded safe-mmio v0.3.2
[INFO] [stderr]   Downloaded patina_macro v24.0.0
[INFO] [stderr]   Downloaded goblin v0.10.7
[INFO] running `Command { std: "docker" "create" "-v" "/var/lib/crater-agent-workspace/builds/worker-2-tc1/source:/opt/rustwide/workdir:ro,Z" "-v" "/var/lib/crater-agent-workspace/builds/worker-2-tc1/target:/opt/rustwide/target:rw,Z" "-v" "/var/lib/crater-agent-workspace/cargo-home:/opt/rustwide/cargo-home:ro,Z" "-v" "/var/lib/crater-agent-workspace/rustup-home:/opt/rustwide/rustup-home:ro,Z" "-m" "1610612736" "--network" "none" "ghcr.io/rust-lang/crates-build-env/linux@sha256:77db811e55d90add9212f6832c23229e3de5f1c1f9905e8cb07319ea15df73ac" "sleep" "infinity", kill_on_drop: false }`
[INFO] [stdout] 82c0a65de4b3fbbb74c18136519525c3c252614d62cabdf17ae0ab16cd90d253
[INFO] running `Command { std: "docker" "start" "82c0a65de4b3fbbb74c18136519525c3c252614d62cabdf17ae0ab16cd90d253", kill_on_drop: false }`
[INFO] running `Command { std: "docker" "inspect" "82c0a65de4b3fbbb74c18136519525c3c252614d62cabdf17ae0ab16cd90d253", kill_on_drop: false }`
[INFO] running `Command { std: "docker" "exec" "-e" "SOURCE_DIR=/opt/rustwide/workdir" "-e" "CARGO_HOME=/opt/rustwide/cargo-home" "-e" "RUSTUP_HOME=/opt/rustwide/rustup-home" "-e" "CARGO_TARGET_DIR=/opt/rustwide/target" "-w" "/opt/rustwide/workdir" "--user" "0:0" "82c0a65de4b3fbbb74c18136519525c3c252614d62cabdf17ae0ab16cd90d253" "/opt/rustwide/cargo-home/bin/cargo" "+5c543b0b8c73c7b72bc8284ced4fb22ead15734d" "metadata" "--no-deps" "--format-version=1", kill_on_drop: false }`
[INFO] running `Command { std: "docker" "inspect" "82c0a65de4b3fbbb74c18136519525c3c252614d62cabdf17ae0ab16cd90d253", kill_on_drop: false }`
[INFO] running `Command { std: "docker" "exec" "-e" "SOURCE_DIR=/opt/rustwide/workdir" "-e" "CARGO_HOME=/opt/rustwide/cargo-home" "-e" "RUSTUP_HOME=/opt/rustwide/rustup-home" "-e" "CARGO_TARGET_DIR=/opt/rustwide/target" "-e" "CARGO_INCREMENTAL=0" "-e" "RUST_BACKTRACE=full" "-e" "RUSTFLAGS=--cap-lints=forbid" "-e" "RUSTDOCFLAGS=--cap-lints=forbid" "-w" "/opt/rustwide/workdir" "--user" "0:0" "82c0a65de4b3fbbb74c18136519525c3c252614d62cabdf17ae0ab16cd90d253" "/opt/rustwide/cargo-home/bin/cargo" "+5c543b0b8c73c7b72bc8284ced4fb22ead15734d" "check" "--frozen" "--all" "--all-targets" "--message-format=json", kill_on_drop: false }`
[INFO] [stderr]    Compiling zerocopy v0.8.63
[INFO] [stderr]    Compiling syn v2.0.119
[INFO] [stderr]    Compiling syn v3.0.9
[INFO] [stderr]     Checking either v1.19.0
[INFO] [stderr]     Checking serde_json v1.0.154
[INFO] [stderr]    Compiling alloca v0.4.0
[INFO] [stderr]    Compiling mockall_derive v0.15.0
[INFO] [stderr]    Compiling deranged v0.5.9
[INFO] [stderr]     Checking clap_lex v1.1.1
[INFO] [stderr]    Compiling powerfmt v0.2.1
[INFO] [stderr]     Checking predicates-core v1.0.10
[INFO] [stderr]    Compiling target-tuple v1.0.2
[INFO] [stderr]    Compiling crc32fast v1.5.2
[INFO] [stderr]     Checking plotters-backend v0.3.7
[INFO] [stderr]     Checking itertools v0.13.0
[INFO] [stderr]     Checking clap_builder v4.6.7
[INFO] [stderr]     Checking plotters-svg v0.3.7
[INFO] [stderr]     Checking regex-automata v0.4.18
[INFO] [stderr]     Checking serde_spanned v1.1.2
[INFO] [stderr]     Checking toml_datetime v1.1.2+spec-1.1.0
[INFO] [stderr]    Compiling uuid v1.28.0
[INFO] [stderr]    Compiling mockall v0.15.0
[INFO] [stderr]     Checking fragile v2.1.0
[INFO] [stderr]     Checking uart_16550 v0.8.1
[INFO] [stderr]     Checking predicates-tree v1.0.13
[INFO] [stderr]     Checking toml v1.1.8+spec-1.1.0
[INFO] [stderr]    Compiling time v0.3.55
[INFO] [stderr]     Checking bitvec v1.1.1
[INFO] [stderr]     Checking page_size v0.6.0
[INFO] [stderr]     Checking rayon v1.12.0
[INFO] [stderr]     Checking regex v1.13.1
[INFO] [stderr]     Checking clap v4.6.7
[INFO] [stderr]     Checking spin v0.12.3
[INFO] [stderr]     Checking criterion-plot v0.8.2
[INFO] [stderr]     Checking plotters v0.3.7
[INFO] [stderr]     Checking predicates v3.1.4
[INFO] [stderr]     Checking dissimilar v1.0.11
[INFO] [stderr]     Checking glob v0.3.4
[INFO] [stderr]     Checking r-efi v7.1.0
[INFO] [stderr]     Checking brotli-decompressor v5.0.3
[INFO] [stderr]    Compiling compile-time v0.2.0
[INFO] [stderr]    Compiling serde_derive v1.0.229
[INFO] [stderr]    Compiling scroll_derive v0.13.2
[INFO] [stderr]    Compiling patina_macro v24.0.0
[INFO] [stderr]    Compiling zerocopy-derive v0.8.63
[INFO] [stderr]     Checking scroll v0.13.0
[INFO] [stderr]     Checking serde v1.0.229
[INFO] [stderr]     Checking tinytemplate v1.2.1
[INFO] [stderr]     Checking trybuild v1.0.122
[INFO] [stderr]     Checking half v2.7.1
[INFO] [stderr]     Checking safe-mmio v0.3.2
[INFO] [stderr]     Checking patina v24.0.0 (/opt/rustwide/workdir)
[INFO] [stderr]     Checking ciborium-ll v0.2.2
[INFO] [stderr]     Checking ciborium v0.2.2
[INFO] [stderr]     Checking criterion v0.8.2
[INFO] [stdout] error[E0433]: cannot find `component` in `patina`
[INFO] [stdout]   --> benches/bench_component.rs:31:5
[INFO] [stdout]    |
[INFO] [stdout] 31 |     component::{Component, IntoComponent, Storage, component, params::Config},
[INFO] [stdout]    |     ^^^^^^^^^ could not find `component` in `patina`
[INFO] [stdout]    |
[INFO] [stdout] note: found an item that was configured out
[INFO] [stdout]   --> src/lib.rs:33:9
[INFO] [stdout]    |
[INFO] [stdout] 32 | #[cfg(feature = "alloc")]
[INFO] [stdout]    |       ----------------- the item is gated behind the `alloc` feature
[INFO] [stdout] 33 | pub mod component;
[INFO] [stdout]    |         ^^^^^^^^^
[INFO] [stdout] 
[INFO] [stdout] 
[INFO] [stdout] error[E0432]: unresolved import `patina::component`
[INFO] [stdout]   --> benches/bench_component.rs:31:5
[INFO] [stdout]    |
[INFO] [stdout] 31 |     component::{Component, IntoComponent, Storage, component, params::Config},
[INFO] [stdout]    |     ^^^^^^^^^ could not find `component` in `patina`
[INFO] [stdout]    |
[INFO] [stdout] note: found an item that was configured out
[INFO] [stdout]   --> src/lib.rs:33:9
[INFO] [stdout]    |
[INFO] [stdout] 32 | #[cfg(feature = "alloc")]
[INFO] [stdout]    |       ----------------- the item is gated behind the `alloc` feature
[INFO] [stdout] 33 | pub mod component;
[INFO] [stdout]    |         ^^^^^^^^^
[INFO] [stdout] 
[INFO] [stdout] 
[INFO] [stderr] error: could not compile `patina` (bench "bench_component") due to 2 previous errors
[INFO] [stdout] Some errors have detailed explanations: E0432, E0433.
[INFO] [stdout] 
[INFO] [stderr] warning: build failed, waiting for other jobs to finish...
[INFO] [stdout] For more information about an error, try `rustc --explain E0432`.
[INFO] [stdout] 
[INFO] [stdout] error[E0433]: cannot find `component` in `patina`
[INFO] [stdout]   --> benches/bench_service.rs:32:13
[INFO] [stdout]    |
[INFO] [stdout] 32 | use patina::component::service::Service;
[INFO] [stdout]    |             ^^^^^^^^^ could not find `component` in `patina`
[INFO] [stdout]    |
[INFO] [stdout] note: found an item that was configured out
[INFO] [stdout]   --> src/lib.rs:33:9
[INFO] [stdout]    |
[INFO] [stdout] 32 | #[cfg(feature = "alloc")]
[INFO] [stdout]    |       ----------------- the item is gated behind the `alloc` feature
[INFO] [stdout] 33 | pub mod component;
[INFO] [stdout]    |         ^^^^^^^^^
[INFO] [stdout] 
[INFO] [stdout] 
[INFO] [stdout] error[E0433]: cannot find `component` in `patina`
[INFO] [stdout]   --> benches/bench_service.rs:39:10
[INFO] [stdout]    |
[INFO] [stdout] 39 | #[derive(IntoService)]
[INFO] [stdout]    |          ^^^^^^^^^^^ could not find `component` in `patina`
[INFO] [stdout]    |
[INFO] [stdout] note: found an item that was configured out
[INFO] [stdout]   --> src/lib.rs:33:9
[INFO] [stdout]    |
[INFO] [stdout] 32 | #[cfg(feature = "alloc")]
[INFO] [stdout]    |       ----------------- the item is gated behind the `alloc` feature
[INFO] [stdout] 33 | pub mod component;
[INFO] [stdout]    |         ^^^^^^^^^
[INFO] [stdout]    = note: this error originates in the derive macro `IntoService` (in Nightly builds, run with -Z macro-backtrace for more info)
[INFO] [stdout] 
[INFO] [stdout] 
[INFO] [stdout] For more information about this error, try `rustc --explain E0433`.
[INFO] [stdout] 
[INFO] [stderr] error: could not compile `patina` (bench "bench_service") due to 2 previous errors
[INFO] [stdout] warning: the feature `allocator_api` has been partially stabilized since 1.101.0-nightly and is succeeded by the feature `allocator_ext`
[INFO] [stdout]   --> src/lib.rs:13:51
[INFO] [stdout]    |
[INFO] [stdout] 13 | #![cfg_attr(any(test, feature = "alloc"), feature(allocator_api))]
[INFO] [stdout]    |                                                   ^^^^^^^^^^^^^
[INFO] [stdout]    |
[INFO] [stdout]    = note: `#[warn(stable_features)]` on by default
[INFO] [stdout] help: if you are using features which are still unstable, change to using `allocator_ext`
[INFO] [stdout]    |
[INFO] [stdout] 13 - #![cfg_attr(any(test, feature = "alloc"), feature(allocator_api))]
[INFO] [stdout] 13 + #![cfg_attr(any(test, feature = "alloc"), feature(allocator_ext))]
[INFO] [stdout]    |
[INFO] [stdout] help: if you are using features which are now stable, remove this line
[INFO] [stdout]    |
[INFO] [stdout] 13 - #![cfg_attr(any(test, feature = "alloc"), feature(allocator_api))]
[INFO] [stdout]    |
[INFO] [stdout] 
[INFO] [stdout] 
[INFO] [stderr] warning: unused dependency `scroll`
[INFO] [stderr]   --> Cargo.toml:66:15
[INFO] [stderr]    |
[INFO] [stderr] 66 | [dependencies.scroll]
[INFO] [stderr]    |               ^^^^^^^
[INFO] [stderr]    |
[INFO] [stderr]    = note: `cargo::unused_dependencies` is set to `warn` by default
[INFO] [stderr] help: consider removing the dependency on `scroll`
[INFO] [stderr] warning: `patina` (manifest) generated 1 warning
[INFO] running `Command { std: "docker" "inspect" "82c0a65de4b3fbbb74c18136519525c3c252614d62cabdf17ae0ab16cd90d253", kill_on_drop: false }`
[INFO] running `Command { std: "docker" "rm" "-f" "82c0a65de4b3fbbb74c18136519525c3c252614d62cabdf17ae0ab16cd90d253", kill_on_drop: false }`
[INFO] [stdout] 82c0a65de4b3fbbb74c18136519525c3c252614d62cabdf17ae0ab16cd90d253
