[INFO] fetching crate nautilus-derive 0.66.0...
[INFO] checking nautilus-derive-0.66.0 against 895980e0290783bb09b1ccf1b11f14eb09b10430 for pr-160186
[INFO] extracting crate nautilus-derive 0.66.0 into /workspace/builds/worker-5-tc2/source
[INFO] started tweaking crates.io crate nautilus-derive 0.66.0
[INFO] removed 0 missing examples
[INFO] removed 0 missing tests
[INFO] finished tweaking crates.io crate nautilus-derive 0.66.0
[INFO] tweaked toml for crates.io crate nautilus-derive 0.66.0 written to /workspace/builds/worker-5-tc2/source/Cargo.toml
[INFO] validating manifest of crates.io crate nautilus-derive 0.66.0 on toolchain 895980e0290783bb09b1ccf1b11f14eb09b10430
[INFO] running `Command { std: CARGO_HOME="/workspace/cargo-home" RUSTUP_HOME="/workspace/rustup-home" "/workspace/cargo-home/bin/cargo" "+895980e0290783bb09b1ccf1b11f14eb09b10430" "metadata" "--manifest-path" "Cargo.toml" "--no-deps", kill_on_drop: false }`
[INFO] crate crates.io crate nautilus-derive 0.66.0 already has a lockfile, it will not be regenerated
[INFO] running `Command { std: CARGO_HOME="/workspace/cargo-home" RUSTUP_HOME="/workspace/rustup-home" "/workspace/cargo-home/bin/cargo" "+895980e0290783bb09b1ccf1b11f14eb09b10430" "fetch" "--manifest-path" "Cargo.toml", kill_on_drop: false }`
[INFO] [stderr]     Blocking waiting for file lock on package cache
[INFO] [stderr]     Updating crates.io index
[INFO] [stderr]     Blocking waiting for file lock on package cache
[ERROR] error running command: no output for 300 seconds
[INFO] checking nautilus-derive-0.66.0 against 895980e0290783bb09b1ccf1b11f14eb09b10430 for pr-160186
[INFO] extracting crate nautilus-derive 0.66.0 into /workspace/builds/worker-5-tc2/source
[INFO] started tweaking crates.io crate nautilus-derive 0.66.0
[INFO] removed 0 missing examples
[INFO] removed 0 missing tests
[INFO] finished tweaking crates.io crate nautilus-derive 0.66.0
[INFO] tweaked toml for crates.io crate nautilus-derive 0.66.0 written to /workspace/builds/worker-5-tc2/source/Cargo.toml
[INFO] validating manifest of crates.io crate nautilus-derive 0.66.0 on toolchain 895980e0290783bb09b1ccf1b11f14eb09b10430
[INFO] running `Command { std: CARGO_HOME="/workspace/cargo-home" RUSTUP_HOME="/workspace/rustup-home" "/workspace/cargo-home/bin/cargo" "+895980e0290783bb09b1ccf1b11f14eb09b10430" "metadata" "--manifest-path" "Cargo.toml" "--no-deps", kill_on_drop: false }`
[INFO] crate crates.io crate nautilus-derive 0.66.0 already has a lockfile, it will not be regenerated
[INFO] running `Command { std: CARGO_HOME="/workspace/cargo-home" RUSTUP_HOME="/workspace/rustup-home" "/workspace/cargo-home/bin/cargo" "+895980e0290783bb09b1ccf1b11f14eb09b10430" "fetch" "--manifest-path" "Cargo.toml", kill_on_drop: false }`
[INFO] [stderr]     Blocking waiting for file lock on package cache
[INFO] [stderr]     Blocking waiting for file lock on package cache
[ERROR] error running command: no output for 300 seconds
[INFO] checking nautilus-derive-0.66.0 against 895980e0290783bb09b1ccf1b11f14eb09b10430 for pr-160186
[INFO] extracting crate nautilus-derive 0.66.0 into /workspace/builds/worker-5-tc2/source
[INFO] started tweaking crates.io crate nautilus-derive 0.66.0
[INFO] removed 0 missing examples
[INFO] removed 0 missing tests
[INFO] finished tweaking crates.io crate nautilus-derive 0.66.0
[INFO] tweaked toml for crates.io crate nautilus-derive 0.66.0 written to /workspace/builds/worker-5-tc2/source/Cargo.toml
[INFO] validating manifest of crates.io crate nautilus-derive 0.66.0 on toolchain 895980e0290783bb09b1ccf1b11f14eb09b10430
[INFO] running `Command { std: CARGO_HOME="/workspace/cargo-home" RUSTUP_HOME="/workspace/rustup-home" "/workspace/cargo-home/bin/cargo" "+895980e0290783bb09b1ccf1b11f14eb09b10430" "metadata" "--manifest-path" "Cargo.toml" "--no-deps", kill_on_drop: false }`
[INFO] crate crates.io crate nautilus-derive 0.66.0 already has a lockfile, it will not be regenerated
[INFO] running `Command { std: CARGO_HOME="/workspace/cargo-home" RUSTUP_HOME="/workspace/rustup-home" "/workspace/cargo-home/bin/cargo" "+895980e0290783bb09b1ccf1b11f14eb09b10430" "fetch" "--manifest-path" "Cargo.toml", kill_on_drop: false }`
[INFO] [stderr]     Blocking waiting for file lock on package cache
[ERROR] error running command: no output for 300 seconds
[INFO] checking nautilus-derive-0.66.0 against 895980e0290783bb09b1ccf1b11f14eb09b10430 for pr-160186
[INFO] extracting crate nautilus-derive 0.66.0 into /workspace/builds/worker-5-tc2/source
[INFO] started tweaking crates.io crate nautilus-derive 0.66.0
[INFO] removed 0 missing examples
[INFO] removed 0 missing tests
[INFO] finished tweaking crates.io crate nautilus-derive 0.66.0
[INFO] tweaked toml for crates.io crate nautilus-derive 0.66.0 written to /workspace/builds/worker-5-tc2/source/Cargo.toml
[INFO] validating manifest of crates.io crate nautilus-derive 0.66.0 on toolchain 895980e0290783bb09b1ccf1b11f14eb09b10430
[INFO] running `Command { std: CARGO_HOME="/workspace/cargo-home" RUSTUP_HOME="/workspace/rustup-home" "/workspace/cargo-home/bin/cargo" "+895980e0290783bb09b1ccf1b11f14eb09b10430" "metadata" "--manifest-path" "Cargo.toml" "--no-deps", kill_on_drop: false }`
[INFO] crate crates.io crate nautilus-derive 0.66.0 already has a lockfile, it will not be regenerated
[INFO] running `Command { std: CARGO_HOME="/workspace/cargo-home" RUSTUP_HOME="/workspace/rustup-home" "/workspace/cargo-home/bin/cargo" "+895980e0290783bb09b1ccf1b11f14eb09b10430" "fetch" "--manifest-path" "Cargo.toml", kill_on_drop: false }`
[INFO] [stderr]     Blocking waiting for file lock on package cache
[INFO] [stderr]     Blocking waiting for file lock on package cache
[INFO] [stderr]  Downloading crates ...
[INFO] [stderr]   Downloaded madsim-macros v0.2.12
[INFO] [stderr]   Downloaded madsim v0.2.34
[INFO] [stderr]   Downloaded panic-message v0.3.0
[INFO] [stderr]   Downloaded naive-timer v0.2.0
[INFO] [stderr]   Downloaded codspeed-criterion-compat v5.0.2
[INFO] [stderr]   Downloaded codspeed-criterion-compat-walltime v5.0.2
[INFO] [stderr]   Downloaded codspeed v5.0.2
[INFO] running `Command { std: "docker" "create" "-v" "/var/lib/crater-agent-workspace/builds/worker-5-tc2/source:/opt/rustwide/workdir:ro,Z" "-v" "/var/lib/crater-agent-workspace/builds/worker-5-tc2/target:/opt/rustwide/target:rw,Z" "-v" "/var/lib/crater-agent-workspace/cargo-home:/opt/rustwide/cargo-home:ro,Z" "-v" "/var/lib/crater-agent-workspace/rustup-home:/opt/rustwide/rustup-home:ro,Z" "-m" "1610612736" "--network" "none" "ghcr.io/rust-lang/crates-build-env/linux@sha256:77db811e55d90add9212f6832c23229e3de5f1c1f9905e8cb07319ea15df73ac" "sleep" "infinity", kill_on_drop: false }`
[INFO] [stdout] e87ac0268952f47fc7042618de5e68df74fdca2bd9836504eaaf4ac27837a545
[INFO] running `Command { std: "docker" "start" "e87ac0268952f47fc7042618de5e68df74fdca2bd9836504eaaf4ac27837a545", kill_on_drop: false }`
[INFO] running `Command { std: "docker" "inspect" "e87ac0268952f47fc7042618de5e68df74fdca2bd9836504eaaf4ac27837a545", kill_on_drop: false }`
[INFO] running `Command { std: "docker" "exec" "-e" "SOURCE_DIR=/opt/rustwide/workdir" "-e" "CARGO_HOME=/opt/rustwide/cargo-home" "-e" "RUSTUP_HOME=/opt/rustwide/rustup-home" "-e" "CARGO_TARGET_DIR=/opt/rustwide/target" "-w" "/opt/rustwide/workdir" "--user" "0:0" "e87ac0268952f47fc7042618de5e68df74fdca2bd9836504eaaf4ac27837a545" "/opt/rustwide/cargo-home/bin/cargo" "+895980e0290783bb09b1ccf1b11f14eb09b10430" "metadata" "--no-deps" "--format-version=1", kill_on_drop: false }`
[INFO] running `Command { std: "docker" "inspect" "e87ac0268952f47fc7042618de5e68df74fdca2bd9836504eaaf4ac27837a545", kill_on_drop: false }`
[INFO] running `Command { std: "docker" "exec" "-e" "SOURCE_DIR=/opt/rustwide/workdir" "-e" "CARGO_HOME=/opt/rustwide/cargo-home" "-e" "RUSTUP_HOME=/opt/rustwide/rustup-home" "-e" "CARGO_TARGET_DIR=/opt/rustwide/target" "-e" "CARGO_INCREMENTAL=0" "-e" "RUST_BACKTRACE=full" "-e" "RUSTFLAGS=--cap-lints=forbid" "-e" "RUSTDOCFLAGS=--cap-lints=forbid" "-w" "/opt/rustwide/workdir" "--user" "0:0" "e87ac0268952f47fc7042618de5e68df74fdca2bd9836504eaaf4ac27837a545" "/opt/rustwide/cargo-home/bin/cargo" "+895980e0290783bb09b1ccf1b11f14eb09b10430" "check" "--frozen" "--all" "--all-targets" "--message-format=json", kill_on_drop: false }`
[INFO] [stderr]    Compiling serde_core v1.0.229
[INFO] [stderr]    Compiling libc v0.2.190
[INFO] [stderr]     Checking subtle v2.6.1
[INFO] [stderr]     Checking arrayvec v0.7.8
[INFO] [stderr]    Compiling thiserror v2.0.21
[INFO] [stderr]    Compiling ruint-macro v1.2.1
[INFO] [stderr]    Compiling zerocopy v0.8.59
[INFO] [stderr]    Compiling serde_json v1.0.151
[INFO] [stderr]    Compiling syn v2.0.119
[INFO] [stderr]    Compiling syn v3.0.6
[INFO] [stderr]     Checking digest v0.11.3
[INFO] [stderr]    Compiling serde v1.0.229
[INFO] [stderr]     Checking value-bag v1.14.1
[INFO] [stderr]    Compiling num-traits v0.2.19
[INFO] [stderr]     Checking keccak v0.2.2
[INFO] [stderr]     Checking futures-channel v0.3.34
[INFO] [stderr]     Checking futures-io v0.3.34
[INFO] [stderr]     Checking sha3 v0.11.0
[INFO] [stderr]    Compiling winnow v1.0.4
[INFO] [stderr]     Checking chacha20 v0.10.2
[INFO] [stderr]    Compiling ahash v0.8.12
[INFO] [stderr]    Compiling typenum v1.20.1
[INFO] [stderr]    Compiling aws-lc-rs v1.18.1
[INFO] [stderr]    Compiling memchr v2.8.3
[INFO] [stderr]    Compiling rust_decimal v1.43.0
[INFO] [stderr]    Compiling crossbeam-utils v0.8.23
[INFO] [stderr]    Compiling regex-syntax v0.8.11
[INFO] [stderr]     Checking lazy_static v1.5.1
[INFO] [stderr]     Checking jiff-core v0.1.1
[INFO] [stderr]     Checking jiff-tzdb v0.1.9
[INFO] [stderr]    Compiling rstest_macros v0.27.0
[INFO] [stderr]    Compiling const-hex v1.19.3
[INFO] [stderr]    Compiling proc-macro-error-attr3 v3.0.1
[INFO] [stderr]     Checking aho-corasick v1.1.5
[INFO] [stderr]    Compiling rustls v0.23.46
[INFO] [stderr]    Compiling toml_parser v1.1.3+spec-1.1.0
[INFO] [stderr]    Compiling implied-vol v2.1.0
[INFO] [stderr]     Checking rmp v0.8.15
[INFO] [stderr]    Compiling glob v0.3.4
[INFO] [stderr]     Checking bytecount v0.6.9
[INFO] [stderr]     Checking papergrid v0.18.0
[INFO] [stderr]    Compiling indexmap v2.14.2
[INFO] [stderr]     Checking bitflags v2.13.2
[INFO] [stderr]     Checking data-encoding v2.11.1
[INFO] [stderr]     Checking want v0.3.2
[INFO] [stderr]    Compiling curve25519-dalek v5.0.0
[INFO] [stderr]     Checking signature v3.0.0
[INFO] [stderr]    Compiling jobserver v0.1.35
[INFO] [stderr]     Checking ed25519 v3.0.0
[INFO] [stderr]     Checking sha2 v0.11.0
[INFO] [stderr]     Checking sha1 v0.11.0
[INFO] [stderr]     Checking pem v4.0.0
[INFO] [stderr]    Compiling hybrid-array v0.4.15
[INFO] [stderr]     Checking simdutf8 v0.1.5
[INFO] [stderr]     Checking futures-utils-wasm v0.1.0
[INFO] [stderr]     Checking regex-automata v0.4.18
[INFO] [stderr]    Compiling nix v0.31.3
[INFO] [stderr]     Checking approx v0.5.1
[INFO] [stderr]     Checking clap_builder v4.6.7
[INFO] [stderr]     Checking statrs v0.18.0
[INFO] [stderr]    Compiling cc v1.6.0
[INFO] [stderr]     Checking colored v3.1.1
[INFO] [stderr]    Compiling codspeed-criterion-compat v5.0.2
[INFO] [stderr]     Checking tabled v0.22.0
[INFO] [stderr]    Compiling block-buffer v0.12.1
[INFO] [stderr]    Compiling crypto-common v0.2.2
[INFO] [stderr]     Checking getrandom v0.2.17
[INFO] [stderr]     Checking errno v0.3.14
[INFO] [stderr]     Checking mio v1.2.4
[INFO] [stderr]     Checking socket2 v0.6.5
[INFO] [stderr]     Checking getrandom v0.3.4
[INFO] [stderr]     Checking rand_core v0.6.4
[INFO] [stderr]     Checking signal-hook-registry v1.4.8
[INFO] [stderr]     Checking getrandom v0.4.3
[INFO] [stderr]    Compiling serde_spanned v1.1.1
[INFO] [stderr]    Compiling toml_datetime v1.1.1+spec-1.1.0
[INFO] [stderr]     Checking rand v0.10.3
[INFO] [stderr]     Checking sysinfo v0.39.6
[INFO] [stderr]     Checking ff v0.13.1
[INFO] [stderr]     Checking group v0.13.0
[INFO] [stderr]    Compiling cmake v0.1.58
[INFO] [stderr]    Compiling toml v1.1.6+spec-1.1.0
[INFO] [stderr]     Checking socket2 v0.5.10
[INFO] [stderr]     Checking rand_core v0.9.5
[INFO] [stderr]     Checking hashbrown v0.17.1
[INFO] [stderr]     Checking log v0.4.34
[INFO] [stderr]     Checking jiff v0.2.38
[INFO] [stderr]     Checking uuid v1.27.0
[INFO] [stderr]     Checking regex v1.13.1
[INFO] [stderr]     Checking clap v4.6.7
[INFO] [stderr]     Checking is-terminal v0.4.17
[INFO] [stderr]     Checking serde_path_to_error v0.1.20
[INFO] [stderr]    Compiling aws-lc-sys v0.45.0
[INFO] [stderr]    Compiling codspeed v5.0.2
[INFO] [stderr]    Compiling nautilus-core v0.66.0
[INFO] [stderr]    Compiling nautilus-common v0.66.0
[INFO] [stderr]    Compiling darling_core v0.23.0
[INFO] [stderr]    Compiling darling_core v0.20.11
[INFO] [stderr]    Compiling prettyplease v0.2.37
[INFO] [stderr]    Compiling syn-solidity v1.7.3
[INFO] [stderr]    Compiling macro-string v0.2.0
[INFO] [stderr]    Compiling proc-macro-error3 v3.0.1
[INFO] [stderr]    Compiling synstructure v0.14.0
[INFO] [stderr]    Compiling darling_core v0.24.1
[INFO] [stderr]    Compiling zeroize_derive v1.5.0
[INFO] [stderr]    Compiling alloy-rlp-derive v0.3.16
[INFO] [stderr]    Compiling zerocopy-derive v0.8.59
[INFO] [stderr]    Compiling derive_more-impl v2.1.1
[INFO] [stderr]    Compiling tracing-attributes v0.1.31
[INFO] [stderr]     Checking zeroize v1.9.1
[INFO] [stderr]    Compiling strum_macros v0.28.0
[INFO] [stderr]    Compiling rust_decimal_macros v1.40.0
[INFO] [stderr]    Compiling enum_dispatch v0.3.13
[INFO] [stderr]     Checking generic-array v0.14.9
[INFO] [stderr]     Checking der v0.7.10
[INFO] [stderr]     Checking rustls-pki-types v1.15.1
[INFO] [stderr]    Compiling serde_derive v1.0.229
[INFO] [stderr]    Compiling thiserror-impl v2.0.21
[INFO] [stderr]    Compiling tokio-macros v2.7.2
[INFO] [stderr]     Checking block-buffer v0.10.4
[INFO] [stderr]     Checking crypto-common v0.1.6
[INFO] [stderr]     Checking crypto-bigint v0.5.5
[INFO] [stderr]     Checking digest v0.10.7
[INFO] [stderr]     Checking hmac v0.12.1
[INFO] [stderr]     Checking signature v2.2.0
[INFO] [stderr]     Checking rfc6979 v0.4.0
[INFO] [stderr]     Checking sha2 v0.10.9
[INFO] [stderr]    Compiling futures-macro v0.3.34
[INFO] [stderr]     Checking sec1 v0.7.3
[INFO] [stderr]     Checking spki v0.7.3
[INFO] [stderr]     Checking tracing v0.1.44
[INFO] [stderr]    Compiling zerofrom-derive v0.1.8
[INFO] [stderr]    Compiling yoke-derive v0.8.4
[INFO] [stderr]    Compiling zerovec-derive v0.11.6
[INFO] [stderr] error: could not compile `darling_core` (lib)
[INFO] [stderr] 
[INFO] [stderr] Caused by:
[INFO] [stderr]   process didn't exit successfully: `/opt/rustwide/rustup-home/toolchains/895980e0290783bb09b1ccf1b11f14eb09b10430/bin/rustc --crate-name darling_core --edition=2021 /opt/rustwide/cargo-home/registry/src/index.crates.io-1949cf8c6b5b557f/darling_core-0.23.0/src/lib.rs --error-format=json --json=diagnostic-rendered-ansi,artifacts,future-incompat,unused-externs-silent --crate-type lib --emit=dep-info,metadata,link -Z embed-metadata=no -C embed-bitcode=no --cfg 'feature="serde"' --cfg 'feature="strsim"' --cfg 'feature="suggestions"' --check-cfg 'cfg(docsrs,test)' --check-cfg 'cfg(feature, values("diagnostics", "serde", "strsim", "suggestions"))' -C metadata=01b09e6d62770e9b -C extra-filename=-b7d5edb7b5136e53 --out-dir /opt/rustwide/target/debug/build/darling_core/b7d5edb7b5136e53/out -L dependency=/opt/rustwide/target/debug/build/proc-macro2/c062a139c850ccf4/out -L dependency=/opt/rustwide/target/debug/build/quote/63a63655125647b2/out -L dependency=/opt/rustwide/target/debug/build/serde_core/c00b30f543c46c7d/out -L dependency=/opt/rustwide/target/debug/build/unicode-ident/06275983cc9514f8/out --extern ident_case=/opt/rustwide/target/debug/build/ident_case/ecc112105bc5215b/out/libident_case-ecc112105bc5215b.rmeta --extern proc_macro2=/opt/rustwide/target/debug/build/proc-macro2/c062a139c850ccf4/out/libproc_macro2-c062a139c850ccf4.rmeta --extern quote=/opt/rustwide/target/debug/build/quote/63a63655125647b2/out/libquote-63a63655125647b2.rmeta --extern serde=/opt/rustwide/target/debug/build/serde/19b86de8361e7252/out/libserde-19b86de8361e7252.rmeta --extern strsim=/opt/rustwide/target/debug/build/strsim/9754e702f19a9357/out/libstrsim-9754e702f19a9357.rmeta --extern syn=/opt/rustwide/target/debug/build/syn/22d0bb0ca06b9254/out/libsyn-22d0bb0ca06b9254.rmeta --cap-lints allow --cap-lints=forbid --force-warn=unused_crate_dependencies` (signal: 9, SIGKILL: kill)
[INFO] [stderr] warning: build failed, waiting for other jobs to finish...
[INFO] running `Command { std: "docker" "inspect" "e87ac0268952f47fc7042618de5e68df74fdca2bd9836504eaaf4ac27837a545", kill_on_drop: false }`
[INFO] running `Command { std: "docker" "rm" "-f" "e87ac0268952f47fc7042618de5e68df74fdca2bd9836504eaaf4ac27837a545", kill_on_drop: false }`
[INFO] [stdout] e87ac0268952f47fc7042618de5e68df74fdca2bd9836504eaaf4ac27837a545
