[INFO] fetching crate leyline-bssl 0.1.5...
[INFO] checking leyline-bssl-0.1.5 against 895980e0290783bb09b1ccf1b11f14eb09b10430 for pr-160186
[INFO] extracting crate leyline-bssl 0.1.5 into /workspace/builds/worker-7-tc2/source
[INFO] started tweaking crates.io crate leyline-bssl 0.1.5
[INFO] finished tweaking crates.io crate leyline-bssl 0.1.5
[INFO] tweaked toml for crates.io crate leyline-bssl 0.1.5 written to /workspace/builds/worker-7-tc2/source/Cargo.toml
[INFO] validating manifest of crates.io crate leyline-bssl 0.1.5 on toolchain 895980e0290783bb09b1ccf1b11f14eb09b10430
[INFO] running `Command { std: CARGO_HOME="/workspace/cargo-home" RUSTUP_HOME="/workspace/rustup-home" "/workspace/cargo-home/bin/cargo" "+895980e0290783bb09b1ccf1b11f14eb09b10430" "metadata" "--manifest-path" "Cargo.toml" "--no-deps", kill_on_drop: false }`
[INFO] crate crates.io crate leyline-bssl 0.1.5 already has a lockfile, it will not be regenerated
[INFO] running `Command { std: CARGO_HOME="/workspace/cargo-home" RUSTUP_HOME="/workspace/rustup-home" "/workspace/cargo-home/bin/cargo" "+895980e0290783bb09b1ccf1b11f14eb09b10430" "fetch" "--manifest-path" "Cargo.toml", kill_on_drop: false }`
[INFO] [stderr] warning: `package.homepage` is redundant with `package.repository`
[INFO] [stderr]   --> Cargo.toml:38:12
[INFO] [stderr]    |
[INFO] [stderr] 38 | homepage = "https://github.com/manaforged/leyline-http"
[INFO] [stderr]    |            ^^^^^^^^^^^^^^^^^^^^^^^^^^^^^^^^^^^^^^^^^^^^
[INFO] [stderr] ...
[INFO] [stderr] 43 | repository = "https://github.com/manaforged/leyline-http"
[INFO] [stderr]    |              --------------------------------------------
[INFO] [stderr]    |
[INFO] [stderr]    = note: `cargo::redundant_homepage` is set to `warn` by default
[INFO] [stderr] help: consider removing `package.homepage`
[INFO] [stderr] warning: `leyline-bssl` (manifest) generated 1 warning
[INFO] [stderr]     Blocking waiting for file lock on package cache
[INFO] running `Command { std: "docker" "create" "-v" "/var/lib/crater-agent-workspace/builds/worker-7-tc2/source:/opt/rustwide/workdir:ro,Z" "-v" "/var/lib/crater-agent-workspace/builds/worker-7-tc2/target:/opt/rustwide/target:rw,Z" "-v" "/var/lib/crater-agent-workspace/cargo-home:/opt/rustwide/cargo-home:ro,Z" "-v" "/var/lib/crater-agent-workspace/rustup-home:/opt/rustwide/rustup-home:ro,Z" "-m" "1610612736" "--network" "none" "ghcr.io/rust-lang/crates-build-env/linux@sha256:77db811e55d90add9212f6832c23229e3de5f1c1f9905e8cb07319ea15df73ac" "sleep" "infinity", kill_on_drop: false }`
[INFO] [stdout] aabacf1da54f5497b5c81c649f43bbcc3c211875ca05fed8188aa115aa177903
[INFO] running `Command { std: "docker" "start" "aabacf1da54f5497b5c81c649f43bbcc3c211875ca05fed8188aa115aa177903", kill_on_drop: false }`
[INFO] running `Command { std: "docker" "inspect" "aabacf1da54f5497b5c81c649f43bbcc3c211875ca05fed8188aa115aa177903", kill_on_drop: false }`
[INFO] running `Command { std: "docker" "exec" "-e" "SOURCE_DIR=/opt/rustwide/workdir" "-e" "CARGO_HOME=/opt/rustwide/cargo-home" "-e" "RUSTUP_HOME=/opt/rustwide/rustup-home" "-e" "CARGO_TARGET_DIR=/opt/rustwide/target" "-w" "/opt/rustwide/workdir" "--user" "0:0" "aabacf1da54f5497b5c81c649f43bbcc3c211875ca05fed8188aa115aa177903" "/opt/rustwide/cargo-home/bin/cargo" "+895980e0290783bb09b1ccf1b11f14eb09b10430" "metadata" "--no-deps" "--format-version=1", kill_on_drop: false }`
[INFO] running `Command { std: "docker" "inspect" "aabacf1da54f5497b5c81c649f43bbcc3c211875ca05fed8188aa115aa177903", kill_on_drop: false }`
[INFO] running `Command { std: "docker" "exec" "-e" "SOURCE_DIR=/opt/rustwide/workdir" "-e" "CARGO_HOME=/opt/rustwide/cargo-home" "-e" "RUSTUP_HOME=/opt/rustwide/rustup-home" "-e" "CARGO_TARGET_DIR=/opt/rustwide/target" "-e" "CARGO_INCREMENTAL=0" "-e" "RUST_BACKTRACE=full" "-e" "RUSTFLAGS=--cap-lints=forbid" "-e" "RUSTDOCFLAGS=--cap-lints=forbid" "-w" "/opt/rustwide/workdir" "--user" "0:0" "aabacf1da54f5497b5c81c649f43bbcc3c211875ca05fed8188aa115aa177903" "/opt/rustwide/cargo-home/bin/cargo" "+895980e0290783bb09b1ccf1b11f14eb09b10430" "check" "--frozen" "--all" "--all-targets" "--message-format=json", kill_on_drop: false }`
[INFO] [stderr] warning: `package.homepage` is redundant with `package.repository`
[INFO] [stderr]   --> Cargo.toml:38:12
[INFO] [stderr]    |
[INFO] [stderr] 38 | homepage = "https://github.com/manaforged/leyline-http"
[INFO] [stderr]    |            ^^^^^^^^^^^^^^^^^^^^^^^^^^^^^^^^^^^^^^^^^^^^
[INFO] [stderr] ...
[INFO] [stderr] 43 | repository = "https://github.com/manaforged/leyline-http"
[INFO] [stderr]    |              --------------------------------------------
[INFO] [stderr]    |
[INFO] [stderr]    = note: `cargo::redundant_homepage` is set to `warn` by default
[INFO] [stderr] help: consider removing `package.homepage`
[INFO] [stderr] warning: `leyline-bssl` (manifest) generated 1 warning
[INFO] [stderr]     Checking foreign-types-shared v0.3.1
[INFO] [stderr]    Compiling serde_json v1.0.151
[INFO] [stderr]    Compiling fslock v0.2.1
[INFO] [stderr]    Compiling cc v1.4.4
[INFO] [stderr]    Compiling syn v3.0.4
[INFO] [stderr]    Compiling syn v2.0.119
[INFO] [stderr]    Compiling leyline-bssl-sys v0.1.5
[INFO] [stderr]    Compiling foreign-types-macros v0.2.4
[INFO] [stderr]     Checking foreign-types v0.5.0
[INFO] [stderr]    Compiling openssl-macros v0.1.1
[INFO] [stderr] warning: leyline-bssl-sys@0.1.5: c++: fatal error: Killed signal terminated program cc1plus
[INFO] [stderr] warning: leyline-bssl-sys@0.1.5: compilation terminated.
[INFO] [stderr] warning: leyline-bssl-sys@0.1.5: ToolExecError: command did not execute successfully (status code exit status: 1): LC_ALL="C" "c++" "-O0" "-ffunction-sections" "-fdata-sections" "-fPIC" "-g" "-gdwarf-4" "-fno-omit-frame-pointer" "-mno-omit-leaf-frame-pointer" "-m64" "-std=c++17" "-I" "/opt/rustwide/target/debug/build/leyline-bssl-sys/a4ee5aa793cbd271/out/boringssl/include" "-w" "-fno-exceptions" "-fno-rtti" "-fno-strict-aliasing" "-fno-common" "-fvisibility=hidden" "-ffile-prefix-map=/opt/rustwide/target/debug/build/leyline-bssl-sys/a4ee5aa793cbd271/out/boringssl=/build/boringssl" "-ffile-prefix-map=/opt/rustwide/target/debug/build/leyline-bssl-sys/a4ee5aa793cbd271/out=/build" "-DBORINGSSL_IMPLEMENTATION" "-DBORINGSSL_PREFIX=LEYLINE" "-o" "/opt/rustwide/target/debug/build/leyline-bssl-sys/a4ee5aa793cbd271/out/bssl-build/fb892c7b219c56a6-encrypted_client_hello.o" "-c" "/opt/rustwide/target/debug/build/leyline-bssl-sys/a4ee5aa793cbd271/out/boringssl/ssl/encrypted_client_hello.cc"cargo:warning=c++: fatal error: Killed signal terminated program cc1plus
[INFO] [stderr] warning: leyline-bssl-sys@0.1.5: compilation terminated.
[INFO] [stderr] warning: leyline-bssl-sys@0.1.5: ToolExecError: command did not execute successfully (status code exit status: 1): LC_ALL="C" "c++" "-O0" "-ffunction-sections" "-fdata-sections" "-fPIC" "-g" "-gdwarf-4" "-fno-omit-frame-pointer" "-mno-omit-leaf-frame-pointer" "-m64" "-std=c++17" "-I" "/opt/rustwide/target/debug/build/leyline-bssl-sys/a4ee5aa793cbd271/out/boringssl/include" "-w" "-fno-exceptions" "-fno-rtti" "-fno-strict-aliasing" "-fno-common" "-fvisibility=hidden" "-ffile-prefix-map=/opt/rustwide/target/debug/build/leyline-bssl-sys/a4ee5aa793cbd271/out/boringssl=/build/boringssl" "-ffile-prefix-map=/opt/rustwide/target/debug/build/leyline-bssl-sys/a4ee5aa793cbd271/out=/build" "-DBORINGSSL_IMPLEMENTATION" "-DBORINGSSL_PREFIX=LEYLINE" "-o" "/opt/rustwide/target/debug/build/leyline-bssl-sys/a4ee5aa793cbd271/out/bssl-build/fb892c7b219c56a6-handshake.o" "-c" "/opt/rustwide/target/debug/build/leyline-bssl-sys/a4ee5aa793cbd271/out/boringssl/ssl/handshake.cc"cargo:warning=c++: fatal error: Killed signal terminated program cc1plus
[INFO] [stderr] warning: leyline-bssl-sys@0.1.5: compilation terminated.
[INFO] [stderr] warning: leyline-bssl-sys@0.1.5: ToolExecError: command did not execute successfully (status code exit status: 1): LC_ALL="C" "c++" "-O0" "-ffunction-sections" "-fdata-sections" "-fPIC" "-g" "-gdwarf-4" "-fno-omit-frame-pointer" "-mno-omit-leaf-frame-pointer" "-m64" "-std=c++17" "-I" "/opt/rustwide/target/debug/build/leyline-bssl-sys/a4ee5aa793cbd271/out/boringssl/include" "-w" "-fno-exceptions" "-fno-rtti" "-fno-strict-aliasing" "-fno-common" "-fvisibility=hidden" "-ffile-prefix-map=/opt/rustwide/target/debug/build/leyline-bssl-sys/a4ee5aa793cbd271/out/boringssl=/build/boringssl" "-ffile-prefix-map=/opt/rustwide/target/debug/build/leyline-bssl-sys/a4ee5aa793cbd271/out=/build" "-DBORINGSSL_IMPLEMENTATION" "-DBORINGSSL_PREFIX=LEYLINE" "-o" "/opt/rustwide/target/debug/build/leyline-bssl-sys/a4ee5aa793cbd271/out/bssl-build/fb892c7b219c56a6-d1_pkt.o" "-c" "/opt/rustwide/target/debug/build/leyline-bssl-sys/a4ee5aa793cbd271/out/boringssl/ssl/d1_pkt.cc"cargo:warning=c++: fatal error: Killed signal terminated program cc1plus
[INFO] [stderr] warning: leyline-bssl-sys@0.1.5: compilation terminated.
[INFO] [stderr] warning: leyline-bssl-sys@0.1.5: ToolExecError: command did not execute successfully (status code exit status: 1): LC_ALL="C" "c++" "-O0" "-ffunction-sections" "-fdata-sections" "-fPIC" "-g" "-gdwarf-4" "-fno-omit-frame-pointer" "-mno-omit-leaf-frame-pointer" "-m64" "-std=c++17" "-I" "/opt/rustwide/target/debug/build/leyline-bssl-sys/a4ee5aa793cbd271/out/boringssl/include" "-w" "-fno-exceptions" "-fno-rtti" "-fno-strict-aliasing" "-fno-common" "-fvisibility=hidden" "-ffile-prefix-map=/opt/rustwide/target/debug/build/leyline-bssl-sys/a4ee5aa793cbd271/out/boringssl=/build/boringssl" "-ffile-prefix-map=/opt/rustwide/target/debug/build/leyline-bssl-sys/a4ee5aa793cbd271/out=/build" "-DBORINGSSL_IMPLEMENTATION" "-DBORINGSSL_PREFIX=LEYLINE" "-o" "/opt/rustwide/target/debug/build/leyline-bssl-sys/a4ee5aa793cbd271/out/bssl-build/fb892c7b219c56a6-dtls_record.o" "-c" "/opt/rustwide/target/debug/build/leyline-bssl-sys/a4ee5aa793cbd271/out/boringssl/ssl/dtls_record.cc"cargo:warning=c++: fatal error: Killed signal terminated program cc1plus
[INFO] [stderr] warning: leyline-bssl-sys@0.1.5: compilation terminated.
[INFO] [stderr] warning: leyline-bssl-sys@0.1.5: ToolExecError: command did not execute successfully (status code exit status: 1): LC_ALL="C" "c++" "-O0" "-ffunction-sections" "-fdata-sections" "-fPIC" "-g" "-gdwarf-4" "-fno-omit-frame-pointer" "-mno-omit-leaf-frame-pointer" "-m64" "-std=c++17" "-I" "/opt/rustwide/target/debug/build/leyline-bssl-sys/a4ee5aa793cbd271/out/boringssl/include" "-w" "-fno-exceptions" "-fno-rtti" "-fno-strict-aliasing" "-fno-common" "-fvisibility=hidden" "-ffile-prefix-map=/opt/rustwide/target/debug/build/leyline-bssl-sys/a4ee5aa793cbd271/out/boringssl=/build/boringssl" "-ffile-prefix-map=/opt/rustwide/target/debug/build/leyline-bssl-sys/a4ee5aa793cbd271/out=/build" "-DBORINGSSL_IMPLEMENTATION" "-DBORINGSSL_PREFIX=LEYLINE" "-o" "/opt/rustwide/target/debug/build/leyline-bssl-sys/a4ee5aa793cbd271/out/bssl-build/fb892c7b219c56a6-handoff.o" "-c" "/opt/rustwide/target/debug/build/leyline-bssl-sys/a4ee5aa793cbd271/out/boringssl/ssl/handoff.cc"cargo:warning=c++: fatal error: Killed signal terminated program cc1plus
[INFO] [stderr] warning: leyline-bssl-sys@0.1.5: compilation terminated.
[INFO] [stderr] warning: leyline-bssl-sys@0.1.5: ToolExecError: command did not execute successfully (status code exit status: 1): LC_ALL="C" "c++" "-O0" "-ffunction-sections" "-fdata-sections" "-fPIC" "-g" "-gdwarf-4" "-fno-omit-frame-pointer" "-mno-omit-leaf-frame-pointer" "-m64" "-std=c++17" "-I" "/opt/rustwide/target/debug/build/leyline-bssl-sys/a4ee5aa793cbd271/out/boringssl/include" "-w" "-fno-exceptions" "-fno-rtti" "-fno-strict-aliasing" "-fno-common" "-fvisibility=hidden" "-ffile-prefix-map=/opt/rustwide/target/debug/build/leyline-bssl-sys/a4ee5aa793cbd271/out/boringssl=/build/boringssl" "-ffile-prefix-map=/opt/rustwide/target/debug/build/leyline-bssl-sys/a4ee5aa793cbd271/out=/build" "-DBORINGSSL_IMPLEMENTATION" "-DBORINGSSL_PREFIX=LEYLINE" "-o" "/opt/rustwide/target/debug/build/leyline-bssl-sys/a4ee5aa793cbd271/out/bssl-build/fb892c7b219c56a6-d1_both.o" "-c" "/opt/rustwide/target/debug/build/leyline-bssl-sys/a4ee5aa793cbd271/out/boringssl/ssl/d1_both.cc"cargo:warning=c++: fatal error: Killed signal terminated program cc1plus
[INFO] [stderr] warning: leyline-bssl-sys@0.1.5: compilation terminated.
[INFO] [stderr] warning: leyline-bssl-sys@0.1.5: ToolExecError: command did not execute successfully (status code exit status: 1): LC_ALL="C" "c++" "-O0" "-ffunction-sections" "-fdata-sections" "-fPIC" "-g" "-gdwarf-4" "-fno-omit-frame-pointer" "-mno-omit-leaf-frame-pointer" "-m64" "-std=c++17" "-I" "/opt/rustwide/target/debug/build/leyline-bssl-sys/a4ee5aa793cbd271/out/boringssl/include" "-w" "-fno-exceptions" "-fno-rtti" "-fno-strict-aliasing" "-fno-common" "-fvisibility=hidden" "-ffile-prefix-map=/opt/rustwide/target/debug/build/leyline-bssl-sys/a4ee5aa793cbd271/out/boringssl=/build/boringssl" "-ffile-prefix-map=/opt/rustwide/target/debug/build/leyline-bssl-sys/a4ee5aa793cbd271/out=/build" "-DBORINGSSL_IMPLEMENTATION" "-DBORINGSSL_PREFIX=LEYLINE" "-o" "/opt/rustwide/target/debug/build/leyline-bssl-sys/a4ee5aa793cbd271/out/bssl-build/fb892c7b219c56a6-extensions.o" "-c" "/opt/rustwide/target/debug/build/leyline-bssl-sys/a4ee5aa793cbd271/out/boringssl/ssl/extensions.cc"cargo:warning=c++: fatal error: Killed signal terminated program cc1plus
[INFO] [stderr] warning: leyline-bssl-sys@0.1.5: compilation terminated.
[INFO] [stderr] warning: leyline-bssl-sys@0.1.5: ToolExecError: command did not execute successfully (status code exit status: 1): LC_ALL="C" "c++" "-O0" "-ffunction-sections" "-fdata-sections" "-fPIC" "-g" "-gdwarf-4" "-fno-omit-frame-pointer" "-mno-omit-leaf-frame-pointer" "-m64" "-std=c++17" "-I" "/opt/rustwide/target/debug/build/leyline-bssl-sys/a4ee5aa793cbd271/out/boringssl/include" "-w" "-fno-exceptions" "-fno-rtti" "-fno-strict-aliasing" "-fno-common" "-fvisibility=hidden" "-ffile-prefix-map=/opt/rustwide/target/debug/build/leyline-bssl-sys/a4ee5aa793cbd271/out/boringssl=/build/boringssl" "-ffile-prefix-map=/opt/rustwide/target/debug/build/leyline-bssl-sys/a4ee5aa793cbd271/out=/build" "-DBORINGSSL_IMPLEMENTATION" "-DBORINGSSL_PREFIX=LEYLINE" "-o" "/opt/rustwide/target/debug/build/leyline-bssl-sys/a4ee5aa793cbd271/out/bssl-build/fb892c7b219c56a6-s3_both.o" "-c" "/opt/rustwide/target/debug/build/leyline-bssl-sys/a4ee5aa793cbd271/out/boringssl/ssl/s3_both.cc"cargo:warning=c++: fatal error: Killed signal terminated program cc1plus
[INFO] [stderr] warning: leyline-bssl-sys@0.1.5: compilation terminated.
[INFO] [stderr] warning: leyline-bssl-sys@0.1.5: ToolExecError: command did not execute successfully (status code exit status: 1): LC_ALL="C" "c++" "-O0" "-ffunction-sections" "-fdata-sections" "-fPIC" "-g" "-gdwarf-4" "-fno-omit-frame-pointer" "-mno-omit-leaf-frame-pointer" "-m64" "-std=c++17" "-I" "/opt/rustwide/target/debug/build/leyline-bssl-sys/a4ee5aa793cbd271/out/boringssl/include" "-w" "-fno-exceptions" "-fno-rtti" "-fno-strict-aliasing" "-fno-common" "-fvisibility=hidden" "-ffile-prefix-map=/opt/rustwide/target/debug/build/leyline-bssl-sys/a4ee5aa793cbd271/out/boringssl=/build/boringssl" "-ffile-prefix-map=/opt/rustwide/target/debug/build/leyline-bssl-sys/a4ee5aa793cbd271/out=/build" "-DBORINGSSL_IMPLEMENTATION" "-DBORINGSSL_PREFIX=LEYLINE" "-o" "/opt/rustwide/target/debug/build/leyline-bssl-sys/a4ee5aa793cbd271/out/bssl-build/fb892c7b219c56a6-s3_pkt.o" "-c" "/opt/rustwide/target/debug/build/leyline-bssl-sys/a4ee5aa793cbd271/out/boringssl/ssl/s3_pkt.cc"cargo:warning=c++: fatal error: Killed signal terminated program cc1plus
[INFO] [stderr] warning: leyline-bssl-sys@0.1.5: compilation terminated.
[INFO] [stderr] warning: leyline-bssl-sys@0.1.5: ToolExecError: command did not execute successfully (status code exit status: 1): LC_ALL="C" "c++" "-O0" "-ffunction-sections" "-fdata-sections" "-fPIC" "-g" "-gdwarf-4" "-fno-omit-frame-pointer" "-mno-omit-leaf-frame-pointer" "-m64" "-std=c++17" "-I" "/opt/rustwide/target/debug/build/leyline-bssl-sys/a4ee5aa793cbd271/out/boringssl/include" "-w" "-fno-exceptions" "-fno-rtti" "-fno-strict-aliasing" "-fno-common" "-fvisibility=hidden" "-ffile-prefix-map=/opt/rustwide/target/debug/build/leyline-bssl-sys/a4ee5aa793cbd271/out/boringssl=/build/boringssl" "-ffile-prefix-map=/opt/rustwide/target/debug/build/leyline-bssl-sys/a4ee5aa793cbd271/out=/build" "-DBORINGSSL_IMPLEMENTATION" "-DBORINGSSL_PREFIX=LEYLINE" "-o" "/opt/rustwide/target/debug/build/leyline-bssl-sys/a4ee5aa793cbd271/out/bssl-build/fb892c7b219c56a6-handshake_server.o" "-c" "/opt/rustwide/target/debug/build/leyline-bssl-sys/a4ee5aa793cbd271/out/boringssl/ssl/handshake_server.cc"cargo:warning=c++: fatal error: Killed signal terminated program cc1plus
[INFO] [stderr] warning: leyline-bssl-sys@0.1.5: compilation terminated.
[INFO] [stderr] warning: leyline-bssl-sys@0.1.5: ToolExecError: command did not execute successfully (status code exit status: 1): LC_ALL="C" "c++" "-O0" "-ffunction-sections" "-fdata-sections" "-fPIC" "-g" "-gdwarf-4" "-fno-omit-frame-pointer" "-mno-omit-leaf-frame-pointer" "-m64" "-std=c++17" "-I" "/opt/rustwide/target/debug/build/leyline-bssl-sys/a4ee5aa793cbd271/out/boringssl/include" "-w" "-fno-exceptions" "-fno-rtti" "-fno-strict-aliasing" "-fno-common" "-fvisibility=hidden" "-ffile-prefix-map=/opt/rustwide/target/debug/build/leyline-bssl-sys/a4ee5aa793cbd271/out/boringssl=/build/boringssl" "-ffile-prefix-map=/opt/rustwide/target/debug/build/leyline-bssl-sys/a4ee5aa793cbd271/out=/build" "-DBORINGSSL_IMPLEMENTATION" "-DBORINGSSL_PREFIX=LEYLINE" "-o" "/opt/rustwide/target/debug/build/leyline-bssl-sys/a4ee5aa793cbd271/out/bssl-build/fb892c7b219c56a6-s3_lib.o" "-c" "/opt/rustwide/target/debug/build/leyline-bssl-sys/a4ee5aa793cbd271/out/boringssl/ssl/s3_lib.cc"cargo:warning=c++: fatal error: Killed signal terminated program cc1plus
[INFO] [stderr] warning: leyline-bssl-sys@0.1.5: compilation terminated.
[INFO] [stderr] warning: leyline-bssl-sys@0.1.5: ToolExecError: command did not execute successfully (status code exit status: 1): LC_ALL="C" "c++" "-O0" "-ffunction-sections" "-fdata-sections" "-fPIC" "-g" "-gdwarf-4" "-fno-omit-frame-pointer" "-mno-omit-leaf-frame-pointer" "-m64" "-std=c++17" "-I" "/opt/rustwide/target/debug/build/leyline-bssl-sys/a4ee5aa793cbd271/out/boringssl/include" "-w" "-fno-exceptions" "-fno-rtti" "-fno-strict-aliasing" "-fno-common" "-fvisibility=hidden" "-ffile-prefix-map=/opt/rustwide/target/debug/build/leyline-bssl-sys/a4ee5aa793cbd271/out/boringssl=/build/boringssl" "-ffile-prefix-map=/opt/rustwide/target/debug/build/leyline-bssl-sys/a4ee5aa793cbd271/out=/build" "-DBORINGSSL_IMPLEMENTATION" "-DBORINGSSL_PREFIX=LEYLINE" "-o" "/opt/rustwide/target/debug/build/leyline-bssl-sys/a4ee5aa793cbd271/out/bssl-build/fb892c7b219c56a6-handshake_client.o" "-c" "/opt/rustwide/target/debug/build/leyline-bssl-sys/a4ee5aa793cbd271/out/boringssl/ssl/handshake_client.cc"cargo:warning=c++: fatal error: Killed signal terminated program cc1plus
[INFO] [stderr] warning: leyline-bssl-sys@0.1.5: compilation terminated.
[INFO] [stderr] warning: leyline-bssl-sys@0.1.5: ToolExecError: command did not execute successfully (status code exit status: 1): LC_ALL="C" "c++" "-O0" "-ffunction-sections" "-fdata-sections" "-fPIC" "-g" "-gdwarf-4" "-fno-omit-frame-pointer" "-mno-omit-leaf-frame-pointer" "-m64" "-std=c++17" "-I" "/opt/rustwide/target/debug/build/leyline-bssl-sys/a4ee5aa793cbd271/out/boringssl/include" "-w" "-fno-exceptions" "-fno-rtti" "-fno-strict-aliasing" "-fno-common" "-fvisibility=hidden" "-ffile-prefix-map=/opt/rustwide/target/debug/build/leyline-bssl-sys/a4ee5aa793cbd271/out/boringssl=/build/boringssl" "-ffile-prefix-map=/opt/rustwide/target/debug/build/leyline-bssl-sys/a4ee5aa793cbd271/out=/build" "-DBORINGSSL_IMPLEMENTATION" "-DBORINGSSL_PREFIX=LEYLINE" "-o" "/opt/rustwide/target/debug/build/leyline-bssl-sys/a4ee5aa793cbd271/out/bssl-build/fb892c7b219c56a6-ssl_cipher.o" "-c" "/opt/rustwide/target/debug/build/leyline-bssl-sys/a4ee5aa793cbd271/out/boringssl/ssl/ssl_cipher.cc"cargo:warning=c++: fatal error: Killed signal terminated program cc1plus
[INFO] [stderr] warning: leyline-bssl-sys@0.1.5: compilation terminated.
[INFO] [stderr] warning: leyline-bssl-sys@0.1.5: ToolExecError: command did not execute successfully (status code exit status: 1): LC_ALL="C" "c++" "-O0" "-ffunction-sections" "-fdata-sections" "-fPIC" "-g" "-gdwarf-4" "-fno-omit-frame-pointer" "-mno-omit-leaf-frame-pointer" "-m64" "-std=c++17" "-I" "/opt/rustwide/target/debug/build/leyline-bssl-sys/a4ee5aa793cbd271/out/boringssl/include" "-w" "-fno-exceptions" "-fno-rtti" "-fno-strict-aliasing" "-fno-common" "-fvisibility=hidden" "-ffile-prefix-map=/opt/rustwide/target/debug/build/leyline-bssl-sys/a4ee5aa793cbd271/out/boringssl=/build/boringssl" "-ffile-prefix-map=/opt/rustwide/target/debug/build/leyline-bssl-sys/a4ee5aa793cbd271/out=/build" "-DBORINGSSL_IMPLEMENTATION" "-DBORINGSSL_PREFIX=LEYLINE" "-o" "/opt/rustwide/target/debug/build/leyline-bssl-sys/a4ee5aa793cbd271/out/bssl-build/fb892c7b219c56a6-ssl_aead_ctx.o" "-c" "/opt/rustwide/target/debug/build/leyline-bssl-sys/a4ee5aa793cbd271/out/boringssl/ssl/ssl_aead_ctx.cc"cargo:warning=c++: fatal error: Killed signal terminated program cc1plus
[INFO] [stderr] warning: leyline-bssl-sys@0.1.5: compilation terminated.
[INFO] [stderr] warning: leyline-bssl-sys@0.1.5: ToolExecError: command did not execute successfully (status code exit status: 1): LC_ALL="C" "c++" "-O0" "-ffunction-sections" "-fdata-sections" "-fPIC" "-g" "-gdwarf-4" "-fno-omit-frame-pointer" "-mno-omit-leaf-frame-pointer" "-m64" "-std=c++17" "-I" "/opt/rustwide/target/debug/build/leyline-bssl-sys/a4ee5aa793cbd271/out/boringssl/include" "-w" "-fno-exceptions" "-fno-rtti" "-fno-strict-aliasing" "-fno-common" "-fvisibility=hidden" "-ffile-prefix-map=/opt/rustwide/target/debug/build/leyline-bssl-sys/a4ee5aa793cbd271/out/boringssl=/build/boringssl" "-ffile-prefix-map=/opt/rustwide/target/debug/build/leyline-bssl-sys/a4ee5aa793cbd271/out=/build" "-DBORINGSSL_IMPLEMENTATION" "-DBORINGSSL_PREFIX=LEYLINE" "-o" "/opt/rustwide/target/debug/build/leyline-bssl-sys/a4ee5aa793cbd271/out/bssl-build/fb892c7b219c56a6-ssl_asn1.o" "-c" "/opt/rustwide/target/debug/build/leyline-bssl-sys/a4ee5aa793cbd271/out/boringssl/ssl/ssl_asn1.cc"cargo:warning=c++: fatal error: Killed signal terminated program cc1plus
[INFO] [stderr] warning: leyline-bssl-sys@0.1.5: compilation terminated.
[INFO] [stderr] warning: leyline-bssl-sys@0.1.5: ToolExecError: command did not execute successfully (status code exit status: 1): LC_ALL="C" "c++" "-O0" "-ffunction-sections" "-fdata-sections" "-fPIC" "-g" "-gdwarf-4" "-fno-omit-frame-pointer" "-mno-omit-leaf-frame-pointer" "-m64" "-std=c++17" "-I" "/opt/rustwide/target/debug/build/leyline-bssl-sys/a4ee5aa793cbd271/out/boringssl/include" "-w" "-fno-exceptions" "-fno-rtti" "-fno-strict-aliasing" "-fno-common" "-fvisibility=hidden" "-ffile-prefix-map=/opt/rustwide/target/debug/build/leyline-bssl-sys/a4ee5aa793cbd271/out/boringssl=/build/boringssl" "-ffile-prefix-map=/opt/rustwide/target/debug/build/leyline-bssl-sys/a4ee5aa793cbd271/out=/build" "-DBORINGSSL_IMPLEMENTATION" "-DBORINGSSL_PREFIX=LEYLINE" "-o" "/opt/rustwide/target/debug/build/leyline-bssl-sys/a4ee5aa793cbd271/out/bssl-build/fb892c7b219c56a6-ssl_cert.o" "-c" "/opt/rustwide/target/debug/build/leyline-bssl-sys/a4ee5aa793cbd271/out/boringssl/ssl/ssl_cert.cc"cargo:warning=c++: fatal error: Killed signal terminated program cc1plus
[INFO] [stderr] warning: leyline-bssl-sys@0.1.5: compilation terminated.
[INFO] [stderr] warning: leyline-bssl-sys@0.1.5: ToolExecError: command did not execute successfully (status code exit status: 1): LC_ALL="C" "c++" "-O0" "-ffunction-sections" "-fdata-sections" "-fPIC" "-g" "-gdwarf-4" "-fno-omit-frame-pointer" "-mno-omit-leaf-frame-pointer" "-m64" "-std=c++17" "-I" "/opt/rustwide/target/debug/build/leyline-bssl-sys/a4ee5aa793cbd271/out/boringssl/include" "-w" "-fno-exceptions" "-fno-rtti" "-fno-strict-aliasing" "-fno-common" "-fvisibility=hidden" "-ffile-prefix-map=/opt/rustwide/target/debug/build/leyline-bssl-sys/a4ee5aa793cbd271/out/boringssl=/build/boringssl" "-ffile-prefix-map=/opt/rustwide/target/debug/build/leyline-bssl-sys/a4ee5aa793cbd271/out=/build" "-DBORINGSSL_IMPLEMENTATION" "-DBORINGSSL_PREFIX=LEYLINE" "-o" "/opt/rustwide/target/debug/build/leyline-bssl-sys/a4ee5aa793cbd271/out/bssl-build/fb892c7b219c56a6-ssl_buffer.o" "-c" "/opt/rustwide/target/debug/build/leyline-bssl-sys/a4ee5aa793cbd271/out/boringssl/ssl/ssl_buffer.cc"cargo:warning=c++: fatal error: Killed signal terminated program cc1plus
[INFO] [stderr] warning: leyline-bssl-sys@0.1.5: compilation terminated.
[INFO] [stderr] warning: leyline-bssl-sys@0.1.5: ToolExecError: command did not execute successfully (status code exit status: 1): LC_ALL="C" "c++" "-O0" "-ffunction-sections" "-fdata-sections" "-fPIC" "-g" "-gdwarf-4" "-fno-omit-frame-pointer" "-mno-omit-leaf-frame-pointer" "-m64" "-std=c++17" "-I" "/opt/rustwide/target/debug/build/leyline-bssl-sys/a4ee5aa793cbd271/out/boringssl/include" "-w" "-fno-exceptions" "-fno-rtti" "-fno-strict-aliasing" "-fno-common" "-fvisibility=hidden" "-ffile-prefix-map=/opt/rustwide/target/debug/build/leyline-bssl-sys/a4ee5aa793cbd271/out/boringssl=/build/boringssl" "-ffile-prefix-map=/opt/rustwide/target/debug/build/leyline-bssl-sys/a4ee5aa793cbd271/out=/build" "-DBORINGSSL_IMPLEMENTATION" "-DBORINGSSL_PREFIX=LEYLINE" "-o" "/opt/rustwide/target/debug/build/leyline-bssl-sys/a4ee5aa793cbd271/out/bssl-build/fb892c7b219c56a6-ssl_credential.o" "-c" "/opt/rustwide/target/debug/build/leyline-bssl-sys/a4ee5aa793cbd271/out/boringssl/ssl/ssl_credential.cc"cargo:warning=c++: fatal error: Killed signal terminated program cc1plus
[INFO] [stderr] warning: leyline-bssl-sys@0.1.5: compilation terminated.
[INFO] [stderr] warning: leyline-bssl-sys@0.1.5: ToolExecError: command did not execute successfully (status code exit status: 1): LC_ALL="C" "c++" "-O0" "-ffunction-sections" "-fdata-sections" "-fPIC" "-g" "-gdwarf-4" "-fno-omit-frame-pointer" "-mno-omit-leaf-frame-pointer" "-m64" "-std=c++17" "-I" "/opt/rustwide/target/debug/build/leyline-bssl-sys/a4ee5aa793cbd271/out/boringssl/include" "-w" "-fno-exceptions" "-fno-rtti" "-fno-strict-aliasing" "-fno-common" "-fvisibility=hidden" "-ffile-prefix-map=/opt/rustwide/target/debug/build/leyline-bssl-sys/a4ee5aa793cbd271/out/boringssl=/build/boringssl" "-ffile-prefix-map=/opt/rustwide/target/debug/build/leyline-bssl-sys/a4ee5aa793cbd271/out=/build" "-DBORINGSSL_IMPLEMENTATION" "-DBORINGSSL_PREFIX=LEYLINE" "-o" "/opt/rustwide/target/debug/build/leyline-bssl-sys/a4ee5aa793cbd271/out/bssl-build/fb892c7b219c56a6-ssl_file.o" "-c" "/opt/rustwide/target/debug/build/leyline-bssl-sys/a4ee5aa793cbd271/out/boringssl/ssl/ssl_file.cc"cargo:warning=c++: fatal error: Killed signal terminated program cc1plus
[INFO] [stderr] warning: leyline-bssl-sys@0.1.5: compilation terminated.
[INFO] [stderr] warning: leyline-bssl-sys@0.1.5: ToolExecError: command did not execute successfully (status code exit status: 1): LC_ALL="C" "c++" "-O0" "-ffunction-sections" "-fdata-sections" "-fPIC" "-g" "-gdwarf-4" "-fno-omit-frame-pointer" "-mno-omit-leaf-frame-pointer" "-m64" "-std=c++17" "-I" "/opt/rustwide/target/debug/build/leyline-bssl-sys/a4ee5aa793cbd271/out/boringssl/include" "-w" "-fno-exceptions" "-fno-rtti" "-fno-strict-aliasing" "-fno-common" "-fvisibility=hidden" "-ffile-prefix-map=/opt/rustwide/target/debug/build/leyline-bssl-sys/a4ee5aa793cbd271/out/boringssl=/build/boringssl" "-ffile-prefix-map=/opt/rustwide/target/debug/build/leyline-bssl-sys/a4ee5aa793cbd271/out=/build" "-DBORINGSSL_IMPLEMENTATION" "-DBORINGSSL_PREFIX=LEYLINE" "-o" "/opt/rustwide/target/debug/build/leyline-bssl-sys/a4ee5aa793cbd271/out/bssl-build/fb892c7b219c56a6-ssl_lib.o" "-c" "/opt/rustwide/target/debug/build/leyline-bssl-sys/a4ee5aa793cbd271/out/boringssl/ssl/ssl_lib.cc"cargo:warning=c++: fatal error: Killed signal terminated program cc1plus
[INFO] [stderr] warning: leyline-bssl-sys@0.1.5: compilation terminated.
[INFO] [stderr] warning: leyline-bssl-sys@0.1.5: ToolExecError: command did not execute successfully (status code exit status: 1): LC_ALL="C" "c++" "-O0" "-ffunction-sections" "-fdata-sections" "-fPIC" "-g" "-gdwarf-4" "-fno-omit-frame-pointer" "-mno-omit-leaf-frame-pointer" "-m64" "-std=c++17" "-I" "/opt/rustwide/target/debug/build/leyline-bssl-sys/a4ee5aa793cbd271/out/boringssl/include" "-w" "-fno-exceptions" "-fno-rtti" "-fno-strict-aliasing" "-fno-common" "-fvisibility=hidden" "-ffile-prefix-map=/opt/rustwide/target/debug/build/leyline-bssl-sys/a4ee5aa793cbd271/out/boringssl=/build/boringssl" "-ffile-prefix-map=/opt/rustwide/target/debug/build/leyline-bssl-sys/a4ee5aa793cbd271/out=/build" "-DBORINGSSL_IMPLEMENTATION" "-DBORINGSSL_PREFIX=LEYLINE" "-o" "/opt/rustwide/target/debug/build/leyline-bssl-sys/a4ee5aa793cbd271/out/bssl-build/fb892c7b219c56a6-ssl_transcript.o" "-c" "/opt/rustwide/target/debug/build/leyline-bssl-sys/a4ee5aa793cbd271/out/boringssl/ssl/ssl_transcript.cc"cargo:warning=c++: fatal error: Killed signal terminated program cc1plus
[INFO] [stderr] warning: leyline-bssl-sys@0.1.5: compilation terminated.
[INFO] [stderr] warning: leyline-bssl-sys@0.1.5: ToolExecError: command did not execute successfully (status code exit status: 1): LC_ALL="C" "c++" "-O0" "-ffunction-sections" "-fdata-sections" "-fPIC" "-g" "-gdwarf-4" "-fno-omit-frame-pointer" "-mno-omit-leaf-frame-pointer" "-m64" "-std=c++17" "-I" "/opt/rustwide/target/debug/build/leyline-bssl-sys/a4ee5aa793cbd271/out/boringssl/include" "-w" "-fno-exceptions" "-fno-rtti" "-fno-strict-aliasing" "-fno-common" "-fvisibility=hidden" "-ffile-prefix-map=/opt/rustwide/target/debug/build/leyline-bssl-sys/a4ee5aa793cbd271/out/boringssl=/build/boringssl" "-ffile-prefix-map=/opt/rustwide/target/debug/build/leyline-bssl-sys/a4ee5aa793cbd271/out=/build" "-DBORINGSSL_IMPLEMENTATION" "-DBORINGSSL_PREFIX=LEYLINE" "-o" "/opt/rustwide/target/debug/build/leyline-bssl-sys/a4ee5aa793cbd271/out/bssl-build/fb892c7b219c56a6-ssl_key_share.o" "-c" "/opt/rustwide/target/debug/build/leyline-bssl-sys/a4ee5aa793cbd271/out/boringssl/ssl/ssl_key_share.cc"cargo:warning=c++: fatal error: Killed signal terminated program cc1plus
[INFO] [stderr] warning: leyline-bssl-sys@0.1.5: compilation terminated.
[INFO] [stderr] warning: leyline-bssl-sys@0.1.5: ToolExecError: command did not execute successfully (status code exit status: 1): LC_ALL="C" "c++" "-O0" "-ffunction-sections" "-fdata-sections" "-fPIC" "-g" "-gdwarf-4" "-fno-omit-frame-pointer" "-mno-omit-leaf-frame-pointer" "-m64" "-std=c++17" "-I" "/opt/rustwide/target/debug/build/leyline-bssl-sys/a4ee5aa793cbd271/out/boringssl/include" "-w" "-fno-exceptions" "-fno-rtti" "-fno-strict-aliasing" "-fno-common" "-fvisibility=hidden" "-ffile-prefix-map=/opt/rustwide/target/debug/build/leyline-bssl-sys/a4ee5aa793cbd271/out/boringssl=/build/boringssl" "-ffile-prefix-map=/opt/rustwide/target/debug/build/leyline-bssl-sys/a4ee5aa793cbd271/out=/build" "-DBORINGSSL_IMPLEMENTATION" "-DBORINGSSL_PREFIX=LEYLINE" "-o" "/opt/rustwide/target/debug/build/leyline-bssl-sys/a4ee5aa793cbd271/out/bssl-build/fb892c7b219c56a6-ssl_privkey.o" "-c" "/opt/rustwide/target/debug/build/leyline-bssl-sys/a4ee5aa793cbd271/out/boringssl/ssl/ssl_privkey.cc"cargo:warning=c++: fatal error: Killed signal terminated program cc1plus
[INFO] [stderr] warning: leyline-bssl-sys@0.1.5: compilation terminated.
[INFO] [stderr] warning: leyline-bssl-sys@0.1.5: ToolExecError: command did not execute successfully (status code exit status: 1): LC_ALL="C" "c++" "-O0" "-ffunction-sections" "-fdata-sections" "-fPIC" "-g" "-gdwarf-4" "-fno-omit-frame-pointer" "-mno-omit-leaf-frame-pointer" "-m64" "-std=c++17" "-I" "/opt/rustwide/target/debug/build/leyline-bssl-sys/a4ee5aa793cbd271/out/boringssl/include" "-w" "-fno-exceptions" "-fno-rtti" "-fno-strict-aliasing" "-fno-common" "-fvisibility=hidden" "-ffile-prefix-map=/opt/rustwide/target/debug/build/leyline-bssl-sys/a4ee5aa793cbd271/out/boringssl=/build/boringssl" "-ffile-prefix-map=/opt/rustwide/target/debug/build/leyline-bssl-sys/a4ee5aa793cbd271/out=/build" "-DBORINGSSL_IMPLEMENTATION" "-DBORINGSSL_PREFIX=LEYLINE" "-o" "/opt/rustwide/target/debug/build/leyline-bssl-sys/a4ee5aa793cbd271/out/bssl-build/fb892c7b219c56a6-ssl_session.o" "-c" "/opt/rustwide/target/debug/build/leyline-bssl-sys/a4ee5aa793cbd271/out/boringssl/ssl/ssl_session.cc"
[INFO] [stderr] error: leyline-bssl-sys@0.1.5: ToolExecError: command did not execute successfully (status code exit status: 1): LC_ALL="C" "c++" "-O0" "-ffunction-sections" "-fdata-sections" "-fPIC" "-g" "-gdwarf-4" "-fno-omit-frame-pointer" "-mno-omit-leaf-frame-pointer" "-m64" "-std=c++17" "-I" "/opt/rustwide/target/debug/build/leyline-bssl-sys/a4ee5aa793cbd271/out/boringssl/include" "-w" "-fno-exceptions" "-fno-rtti" "-fno-strict-aliasing" "-fno-common" "-fvisibility=hidden" "-ffile-prefix-map=/opt/rustwide/target/debug/build/leyline-bssl-sys/a4ee5aa793cbd271/out/boringssl=/build/boringssl" "-ffile-prefix-map=/opt/rustwide/target/debug/build/leyline-bssl-sys/a4ee5aa793cbd271/out=/build" "-DBORINGSSL_IMPLEMENTATION" "-DBORINGSSL_PREFIX=LEYLINE" "-o" "/opt/rustwide/target/debug/build/leyline-bssl-sys/a4ee5aa793cbd271/out/bssl-build/fb892c7b219c56a6-ssl_session.o" "-c" "/opt/rustwide/target/debug/build/leyline-bssl-sys/a4ee5aa793cbd271/out/boringssl/ssl/ssl_session.cc"
[INFO] [stderr] error: failed to run custom build command for `leyline-bssl-sys v0.1.5`
[INFO] [stderr] note: To improve backtraces for build dependencies, set the CARGO_PROFILE_DEV_BUILD_OVERRIDE_DEBUG=true environment variable to enable debug information generation.
[INFO] [stderr] 
[INFO] [stderr] Caused by:
[INFO] [stderr]   process didn't exit successfully: `/opt/rustwide/target/debug/build/leyline-bssl-sys/ff188fbbe8ca9025/out/build_script_main` (exit status: 1)
[INFO] [stderr]   --- stdout
[INFO] [stderr]   cargo:rerun-if-env-changed=LEYLINE_BSSL_PATH_x86_64-unknown-linux-gnu
[INFO] [stderr]   cargo:rerun-if-env-changed=LEYLINE_BSSL_PATH_x86_64_unknown_linux_gnu
[INFO] [stderr]   cargo:rerun-if-env-changed=HOST_LEYLINE_BSSL_PATH
[INFO] [stderr]   cargo:rerun-if-env-changed=LEYLINE_BSSL_PATH
[INFO] [stderr]   cargo:rerun-if-env-changed=LEYLINE_BSSL_INCLUDE_PATH_x86_64-unknown-linux-gnu
[INFO] [stderr]   cargo:rerun-if-env-changed=LEYLINE_BSSL_INCLUDE_PATH_x86_64_unknown_linux_gnu
[INFO] [stderr]   cargo:rerun-if-env-changed=HOST_LEYLINE_BSSL_INCLUDE_PATH
[INFO] [stderr]   cargo:rerun-if-env-changed=LEYLINE_BSSL_INCLUDE_PATH
[INFO] [stderr]   cargo:rerun-if-env-changed=LEYLINE_BSSL_SOURCE_PATH_x86_64-unknown-linux-gnu
[INFO] [stderr]   cargo:rerun-if-env-changed=LEYLINE_BSSL_SOURCE_PATH_x86_64_unknown_linux_gnu
[INFO] [stderr]   cargo:rerun-if-env-changed=HOST_LEYLINE_BSSL_SOURCE_PATH
[INFO] [stderr]   cargo:rerun-if-env-changed=LEYLINE_BSSL_SOURCE_PATH
[INFO] [stderr]   cargo:rerun-if-env-changed=LEYLINE_BSSL_ASSUME_PATCHED_x86_64-unknown-linux-gnu
[INFO] [stderr]   cargo:rerun-if-env-changed=LEYLINE_BSSL_ASSUME_PATCHED_x86_64_unknown_linux_gnu
[INFO] [stderr]   cargo:rerun-if-env-changed=HOST_LEYLINE_BSSL_ASSUME_PATCHED
[INFO] [stderr]   cargo:rerun-if-env-changed=LEYLINE_BSSL_ASSUME_PATCHED
[INFO] [stderr]   cargo:rerun-if-env-changed=DEBUG_x86_64-unknown-linux-gnu
[INFO] [stderr]   cargo:rerun-if-env-changed=DEBUG_x86_64_unknown_linux_gnu
[INFO] [stderr]   cargo:rerun-if-env-changed=HOST_DEBUG
[INFO] [stderr]   cargo:rerun-if-env-changed=DEBUG
[INFO] [stderr]   cargo:rerun-if-env-changed=OPT_LEVEL_x86_64-unknown-linux-gnu
[INFO] [stderr]   cargo:rerun-if-env-changed=OPT_LEVEL_x86_64_unknown_linux_gnu
[INFO] [stderr]   cargo:rerun-if-env-changed=HOST_OPT_LEVEL
[INFO] [stderr]   cargo:rerun-if-env-changed=OPT_LEVEL
[INFO] [stderr]   cargo:rerun-if-env-changed=LEYLINE_BSSL_RUST_CPPLIB_x86_64-unknown-linux-gnu
[INFO] [stderr]   cargo:rerun-if-env-changed=LEYLINE_BSSL_RUST_CPPLIB_x86_64_unknown_linux_gnu
[INFO] [stderr]   cargo:rerun-if-env-changed=HOST_LEYLINE_BSSL_RUST_CPPLIB
[INFO] [stderr]   cargo:rerun-if-env-changed=LEYLINE_BSSL_RUST_CPPLIB
[INFO] [stderr]   cargo:rerun-if-env-changed=LEYLINE_BSSL_PREBUILT_NASM_OUT_x86_64-unknown-linux-gnu
[INFO] [stderr]   cargo:rerun-if-env-changed=LEYLINE_BSSL_PREBUILT_NASM_OUT_x86_64_unknown_linux_gnu
[INFO] [stderr]   cargo:rerun-if-env-changed=HOST_LEYLINE_BSSL_PREBUILT_NASM_OUT
[INFO] [stderr]   cargo:rerun-if-env-changed=LEYLINE_BSSL_PREBUILT_NASM_OUT
[INFO] [stderr]   cargo:rerun-if-env-changed=DOCS_RS
[INFO] [stderr]   cargo:version_major=0
[INFO] [stderr]   Initialized empty Git repository in /opt/rustwide/target/debug/build/leyline-bssl-sys/a4ee5aa793cbd271/out/boringssl/.git/
[INFO] [stderr]   cargo:rerun-if-changed=patches
[INFO] [stderr]   cargo:rerun-if-changed=patches/0001-leyline-fingerprint.patch
[INFO] [stderr]   cargo:rerun-if-changed=patches/0002-leyline-symbol-prefix.patch
[INFO] [stderr]   cargo:rerun-if-changed=patches/0003-leyline-tls12-extensions.patch
[INFO] [stderr]   cargo:rerun-if-changed=patches/0004-leyline-extension-tail.patch
[INFO] [stderr]   cargo:rerun-if-changed=patches/0005-leyline-client-hello-padding.patch
[INFO] [stderr]   cargo:rerun-if-changed=patches/0006-leyline-crl-relative-name.patch
[INFO] [stderr]   cargo:rerun-if-changed=/opt/rustwide/cargo-home/registry/src/index.crates.io-1949cf8c6b5b557f/leyline-bssl-sys-0.1.5/deps/boringssl
[INFO] [stderr]   cargo:rerun-if-changed=/opt/rustwide/cargo-home/registry/src/index.crates.io-1949cf8c6b5b557f/leyline-bssl-sys-0.1.5/prebuilt
[INFO] [stderr]   exit status: 0
[INFO] [stderr]   exit status: 0
[INFO] [stderr]   exit status: 0
[INFO] [stderr]   exit status: 0
[INFO] [stderr]   exit status: 0
[INFO] [stderr]   exit status: 0
[INFO] [stderr]   exit status: 0
[INFO] [stderr]   exit status: 0
[INFO] [stderr]   exit status: 0
[INFO] [stderr]   exit status: 0
[INFO] [stderr]   exit status: 0
[INFO] [stderr]   exit status: 0
[INFO] [stderr]   exit status: 0
[INFO] [stderr]   exit status: 0
[INFO] [stderr]   exit status: 0
[INFO] [stderr]   exit status: 0
[INFO] [stderr]   exit status: 0
[INFO] [stderr]   exit status: 0
[INFO] [stderr]   exit status: 0
[INFO] [stderr]   exit status: 0
[INFO] [stderr]   exit status: 0
[INFO] [stderr]   exit status: 0
[INFO] [stderr]   exit status: 0
[INFO] [stderr]   exit status: 0
[INFO] [stderr]   exit status: 0
[INFO] [stderr]   exit status: 0
[INFO] [stderr]   exit status: 0
[INFO] [stderr]   exit status: 0
[INFO] [stderr]   exit status: 0
[INFO] [stderr]   exit status: 0
[INFO] [stderr]   exit status: 0
[INFO] [stderr]   exit status: 0
[INFO] [stderr]   exit status: 0
[INFO] [stderr]   exit status: 0
[INFO] [stderr]   exit status: 0
[INFO] [stderr]   exit status: 0
[INFO] [stderr]   exit status: 0
[INFO] [stderr]   exit status: 0
[INFO] [stderr]   exit status: 0
[INFO] [stderr]   exit status: 0
[INFO] [stderr]   exit status: 0
[INFO] [stderr]   exit status: 0
[INFO] [stderr]   exit status: 0
[INFO] [stderr]   exit status: 0
[INFO] [stderr]   exit status: 0
[INFO] [stderr]   exit status: 0
[INFO] [stderr]   exit status: 0
[INFO] [stderr]   exit status: 0
[INFO] [stderr]   exit status: 0
[INFO] [stderr]   exit status: 0
[INFO] [stderr]   exit status: 0
[INFO] [stderr]   exit status: 0
[INFO] [stderr]   exit status: 0
[INFO] [stderr]   exit status: 0
[INFO] [stderr]   exit status: 0
[INFO] [stderr]   exit status: 0
[INFO] [stderr]   exit status: 0
[INFO] [stderr]   exit status: 0
[INFO] [stderr]   exit status: 0
[INFO] [stderr]   exit status: 0
[INFO] [stderr]   exit status: 0
[INFO] [stderr]   exit status: 0
[INFO] [stderr]   exit status: 0
[INFO] [stderr]   exit status: 0
[INFO] [stderr]   exit status: 0
[INFO] [stderr]   exit status: 0
[INFO] [stderr]   exit status: 0
[INFO] [stderr]   exit status: 0
[INFO] [stderr]   exit status: 0
[INFO] [stderr]   exit status: 0
[INFO] [stderr]   exit status: 0
[INFO] [stderr]   exit status: 0
[INFO] [stderr]   exit status: 0
[INFO] [stderr]   exit status: 0
[INFO] [stderr]   exit status: 0
[INFO] [stderr]   exit status: 0
[INFO] [stderr]   exit status: 0
[INFO] [stderr]   exit status: 0
[INFO] [stderr]   exit status: 0
[INFO] [stderr]   exit status: 0
[INFO] [stderr]   exit status: 0
[INFO] [stderr]   exit status: 0
[INFO] [stderr]   exit status: 0
[INFO] [stderr]   exit status: 0
[INFO] [stderr]   exit status: 0
[INFO] [stderr]   exit status: 0
[INFO] [stderr]   exit status: 0
[INFO] [stderr]   exit status: 0
[INFO] [stderr]   exit status: 0
[INFO] [stderr]   exit status: 0
[INFO] [stderr]   exit status: 0
[INFO] [stderr]   exit status: 0
[INFO] [stderr]   exit status: 0
[INFO] [stderr]   exit status: 0
[INFO] [stderr]   exit status: 0
[INFO] [stderr]   exit status: 0
[INFO] [stderr]   exit status: 0
[INFO] [stderr]   exit status: 0
[INFO] [stderr]   exit status: 0
[INFO] [stderr]   exit status: 0
[INFO] [stderr]   exit status: 0
[INFO] [stderr]   exit status: 0
[INFO] [stderr]   exit status: 0
[INFO] [stderr]   exit status: 0
[INFO] [stderr]   exit status: 0
[INFO] [stderr]   exit status: 0
[INFO] [stderr]   exit status: 0
[INFO] [stderr]   exit status: 0
[INFO] [stderr]   exit status: 0
[INFO] [stderr]   exit status: 0
[INFO] [stderr]   exit status: 0
[INFO] [stderr]   exit status: 0
[INFO] [stderr]   exit status: 0
[INFO] [stderr]   exit status: 0
[INFO] [stderr]   exit status: 0
[INFO] [stderr]   exit status: 0
[INFO] [stderr]   exit status: 0
[INFO] [stderr]   exit status: 0
[INFO] [stderr]   exit status: 0
[INFO] [stderr]   exit status: 0
[INFO] [stderr]   exit status: 0
[INFO] [stderr]   exit status: 0
[INFO] [stderr]   exit status: 0
[INFO] [stderr]   exit status: 0
[INFO] [stderr]   exit status: 0
[INFO] [stderr]   exit status: 0
[INFO] [stderr]   exit status: 0
[INFO] [stderr]   exit status: 0
[INFO] [stderr]   exit status: 0
[INFO] [stderr]   exit status: 0
[INFO] [stderr]   exit status: 0
[INFO] [stderr]   exit status: 0
[INFO] [stderr]   exit status: 0
[INFO] [stderr]   exit status: 0
[INFO] [stderr]   exit status: 0
[INFO] [stderr]   exit status: 0
[INFO] [stderr]   exit status: 0
[INFO] [stderr]   exit status: 0
[INFO] [stderr]   exit status: 0
[INFO] [stderr]   exit status: 0
[INFO] [stderr]   exit status: 0
[INFO] [stderr]   exit status: 0
[INFO] [stderr]   exit status: 0
[INFO] [stderr]   exit status: 0
[INFO] [stderr]   exit status: 0
[INFO] [stderr]   exit status: 0
[INFO] [stderr]   exit status: 0
[INFO] [stderr]   exit status: 0
[INFO] [stderr]   exit status: 0
[INFO] [stderr]   exit status: 0
[INFO] [stderr]   exit status: 0
[INFO] [stderr]   exit status: 0
[INFO] [stderr]   exit status: 0
[INFO] [stderr]   exit status: 0
[INFO] [stderr]   exit status: 0
[INFO] [stderr]   exit status: 0
[INFO] [stderr]   exit status: 0
[INFO] [stderr]   exit status: 0
[INFO] [stderr]   exit status: 0
[INFO] [stderr]   exit status: 0
[INFO] [stderr]   exit status: 0
[INFO] [stderr]   exit status: 0
[INFO] [stderr]   exit status: 0
[INFO] [stderr]   exit status: 0
[INFO] [stderr]   exit status: 0
[INFO] [stderr]   exit status: 0
[INFO] [stderr]   exit status: 0
[INFO] [stderr]   exit status: 0
[INFO] [stderr]   exit status: 0
[INFO] [stderr]   exit status: 0
[INFO] [stderr]   exit status: 0
[INFO] [stderr]   exit status: 0
[INFO] [stderr]   exit status: 0
[INFO] [stderr]   exit status: 0
[INFO] [stderr]   exit status: 0
[INFO] [stderr]   exit status: 0
[INFO] [stderr]   exit status: 0
[INFO] [stderr]   exit status: 0
[INFO] [stderr]   exit status: 0
[INFO] [stderr]   exit status: 0
[INFO] [stderr]   exit status: 0
[INFO] [stderr]   exit status: 0
[INFO] [stderr]   exit status: 0
[INFO] [stderr]   exit status: 0
[INFO] [stderr]   exit status: 0
[INFO] [stderr]   exit status: 0
[INFO] [stderr]   exit status: 0
[INFO] [stderr]   exit status: 0
[INFO] [stderr]   exit status: 0
[INFO] [stderr]   exit status: 0
[INFO] [stderr]   exit status: 0
[INFO] [stderr]   exit status: 0
[INFO] [stderr]   exit status: 0
[INFO] [stderr]   exit status: 0
[INFO] [stderr]   exit status: 0
[INFO] [stderr]   exit status: 0
[INFO] [stderr]   exit status: 0
[INFO] [stderr]   exit status: 0
[INFO] [stderr]   exit status: 0
[INFO] [stderr]   exit status: 0
[INFO] [stderr]   exit status: 0
[INFO] [stderr]   exit status: 0
[INFO] [stderr]   exit status: 0
[INFO] [stderr]   exit status: 0
[INFO] [stderr]   exit status: 0
[INFO] [stderr]   exit status: 0
[INFO] [stderr]   exit status: 0
[INFO] [stderr]   exit status: 0
[INFO] [stderr]   exit status: 0
[INFO] [stderr]   exit status: 0
[INFO] [stderr]   exit status: 0
[INFO] [stderr]   exit status: 0
[INFO] [stderr]   exit status: 0
[INFO] [stderr]   exit status: 0
[INFO] [stderr]   exit status: 0
[INFO] [stderr]   exit status: 0
[INFO] [stderr]   exit status: 0
[INFO] [stderr]   exit status: 0
[INFO] [stderr]   exit status: 0
[INFO] [stderr]   exit status: 0
[INFO] [stderr]   exit status: 0
[INFO] [stderr]   exit status: 0
[INFO] [stderr]   exit status: 0
[INFO] [stderr]   exit status: 0
[INFO] [stderr]   exit status: 0
[INFO] [stderr]   exit status: 0
[INFO] [stderr]   exit status: 0
[INFO] [stderr]   exit status: 0
[INFO] [stderr]   exit status: 0
[INFO] [stderr]   exit status: 0
[INFO] [stderr]   exit status: 0
[INFO] [stderr]   exit status: 0
[INFO] [stderr]   exit status: 0
[INFO] [stderr]   exit status: 0
[INFO] [stderr]   exit status: 0
[INFO] [stderr]   exit status: 0
[INFO] [stderr]   exit status: 0
[INFO] [stderr]   exit status: 0
[INFO] [stderr]   exit status: 0
[INFO] [stderr]   exit status: 0
[INFO] [stderr]   exit status: 0
[INFO] [stderr]   exit status: 0
[INFO] [stderr]   exit status: 0
[INFO] [stderr]   exit status: 0
[INFO] [stderr]   exit status: 0
[INFO] [stderr]   exit status: 0
[INFO] [stderr]   exit status: 0
[INFO] [stderr]   exit status: 0
[INFO] [stderr]   exit status: 0
[INFO] [stderr]   exit status: 0
[INFO] [stderr]   exit status: 0
[INFO] [stderr]   exit status: 0
[INFO] [stderr]   exit status: 0
[INFO] [stderr]   exit status: 0
[INFO] [stderr]   exit status: 0
[INFO] [stderr]   exit status: 0
[INFO] [stderr]   exit status: 0
[INFO] [stderr]   exit status: 0
[INFO] [stderr]   exit status: 0
[INFO] [stderr]   exit status: 0
[INFO] [stderr]   exit status: 0
[INFO] [stderr]   exit status: 0
[INFO] [stderr]   exit status: 0
[INFO] [stderr]   exit status: 0
[INFO] [stderr]   exit status: 0
[INFO] [stderr]   exit status: 0
[INFO] [stderr]   exit status: 0
[INFO] [stderr]   exit status: 0
[INFO] [stderr]   exit status: 0
[INFO] [stderr]   exit status: 0
[INFO] [stderr]   exit status: 0
[INFO] [stderr]   exit status: 0
[INFO] [stderr]   exit status: 0
[INFO] [stderr]   exit status: 0
[INFO] [stderr]   exit status: 0
[INFO] [stderr]   exit status: 0
[INFO] [stderr]   exit status: 0
[INFO] [stderr]   exit status: 0
[INFO] [stderr]   exit status: 0
[INFO] [stderr]   exit status: 0
[INFO] [stderr]   exit status: 0
[INFO] [stderr]   exit status: 0
[INFO] [stderr]   exit status: 0
[INFO] [stderr]   exit status: 0
[INFO] [stderr]   exit status: 0
[INFO] [stderr]   exit status: 0
[INFO] [stderr]   exit status: 0
[INFO] [stderr]   exit status: 0
[INFO] [stderr]   exit status: 0
[INFO] [stderr]   exit status: 0
[INFO] [stderr]   exit status: 0
[INFO] [stderr]   exit status: 0
[INFO] [stderr]   exit status: 0
[INFO] [stderr]   exit status: 0
[INFO] [stderr]   exit status: 0
[INFO] [stderr]   exit status: 0
[INFO] [stderr]   exit status: 0
[INFO] [stderr]   exit status: 0
[INFO] [stderr]   exit status: 0
[INFO] [stderr]   exit status: 0
[INFO] [stderr]   exit status: 0
[INFO] [stderr]   exit status: 0
[INFO] [stderr]   exit status: 0
[INFO] [stderr]   exit status: 0
[INFO] [stderr]   exit status: 0
[INFO] [stderr]   exit status: 0
[INFO] [stderr]   exit status: 0
[INFO] [stderr]   exit status: 0
[INFO] [stderr]   exit status: 0
[INFO] [stderr]   exit status: 0
[INFO] [stderr]   exit status: 0
[INFO] [stderr]   exit status: 0
[INFO] [stderr]   exit status: 0
[INFO] [stderr]   exit status: 0
[INFO] [stderr]   exit status: 0
[INFO] [stderr]   exit status: 0
[INFO] [stderr]   exit status: 0
[INFO] [stderr]   exit status: 0
[INFO] [stderr]   exit status: 0
[INFO] [stderr]   exit status: 0
[INFO] [stderr]   exit status: 0
[INFO] [stderr]   exit status: 0
[INFO] [stderr]   exit status: 0
[INFO] [stderr]   exit status: 0
[INFO] [stderr]   exit status: 0
[INFO] [stderr]   exit status: 0
[INFO] [stderr]   exit status: 0
[INFO] [stderr]   exit status: 0
[INFO] [stderr]   exit status: 0
[INFO] [stderr]   exit status: 0
[INFO] [stderr]   exit status: 0
[INFO] [stderr]   exit status: 0
[INFO] [stderr]   exit status: 0
[INFO] [stderr]   exit status: 0
[INFO] [stderr]   exit status: 0
[INFO] [stderr]   exit status: 0
[INFO] [stderr]   exit status: 0
[INFO] [stderr]   exit status: 0
[INFO] [stderr]   exit status: 0
[INFO] [stderr]   exit status: 0
[INFO] [stderr]   exit status: 0
[INFO] [stderr]   exit status: 0
[INFO] [stderr]   exit status: 0
[INFO] [stderr]   exit status: 0
[INFO] [stderr]   exit status: 0
[INFO] [stderr]   exit status: 0
[INFO] [stderr]   exit status: 0
[INFO] [stderr]   exit status: 0
[INFO] [stderr]   exit status: 0
[INFO] [stderr]   exit status: 0
[INFO] [stderr]   exit status: 0
[INFO] [stderr]   exit status: 0
[INFO] [stderr]   exit status: 0
[INFO] [stderr]   exit status: 0
[INFO] [stderr]   exit status: 0
[INFO] [stderr]   exit status: 0
[INFO] [stderr]   exit status: 0
[INFO] [stderr]   exit status: 0
[INFO] [stderr]   exit status: 0
[INFO] [stderr]   exit status: 0
[INFO] [stderr]   exit status: 0
[INFO] [stderr]   exit status: 0
[INFO] [stderr]   exit status: 0
[INFO] [stderr]   exit status: 0
[INFO] [stderr]   exit status: 0
[INFO] [stderr]   exit status: 0
[INFO] [stderr]   exit status: 0
[INFO] [stderr]   cargo:warning=c++: fatal error: Killed signal terminated program cc1plus
[INFO] [stderr]   cargo:warning=compilation terminated.
[INFO] [stderr]   exit status: 1
[INFO] [stderr]   cargo:warning=ToolExecError: command did not execute successfully (status code exit status: 1): LC_ALL="C" "c++" "-O0" "-ffunction-sections" "-fdata-sections" "-fPIC" "-g" "-gdwarf-4" "-fno-omit-frame-pointer" "-mno-omit-leaf-frame-pointer" "-m64" "-std=c++17" "-I" "/opt/rustwide/target/debug/build/leyline-bssl-sys/a4ee5aa793cbd271/out/boringssl/include" "-w" "-fno-exceptions" "-fno-rtti" "-fno-strict-aliasing" "-fno-common" "-fvisibility=hidden" "-ffile-prefix-map=/opt/rustwide/target/debug/build/leyline-bssl-sys/a4ee5aa793cbd271/out/boringssl=/build/boringssl" "-ffile-prefix-map=/opt/rustwide/target/debug/build/leyline-bssl-sys/a4ee5aa793cbd271/out=/build" "-DBORINGSSL_IMPLEMENTATION" "-DBORINGSSL_PREFIX=LEYLINE" "-o" "/opt/rustwide/target/debug/build/leyline-bssl-sys/a4ee5aa793cbd271/out/bssl-build/fb892c7b219c56a6-encrypted_client_hello.o" "-c" "/opt/rustwide/target/debug/build/leyline-bssl-sys/a4ee5aa793cbd271/out/boringssl/ssl/encrypted_client_hello.cc"cargo:warning=c++: fatal error: Killed signal terminated program cc1plus
[INFO] [stderr]   cargo:warning=compilation terminated.
[INFO] [stderr] 
[INFO] [stderr]   exit status: 1
[INFO] [stderr]   cargo:warning=ToolExecError: command did not execute successfully (status code exit status: 1): LC_ALL="C" "c++" "-O0" "-ffunction-sections" "-fdata-sections" "-fPIC" "-g" "-gdwarf-4" "-fno-omit-frame-pointer" "-mno-omit-leaf-frame-pointer" "-m64" "-std=c++17" "-I" "/opt/rustwide/target/debug/build/leyline-bssl-sys/a4ee5aa793cbd271/out/boringssl/include" "-w" "-fno-exceptions" "-fno-rtti" "-fno-strict-aliasing" "-fno-common" "-fvisibility=hidden" "-ffile-prefix-map=/opt/rustwide/target/debug/build/leyline-bssl-sys/a4ee5aa793cbd271/out/boringssl=/build/boringssl" "-ffile-prefix-map=/opt/rustwide/target/debug/build/leyline-bssl-sys/a4ee5aa793cbd271/out=/build" "-DBORINGSSL_IMPLEMENTATION" "-DBORINGSSL_PREFIX=LEYLINE" "-o" "/opt/rustwide/target/debug/build/leyline-bssl-sys/a4ee5aa793cbd271/out/bssl-build/fb892c7b219c56a6-handshake.o" "-c" "/opt/rustwide/target/debug/build/leyline-bssl-sys/a4ee5aa793cbd271/out/boringssl/ssl/handshake.cc"cargo:warning=c++: fatal error: Killed signal terminated program cc1plus
[INFO] [stderr]   cargo:warning=compilation terminated.
[INFO] [stderr] 
[INFO] [stderr]   exit status: 1
[INFO] [stderr]   cargo:warning=ToolExecError: command did not execute successfully (status code exit status: 1): LC_ALL="C" "c++" "-O0" "-ffunction-sections" "-fdata-sections" "-fPIC" "-g" "-gdwarf-4" "-fno-omit-frame-pointer" "-mno-omit-leaf-frame-pointer" "-m64" "-std=c++17" "-I" "/opt/rustwide/target/debug/build/leyline-bssl-sys/a4ee5aa793cbd271/out/boringssl/include" "-w" "-fno-exceptions" "-fno-rtti" "-fno-strict-aliasing" "-fno-common" "-fvisibility=hidden" "-ffile-prefix-map=/opt/rustwide/target/debug/build/leyline-bssl-sys/a4ee5aa793cbd271/out/boringssl=/build/boringssl" "-ffile-prefix-map=/opt/rustwide/target/debug/build/leyline-bssl-sys/a4ee5aa793cbd271/out=/build" "-DBORINGSSL_IMPLEMENTATION" "-DBORINGSSL_PREFIX=LEYLINE" "-o" "/opt/rustwide/target/debug/build/leyline-bssl-sys/a4ee5aa793cbd271/out/bssl-build/fb892c7b219c56a6-d1_pkt.o" "-c" "/opt/rustwide/target/debug/build/leyline-bssl-sys/a4ee5aa793cbd271/out/boringssl/ssl/d1_pkt.cc"cargo:warning=c++: fatal error: Killed signal terminated program cc1plus
[INFO] [stderr]   cargo:warning=compilation terminated.
[INFO] [stderr] 
[INFO] [stderr]   exit status: 1
[INFO] [stderr]   cargo:warning=ToolExecError: command did not execute successfully (status code exit status: 1): LC_ALL="C" "c++" "-O0" "-ffunction-sections" "-fdata-sections" "-fPIC" "-g" "-gdwarf-4" "-fno-omit-frame-pointer" "-mno-omit-leaf-frame-pointer" "-m64" "-std=c++17" "-I" "/opt/rustwide/target/debug/build/leyline-bssl-sys/a4ee5aa793cbd271/out/boringssl/include" "-w" "-fno-exceptions" "-fno-rtti" "-fno-strict-aliasing" "-fno-common" "-fvisibility=hidden" "-ffile-prefix-map=/opt/rustwide/target/debug/build/leyline-bssl-sys/a4ee5aa793cbd271/out/boringssl=/build/boringssl" "-ffile-prefix-map=/opt/rustwide/target/debug/build/leyline-bssl-sys/a4ee5aa793cbd271/out=/build" "-DBORINGSSL_IMPLEMENTATION" "-DBORINGSSL_PREFIX=LEYLINE" "-o" "/opt/rustwide/target/debug/build/leyline-bssl-sys/a4ee5aa793cbd271/out/bssl-build/fb892c7b219c56a6-dtls_record.o" "-c" "/opt/rustwide/target/debug/build/leyline-bssl-sys/a4ee5aa793cbd271/out/boringssl/ssl/dtls_record.cc"cargo:warning=c++: fatal error: Killed signal terminated program cc1plus
[INFO] [stderr]   cargo:warning=compilation terminated.
[INFO] [stderr] 
[INFO] [stderr]   exit status: 1
[INFO] [stderr]   cargo:warning=ToolExecError: command did not execute successfully (status code exit status: 1): LC_ALL="C" "c++" "-O0" "-ffunction-sections" "-fdata-sections" "-fPIC" "-g" "-gdwarf-4" "-fno-omit-frame-pointer" "-mno-omit-leaf-frame-pointer" "-m64" "-std=c++17" "-I" "/opt/rustwide/target/debug/build/leyline-bssl-sys/a4ee5aa793cbd271/out/boringssl/include" "-w" "-fno-exceptions" "-fno-rtti" "-fno-strict-aliasing" "-fno-common" "-fvisibility=hidden" "-ffile-prefix-map=/opt/rustwide/target/debug/build/leyline-bssl-sys/a4ee5aa793cbd271/out/boringssl=/build/boringssl" "-ffile-prefix-map=/opt/rustwide/target/debug/build/leyline-bssl-sys/a4ee5aa793cbd271/out=/build" "-DBORINGSSL_IMPLEMENTATION" "-DBORINGSSL_PREFIX=LEYLINE" "-o" "/opt/rustwide/target/debug/build/leyline-bssl-sys/a4ee5aa793cbd271/out/bssl-build/fb892c7b219c56a6-handoff.o" "-c" "/opt/rustwide/target/debug/build/leyline-bssl-sys/a4ee5aa793cbd271/out/boringssl/ssl/handoff.cc"cargo:warning=c++: fatal error: Killed signal terminated program cc1plus
[INFO] [stderr]   cargo:warning=compilation terminated.
[INFO] [stderr] 
[INFO] [stderr]   exit status: 1
[INFO] [stderr]   cargo:warning=ToolExecError: command did not execute successfully (status code exit status: 1): LC_ALL="C" "c++" "-O0" "-ffunction-sections" "-fdata-sections" "-fPIC" "-g" "-gdwarf-4" "-fno-omit-frame-pointer" "-mno-omit-leaf-frame-pointer" "-m64" "-std=c++17" "-I" "/opt/rustwide/target/debug/build/leyline-bssl-sys/a4ee5aa793cbd271/out/boringssl/include" "-w" "-fno-exceptions" "-fno-rtti" "-fno-strict-aliasing" "-fno-common" "-fvisibility=hidden" "-ffile-prefix-map=/opt/rustwide/target/debug/build/leyline-bssl-sys/a4ee5aa793cbd271/out/boringssl=/build/boringssl" "-ffile-prefix-map=/opt/rustwide/target/debug/build/leyline-bssl-sys/a4ee5aa793cbd271/out=/build" "-DBORINGSSL_IMPLEMENTATION" "-DBORINGSSL_PREFIX=LEYLINE" "-o" "/opt/rustwide/target/debug/build/leyline-bssl-sys/a4ee5aa793cbd271/out/bssl-build/fb892c7b219c56a6-d1_both.o" "-c" "/opt/rustwide/target/debug/build/leyline-bssl-sys/a4ee5aa793cbd271/out/boringssl/ssl/d1_both.cc"cargo:warning=c++: fatal error: Killed signal terminated program cc1plus
[INFO] [stderr]   cargo:warning=compilation terminated.
[INFO] [stderr] 
[INFO] [stderr]   exit status: 1
[INFO] [stderr]   cargo:warning=ToolExecError: command did not execute successfully (status code exit status: 1): LC_ALL="C" "c++" "-O0" "-ffunction-sections" "-fdata-sections" "-fPIC" "-g" "-gdwarf-4" "-fno-omit-frame-pointer" "-mno-omit-leaf-frame-pointer" "-m64" "-std=c++17" "-I" "/opt/rustwide/target/debug/build/leyline-bssl-sys/a4ee5aa793cbd271/out/boringssl/include" "-w" "-fno-exceptions" "-fno-rtti" "-fno-strict-aliasing" "-fno-common" "-fvisibility=hidden" "-ffile-prefix-map=/opt/rustwide/target/debug/build/leyline-bssl-sys/a4ee5aa793cbd271/out/boringssl=/build/boringssl" "-ffile-prefix-map=/opt/rustwide/target/debug/build/leyline-bssl-sys/a4ee5aa793cbd271/out=/build" "-DBORINGSSL_IMPLEMENTATION" "-DBORINGSSL_PREFIX=LEYLINE" "-o" "/opt/rustwide/target/debug/build/leyline-bssl-sys/a4ee5aa793cbd271/out/bssl-build/fb892c7b219c56a6-extensions.o" "-c" "/opt/rustwide/target/debug/build/leyline-bssl-sys/a4ee5aa793cbd271/out/boringssl/ssl/extensions.cc"cargo:warning=c++: fatal error: Killed signal terminated program cc1plus
[INFO] [stderr]   cargo:warning=compilation terminated.
[INFO] [stderr] 
[INFO] [stderr]   exit status: 0
[INFO] [stderr]   exit status: 1
[INFO] [stderr]   cargo:warning=ToolExecError: command did not execute successfully (status code exit status: 1): LC_ALL="C" "c++" "-O0" "-ffunction-sections" "-fdata-sections" "-fPIC" "-g" "-gdwarf-4" "-fno-omit-frame-pointer" "-mno-omit-leaf-frame-pointer" "-m64" "-std=c++17" "-I" "/opt/rustwide/target/debug/build/leyline-bssl-sys/a4ee5aa793cbd271/out/boringssl/include" "-w" "-fno-exceptions" "-fno-rtti" "-fno-strict-aliasing" "-fno-common" "-fvisibility=hidden" "-ffile-prefix-map=/opt/rustwide/target/debug/build/leyline-bssl-sys/a4ee5aa793cbd271/out/boringssl=/build/boringssl" "-ffile-prefix-map=/opt/rustwide/target/debug/build/leyline-bssl-sys/a4ee5aa793cbd271/out=/build" "-DBORINGSSL_IMPLEMENTATION" "-DBORINGSSL_PREFIX=LEYLINE" "-o" "/opt/rustwide/target/debug/build/leyline-bssl-sys/a4ee5aa793cbd271/out/bssl-build/fb892c7b219c56a6-s3_both.o" "-c" "/opt/rustwide/target/debug/build/leyline-bssl-sys/a4ee5aa793cbd271/out/boringssl/ssl/s3_both.cc"cargo:warning=c++: fatal error: Killed signal terminated program cc1plus
[INFO] [stderr]   cargo:warning=compilation terminated.
[INFO] [stderr] 
[INFO] [stderr]   exit status: 1
[INFO] [stderr]   cargo:warning=ToolExecError: command did not execute successfully (status code exit status: 1): LC_ALL="C" "c++" "-O0" "-ffunction-sections" "-fdata-sections" "-fPIC" "-g" "-gdwarf-4" "-fno-omit-frame-pointer" "-mno-omit-leaf-frame-pointer" "-m64" "-std=c++17" "-I" "/opt/rustwide/target/debug/build/leyline-bssl-sys/a4ee5aa793cbd271/out/boringssl/include" "-w" "-fno-exceptions" "-fno-rtti" "-fno-strict-aliasing" "-fno-common" "-fvisibility=hidden" "-ffile-prefix-map=/opt/rustwide/target/debug/build/leyline-bssl-sys/a4ee5aa793cbd271/out/boringssl=/build/boringssl" "-ffile-prefix-map=/opt/rustwide/target/debug/build/leyline-bssl-sys/a4ee5aa793cbd271/out=/build" "-DBORINGSSL_IMPLEMENTATION" "-DBORINGSSL_PREFIX=LEYLINE" "-o" "/opt/rustwide/target/debug/build/leyline-bssl-sys/a4ee5aa793cbd271/out/bssl-build/fb892c7b219c56a6-s3_pkt.o" "-c" "/opt/rustwide/target/debug/build/leyline-bssl-sys/a4ee5aa793cbd271/out/boringssl/ssl/s3_pkt.cc"cargo:warning=c++: fatal error: Killed signal terminated program cc1plus
[INFO] [stderr]   cargo:warning=compilation terminated.
[INFO] [stderr] 
[INFO] [stderr]   exit status: 0
[INFO] [stderr]   exit status: 1
[INFO] [stderr]   cargo:warning=ToolExecError: command did not execute successfully (status code exit status: 1): LC_ALL="C" "c++" "-O0" "-ffunction-sections" "-fdata-sections" "-fPIC" "-g" "-gdwarf-4" "-fno-omit-frame-pointer" "-mno-omit-leaf-frame-pointer" "-m64" "-std=c++17" "-I" "/opt/rustwide/target/debug/build/leyline-bssl-sys/a4ee5aa793cbd271/out/boringssl/include" "-w" "-fno-exceptions" "-fno-rtti" "-fno-strict-aliasing" "-fno-common" "-fvisibility=hidden" "-ffile-prefix-map=/opt/rustwide/target/debug/build/leyline-bssl-sys/a4ee5aa793cbd271/out/boringssl=/build/boringssl" "-ffile-prefix-map=/opt/rustwide/target/debug/build/leyline-bssl-sys/a4ee5aa793cbd271/out=/build" "-DBORINGSSL_IMPLEMENTATION" "-DBORINGSSL_PREFIX=LEYLINE" "-o" "/opt/rustwide/target/debug/build/leyline-bssl-sys/a4ee5aa793cbd271/out/bssl-build/fb892c7b219c56a6-handshake_server.o" "-c" "/opt/rustwide/target/debug/build/leyline-bssl-sys/a4ee5aa793cbd271/out/boringssl/ssl/handshake_server.cc"cargo:warning=c++: fatal error: Killed signal terminated program cc1plus
[INFO] [stderr]   cargo:warning=compilation terminated.
[INFO] [stderr] 
[INFO] [stderr]   exit status: 1
[INFO] [stderr]   cargo:warning=ToolExecError: command did not execute successfully (status code exit status: 1): LC_ALL="C" "c++" "-O0" "-ffunction-sections" "-fdata-sections" "-fPIC" "-g" "-gdwarf-4" "-fno-omit-frame-pointer" "-mno-omit-leaf-frame-pointer" "-m64" "-std=c++17" "-I" "/opt/rustwide/target/debug/build/leyline-bssl-sys/a4ee5aa793cbd271/out/boringssl/include" "-w" "-fno-exceptions" "-fno-rtti" "-fno-strict-aliasing" "-fno-common" "-fvisibility=hidden" "-ffile-prefix-map=/opt/rustwide/target/debug/build/leyline-bssl-sys/a4ee5aa793cbd271/out/boringssl=/build/boringssl" "-ffile-prefix-map=/opt/rustwide/target/debug/build/leyline-bssl-sys/a4ee5aa793cbd271/out=/build" "-DBORINGSSL_IMPLEMENTATION" "-DBORINGSSL_PREFIX=LEYLINE" "-o" "/opt/rustwide/target/debug/build/leyline-bssl-sys/a4ee5aa793cbd271/out/bssl-build/fb892c7b219c56a6-s3_lib.o" "-c" "/opt/rustwide/target/debug/build/leyline-bssl-sys/a4ee5aa793cbd271/out/boringssl/ssl/s3_lib.cc"cargo:warning=c++: fatal error: Killed signal terminated program cc1plus
[INFO] [stderr]   cargo:warning=compilation terminated.
[INFO] [stderr] 
[INFO] [stderr]   exit status: 0
[INFO] [stderr]   exit status: 0
[INFO] [stderr]   exit status: 1
[INFO] [stderr]   cargo:warning=ToolExecError: command did not execute successfully (status code exit status: 1): LC_ALL="C" "c++" "-O0" "-ffunction-sections" "-fdata-sections" "-fPIC" "-g" "-gdwarf-4" "-fno-omit-frame-pointer" "-mno-omit-leaf-frame-pointer" "-m64" "-std=c++17" "-I" "/opt/rustwide/target/debug/build/leyline-bssl-sys/a4ee5aa793cbd271/out/boringssl/include" "-w" "-fno-exceptions" "-fno-rtti" "-fno-strict-aliasing" "-fno-common" "-fvisibility=hidden" "-ffile-prefix-map=/opt/rustwide/target/debug/build/leyline-bssl-sys/a4ee5aa793cbd271/out/boringssl=/build/boringssl" "-ffile-prefix-map=/opt/rustwide/target/debug/build/leyline-bssl-sys/a4ee5aa793cbd271/out=/build" "-DBORINGSSL_IMPLEMENTATION" "-DBORINGSSL_PREFIX=LEYLINE" "-o" "/opt/rustwide/target/debug/build/leyline-bssl-sys/a4ee5aa793cbd271/out/bssl-build/fb892c7b219c56a6-handshake_client.o" "-c" "/opt/rustwide/target/debug/build/leyline-bssl-sys/a4ee5aa793cbd271/out/boringssl/ssl/handshake_client.cc"cargo:warning=c++: fatal error: Killed signal terminated program cc1plus
[INFO] [stderr]   cargo:warning=compilation terminated.
[INFO] [stderr] 
[INFO] [stderr]   exit status: 1
[INFO] [stderr]   cargo:warning=ToolExecError: command did not execute successfully (status code exit status: 1): LC_ALL="C" "c++" "-O0" "-ffunction-sections" "-fdata-sections" "-fPIC" "-g" "-gdwarf-4" "-fno-omit-frame-pointer" "-mno-omit-leaf-frame-pointer" "-m64" "-std=c++17" "-I" "/opt/rustwide/target/debug/build/leyline-bssl-sys/a4ee5aa793cbd271/out/boringssl/include" "-w" "-fno-exceptions" "-fno-rtti" "-fno-strict-aliasing" "-fno-common" "-fvisibility=hidden" "-ffile-prefix-map=/opt/rustwide/target/debug/build/leyline-bssl-sys/a4ee5aa793cbd271/out/boringssl=/build/boringssl" "-ffile-prefix-map=/opt/rustwide/target/debug/build/leyline-bssl-sys/a4ee5aa793cbd271/out=/build" "-DBORINGSSL_IMPLEMENTATION" "-DBORINGSSL_PREFIX=LEYLINE" "-o" "/opt/rustwide/target/debug/build/leyline-bssl-sys/a4ee5aa793cbd271/out/bssl-build/fb892c7b219c56a6-ssl_cipher.o" "-c" "/opt/rustwide/target/debug/build/leyline-bssl-sys/a4ee5aa793cbd271/out/boringssl/ssl/ssl_cipher.cc"cargo:warning=c++: fatal error: Killed signal terminated program cc1plus
[INFO] [stderr]   cargo:warning=compilation terminated.
[INFO] [stderr] 
[INFO] [stderr]   exit status: 1
[INFO] [stderr]   cargo:warning=ToolExecError: command did not execute successfully (status code exit status: 1): LC_ALL="C" "c++" "-O0" "-ffunction-sections" "-fdata-sections" "-fPIC" "-g" "-gdwarf-4" "-fno-omit-frame-pointer" "-mno-omit-leaf-frame-pointer" "-m64" "-std=c++17" "-I" "/opt/rustwide/target/debug/build/leyline-bssl-sys/a4ee5aa793cbd271/out/boringssl/include" "-w" "-fno-exceptions" "-fno-rtti" "-fno-strict-aliasing" "-fno-common" "-fvisibility=hidden" "-ffile-prefix-map=/opt/rustwide/target/debug/build/leyline-bssl-sys/a4ee5aa793cbd271/out/boringssl=/build/boringssl" "-ffile-prefix-map=/opt/rustwide/target/debug/build/leyline-bssl-sys/a4ee5aa793cbd271/out=/build" "-DBORINGSSL_IMPLEMENTATION" "-DBORINGSSL_PREFIX=LEYLINE" "-o" "/opt/rustwide/target/debug/build/leyline-bssl-sys/a4ee5aa793cbd271/out/bssl-build/fb892c7b219c56a6-ssl_aead_ctx.o" "-c" "/opt/rustwide/target/debug/build/leyline-bssl-sys/a4ee5aa793cbd271/out/boringssl/ssl/ssl_aead_ctx.cc"cargo:warning=c++: fatal error: Killed signal terminated program cc1plus
[INFO] [stderr]   cargo:warning=compilation terminated.
[INFO] [stderr] 
[INFO] [stderr]   exit status: 1
[INFO] [stderr]   cargo:warning=ToolExecError: command did not execute successfully (status code exit status: 1): LC_ALL="C" "c++" "-O0" "-ffunction-sections" "-fdata-sections" "-fPIC" "-g" "-gdwarf-4" "-fno-omit-frame-pointer" "-mno-omit-leaf-frame-pointer" "-m64" "-std=c++17" "-I" "/opt/rustwide/target/debug/build/leyline-bssl-sys/a4ee5aa793cbd271/out/boringssl/include" "-w" "-fno-exceptions" "-fno-rtti" "-fno-strict-aliasing" "-fno-common" "-fvisibility=hidden" "-ffile-prefix-map=/opt/rustwide/target/debug/build/leyline-bssl-sys/a4ee5aa793cbd271/out/boringssl=/build/boringssl" "-ffile-prefix-map=/opt/rustwide/target/debug/build/leyline-bssl-sys/a4ee5aa793cbd271/out=/build" "-DBORINGSSL_IMPLEMENTATION" "-DBORINGSSL_PREFIX=LEYLINE" "-o" "/opt/rustwide/target/debug/build/leyline-bssl-sys/a4ee5aa793cbd271/out/bssl-build/fb892c7b219c56a6-ssl_asn1.o" "-c" "/opt/rustwide/target/debug/build/leyline-bssl-sys/a4ee5aa793cbd271/out/boringssl/ssl/ssl_asn1.cc"cargo:warning=c++: fatal error: Killed signal terminated program cc1plus
[INFO] [stderr]   cargo:warning=compilation terminated.
[INFO] [stderr] 
[INFO] [stderr]   exit status: 1
[INFO] [stderr]   cargo:warning=ToolExecError: command did not execute successfully (status code exit status: 1): LC_ALL="C" "c++" "-O0" "-ffunction-sections" "-fdata-sections" "-fPIC" "-g" "-gdwarf-4" "-fno-omit-frame-pointer" "-mno-omit-leaf-frame-pointer" "-m64" "-std=c++17" "-I" "/opt/rustwide/target/debug/build/leyline-bssl-sys/a4ee5aa793cbd271/out/boringssl/include" "-w" "-fno-exceptions" "-fno-rtti" "-fno-strict-aliasing" "-fno-common" "-fvisibility=hidden" "-ffile-prefix-map=/opt/rustwide/target/debug/build/leyline-bssl-sys/a4ee5aa793cbd271/out/boringssl=/build/boringssl" "-ffile-prefix-map=/opt/rustwide/target/debug/build/leyline-bssl-sys/a4ee5aa793cbd271/out=/build" "-DBORINGSSL_IMPLEMENTATION" "-DBORINGSSL_PREFIX=LEYLINE" "-o" "/opt/rustwide/target/debug/build/leyline-bssl-sys/a4ee5aa793cbd271/out/bssl-build/fb892c7b219c56a6-ssl_cert.o" "-c" "/opt/rustwide/target/debug/build/leyline-bssl-sys/a4ee5aa793cbd271/out/boringssl/ssl/ssl_cert.cc"cargo:warning=c++: fatal error: Killed signal terminated program cc1plus
[INFO] [stderr]   cargo:warning=compilation terminated.
[INFO] [stderr] 
[INFO] [stderr]   exit status: 1
[INFO] [stderr]   cargo:warning=ToolExecError: command did not execute successfully (status code exit status: 1): LC_ALL="C" "c++" "-O0" "-ffunction-sections" "-fdata-sections" "-fPIC" "-g" "-gdwarf-4" "-fno-omit-frame-pointer" "-mno-omit-leaf-frame-pointer" "-m64" "-std=c++17" "-I" "/opt/rustwide/target/debug/build/leyline-bssl-sys/a4ee5aa793cbd271/out/boringssl/include" "-w" "-fno-exceptions" "-fno-rtti" "-fno-strict-aliasing" "-fno-common" "-fvisibility=hidden" "-ffile-prefix-map=/opt/rustwide/target/debug/build/leyline-bssl-sys/a4ee5aa793cbd271/out/boringssl=/build/boringssl" "-ffile-prefix-map=/opt/rustwide/target/debug/build/leyline-bssl-sys/a4ee5aa793cbd271/out=/build" "-DBORINGSSL_IMPLEMENTATION" "-DBORINGSSL_PREFIX=LEYLINE" "-o" "/opt/rustwide/target/debug/build/leyline-bssl-sys/a4ee5aa793cbd271/out/bssl-build/fb892c7b219c56a6-ssl_buffer.o" "-c" "/opt/rustwide/target/debug/build/leyline-bssl-sys/a4ee5aa793cbd271/out/boringssl/ssl/ssl_buffer.cc"cargo:warning=c++: fatal error: Killed signal terminated program cc1plus
[INFO] [stderr]   cargo:warning=compilation terminated.
[INFO] [stderr] 
[INFO] [stderr]   exit status: 1
[INFO] [stderr]   cargo:warning=ToolExecError: command did not execute successfully (status code exit status: 1): LC_ALL="C" "c++" "-O0" "-ffunction-sections" "-fdata-sections" "-fPIC" "-g" "-gdwarf-4" "-fno-omit-frame-pointer" "-mno-omit-leaf-frame-pointer" "-m64" "-std=c++17" "-I" "/opt/rustwide/target/debug/build/leyline-bssl-sys/a4ee5aa793cbd271/out/boringssl/include" "-w" "-fno-exceptions" "-fno-rtti" "-fno-strict-aliasing" "-fno-common" "-fvisibility=hidden" "-ffile-prefix-map=/opt/rustwide/target/debug/build/leyline-bssl-sys/a4ee5aa793cbd271/out/boringssl=/build/boringssl" "-ffile-prefix-map=/opt/rustwide/target/debug/build/leyline-bssl-sys/a4ee5aa793cbd271/out=/build" "-DBORINGSSL_IMPLEMENTATION" "-DBORINGSSL_PREFIX=LEYLINE" "-o" "/opt/rustwide/target/debug/build/leyline-bssl-sys/a4ee5aa793cbd271/out/bssl-build/fb892c7b219c56a6-ssl_credential.o" "-c" "/opt/rustwide/target/debug/build/leyline-bssl-sys/a4ee5aa793cbd271/out/boringssl/ssl/ssl_credential.cc"cargo:warning=c++: fatal error: Killed signal terminated program cc1plus
[INFO] [stderr]   cargo:warning=compilation terminated.
[INFO] [stderr] 
[INFO] [stderr]   exit status: 1
[INFO] [stderr]   cargo:warning=ToolExecError: command did not execute successfully (status code exit status: 1): LC_ALL="C" "c++" "-O0" "-ffunction-sections" "-fdata-sections" "-fPIC" "-g" "-gdwarf-4" "-fno-omit-frame-pointer" "-mno-omit-leaf-frame-pointer" "-m64" "-std=c++17" "-I" "/opt/rustwide/target/debug/build/leyline-bssl-sys/a4ee5aa793cbd271/out/boringssl/include" "-w" "-fno-exceptions" "-fno-rtti" "-fno-strict-aliasing" "-fno-common" "-fvisibility=hidden" "-ffile-prefix-map=/opt/rustwide/target/debug/build/leyline-bssl-sys/a4ee5aa793cbd271/out/boringssl=/build/boringssl" "-ffile-prefix-map=/opt/rustwide/target/debug/build/leyline-bssl-sys/a4ee5aa793cbd271/out=/build" "-DBORINGSSL_IMPLEMENTATION" "-DBORINGSSL_PREFIX=LEYLINE" "-o" "/opt/rustwide/target/debug/build/leyline-bssl-sys/a4ee5aa793cbd271/out/bssl-build/fb892c7b219c56a6-ssl_file.o" "-c" "/opt/rustwide/target/debug/build/leyline-bssl-sys/a4ee5aa793cbd271/out/boringssl/ssl/ssl_file.cc"cargo:warning=c++: fatal error: Killed signal terminated program cc1plus
[INFO] [stderr]   cargo:warning=compilation terminated.
[INFO] [stderr] 
[INFO] [stderr]   exit status: 1
[INFO] [stderr]   cargo:warning=ToolExecError: command did not execute successfully (status code exit status: 1): LC_ALL="C" "c++" "-O0" "-ffunction-sections" "-fdata-sections" "-fPIC" "-g" "-gdwarf-4" "-fno-omit-frame-pointer" "-mno-omit-leaf-frame-pointer" "-m64" "-std=c++17" "-I" "/opt/rustwide/target/debug/build/leyline-bssl-sys/a4ee5aa793cbd271/out/boringssl/include" "-w" "-fno-exceptions" "-fno-rtti" "-fno-strict-aliasing" "-fno-common" "-fvisibility=hidden" "-ffile-prefix-map=/opt/rustwide/target/debug/build/leyline-bssl-sys/a4ee5aa793cbd271/out/boringssl=/build/boringssl" "-ffile-prefix-map=/opt/rustwide/target/debug/build/leyline-bssl-sys/a4ee5aa793cbd271/out=/build" "-DBORINGSSL_IMPLEMENTATION" "-DBORINGSSL_PREFIX=LEYLINE" "-o" "/opt/rustwide/target/debug/build/leyline-bssl-sys/a4ee5aa793cbd271/out/bssl-build/fb892c7b219c56a6-ssl_lib.o" "-c" "/opt/rustwide/target/debug/build/leyline-bssl-sys/a4ee5aa793cbd271/out/boringssl/ssl/ssl_lib.cc"cargo:warning=c++: fatal error: Killed signal terminated program cc1plus
[INFO] [stderr]   cargo:warning=compilation terminated.
[INFO] [stderr] 
[INFO] [stderr]   exit status: 1
[INFO] [stderr]   cargo:warning=ToolExecError: command did not execute successfully (status code exit status: 1): LC_ALL="C" "c++" "-O0" "-ffunction-sections" "-fdata-sections" "-fPIC" "-g" "-gdwarf-4" "-fno-omit-frame-pointer" "-mno-omit-leaf-frame-pointer" "-m64" "-std=c++17" "-I" "/opt/rustwide/target/debug/build/leyline-bssl-sys/a4ee5aa793cbd271/out/boringssl/include" "-w" "-fno-exceptions" "-fno-rtti" "-fno-strict-aliasing" "-fno-common" "-fvisibility=hidden" "-ffile-prefix-map=/opt/rustwide/target/debug/build/leyline-bssl-sys/a4ee5aa793cbd271/out/boringssl=/build/boringssl" "-ffile-prefix-map=/opt/rustwide/target/debug/build/leyline-bssl-sys/a4ee5aa793cbd271/out=/build" "-DBORINGSSL_IMPLEMENTATION" "-DBORINGSSL_PREFIX=LEYLINE" "-o" "/opt/rustwide/target/debug/build/leyline-bssl-sys/a4ee5aa793cbd271/out/bssl-build/fb892c7b219c56a6-ssl_transcript.o" "-c" "/opt/rustwide/target/debug/build/leyline-bssl-sys/a4ee5aa793cbd271/out/boringssl/ssl/ssl_transcript.cc"cargo:warning=c++: fatal error: Killed signal terminated program cc1plus
[INFO] [stderr]   cargo:warning=compilation terminated.
[INFO] [stderr] 
[INFO] [stderr]   exit status: 1
[INFO] [stderr]   cargo:warning=ToolExecError: command did not execute successfully (status code exit status: 1): LC_ALL="C" "c++" "-O0" "-ffunction-sections" "-fdata-sections" "-fPIC" "-g" "-gdwarf-4" "-fno-omit-frame-pointer" "-mno-omit-leaf-frame-pointer" "-m64" "-std=c++17" "-I" "/opt/rustwide/target/debug/build/leyline-bssl-sys/a4ee5aa793cbd271/out/boringssl/include" "-w" "-fno-exceptions" "-fno-rtti" "-fno-strict-aliasing" "-fno-common" "-fvisibility=hidden" "-ffile-prefix-map=/opt/rustwide/target/debug/build/leyline-bssl-sys/a4ee5aa793cbd271/out/boringssl=/build/boringssl" "-ffile-prefix-map=/opt/rustwide/target/debug/build/leyline-bssl-sys/a4ee5aa793cbd271/out=/build" "-DBORINGSSL_IMPLEMENTATION" "-DBORINGSSL_PREFIX=LEYLINE" "-o" "/opt/rustwide/target/debug/build/leyline-bssl-sys/a4ee5aa793cbd271/out/bssl-build/fb892c7b219c56a6-ssl_key_share.o" "-c" "/opt/rustwide/target/debug/build/leyline-bssl-sys/a4ee5aa793cbd271/out/boringssl/ssl/ssl_key_share.cc"cargo:warning=c++: fatal error: Killed signal terminated program cc1plus
[INFO] [stderr]   cargo:warning=compilation terminated.
[INFO] [stderr] 
[INFO] [stderr]   exit status: 1
[INFO] [stderr]   cargo:warning=ToolExecError: command did not execute successfully (status code exit status: 1): LC_ALL="C" "c++" "-O0" "-ffunction-sections" "-fdata-sections" "-fPIC" "-g" "-gdwarf-4" "-fno-omit-frame-pointer" "-mno-omit-leaf-frame-pointer" "-m64" "-std=c++17" "-I" "/opt/rustwide/target/debug/build/leyline-bssl-sys/a4ee5aa793cbd271/out/boringssl/include" "-w" "-fno-exceptions" "-fno-rtti" "-fno-strict-aliasing" "-fno-common" "-fvisibility=hidden" "-ffile-prefix-map=/opt/rustwide/target/debug/build/leyline-bssl-sys/a4ee5aa793cbd271/out/boringssl=/build/boringssl" "-ffile-prefix-map=/opt/rustwide/target/debug/build/leyline-bssl-sys/a4ee5aa793cbd271/out=/build" "-DBORINGSSL_IMPLEMENTATION" "-DBORINGSSL_PREFIX=LEYLINE" "-o" "/opt/rustwide/target/debug/build/leyline-bssl-sys/a4ee5aa793cbd271/out/bssl-build/fb892c7b219c56a6-ssl_privkey.o" "-c" "/opt/rustwide/target/debug/build/leyline-bssl-sys/a4ee5aa793cbd271/out/boringssl/ssl/ssl_privkey.cc"cargo:warning=c++: fatal error: Killed signal terminated program cc1plus
[INFO] [stderr]   cargo:warning=compilation terminated.
[INFO] [stderr] 
[INFO] [stderr]   exit status: 1
[INFO] [stderr]   cargo:warning=ToolExecError: command did not execute successfully (status code exit status: 1): LC_ALL="C" "c++" "-O0" "-ffunction-sections" "-fdata-sections" "-fPIC" "-g" "-gdwarf-4" "-fno-omit-frame-pointer" "-mno-omit-leaf-frame-pointer" "-m64" "-std=c++17" "-I" "/opt/rustwide/target/debug/build/leyline-bssl-sys/a4ee5aa793cbd271/out/boringssl/include" "-w" "-fno-exceptions" "-fno-rtti" "-fno-strict-aliasing" "-fno-common" "-fvisibility=hidden" "-ffile-prefix-map=/opt/rustwide/target/debug/build/leyline-bssl-sys/a4ee5aa793cbd271/out/boringssl=/build/boringssl" "-ffile-prefix-map=/opt/rustwide/target/debug/build/leyline-bssl-sys/a4ee5aa793cbd271/out=/build" "-DBORINGSSL_IMPLEMENTATION" "-DBORINGSSL_PREFIX=LEYLINE" "-o" "/opt/rustwide/target/debug/build/leyline-bssl-sys/a4ee5aa793cbd271/out/bssl-build/fb892c7b219c56a6-ssl_session.o" "-c" "/opt/rustwide/target/debug/build/leyline-bssl-sys/a4ee5aa793cbd271/out/boringssl/ssl/ssl_session.cc"
[INFO] [stderr]   exit status: 0
[INFO] [stderr]   exit status: 0
[INFO] [stderr]   exit status: 0
[INFO] [stderr]   exit status: 0
[INFO] [stderr]   exit status: 0
[INFO] [stderr]   exit status: 0
[INFO] [stderr]   exit status: 0
[INFO] [stderr]   exit status: 0
[INFO] [stderr]   exit status: 0
[INFO] [stderr]   exit status: 0
[INFO] [stderr]   cargo::error=ToolExecError: command did not execute successfully (status code exit status: 1): LC_ALL="C" "c++" "-O0" "-ffunction-sections" "-fdata-sections" "-fPIC" "-g" "-gdwarf-4" "-fno-omit-frame-pointer" "-mno-omit-leaf-frame-pointer" "-m64" "-std=c++17" "-I" "/opt/rustwide/target/debug/build/leyline-bssl-sys/a4ee5aa793cbd271/out/boringssl/include" "-w" "-fno-exceptions" "-fno-rtti" "-fno-strict-aliasing" "-fno-common" "-fvisibility=hidden" "-ffile-prefix-map=/opt/rustwide/target/debug/build/leyline-bssl-sys/a4ee5aa793cbd271/out/boringssl=/build/boringssl" "-ffile-prefix-map=/opt/rustwide/target/debug/build/leyline-bssl-sys/a4ee5aa793cbd271/out=/build" "-DBORINGSSL_IMPLEMENTATION" "-DBORINGSSL_PREFIX=LEYLINE" "-o" "/opt/rustwide/target/debug/build/leyline-bssl-sys/a4ee5aa793cbd271/out/bssl-build/fb892c7b219c56a6-ssl_session.o" "-c" "/opt/rustwide/target/debug/build/leyline-bssl-sys/a4ee5aa793cbd271/out/boringssl/ssl/ssl_session.cc"
[INFO] [stderr] 
[INFO] [stderr]   --- stderr
[INFO] [stderr]   hint: Using 'master' as the name for the initial branch. This default branch name
[INFO] [stderr]   hint: will change to "main" in Git 3.0. To configure the initial branch name
[INFO] [stderr]   hint: to use in all of your new repositories, which will suppress this warning,
[INFO] [stderr]   hint: call:
[INFO] [stderr]   hint:
[INFO] [stderr]   hint: 	git config --global init.defaultBranch <name>
[INFO] [stderr]   hint:
[INFO] [stderr]   hint: Names commonly chosen instead of 'master' are 'main', 'trunk' and
[INFO] [stderr]   hint: 'development'. The just-created branch can be renamed via this command:
[INFO] [stderr]   hint:
[INFO] [stderr]   hint: 	git branch -m <name>
[INFO] [stderr]   hint:
[INFO] [stderr]   hint: Disable this message with "git config set advice.defaultBranchName false"
[INFO] [stderr]   Checking patch include/openssl/nid.h...
[INFO] [stderr]   Checking patch include/openssl/prefix_symbols.h...
[INFO] [stderr]   Hunk #1 succeeded at 3182 (offset 6 lines).
[INFO] [stderr]   Hunk #2 succeeded at 6335 (offset 12 lines).
[INFO] [stderr]   Checking patch include/openssl/ssl.h...
[INFO] [stderr]   Hunk #1 succeeded at 1565 (offset 46 lines).
[INFO] [stderr]   Hunk #2 succeeded at 2721 (offset 80 lines).
[INFO] [stderr]   Hunk #3 succeeded at 3239 (offset 80 lines).
[INFO] [stderr]   Hunk #4 succeeded at 5686 (offset 80 lines).
[INFO] [stderr]   Checking patch include/openssl/tls1.h...
[INFO] [stderr]   Checking patch ssl/extensions.cc...
[INFO] [stderr]   Checking patch ssl/handshake_client.cc...
[INFO] [stderr]   Checking patch ssl/internal.h...
[INFO] [stderr]   Hunk #1 succeeded at 950 (offset -3 lines).
[INFO] [stderr]   Hunk #2 succeeded at 3567 (offset 20 lines).
[INFO] [stderr]   Hunk #3 succeeded at 4263 (offset 20 lines).
[INFO] [stderr]   Checking patch ssl/ssl_cipher.cc...
[INFO] [stderr]   Hunk #1 succeeded at 168 (offset 1 line).
[INFO] [stderr]   Hunk #2 succeeded at 204 (offset 1 line).
[INFO] [stderr]   Hunk #3 succeeded at 1199 (offset 1 line).
[INFO] [stderr]   Checking patch ssl/ssl_key_share.cc...
[INFO] [stderr]   Checking patch ssl/ssl_lib.cc...
[INFO] [stderr]   Hunk #3 succeeded at 3343 (offset 70 lines).
[INFO] [stderr]   Checking patch ssl/ssl_privkey.cc...
[INFO] [stderr]   Applied patch include/openssl/nid.h cleanly.
[INFO] [stderr]   Applied patch include/openssl/prefix_symbols.h cleanly.
[INFO] [stderr]   Applied patch include/openssl/ssl.h cleanly.
[INFO] [stderr]   Applied patch include/openssl/tls1.h cleanly.
[INFO] [stderr]   Applied patch ssl/extensions.cc cleanly.
[INFO] [stderr]   Applied patch ssl/handshake_client.cc cleanly.
[INFO] [stderr]   Applied patch ssl/internal.h cleanly.
[INFO] [stderr]   Applied patch ssl/ssl_cipher.cc cleanly.
[INFO] [stderr]   Applied patch ssl/ssl_key_share.cc cleanly.
[INFO] [stderr]   Applied patch ssl/ssl_lib.cc cleanly.
[INFO] [stderr]   Applied patch ssl/ssl_privkey.cc cleanly.
[INFO] [stderr]   Checking patch include/openssl/prefix_symbols.h...
[INFO] [stderr]   Hunk #1 succeeded at 7929 (offset 12 lines).
[INFO] [stderr]   Applied patch include/openssl/prefix_symbols.h cleanly.
[INFO] [stderr]   Checking patch include/openssl/prefix_symbols.h...
[INFO] [stderr]   Hunk #1 succeeded at 3187 (offset 6 lines).
[INFO] [stderr]   Hunk #2 succeeded at 6341 (offset 12 lines).
[INFO] [stderr]   Checking patch include/openssl/ssl.h...
[INFO] [stderr]   Hunk #1 succeeded at 3247 (offset 80 lines).
[INFO] [stderr]   Checking patch ssl/extensions.cc...
[INFO] [stderr]   Checking patch ssl/internal.h...
[INFO] [stderr]   Hunk #1 succeeded at 3571 (offset 20 lines).
[INFO] [stderr]   Checking patch ssl/ssl_lib.cc...
[INFO] [stderr]   Hunk #1 succeeded at 3378 (offset 70 lines).
[INFO] [stderr]   Applied patch include/openssl/prefix_symbols.h cleanly.
[INFO] [stderr]   Applied patch include/openssl/ssl.h cleanly.
[INFO] [stderr]   Applied patch ssl/extensions.cc cleanly.
[INFO] [stderr]   Applied patch ssl/internal.h cleanly.
[INFO] [stderr]   Applied patch ssl/ssl_lib.cc cleanly.
[INFO] [stderr]   Checking patch include/openssl/prefix_symbols.h...
[INFO] [stderr]   Hunk #1 succeeded at 3184 (offset 6 lines).
[INFO] [stderr]   Hunk #2 succeeded at 6339 (offset 12 lines).
[INFO] [stderr]   Checking patch include/openssl/ssl.h...
[INFO] [stderr]   Hunk #1 succeeded at 5703 (offset 80 lines).
[INFO] [stderr]   Checking patch ssl/extensions.cc...
[INFO] [stderr]   Checking patch ssl/internal.h...
[INFO] [stderr]   Hunk #1 succeeded at 4274 (offset 20 lines).
[INFO] [stderr]   Checking patch ssl/ssl_lib.cc...
[INFO] [stderr]   Hunk #1 succeeded at 3353 (offset 70 lines).
[INFO] [stderr]   Applied patch include/openssl/prefix_symbols.h cleanly.
[INFO] [stderr]   Applied patch include/openssl/ssl.h cleanly.
[INFO] [stderr]   Applied patch ssl/extensions.cc cleanly.
[INFO] [stderr]   Applied patch ssl/internal.h cleanly.
[INFO] [stderr]   Applied patch ssl/ssl_lib.cc cleanly.
[INFO] [stderr]   Checking patch ssl/extensions.cc...
[INFO] [stderr]   Applied patch ssl/extensions.cc cleanly.
[INFO] [stderr]   Checking patch crypto/x509/internal.h...
[INFO] [stderr]   Checking patch crypto/x509/v3_crld.cc...
[INFO] [stderr]   Checking patch crypto/x509/v3_purp.cc...
[INFO] [stderr]   Checking patch crypto/x509/x509_vfy.cc...
[INFO] [stderr]   Hunk #1 succeeded at 928 (offset 26 lines).
[INFO] [stderr]   Checking patch crypto/x509/x_crl.cc...
[INFO] [stderr]   Checking patch include/openssl/x509.h...
[INFO] [stderr]   Applied patch crypto/x509/internal.h cleanly.
[INFO] [stderr]   Applied patch crypto/x509/v3_crld.cc cleanly.
[INFO] [stderr]   Applied patch crypto/x509/v3_purp.cc cleanly.
[INFO] [stderr]   Applied patch crypto/x509/x509_vfy.cc cleanly.
[INFO] [stderr]   Applied patch crypto/x509/x_crl.cc cleanly.
[INFO] [stderr]   Applied patch include/openssl/x509.h cleanly.
[INFO] [stderr]   leyline-bssl-sys failed: ToolExecError: command did not execute successfully (status code exit status: 1): LC_ALL="C" "c++" "-O0" "-ffunction-sections" "-fdata-sections" "-fPIC" "-g" "-gdwarf-4" "-fno-omit-frame-pointer" "-mno-omit-leaf-frame-pointer" "-m64" "-std=c++17" "-I" "/opt/rustwide/target/debug/build/leyline-bssl-sys/a4ee5aa793cbd271/out/boringssl/include" "-w" "-fno-exceptions" "-fno-rtti" "-fno-strict-aliasing" "-fno-common" "-fvisibility=hidden" "-ffile-prefix-map=/opt/rustwide/target/debug/build/leyline-bssl-sys/a4ee5aa793cbd271/out/boringssl=/build/boringssl" "-ffile-prefix-map=/opt/rustwide/target/debug/build/leyline-bssl-sys/a4ee5aa793cbd271/out=/build" "-DBORINGSSL_IMPLEMENTATION" "-DBORINGSSL_PREFIX=LEYLINE" "-o" "/opt/rustwide/target/debug/build/leyline-bssl-sys/a4ee5aa793cbd271/out/bssl-build/fb892c7b219c56a6-ssl_session.o" "-c" "/opt/rustwide/target/debug/build/leyline-bssl-sys/a4ee5aa793cbd271/out/boringssl/ssl/ssl_session.cc"
[INFO] running `Command { std: "docker" "inspect" "aabacf1da54f5497b5c81c649f43bbcc3c211875ca05fed8188aa115aa177903", kill_on_drop: false }`
[INFO] running `Command { std: "docker" "rm" "-f" "aabacf1da54f5497b5c81c649f43bbcc3c211875ca05fed8188aa115aa177903", kill_on_drop: false }`
[INFO] [stdout] aabacf1da54f5497b5c81c649f43bbcc3c211875ca05fed8188aa115aa177903
