[INFO] fetching crate fhy-core-py 0.2.0...
[INFO] checking fhy-core-py-0.2.0 against 895980e0290783bb09b1ccf1b11f14eb09b10430 for pr-160186
[INFO] extracting crate fhy-core-py 0.2.0 into /workspace/builds/worker-5-tc2/source
[INFO] started tweaking crates.io crate fhy-core-py 0.2.0
[INFO] finished tweaking crates.io crate fhy-core-py 0.2.0
[INFO] tweaked toml for crates.io crate fhy-core-py 0.2.0 written to /workspace/builds/worker-5-tc2/source/Cargo.toml
[INFO] validating manifest of crates.io crate fhy-core-py 0.2.0 on toolchain 895980e0290783bb09b1ccf1b11f14eb09b10430
[INFO] running `Command { std: CARGO_HOME="/workspace/cargo-home" RUSTUP_HOME="/workspace/rustup-home" "/workspace/cargo-home/bin/cargo" "+895980e0290783bb09b1ccf1b11f14eb09b10430" "metadata" "--manifest-path" "Cargo.toml" "--no-deps", kill_on_drop: false }`
[INFO] crate crates.io crate fhy-core-py 0.2.0 already has a lockfile, it will not be regenerated
[INFO] running `Command { std: CARGO_HOME="/workspace/cargo-home" RUSTUP_HOME="/workspace/rustup-home" "/workspace/cargo-home/bin/cargo" "+895980e0290783bb09b1ccf1b11f14eb09b10430" "fetch" "--manifest-path" "Cargo.toml", kill_on_drop: false }`
[INFO] [stderr]     Blocking waiting for file lock on package cache
[ERROR] error running command: no output for 300 seconds
[INFO] checking fhy-core-py-0.2.0 against 895980e0290783bb09b1ccf1b11f14eb09b10430 for pr-160186
[INFO] extracting crate fhy-core-py 0.2.0 into /workspace/builds/worker-5-tc2/source
[INFO] started tweaking crates.io crate fhy-core-py 0.2.0
[INFO] finished tweaking crates.io crate fhy-core-py 0.2.0
[INFO] tweaked toml for crates.io crate fhy-core-py 0.2.0 written to /workspace/builds/worker-5-tc2/source/Cargo.toml
[INFO] validating manifest of crates.io crate fhy-core-py 0.2.0 on toolchain 895980e0290783bb09b1ccf1b11f14eb09b10430
[INFO] running `Command { std: CARGO_HOME="/workspace/cargo-home" RUSTUP_HOME="/workspace/rustup-home" "/workspace/cargo-home/bin/cargo" "+895980e0290783bb09b1ccf1b11f14eb09b10430" "metadata" "--manifest-path" "Cargo.toml" "--no-deps", kill_on_drop: false }`
[INFO] crate crates.io crate fhy-core-py 0.2.0 already has a lockfile, it will not be regenerated
[INFO] running `Command { std: CARGO_HOME="/workspace/cargo-home" RUSTUP_HOME="/workspace/rustup-home" "/workspace/cargo-home/bin/cargo" "+895980e0290783bb09b1ccf1b11f14eb09b10430" "fetch" "--manifest-path" "Cargo.toml", kill_on_drop: false }`
[INFO] [stderr]     Blocking waiting for file lock on package cache
[INFO] [stderr]     Updating crates.io index
[INFO] [stderr]     Blocking waiting for file lock on package cache
[ERROR] error running command: no output for 300 seconds
[INFO] checking fhy-core-py-0.2.0 against 895980e0290783bb09b1ccf1b11f14eb09b10430 for pr-160186
[INFO] extracting crate fhy-core-py 0.2.0 into /workspace/builds/worker-5-tc2/source
[INFO] started tweaking crates.io crate fhy-core-py 0.2.0
[INFO] finished tweaking crates.io crate fhy-core-py 0.2.0
[INFO] tweaked toml for crates.io crate fhy-core-py 0.2.0 written to /workspace/builds/worker-5-tc2/source/Cargo.toml
[INFO] validating manifest of crates.io crate fhy-core-py 0.2.0 on toolchain 895980e0290783bb09b1ccf1b11f14eb09b10430
[INFO] running `Command { std: CARGO_HOME="/workspace/cargo-home" RUSTUP_HOME="/workspace/rustup-home" "/workspace/cargo-home/bin/cargo" "+895980e0290783bb09b1ccf1b11f14eb09b10430" "metadata" "--manifest-path" "Cargo.toml" "--no-deps", kill_on_drop: false }`
[INFO] crate crates.io crate fhy-core-py 0.2.0 already has a lockfile, it will not be regenerated
[INFO] running `Command { std: CARGO_HOME="/workspace/cargo-home" RUSTUP_HOME="/workspace/rustup-home" "/workspace/cargo-home/bin/cargo" "+895980e0290783bb09b1ccf1b11f14eb09b10430" "fetch" "--manifest-path" "Cargo.toml", kill_on_drop: false }`
[INFO] [stderr]     Blocking waiting for file lock on package cache
[ERROR] error running command: no output for 300 seconds
[INFO] checking fhy-core-py-0.2.0 against 895980e0290783bb09b1ccf1b11f14eb09b10430 for pr-160186
[INFO] extracting crate fhy-core-py 0.2.0 into /workspace/builds/worker-5-tc2/source
[INFO] started tweaking crates.io crate fhy-core-py 0.2.0
[INFO] finished tweaking crates.io crate fhy-core-py 0.2.0
[INFO] tweaked toml for crates.io crate fhy-core-py 0.2.0 written to /workspace/builds/worker-5-tc2/source/Cargo.toml
[INFO] validating manifest of crates.io crate fhy-core-py 0.2.0 on toolchain 895980e0290783bb09b1ccf1b11f14eb09b10430
[INFO] running `Command { std: CARGO_HOME="/workspace/cargo-home" RUSTUP_HOME="/workspace/rustup-home" "/workspace/cargo-home/bin/cargo" "+895980e0290783bb09b1ccf1b11f14eb09b10430" "metadata" "--manifest-path" "Cargo.toml" "--no-deps", kill_on_drop: false }`
[INFO] crate crates.io crate fhy-core-py 0.2.0 already has a lockfile, it will not be regenerated
[INFO] running `Command { std: CARGO_HOME="/workspace/cargo-home" RUSTUP_HOME="/workspace/rustup-home" "/workspace/cargo-home/bin/cargo" "+895980e0290783bb09b1ccf1b11f14eb09b10430" "fetch" "--manifest-path" "Cargo.toml", kill_on_drop: false }`
[INFO] [stderr]     Blocking waiting for file lock on package cache
[INFO] [stderr]     Blocking waiting for file lock on package cache
[INFO] [stderr]  Downloading crates ...
[INFO] [stderr]   Downloaded rstest v0.27.0
[INFO] [stderr]   Downloaded rstest_macros v0.27.0
[INFO] [stderr]   Downloaded pyo3-macros v0.29.2
[INFO] [stderr]   Downloaded pyo3-macros-backend v0.29.2
[INFO] [stderr]   Downloaded pyo3-build-config v0.29.2
[INFO] [stderr]   Downloaded numpy v0.29.0
[INFO] [stderr]   Downloaded pyo3-ffi v0.29.2
[INFO] [stderr]   Downloaded fhy-core v0.2.0
[INFO] [stderr]   Downloaded pyo3 v0.29.2
[INFO] running `Command { std: "docker" "create" "-v" "/var/lib/crater-agent-workspace/builds/worker-5-tc2/source:/opt/rustwide/workdir:ro,Z" "-v" "/var/lib/crater-agent-workspace/builds/worker-5-tc2/target:/opt/rustwide/target:rw,Z" "-v" "/var/lib/crater-agent-workspace/cargo-home:/opt/rustwide/cargo-home:ro,Z" "-v" "/var/lib/crater-agent-workspace/rustup-home:/opt/rustwide/rustup-home:ro,Z" "-m" "1610612736" "--network" "none" "ghcr.io/rust-lang/crates-build-env/linux@sha256:77db811e55d90add9212f6832c23229e3de5f1c1f9905e8cb07319ea15df73ac" "sleep" "infinity", kill_on_drop: false }`
[INFO] [stdout] 6dc1a7bcf8e20e6d5dee67d6a2e251499dae5d87942089f73141ab382fee0131
[INFO] running `Command { std: "docker" "start" "6dc1a7bcf8e20e6d5dee67d6a2e251499dae5d87942089f73141ab382fee0131", kill_on_drop: false }`
[INFO] running `Command { std: "docker" "inspect" "6dc1a7bcf8e20e6d5dee67d6a2e251499dae5d87942089f73141ab382fee0131", kill_on_drop: false }`
[INFO] running `Command { std: "docker" "exec" "-e" "SOURCE_DIR=/opt/rustwide/workdir" "-e" "CARGO_HOME=/opt/rustwide/cargo-home" "-e" "RUSTUP_HOME=/opt/rustwide/rustup-home" "-e" "CARGO_TARGET_DIR=/opt/rustwide/target" "-w" "/opt/rustwide/workdir" "--user" "0:0" "6dc1a7bcf8e20e6d5dee67d6a2e251499dae5d87942089f73141ab382fee0131" "/opt/rustwide/cargo-home/bin/cargo" "+895980e0290783bb09b1ccf1b11f14eb09b10430" "metadata" "--no-deps" "--format-version=1", kill_on_drop: false }`
[INFO] running `Command { std: "docker" "inspect" "6dc1a7bcf8e20e6d5dee67d6a2e251499dae5d87942089f73141ab382fee0131", kill_on_drop: false }`
[INFO] running `Command { std: "docker" "exec" "-e" "SOURCE_DIR=/opt/rustwide/workdir" "-e" "CARGO_HOME=/opt/rustwide/cargo-home" "-e" "RUSTUP_HOME=/opt/rustwide/rustup-home" "-e" "CARGO_TARGET_DIR=/opt/rustwide/target" "-e" "CARGO_INCREMENTAL=0" "-e" "RUST_BACKTRACE=full" "-e" "RUSTFLAGS=--cap-lints=forbid" "-e" "RUSTDOCFLAGS=--cap-lints=forbid" "-w" "/opt/rustwide/workdir" "--user" "0:0" "6dc1a7bcf8e20e6d5dee67d6a2e251499dae5d87942089f73141ab382fee0131" "/opt/rustwide/cargo-home/bin/cargo" "+895980e0290783bb09b1ccf1b11f14eb09b10430" "check" "--frozen" "--all" "--all-targets" "--message-format=json", kill_on_drop: false }`
[INFO] [stderr]    Compiling target-lexicon v0.13.5
[INFO] [stderr]    Compiling serde_core v1.0.229
[INFO] [stderr]    Compiling matrixmultiply v0.3.11
[INFO] [stderr]    Compiling aho-corasick v1.1.5
[INFO] [stderr]    Compiling serde v1.0.229
[INFO] [stderr]    Compiling rstest_macros v0.27.0
[INFO] [stderr]    Compiling serde_json v1.0.151
[INFO] [stderr]    Compiling syn v2.0.119
[INFO] [stderr]     Checking num-integer v0.1.47
[INFO] [stderr]    Compiling syn v3.0.6
[INFO] [stderr]     Checking num-complex v0.4.6
[INFO] [stderr]     Checking ppv-lite86 v0.2.21
[INFO] [stderr]     Checking futures-core v0.3.34
[INFO] [stderr]     Checking futures-util v0.3.34
[INFO] [stderr]     Checking num-bigint v0.5.1
[INFO] [stderr]     Checking rand_chacha v0.9.0
[INFO] [stderr]     Checking proptest v1.11.0
[INFO] [stderr]     Checking ndarray v0.17.2
[INFO] [stderr]    Compiling pyo3-build-config v0.29.2
[INFO] [stderr]    Compiling regex-automata v0.4.18
[INFO] [stderr]    Compiling pyo3-ffi v0.29.2
[INFO] [stderr]    Compiling pyo3 v0.29.2
[INFO] [stderr]    Compiling numpy v0.29.0
[INFO] [stderr]    Compiling serde_derive v1.0.229
[INFO] [stderr]    Compiling pyo3-macros-backend v0.29.2
[INFO] [stderr]    Compiling regex v1.13.1
[INFO] [stderr]     Checking fhy-core v0.2.0
[INFO] [stderr]     Checking rstest v0.27.0
[INFO] [stderr]    Compiling pyo3-macros v0.29.2
[INFO] [stderr]     Checking fhy-core-py v0.2.0 (/opt/rustwide/workdir)
[INFO] [stderr] error: could not compile `fhy-core-py` (lib)
[INFO] [stderr] 
[INFO] [stderr] Caused by:
[INFO] [stderr]   process didn't exit successfully: `/opt/rustwide/rustup-home/toolchains/895980e0290783bb09b1ccf1b11f14eb09b10430/bin/rustc --crate-name fhy_core_py --edition=2024 src/lib.rs --error-format=json --json=diagnostic-rendered-ansi,artifacts,future-incompat,unused-externs-silent --crate-type rlib --emit=dep-info,metadata -C embed-bitcode=no -C debuginfo=2 '--warn=clippy::pedantic' --warn=unused_lifetimes --warn=unsafe_op_in_unsafe_fn --forbid=unsafe_code --warn=unreachable_pub --warn=unnameable_types --warn=unexpected_cfgs '--warn=clippy::undocumented_unsafe_blocks' --warn=trivial_numeric_casts '--warn=clippy::todo' --warn=redundant_lifetimes '--warn=clippy::print_stdout' '--warn=clippy::print_stderr' '--warn=clippy::partial_pub_fields' '--warn=clippy::mod_module_files' --warn=missing_docs --warn=missing_debug_implementations '--warn=clippy::map_err_ignore' '--warn=clippy::let_underscore_must_use' '--warn=clippy::exhaustive_structs' '--warn=clippy::exhaustive_enums' '--warn=clippy::dbg_macro' '--warn=clippy::clone_on_ref_ptr' '--warn=clippy::cargo_common_metadata' '--warn=clippy::assertions_on_result_states' '--warn=clippy::allow_attributes_without_reason' '--warn=clippy::allow_attributes' --check-cfg 'cfg(docsrs)' --check-cfg 'cfg(docsrs,test)' --check-cfg 'cfg(feature, values("testing"))' -C metadata=3b17b7a813bc7b46 -C extra-filename=-25f0d1795db3ca1b --out-dir /opt/rustwide/target/debug/build/fhy-core-py/25f0d1795db3ca1b/out -L dependency=/opt/rustwide/target/debug/build/itoa/488dcf4f13423b18/out -L dependency=/opt/rustwide/target/debug/build/libc/5b122225efee376b/out -L dependency=/opt/rustwide/target/debug/build/libm/89e5b3015da8f563/out -L dependency=/opt/rustwide/target/debug/build/matrixmultiply/883d269cb00a9da7/out -L dependency=/opt/rustwide/target/debug/build/memchr/1479ae024ac081f3/out -L dependency=/opt/rustwide/target/debug/build/ndarray/75096f0186e60ce8/out -L dependency=/opt/rustwide/target/debug/build/num-bigint/d1917af8391d0ea4/out -L dependency=/opt/rustwide/target/debug/build/num-complex/fb964170b6877015/out -L dependency=/opt/rustwide/target/debug/build/num-integer/d02628de7ed4472a/out -L dependency=/opt/rustwide/target/debug/build/num-traits/89b73ffee7dd0236/out -L dependency=/opt/rustwide/target/debug/build/once_cell/6f8123b0c2eed634/out -L dependency=/opt/rustwide/target/debug/build/pyo3-ffi/abda000afb1e8e62/out -L dependency=/opt/rustwide/target/debug/build/pyo3-macros/1ea7cf7d19136a58/out -L dependency=/opt/rustwide/target/debug/build/pyo3/44549a96c2a0d5be/out -L dependency=/opt/rustwide/target/debug/build/rawpointer/1161d966db9d7afd/out -L dependency=/opt/rustwide/target/debug/build/rustc-hash/9f55c8acc6427e18/out -L dependency=/opt/rustwide/target/debug/build/serde/9a981cc9a8d71a74/out -L dependency=/opt/rustwide/target/debug/build/serde_core/5801de29ec2d5b76/out -L dependency=/opt/rustwide/target/debug/build/serde_derive/905305dfe78b683e/out -L dependency=/opt/rustwide/target/debug/build/zmij/93cb3e10a525d438/out --extern fhy_core=/opt/rustwide/target/debug/build/fhy-core/25a8112af3bf5a8d/out/libfhy_core-25a8112af3bf5a8d.rmeta --extern num_traits=/opt/rustwide/target/debug/build/num-traits/89b73ffee7dd0236/out/libnum_traits-89b73ffee7dd0236.rmeta --extern numpy=/opt/rustwide/target/debug/build/numpy/7919a42b5d6810ee/out/libnumpy-7919a42b5d6810ee.rmeta --extern pyo3=/opt/rustwide/target/debug/build/pyo3/44549a96c2a0d5be/out/libpyo3-44549a96c2a0d5be.rmeta --extern serde=/opt/rustwide/target/debug/build/serde/9a981cc9a8d71a74/out/libserde-9a981cc9a8d71a74.rmeta --extern serde_json=/opt/rustwide/target/debug/build/serde_json/b1e16c6897d257e8/out/libserde_json-b1e16c6897d257e8.rmeta --cap-lints=forbid --force-warn=unused_crate_dependencies -L native=/usr/lib/x86_64-linux-gnu` (signal: 9, SIGKILL: kill)
[INFO] [stderr] warning: build failed, waiting for other jobs to finish...
[INFO] [stderr] error: could not compile `fhy-core-py` (lib test)
[INFO] [stderr] 
[INFO] [stderr] Caused by:
[INFO] [stderr]   process didn't exit successfully: `/opt/rustwide/rustup-home/toolchains/895980e0290783bb09b1ccf1b11f14eb09b10430/bin/rustc --crate-name fhy_core_py --edition=2024 src/lib.rs --error-format=json --json=diagnostic-rendered-ansi,artifacts,future-incompat,unused-externs-silent --emit=dep-info,metadata -C embed-bitcode=no -C debuginfo=2 '--warn=clippy::pedantic' --warn=unused_lifetimes --warn=unsafe_op_in_unsafe_fn --forbid=unsafe_code --warn=unreachable_pub --warn=unnameable_types --warn=unexpected_cfgs '--warn=clippy::undocumented_unsafe_blocks' --warn=trivial_numeric_casts '--warn=clippy::todo' --warn=redundant_lifetimes '--warn=clippy::print_stdout' '--warn=clippy::print_stderr' '--warn=clippy::partial_pub_fields' '--warn=clippy::mod_module_files' --warn=missing_docs --warn=missing_debug_implementations '--warn=clippy::map_err_ignore' '--warn=clippy::let_underscore_must_use' '--warn=clippy::exhaustive_structs' '--warn=clippy::exhaustive_enums' '--warn=clippy::dbg_macro' '--warn=clippy::clone_on_ref_ptr' '--warn=clippy::cargo_common_metadata' '--warn=clippy::assertions_on_result_states' '--warn=clippy::allow_attributes_without_reason' '--warn=clippy::allow_attributes' --check-cfg 'cfg(docsrs)' --test --check-cfg 'cfg(docsrs,test)' --check-cfg 'cfg(feature, values("testing"))' -C metadata=b9b51088b01f07fe -C extra-filename=-018568c3166a6df9 --out-dir /opt/rustwide/target/debug/build/fhy-core-py/018568c3166a6df9/out -L dependency=/opt/rustwide/target/debug/build/bit-set/0d1d8cd877be6a55/out -L dependency=/opt/rustwide/target/debug/build/bit-vec/7c54c415c8441a74/out -L dependency=/opt/rustwide/target/debug/build/bitflags/e668ad76624d8b4f/out -L dependency=/opt/rustwide/target/debug/build/cfg-if/557927e41f083466/out -L dependency=/opt/rustwide/target/debug/build/fastrand/f97ae5f035b5782d/out -L dependency=/opt/rustwide/target/debug/build/fnv/bf9ae889bab8acee/out -L dependency=/opt/rustwide/target/debug/build/futures-core/838ee561455fc450/out -L dependency=/opt/rustwide/target/debug/build/futures-task/1dc6c37f5d22e5c2/out -L dependency=/opt/rustwide/target/debug/build/futures-timer/53e16c63dd1c26da/out -L dependency=/opt/rustwide/target/debug/build/futures-util/4c72ca32e9b6c0fd/out -L dependency=/opt/rustwide/target/debug/build/getrandom/175d584ea98d7710/out -L dependency=/opt/rustwide/target/debug/build/getrandom/192c5d195ada858c/out -L dependency=/opt/rustwide/target/debug/build/itoa/488dcf4f13423b18/out -L dependency=/opt/rustwide/target/debug/build/libc/5b122225efee376b/out -L dependency=/opt/rustwide/target/debug/build/libm/89e5b3015da8f563/out -L dependency=/opt/rustwide/target/debug/build/linux-raw-sys/069649a5354d504b/out -L dependency=/opt/rustwide/target/debug/build/matrixmultiply/883d269cb00a9da7/out -L dependency=/opt/rustwide/target/debug/build/memchr/1479ae024ac081f3/out -L dependency=/opt/rustwide/target/debug/build/ndarray/75096f0186e60ce8/out -L dependency=/opt/rustwide/target/debug/build/num-bigint/d1917af8391d0ea4/out -L dependency=/opt/rustwide/target/debug/build/num-complex/fb964170b6877015/out -L dependency=/opt/rustwide/target/debug/build/num-integer/d02628de7ed4472a/out -L dependency=/opt/rustwide/target/debug/build/num-traits/89b73ffee7dd0236/out -L dependency=/opt/rustwide/target/debug/build/once_cell/6f8123b0c2eed634/out -L dependency=/opt/rustwide/target/debug/build/pin-project-lite/7176d3be2b7ee2e1/out -L dependency=/opt/rustwide/target/debug/build/ppv-lite86/aa995d462fdb8ecd/out -L dependency=/opt/rustwide/target/debug/build/pyo3-ffi/abda000afb1e8e62/out -L dependency=/opt/rustwide/target/debug/build/pyo3-macros/1ea7cf7d19136a58/out -L dependency=/opt/rustwide/target/debug/build/pyo3/44549a96c2a0d5be/out -L dependency=/opt/rustwide/target/debug/build/quick-error/0a500856079b147c/out -L dependency=/opt/rustwide/target/debug/build/rand/f02359b1bb23d1cc/out -L dependency=/opt/rustwide/target/debug/build/rand_chacha/a5a8a0b4b81d26ae/out -L dependency=/opt/rustwide/target/debug/build/rand_core/ce5eb2ece152aefd/out -L dependency=/opt/rustwide/target/debug/build/rand_xorshift/1a08ee04ea715dcc/out -L dependency=/opt/rustwide/target/debug/build/rawpointer/1161d966db9d7afd/out -L dependency=/opt/rustwide/target/debug/build/regex-syntax/aa2c0ef21912879c/out -L dependency=/opt/rustwide/target/debug/build/rstest_macros/9c70bf03f1f1bcb7/out -L dependency=/opt/rustwide/target/debug/build/rustc-hash/9f55c8acc6427e18/out -L dependency=/opt/rustwide/target/debug/build/rustix/9c4d2fb65ff553e9/out -L dependency=/opt/rustwide/target/debug/build/rusty-fork/ba7c8fcd79abe2b4/out -L dependency=/opt/rustwide/target/debug/build/serde/9a981cc9a8d71a74/out -L dependency=/opt/rustwide/target/debug/build/serde_core/5801de29ec2d5b76/out -L dependency=/opt/rustwide/target/debug/build/serde_derive/905305dfe78b683e/out -L dependency=/opt/rustwide/target/debug/build/tempfile/5262031dec3aa067/out -L dependency=/opt/rustwide/target/debug/build/unarray/7cd11d7c1cdfd805/out -L dependency=/opt/rustwide/target/debug/build/wait-timeout/3421efff737fe74d/out -L dependency=/opt/rustwide/target/debug/build/zerocopy/775c253805583f72/out -L dependency=/opt/rustwide/target/debug/build/zmij/93cb3e10a525d438/out --extern fhy_core=/opt/rustwide/target/debug/build/fhy-core/25a8112af3bf5a8d/out/libfhy_core-25a8112af3bf5a8d.rmeta --extern num_traits=/opt/rustwide/target/debug/build/num-traits/89b73ffee7dd0236/out/libnum_traits-89b73ffee7dd0236.rmeta --extern numpy=/opt/rustwide/target/debug/build/numpy/7919a42b5d6810ee/out/libnumpy-7919a42b5d6810ee.rmeta --extern proptest=/opt/rustwide/target/debug/build/proptest/453dcdd4cfd74507/out/libproptest-453dcdd4cfd74507.rmeta --extern pyo3=/opt/rustwide/target/debug/build/pyo3/44549a96c2a0d5be/out/libpyo3-44549a96c2a0d5be.rmeta --extern rstest=/opt/rustwide/target/debug/build/rstest/072d3edec8c3f144/out/librstest-072d3edec8c3f144.rmeta --extern serde=/opt/rustwide/target/debug/build/serde/9a981cc9a8d71a74/out/libserde-9a981cc9a8d71a74.rmeta --extern serde_json=/opt/rustwide/target/debug/build/serde_json/b1e16c6897d257e8/out/libserde_json-b1e16c6897d257e8.rmeta --cap-lints=forbid --force-warn=unused_crate_dependencies -L native=/usr/lib/x86_64-linux-gnu` (signal: 9, SIGKILL: kill)
[INFO] running `Command { std: "docker" "inspect" "6dc1a7bcf8e20e6d5dee67d6a2e251499dae5d87942089f73141ab382fee0131", kill_on_drop: false }`
[INFO] running `Command { std: "docker" "rm" "-f" "6dc1a7bcf8e20e6d5dee67d6a2e251499dae5d87942089f73141ab382fee0131", kill_on_drop: false }`
[INFO] [stdout] 6dc1a7bcf8e20e6d5dee67d6a2e251499dae5d87942089f73141ab382fee0131
