[INFO] fetching crate everruns-integrations-bashkit 0.42.0...
[INFO] checking everruns-integrations-bashkit-0.42.0 against 895980e0290783bb09b1ccf1b11f14eb09b10430 for pr-160186
[INFO] extracting crate everruns-integrations-bashkit 0.42.0 into /workspace/builds/worker-0-tc2/source
[INFO] started tweaking crates.io crate everruns-integrations-bashkit 0.42.0
[INFO] finished tweaking crates.io crate everruns-integrations-bashkit 0.42.0
[INFO] tweaked toml for crates.io crate everruns-integrations-bashkit 0.42.0 written to /workspace/builds/worker-0-tc2/source/Cargo.toml
[INFO] validating manifest of crates.io crate everruns-integrations-bashkit 0.42.0 on toolchain 895980e0290783bb09b1ccf1b11f14eb09b10430
[INFO] running `Command { std: CARGO_HOME="/workspace/cargo-home" RUSTUP_HOME="/workspace/rustup-home" "/workspace/cargo-home/bin/cargo" "+895980e0290783bb09b1ccf1b11f14eb09b10430" "metadata" "--manifest-path" "Cargo.toml" "--no-deps", kill_on_drop: false }`
[INFO] crate crates.io crate everruns-integrations-bashkit 0.42.0 already has a lockfile, it will not be regenerated
[INFO] running `Command { std: CARGO_HOME="/workspace/cargo-home" RUSTUP_HOME="/workspace/rustup-home" "/workspace/cargo-home/bin/cargo" "+895980e0290783bb09b1ccf1b11f14eb09b10430" "fetch" "--manifest-path" "Cargo.toml", kill_on_drop: false }`
[INFO] [stderr]     Blocking waiting for file lock on package cache
[ERROR] error running command: no output for 300 seconds
[INFO] checking everruns-integrations-bashkit-0.42.0 against 895980e0290783bb09b1ccf1b11f14eb09b10430 for pr-160186
[INFO] extracting crate everruns-integrations-bashkit 0.42.0 into /workspace/builds/worker-0-tc2/source
[INFO] started tweaking crates.io crate everruns-integrations-bashkit 0.42.0
[INFO] finished tweaking crates.io crate everruns-integrations-bashkit 0.42.0
[INFO] tweaked toml for crates.io crate everruns-integrations-bashkit 0.42.0 written to /workspace/builds/worker-0-tc2/source/Cargo.toml
[INFO] validating manifest of crates.io crate everruns-integrations-bashkit 0.42.0 on toolchain 895980e0290783bb09b1ccf1b11f14eb09b10430
[INFO] running `Command { std: CARGO_HOME="/workspace/cargo-home" RUSTUP_HOME="/workspace/rustup-home" "/workspace/cargo-home/bin/cargo" "+895980e0290783bb09b1ccf1b11f14eb09b10430" "metadata" "--manifest-path" "Cargo.toml" "--no-deps", kill_on_drop: false }`
[INFO] crate crates.io crate everruns-integrations-bashkit 0.42.0 already has a lockfile, it will not be regenerated
[INFO] running `Command { std: CARGO_HOME="/workspace/cargo-home" RUSTUP_HOME="/workspace/rustup-home" "/workspace/cargo-home/bin/cargo" "+895980e0290783bb09b1ccf1b11f14eb09b10430" "fetch" "--manifest-path" "Cargo.toml", kill_on_drop: false }`
[INFO] [stderr]     Blocking waiting for file lock on package cache
[ERROR] error running command: no output for 300 seconds
[INFO] checking everruns-integrations-bashkit-0.42.0 against 895980e0290783bb09b1ccf1b11f14eb09b10430 for pr-160186
[INFO] extracting crate everruns-integrations-bashkit 0.42.0 into /workspace/builds/worker-0-tc2/source
[INFO] started tweaking crates.io crate everruns-integrations-bashkit 0.42.0
[INFO] finished tweaking crates.io crate everruns-integrations-bashkit 0.42.0
[INFO] tweaked toml for crates.io crate everruns-integrations-bashkit 0.42.0 written to /workspace/builds/worker-0-tc2/source/Cargo.toml
[INFO] validating manifest of crates.io crate everruns-integrations-bashkit 0.42.0 on toolchain 895980e0290783bb09b1ccf1b11f14eb09b10430
[INFO] running `Command { std: CARGO_HOME="/workspace/cargo-home" RUSTUP_HOME="/workspace/rustup-home" "/workspace/cargo-home/bin/cargo" "+895980e0290783bb09b1ccf1b11f14eb09b10430" "metadata" "--manifest-path" "Cargo.toml" "--no-deps", kill_on_drop: false }`
[INFO] crate crates.io crate everruns-integrations-bashkit 0.42.0 already has a lockfile, it will not be regenerated
[INFO] running `Command { std: CARGO_HOME="/workspace/cargo-home" RUSTUP_HOME="/workspace/rustup-home" "/workspace/cargo-home/bin/cargo" "+895980e0290783bb09b1ccf1b11f14eb09b10430" "fetch" "--manifest-path" "Cargo.toml", kill_on_drop: false }`
[INFO] [stderr]     Blocking waiting for file lock on package cache
[INFO] [stderr]     Blocking waiting for file lock on package cache
[ERROR] error running command: no output for 300 seconds
[INFO] checking everruns-integrations-bashkit-0.42.0 against 895980e0290783bb09b1ccf1b11f14eb09b10430 for pr-160186
[INFO] extracting crate everruns-integrations-bashkit 0.42.0 into /workspace/builds/worker-0-tc2/source
[INFO] started tweaking crates.io crate everruns-integrations-bashkit 0.42.0
[INFO] finished tweaking crates.io crate everruns-integrations-bashkit 0.42.0
[INFO] tweaked toml for crates.io crate everruns-integrations-bashkit 0.42.0 written to /workspace/builds/worker-0-tc2/source/Cargo.toml
[INFO] validating manifest of crates.io crate everruns-integrations-bashkit 0.42.0 on toolchain 895980e0290783bb09b1ccf1b11f14eb09b10430
[INFO] running `Command { std: CARGO_HOME="/workspace/cargo-home" RUSTUP_HOME="/workspace/rustup-home" "/workspace/cargo-home/bin/cargo" "+895980e0290783bb09b1ccf1b11f14eb09b10430" "metadata" "--manifest-path" "Cargo.toml" "--no-deps", kill_on_drop: false }`
[INFO] crate crates.io crate everruns-integrations-bashkit 0.42.0 already has a lockfile, it will not be regenerated
[INFO] running `Command { std: CARGO_HOME="/workspace/cargo-home" RUSTUP_HOME="/workspace/rustup-home" "/workspace/cargo-home/bin/cargo" "+895980e0290783bb09b1ccf1b11f14eb09b10430" "fetch" "--manifest-path" "Cargo.toml", kill_on_drop: false }`
[INFO] [stderr]     Blocking waiting for file lock on package cache
[ERROR] error running command: no output for 300 seconds
[INFO] checking everruns-integrations-bashkit-0.42.0 against 895980e0290783bb09b1ccf1b11f14eb09b10430 for pr-160186
[INFO] extracting crate everruns-integrations-bashkit 0.42.0 into /workspace/builds/worker-0-tc2/source
[INFO] started tweaking crates.io crate everruns-integrations-bashkit 0.42.0
[INFO] finished tweaking crates.io crate everruns-integrations-bashkit 0.42.0
[INFO] tweaked toml for crates.io crate everruns-integrations-bashkit 0.42.0 written to /workspace/builds/worker-0-tc2/source/Cargo.toml
[INFO] validating manifest of crates.io crate everruns-integrations-bashkit 0.42.0 on toolchain 895980e0290783bb09b1ccf1b11f14eb09b10430
[INFO] running `Command { std: CARGO_HOME="/workspace/cargo-home" RUSTUP_HOME="/workspace/rustup-home" "/workspace/cargo-home/bin/cargo" "+895980e0290783bb09b1ccf1b11f14eb09b10430" "metadata" "--manifest-path" "Cargo.toml" "--no-deps", kill_on_drop: false }`
[INFO] crate crates.io crate everruns-integrations-bashkit 0.42.0 already has a lockfile, it will not be regenerated
[INFO] running `Command { std: CARGO_HOME="/workspace/cargo-home" RUSTUP_HOME="/workspace/rustup-home" "/workspace/cargo-home/bin/cargo" "+895980e0290783bb09b1ccf1b11f14eb09b10430" "fetch" "--manifest-path" "Cargo.toml", kill_on_drop: false }`
[INFO] [stderr]     Blocking waiting for file lock on package cache
[INFO] [stderr]     Blocking waiting for file lock on package cache
[INFO] running `Command { std: "docker" "create" "-v" "/var/lib/crater-agent-workspace/builds/worker-0-tc2/source:/opt/rustwide/workdir:ro,Z" "-v" "/var/lib/crater-agent-workspace/builds/worker-0-tc2/target:/opt/rustwide/target:rw,Z" "-v" "/var/lib/crater-agent-workspace/cargo-home:/opt/rustwide/cargo-home:ro,Z" "-v" "/var/lib/crater-agent-workspace/rustup-home:/opt/rustwide/rustup-home:ro,Z" "-m" "1610612736" "--network" "none" "ghcr.io/rust-lang/crates-build-env/linux@sha256:77db811e55d90add9212f6832c23229e3de5f1c1f9905e8cb07319ea15df73ac" "sleep" "infinity", kill_on_drop: false }`
[INFO] [stdout] 05e6cc94c35016c0123569177c406727af4669bc012aea44059e17b6b0f27cab
[INFO] running `Command { std: "docker" "start" "05e6cc94c35016c0123569177c406727af4669bc012aea44059e17b6b0f27cab", kill_on_drop: false }`
[INFO] running `Command { std: "docker" "inspect" "05e6cc94c35016c0123569177c406727af4669bc012aea44059e17b6b0f27cab", kill_on_drop: false }`
[INFO] running `Command { std: "docker" "exec" "-e" "SOURCE_DIR=/opt/rustwide/workdir" "-e" "CARGO_HOME=/opt/rustwide/cargo-home" "-e" "RUSTUP_HOME=/opt/rustwide/rustup-home" "-e" "CARGO_TARGET_DIR=/opt/rustwide/target" "-w" "/opt/rustwide/workdir" "--user" "0:0" "05e6cc94c35016c0123569177c406727af4669bc012aea44059e17b6b0f27cab" "/opt/rustwide/cargo-home/bin/cargo" "+895980e0290783bb09b1ccf1b11f14eb09b10430" "metadata" "--no-deps" "--format-version=1", kill_on_drop: false }`
[INFO] running `Command { std: "docker" "inspect" "05e6cc94c35016c0123569177c406727af4669bc012aea44059e17b6b0f27cab", kill_on_drop: false }`
[INFO] running `Command { std: "docker" "exec" "-e" "SOURCE_DIR=/opt/rustwide/workdir" "-e" "CARGO_HOME=/opt/rustwide/cargo-home" "-e" "RUSTUP_HOME=/opt/rustwide/rustup-home" "-e" "CARGO_TARGET_DIR=/opt/rustwide/target" "-e" "CARGO_INCREMENTAL=0" "-e" "RUST_BACKTRACE=full" "-e" "RUSTFLAGS=--cap-lints=forbid" "-e" "RUSTDOCFLAGS=--cap-lints=forbid" "-w" "/opt/rustwide/workdir" "--user" "0:0" "05e6cc94c35016c0123569177c406727af4669bc012aea44059e17b6b0f27cab" "/opt/rustwide/cargo-home/bin/cargo" "+895980e0290783bb09b1ccf1b11f14eb09b10430" "check" "--frozen" "--all" "--all-targets" "--message-format=json", kill_on_drop: false }`
[INFO] [stderr]    Compiling syn v3.0.6
[INFO] [stderr]    Compiling jobserver v0.1.35
[INFO] [stderr]     Checking parking_lot_core v0.9.12
[INFO] [stderr]     Checking errno v0.3.14
[INFO] [stderr]     Checking mio v1.2.3
[INFO] [stderr]     Checking socket2 v0.6.5
[INFO] [stderr]     Checking regex-automata v0.4.18
[INFO] [stderr]     Checking crypto-common v0.2.2
[INFO] [stderr]    Compiling serde_json v1.0.151
[INFO] [stderr]     Checking num-bigint v0.4.8
[INFO] [stderr]     Checking subtle v2.6.1
[INFO] [stderr]     Checking siphasher v1.0.4
[INFO] [stderr]    Compiling rustls v0.23.45
[INFO] [stderr]    Compiling rand_core v0.6.4
[INFO] [stderr]    Compiling phf_shared v0.11.3
[INFO] [stderr]     Checking indexmap v2.14.2
[INFO] [stderr]     Checking signal-hook-registry v1.4.8
[INFO] [stderr]     Checking getrandom v0.4.3
[INFO] [stderr]    Compiling curve25519-dalek v5.0.0
[INFO] [stderr]     Checking parking_lot v0.12.5
[INFO] [stderr]     Checking typed-arena v2.0.2
[INFO] [stderr]     Checking jiff-core v0.1.1
[INFO] [stderr]    Compiling jsonschema-value v0.58.4
[INFO] [stderr]     Checking clap_lex v1.1.1
[INFO] [stderr]     Checking phf_shared v0.12.1
[INFO] [stderr]    Compiling rand v0.8.8
[INFO] [stderr]     Checking jaq-core v3.1.1
[INFO] [stderr]    Compiling cc v1.5.1
[INFO] [stderr]    Compiling strum_macros v0.28.0
[INFO] [stderr]     Checking chacha20 v0.10.2
[INFO] [stderr]     Checking clap_builder v4.6.7
[INFO] [stderr]    Compiling curve25519-dalek-derive v0.1.1
[INFO] [stderr]    Compiling bigdecimal v0.4.11
[INFO] [stderr]     Checking signature v3.0.0
[INFO] [stderr]     Checking regex-bites v0.1.6
[INFO] [stderr]     Checking ed25519 v3.0.0
[INFO] [stderr]     Checking digest v0.11.3
[INFO] [stderr]     Checking rand v0.10.3
[INFO] [stderr]     Checking phf v0.12.1
[INFO] [stderr]     Checking toml_datetime v1.1.1+spec-1.1.0
[INFO] [stderr]     Checking jsonschema-regex v0.58.4
[INFO] [stderr]     Checking sha2 v0.11.0
[INFO] [stderr]     Checking serde_spanned v1.1.1
[INFO] [stderr]    Compiling phf_generator v0.11.3
[INFO] [stderr]     Checking hifijson v0.5.0
[INFO] [stderr]    Compiling phf_macros v0.11.3
[INFO] [stderr]     Checking unicode-width v0.2.2
[INFO] [stderr]     Checking libbz2-rs-sys v0.2.5
[INFO] [stderr]     Checking jiff v0.2.37
[INFO] [stderr]     Checking num-rational v0.4.2
[INFO] [stderr]     Checking uuid v1.26.1
[INFO] [stderr]     Checking os_display v0.1.4
[INFO] [stderr]     Checking toml v1.1.6+spec-1.1.0
[INFO] [stderr]    Compiling cmake v0.1.58
[INFO] [stderr]     Checking num v0.4.3
[INFO] [stderr]     Checking fraction v0.17.0
[INFO] [stderr]     Checking hmac v0.13.0
[INFO] [stderr]     Checking sha1 v0.11.0
[INFO] [stderr]     Checking md-5 v0.11.0
[INFO] [stderr]     Checking inventory v0.3.24
[INFO] [stderr]    Compiling everruns-integrations v0.42.0
[INFO] [stderr]     Checking phf v0.11.3
[INFO] [stderr]     Checking bzip2 v0.6.1
[INFO] [stderr]    Compiling aws-lc-sys v0.45.0
[INFO] [stderr]     Checking ed25519-dalek v3.0.0
[INFO] [stderr]     Checking strum v0.28.0
[INFO] [stderr]     Checking bstr v1.13.1
[INFO] [stderr]     Checking fancy-regex v0.19.2
[INFO] [stderr]     Checking regex v1.13.1
[INFO] [stderr]     Checking globset v0.4.20
[INFO] [stderr]     Checking jaq-std v3.0.3
[INFO] [stderr]     Checking jaq-json v2.0.3
[INFO] [stderr]    Compiling synstructure v0.14.0
[INFO] [stderr]    Compiling zerofrom-derive v0.1.8
[INFO] [stderr]    Compiling yoke-derive v0.8.4
[INFO] [stderr]    Compiling serde_derive v1.0.229
[INFO] [stderr]    Compiling zerovec-derive v0.11.6
[INFO] [stderr]    Compiling displaydoc v0.2.7
[INFO] [stderr]    Compiling tokio-macros v2.7.2
[INFO] [stderr]    Compiling futures-macro v0.3.34
[INFO] [stderr]    Compiling ref-cast-impl v1.0.27
[INFO] [stderr]    Compiling thiserror-impl v2.0.21
[INFO] [stderr]    Compiling clap_derive v4.6.7
[INFO] [stderr]    Compiling async-trait v0.1.92
[INFO] [stderr]     Checking ref-cast v1.0.27
[INFO] [stderr]     Checking tokio v1.53.1
[INFO] [stderr]     Checking futures-util v0.3.34
[INFO] [stderr]     Checking zerofrom v0.1.8
[INFO] [stderr]     Checking thiserror v2.0.21
[INFO] [stderr]     Checking yoke v0.8.3
[INFO] [stderr]     Checking zerovec v0.11.8
[INFO] [stderr]     Checking zerotrie v0.2.5
[INFO] [stderr]     Checking clap v4.6.7
[INFO] [stderr]     Checking tinystr v0.8.4
[INFO] [stderr]     Checking potential_utf v0.1.6
[INFO] [stderr]     Checking icu_collections v2.3.0
[INFO] [stderr]     Checking icu_locale_core v2.3.0
[INFO] [stderr]     Checking icu_provider v2.3.1
[INFO] [stderr]     Checking serde v1.0.229
[INFO] [stderr]     Checking icu_properties v2.3.0
[INFO] [stderr]     Checking icu_normalizer v2.3.0
[INFO] [stderr]     Checking chrono v0.4.45
[INFO] [stderr]     Checking ahash v0.8.12
[INFO] [stderr]     Checking fluent-uri v0.4.1
[INFO] [stderr]     Checking email_address v0.2.9
[INFO] [stderr]     Checking serde_yaml_ng v0.10.0
[INFO] [stderr]     Checking serde_yaml v0.9.34+deprecated
[INFO] [stderr]     Checking everruns-cli-contract v0.42.0
[INFO] [stderr]     Checking futures-executor v0.3.34
[INFO] [stderr]     Checking futures v0.3.34
[INFO] [stderr]     Checking referencing v0.58.4
[INFO] [stderr]     Checking idna_adapter v1.2.2
[INFO] [stderr]     Checking idna v1.1.0
[INFO] [stderr]     Checking url v2.5.8
[INFO] [stderr]     Checking chrono-tz v0.10.4
[INFO] [stderr]     Checking cron v0.17.0
[INFO] [stderr]     Checking jsonschema v0.58.4
[INFO] [stderr]     Checking hyper v1.11.1
[INFO] [stderr]     Checking tokio-util v0.7.19
[INFO] [stderr]     Checking tower v0.5.3
[INFO] [stderr]     Checking tower-http v0.6.11
[INFO] [stderr]     Checking hyper-util v0.1.21
[INFO] [stderr]    Compiling aws-lc-rs v1.18.1
[INFO] [stderr]     Checking everruns-contracts v0.42.0
[INFO] [stderr]     Checking rustls-webpki v0.103.15
[INFO] [stderr]     Checking tokio-rustls v0.26.6
[INFO] [stderr]     Checking rustls-platform-verifier v0.7.1
[INFO] [stderr]     Checking hyper-rustls v0.27.10
[INFO] [stderr]     Checking reqwest v0.13.5
[INFO] [stderr]     Checking bashkit v0.18.2
[INFO] [stderr] error: could not compile `everruns-contracts` (lib)
[INFO] [stderr] 
[INFO] [stderr] Caused by:
[INFO] [stderr]   process didn't exit successfully: `/opt/rustwide/rustup-home/toolchains/895980e0290783bb09b1ccf1b11f14eb09b10430/bin/rustc --crate-name everruns_contracts --edition=2024 /opt/rustwide/cargo-home/registry/src/index.crates.io-1949cf8c6b5b557f/everruns-contracts-0.42.0/src/lib.rs --error-format=json --json=diagnostic-rendered-ansi,artifacts,future-incompat,unused-externs-silent --crate-type lib --emit=dep-info,metadata -C embed-bitcode=no -C debuginfo=2 --cfg 'feature="runtime"' --cfg 'feature="session-sandbox"' --check-cfg 'cfg(docsrs,test)' --check-cfg 'cfg(feature, values("default", "definition", "http", "openapi", "responses-websocket", "runtime", "session-sandbox", "sqlx", "tls-aws-lc-rs", "tree-sitter-outlines"))' -C metadata=152c6deb3f203aea -C extra-filename=-c05df968a3ac1d19 --out-dir /opt/rustwide/target/debug/build/everruns-contracts/c05df968a3ac1d19/out -L dependency=/opt/rustwide/target/debug/build/ahash/cb61dcc36fb0339f/out -L dependency=/opt/rustwide/target/debug/build/aho-corasick/a69c837171192e07/out -L dependency=/opt/rustwide/target/debug/build/allocator-api2/34319c28828d46c3/out -L dependency=/opt/rustwide/target/debug/build/bit-set/c8d80f1f131eb3cb/out -L dependency=/opt/rustwide/target/debug/build/bit-vec/9fd05e59115b2ed0/out -L dependency=/opt/rustwide/target/debug/build/block-buffer/73545ed56b1cb4c2/out -L dependency=/opt/rustwide/target/debug/build/borrow-or-share/0a256d5c208b4659/out -L dependency=/opt/rustwide/target/debug/build/bstr/df0af8447378c32b/out -L dependency=/opt/rustwide/target/debug/build/bytecount/b11e3614bdd69afa/out -L dependency=/opt/rustwide/target/debug/build/bytes/4fbd75942b1503ad/out -L dependency=/opt/rustwide/target/debug/build/cfg-if/557927e41f083466/out -L dependency=/opt/rustwide/target/debug/build/chacha20/efd5fc87c772c845/out -L dependency=/opt/rustwide/target/debug/build/chrono/8690862315aaab9f/out -L dependency=/opt/rustwide/target/debug/build/cmov/d863bcfeab538103/out -L dependency=/opt/rustwide/target/debug/build/const-oid/5abb6e22430efd63/out -L dependency=/opt/rustwide/target/debug/build/cpufeatures/3f55fab4a21729ae/out -L dependency=/opt/rustwide/target/debug/build/crypto-common/24e96890c7bab723/out -L dependency=/opt/rustwide/target/debug/build/ctutils/670f59174de6c720/out -L dependency=/opt/rustwide/target/debug/build/data-encoding/a41f0c43161924c9/out -L dependency=/opt/rustwide/target/debug/build/digest/857935a581f89e7e/out -L dependency=/opt/rustwide/target/debug/build/displaydoc/2313f8cdb6d09916/out -L dependency=/opt/rustwide/target/debug/build/email_address/7f972a7cf7db885c/out -L dependency=/opt/rustwide/target/debug/build/equivalent/d23b026399a51038/out -L dependency=/opt/rustwide/target/debug/build/errno/5d59e8d68d8af6fe/out -L dependency=/opt/rustwide/target/debug/build/fancy-regex/48c6aaff42eab5e3/out -L dependency=/opt/rustwide/target/debug/build/fluent-uri/7e61cbb9843c4085/out -L dependency=/opt/rustwide/target/debug/build/foldhash/7cc0e6b6b64910e8/out -L dependency=/opt/rustwide/target/debug/build/form_urlencoded/c198f79a15a99cab/out -L dependency=/opt/rustwide/target/debug/build/fraction/1a016d628bb59297/out -L dependency=/opt/rustwide/target/debug/build/futures-channel/308a4123e7ffabe8/out -L dependency=/opt/rustwide/target/debug/build/futures-core/e61316190f86a7bd/out -L dependency=/opt/rustwide/target/debug/build/futures-executor/abcaf86f10914a01/out -L dependency=/opt/rustwide/target/debug/build/futures-io/1831beca475a5f7c/out -L dependency=/opt/rustwide/target/debug/build/futures-macro/4f16332e65e2f9ce/out -L dependency=/opt/rustwide/target/debug/build/futures-sink/a9e9f8e9bd8fa6ef/out -L dependency=/opt/rustwide/target/debug/build/futures-task/e6dcbbfe3a416c43/out -L dependency=/opt/rustwide/target/debug/build/futures-util/640cc7887d364b28/out -L dependency=/opt/rustwide/target/debug/build/getrandom/82999ae9de498cba/out -L dependency=/opt/rustwide/target/debug/build/getrandom/d47089996b9f7c77/out -L dependency=/opt/rustwide/target/debug/build/hashbrown/cb5b5912c8d3e150/out -L dependency=/opt/rustwide/target/debug/build/hybrid-array/fb021fe7c4023866/out -L dependency=/opt/rustwide/target/debug/build/iana-time-zone/4c741fc3ef3881f8/out -L dependency=/opt/rustwide/target/debug/build/icu_collections/49000ac288315802/out -L dependency=/opt/rustwide/target/debug/build/icu_locale_core/0f53ddf6a25f21d2/out -L dependency=/opt/rustwide/target/debug/build/icu_normalizer/7a4eeba3f65e1ede/out -L dependency=/opt/rustwide/target/debug/build/icu_normalizer_data/55d53c9d9302ab5f/out -L dependency=/opt/rustwide/target/debug/build/icu_properties/8448bdafe0f1abb3/out -L dependency=/opt/rustwide/target/debug/build/icu_properties_data/17963fca1444d170/out -L dependency=/opt/rustwide/target/debug/build/icu_provider/048fa9094656e490/out -L dependency=/opt/rustwide/target/debug/build/idna/3719b866de91dd3e/out -L dependency=/opt/rustwide/target/debug/build/idna_adapter/ce667772a8fb5a0d/out -L dependency=/opt/rustwide/target/debug/build/indexmap/ae42e3390c90c10a/out -L dependency=/opt/rustwide/target/debug/build/itoa/488dcf4f13423b18/out -L dependency=/opt/rustwide/target/debug/build/jsonschema-regex/d2143769c7891156/out -L dependency=/opt/rustwide/target/debug/build/jsonschema-value/137b7010da1cd997/out -L dependency=/opt/rustwide/target/debug/build/libc/0e85430da93f689e/out -L dependency=/opt/rustwide/target/debug/build/litemap/1a3530997fd9ec30/out -L dependency=/opt/rustwide/target/debug/build/lock_api/b47e4fe57039b3cf/out -L dependency=/opt/rustwide/target/debug/build/log/c6c5cdd4b6425921/out -L dependency=/opt/rustwide/target/debug/build/memchr/b924193483665774/out -L dependency=/opt/rustwide/target/debug/build/micromap/1e866839ad202f1c/out -L dependency=/opt/rustwide/target/debug/build/mio/03cf644e15e3e053/out -L dependency=/opt/rustwide/target/debug/build/num-bigint/17b16cd7f1464ae2/out -L dependency=/opt/rustwide/target/debug/build/num-cmp/84c215a799a8eee8/out -L dependency=/opt/rustwide/target/debug/build/num-complex/1ea9734244dcdb6a/out -L dependency=/opt/rustwide/target/debug/build/num-integer/8f14ff7ec0169adc/out -L dependency=/opt/rustwide/target/debug/build/num-iter/746f1e96aa2b0b4e/out -L dependency=/opt/rustwide/target/debug/build/num-rational/b07b9ac9055307b5/out -L dependency=/opt/rustwide/target/debug/build/num-traits/89b73ffee7dd0236/out -L dependency=/opt/rustwide/target/debug/build/num/2ecf8ba41b32542a/out -L dependency=/opt/rustwide/target/debug/build/once_cell/6f8123b0c2eed634/out -L dependency=/opt/rustwide/target/debug/build/outref/dc38b173fed6e653/out -L dependency=/opt/rustwide/target/debug/build/parking_lot/a054dc5c0a500ef3/out -L dependency=/opt/rustwide/target/debug/build/parking_lot_core/b1108d73bdb165aa/out -L dependency=/opt/rustwide/target/debug/build/percent-encoding/f0f3780066f274e0/out -L dependency=/opt/rustwide/target/debug/build/phf/a07238e1cac7801c/out -L dependency=/opt/rustwide/target/debug/build/phf_macros/ff7f631b21b5423a/out -L dependency=/opt/rustwide/target/debug/build/phf_shared/48932024da121c20/out -L dependency=/opt/rustwide/target/debug/build/pin-project-lite/7176d3be2b7ee2e1/out -L dependency=/opt/rustwide/target/debug/build/potential_utf/ea9b39ae78fea341/out -L dependency=/opt/rustwide/target/debug/build/rand_core/9a5dc38792b219e1/out -L dependency=/opt/rustwide/target/debug/build/ref-cast-impl/8b296b9eb30bd09f/out -L dependency=/opt/rustwide/target/debug/build/ref-cast/32776beada055c0e/out -L dependency=/opt/rustwide/target/debug/build/referencing/738a2a869cbebd6e/out -L dependency=/opt/rustwide/target/debug/build/regex-automata/90407c5f33c86d2f/out -L dependency=/opt/rustwide/target/debug/build/regex-syntax/aa2c0ef21912879c/out -L dependency=/opt/rustwide/target/debug/build/regex/41a9ba49dc94ecef/out -L dependency=/opt/rustwide/target/debug/build/ryu/3da2ab8eb39d89f2/out -L dependency=/opt/rustwide/target/debug/build/scopeguard/e7d227cb308b3799/out -L dependency=/opt/rustwide/target/debug/build/serde/4f8d27581ec0bae7/out -L dependency=/opt/rustwide/target/debug/build/serde_core/31ebf1ee06936497/out -L dependency=/opt/rustwide/target/debug/build/serde_derive/7ebbfaac4f5a5248/out -L dependency=/opt/rustwide/target/debug/build/serde_json/43e2371adb5cae47/out -L dependency=/opt/rustwide/target/debug/build/serde_spanned/baad9f65db6fcbf6/out -L dependency=/opt/rustwide/target/debug/build/sha1_smol/4e2b7f6914ec1690/out -L dependency=/opt/rustwide/target/debug/build/signal-hook-registry/69ae2076fc509195/out -L dependency=/opt/rustwide/target/debug/build/siphasher/c2ff2600990eb1c7/out -L dependency=/opt/rustwide/target/debug/build/slab/ae595133c23c4338/out -L dependency=/opt/rustwide/target/debug/build/smallvec/ff62dc8773ec4f8d/out -L dependency=/opt/rustwide/target/debug/build/socket2/a485b8797ec6db38/out -L dependency=/opt/rustwide/target/debug/build/stable_deref_trait/a4bd0afb694af506/out -L dependency=/opt/rustwide/target/debug/build/strum/dcd3f0750d270fb0/out -L dependency=/opt/rustwide/target/debug/build/strum_macros/d9d281b09e397313/out -L dependency=/opt/rustwide/target/debug/build/thiserror-impl/d0bbeedd6b4b97b6/out -L dependency=/opt/rustwide/target/debug/build/tinystr/42d6cd5c4184e473/out -L dependency=/opt/rustwide/target/debug/build/tokio-macros/e49dddbdc1fe96f3/out -L dependency=/opt/rustwide/target/debug/build/tokio/6050e4f402ae2c96/out -L dependency=/opt/rustwide/target/debug/build/toml_datetime/64d639ea158e1052/out -L dependency=/opt/rustwide/target/debug/build/toml_parser/4b56f1fcc80bee0d/out -L dependency=/opt/rustwide/target/debug/build/toml_writer/8f810326993a9f23/out -L dependency=/opt/rustwide/target/debug/build/tracing-attributes/d2730748e5945254/out -L dependency=/opt/rustwide/target/debug/build/tracing-core/3324456f4d23a949/out -L dependency=/opt/rustwide/target/debug/build/typenum/24aab6a4200ddd27/out -L dependency=/opt/rustwide/target/debug/build/unicode-general-category/8c4e45d9c81128cb/out -L dependency=/opt/rustwide/target/debug/build/unsafe-libyaml/90d528aae66b78da/out -L dependency=/opt/rustwide/target/debug/build/utf8_iter/88f5a358869389d3/out -L dependency=/opt/rustwide/target/debug/build/uuid-simd/0c2434c41cc2e9ac/out -L dependency=/opt/rustwide/target/debug/build/vsimd/0a8a956ba92747cc/out -L dependency=/opt/rustwide/target/debug/build/winnow/2af4cb063769d751/out -L dependency=/opt/rustwide/target/debug/build/winnow/633517ba2cbc48a7/out -L dependency=/opt/rustwide/target/debug/build/writeable/5ca0ec95d9ef6c5c/out -L dependency=/opt/rustwide/target/debug/build/yoke-derive/1cca3185fbe28eca/out -L dependency=/opt/rustwide/target/debug/build/yoke/18a53b5b8a441057/out -L dependency=/opt/rustwide/target/debug/build/zerocopy/b7871e0823dd6274/out -L dependency=/opt/rustwide/target/debug/build/zerofrom-derive/cd1987eb621853ce/out -L dependency=/opt/rustwide/target/debug/build/zerofrom/372dfe67400b6099/out -L dependency=/opt/rustwide/target/debug/build/zerotrie/2c5172e663ac6934/out -L dependency=/opt/rustwide/target/debug/build/zerovec-derive/8a61e2ce69b50283/out -L dependency=/opt/rustwide/target/debug/build/zerovec/44ea2927329bd98c/out -L dependency=/opt/rustwide/target/debug/build/zmij/93cb3e10a525d438/out --extern anyhow=/opt/rustwide/target/debug/build/anyhow/d5f04c2d9d0d7bf2/out/libanyhow-d5f04c2d9d0d7bf2.rmeta --extern async_trait=/opt/rustwide/target/debug/build/async-trait/616c120b13f40217/out/libasync_trait-616c120b13f40217.so --extern base64=/opt/rustwide/target/debug/build/base64/7b1d2886d677ac58/out/libbase64-7b1d2886d677ac58.rmeta --extern chrono=/opt/rustwide/target/debug/build/chrono/8690862315aaab9f/out/libchrono-8690862315aaab9f.rmeta --extern cron=/opt/rustwide/target/debug/build/cron/e690d6becf22a523/out/libcron-e690d6becf22a523.rmeta --extern futures=/opt/rustwide/target/debug/build/futures/f0b40f369c926914/out/libfutures-f0b40f369c926914.rmeta --extern globset=/opt/rustwide/target/debug/build/globset/2df185bd20fd0870/out/libglobset-2df185bd20fd0870.rmeta --extern hex=/opt/rustwide/target/debug/build/hex/4852862d92867e36/out/libhex-4852862d92867e36.rmeta --extern inventory=/opt/rustwide/target/debug/build/inventory/8b5ed1e785017eb6/out/libinventory-8b5ed1e785017eb6.rmeta --extern jsonschema=/opt/rustwide/target/debug/build/jsonschema/f0ef3b74e632605d/out/libjsonschema-f0ef3b74e632605d.rmeta --extern rand=/opt/rustwide/target/debug/build/rand/5582c824d3744a47/out/librand-5582c824d3744a47.rmeta --extern regex=/opt/rustwide/target/debug/build/regex/41a9ba49dc94ecef/out/libregex-41a9ba49dc94ecef.rmeta --extern serde=/opt/rustwide/target/debug/build/serde/4f8d27581ec0bae7/out/libserde-4f8d27581ec0bae7.rmeta --extern serde_json=/opt/rustwide/target/debug/build/serde_json/43e2371adb5cae47/out/libserde_json-43e2371adb5cae47.rmeta --extern serde_yaml=/opt/rustwide/target/debug/build/serde_yaml/a34b6ece25c65c01/out/libserde_yaml-a34b6ece25c65c01.rmeta --extern sha2=/opt/rustwide/target/debug/build/sha2/a3307d39ef962a23/out/libsha2-a3307d39ef962a23.rmeta --extern thiserror=/opt/rustwide/target/debug/build/thiserror/55ef8252194bdfb2/out/libthiserror-55ef8252194bdfb2.rmeta --extern tokio=/opt/rustwide/target/debug/build/tokio/6050e4f402ae2c96/out/libtokio-6050e4f402ae2c96.rmeta --extern tokio_util=/opt/rustwide/target/debug/build/tokio-util/bf980d85d1c89459/out/libtokio_util-bf980d85d1c89459.rmeta --extern toml=/opt/rustwide/target/debug/build/toml/a3501396edb93a33/out/libtoml-a3501396edb93a33.rmeta --extern tracing=/opt/rustwide/target/debug/build/tracing/27f8fb5cc115cd55/out/libtracing-27f8fb5cc115cd55.rmeta --extern url=/opt/rustwide/target/debug/build/url/e007c16b973809d1/out/liburl-e007c16b973809d1.rmeta --extern uuid=/opt/rustwide/target/debug/build/uuid/1b4cb7263f2130ce/out/libuuid-1b4cb7263f2130ce.rmeta --extern web_time=/opt/rustwide/target/debug/build/web-time/bfcd0ef96c52737a/out/libweb_time-bfcd0ef96c52737a.rmeta --cap-lints allow --cap-lints=forbid --force-warn=unused_crate_dependencies` (signal: 9, SIGKILL: kill)
[INFO] [stderr] warning: build failed, waiting for other jobs to finish...
[INFO] running `Command { std: "docker" "inspect" "05e6cc94c35016c0123569177c406727af4669bc012aea44059e17b6b0f27cab", kill_on_drop: false }`
[INFO] running `Command { std: "docker" "rm" "-f" "05e6cc94c35016c0123569177c406727af4669bc012aea44059e17b6b0f27cab", kill_on_drop: false }`
[INFO] [stdout] 05e6cc94c35016c0123569177c406727af4669bc012aea44059e17b6b0f27cab
