[INFO] fetching crate easyhttpmock-vetis-tokio 0.1.2-beta.5...
[INFO] checking easyhttpmock-vetis-tokio-0.1.2-beta.5 against 895980e0290783bb09b1ccf1b11f14eb09b10430 for pr-160186
[INFO] extracting crate easyhttpmock-vetis-tokio 0.1.2-beta.5 into /workspace/builds/worker-3-tc2/source
[INFO] removed /workspace/builds/worker-3-tc2/source/.cargo/config.toml
[INFO] started tweaking crates.io crate easyhttpmock-vetis-tokio 0.1.2-beta.5
[INFO] finished tweaking crates.io crate easyhttpmock-vetis-tokio 0.1.2-beta.5
[INFO] tweaked toml for crates.io crate easyhttpmock-vetis-tokio 0.1.2-beta.5 written to /workspace/builds/worker-3-tc2/source/Cargo.toml
[INFO] validating manifest of crates.io crate easyhttpmock-vetis-tokio 0.1.2-beta.5 on toolchain 895980e0290783bb09b1ccf1b11f14eb09b10430
[INFO] running `Command { std: CARGO_HOME="/workspace/cargo-home" RUSTUP_HOME="/workspace/rustup-home" "/workspace/cargo-home/bin/cargo" "+895980e0290783bb09b1ccf1b11f14eb09b10430" "metadata" "--manifest-path" "Cargo.toml" "--no-deps", kill_on_drop: false }`
[INFO] crate crates.io crate easyhttpmock-vetis-tokio 0.1.2-beta.5 already has a lockfile, it will not be regenerated
[INFO] running `Command { std: CARGO_HOME="/workspace/cargo-home" RUSTUP_HOME="/workspace/rustup-home" "/workspace/cargo-home/bin/cargo" "+895980e0290783bb09b1ccf1b11f14eb09b10430" "fetch" "--manifest-path" "Cargo.toml", kill_on_drop: false }`
[INFO] running `Command { std: "docker" "create" "-v" "/var/lib/crater-agent-workspace/builds/worker-3-tc2/source:/opt/rustwide/workdir:ro,Z" "-v" "/var/lib/crater-agent-workspace/builds/worker-3-tc2/target:/opt/rustwide/target:rw,Z" "-v" "/var/lib/crater-agent-workspace/cargo-home:/opt/rustwide/cargo-home:ro,Z" "-v" "/var/lib/crater-agent-workspace/rustup-home:/opt/rustwide/rustup-home:ro,Z" "-m" "1610612736" "--network" "none" "ghcr.io/rust-lang/crates-build-env/linux@sha256:77db811e55d90add9212f6832c23229e3de5f1c1f9905e8cb07319ea15df73ac" "sleep" "infinity", kill_on_drop: false }`
[INFO] [stdout] 917c86ad00d6b0cc5da133f8dda57c8bbe8eec68c09dbbd2e4804a95c0827a2d
[INFO] running `Command { std: "docker" "start" "917c86ad00d6b0cc5da133f8dda57c8bbe8eec68c09dbbd2e4804a95c0827a2d", kill_on_drop: false }`
[INFO] running `Command { std: "docker" "inspect" "917c86ad00d6b0cc5da133f8dda57c8bbe8eec68c09dbbd2e4804a95c0827a2d", kill_on_drop: false }`
[INFO] running `Command { std: "docker" "exec" "-e" "SOURCE_DIR=/opt/rustwide/workdir" "-e" "CARGO_HOME=/opt/rustwide/cargo-home" "-e" "RUSTUP_HOME=/opt/rustwide/rustup-home" "-e" "CARGO_TARGET_DIR=/opt/rustwide/target" "-w" "/opt/rustwide/workdir" "--user" "0:0" "917c86ad00d6b0cc5da133f8dda57c8bbe8eec68c09dbbd2e4804a95c0827a2d" "/opt/rustwide/cargo-home/bin/cargo" "+895980e0290783bb09b1ccf1b11f14eb09b10430" "metadata" "--no-deps" "--format-version=1", kill_on_drop: false }`
[INFO] running `Command { std: "docker" "inspect" "917c86ad00d6b0cc5da133f8dda57c8bbe8eec68c09dbbd2e4804a95c0827a2d", kill_on_drop: false }`
[INFO] running `Command { std: "docker" "exec" "-e" "SOURCE_DIR=/opt/rustwide/workdir" "-e" "CARGO_HOME=/opt/rustwide/cargo-home" "-e" "RUSTUP_HOME=/opt/rustwide/rustup-home" "-e" "CARGO_TARGET_DIR=/opt/rustwide/target" "-e" "CARGO_INCREMENTAL=0" "-e" "RUST_BACKTRACE=full" "-e" "RUSTFLAGS=--cap-lints=forbid" "-e" "RUSTDOCFLAGS=--cap-lints=forbid" "-w" "/opt/rustwide/workdir" "--user" "0:0" "917c86ad00d6b0cc5da133f8dda57c8bbe8eec68c09dbbd2e4804a95c0827a2d" "/opt/rustwide/cargo-home/bin/cargo" "+895980e0290783bb09b1ccf1b11f14eb09b10430" "check" "--frozen" "--all" "--all-targets" "--message-format=json", kill_on_drop: false }`
[INFO] [stderr]    Compiling libc v0.2.190
[INFO] [stderr]    Compiling thiserror v2.0.21
[INFO] [stderr]    Compiling aws-lc-rs v1.18.2
[INFO] [stderr]     Checking tracing v0.1.44
[INFO] [stderr]    Compiling syn v3.0.9
[INFO] [stderr]    Compiling rustls v0.23.46
[INFO] [stderr]     Checking chacha20 v0.10.2
[INFO] [stderr]    Compiling erased-serde v0.4.10
[INFO] [stderr]     Checking regex-automata v0.4.18
[INFO] [stderr]    Compiling quinn-udp v0.5.16
[INFO] [stderr]    Compiling typetag v0.2.23
[INFO] [stderr]     Checking simdutf8 v0.1.5
[INFO] [stderr]     Checking serde_json v1.0.154
[INFO] [stderr]    Compiling quinn v0.11.12
[INFO] [stderr]     Checking sonic-simd v0.1.4
[INFO] [stderr]     Checking sonic-number v0.1.3
[INFO] [stderr]     Checking xxhash-rust v0.8.19
[INFO] [stderr]     Checking lru-slab v0.1.3
[INFO] [stderr]     Checking tinyvec v1.13.3
[INFO] [stderr]     Checking pointers v0.2.1
[INFO] [stderr]     Checking xml v1.4.0
[INFO] [stderr]     Checking time v0.3.55
[INFO] [stderr]     Checking logforth-core v0.4.0
[INFO] [stderr]     Checking patricia_tree v0.10.2
[INFO] [stderr]    Compiling jobserver v0.1.35
[INFO] [stderr]    Compiling cc v1.8.0
[INFO] [stderr]     Checking errno v0.3.14
[INFO] [stderr]     Checking socket2 v0.6.5
[INFO] [stderr]     Checking mio v1.2.4
[INFO] [stderr]     Checking getrandom v0.4.3
[INFO] [stderr]     Checking parking_lot_core v0.9.12
[INFO] [stderr]     Checking getrandom v0.3.4
[INFO] [stderr]     Checking memmap2 v0.9.11
[INFO] [stderr]     Checking seize v0.5.1
[INFO] [stderr]     Checking signal-hook-registry v1.4.8
[INFO] [stderr]     Checking rand v0.10.3
[INFO] [stderr]     Checking papaya v0.2.5
[INFO] [stderr]     Checking ahash v0.8.12
[INFO] [stderr]     Checking parking_lot v0.12.5
[INFO] [stderr]     Checking regex v1.13.1
[INFO] [stderr]    Compiling cmake v0.1.58
[INFO] [stderr]    Compiling psm v0.1.24
[INFO] [stderr]    Compiling stacker v0.1.25
[INFO] [stderr]    Compiling aws-lc-sys v0.46.0
[INFO] [stderr]    Compiling thiserror-impl v2.0.21
[INFO] [stderr]    Compiling tokio-macros v2.7.2
[INFO] [stderr]    Compiling serde_derive v1.0.229
[INFO] [stderr]    Compiling futures-macro v0.3.34
[INFO] [stderr]    Compiling ref-cast-impl v1.0.27
[INFO] [stderr]    Compiling typetag-impl v0.2.23
[INFO] [stderr]    Compiling pest v2.9.3
[INFO] [stderr]     Checking tokio v1.53.3
[INFO] [stderr]     Checking ref-cast v1.0.27
[INFO] [stderr]     Checking futures-util v0.3.34
[INFO] [stderr]     Checking simdxml v0.2.1
[INFO] [stderr]    Compiling pest_meta v2.9.3
[INFO] [stderr]     Checking serde v1.0.229
[INFO] [stderr]     Checking futures v0.3.34
[INFO] [stderr]    Compiling pest_generator v2.9.3
[INFO] [stderr]     Checking faststr v0.2.34
[INFO] [stderr]     Checking async-fn-stream v0.3.2
[INFO] [stderr]     Checking sonic-rs v0.5.10
[INFO] [stderr]     Checking serde-xml-rs v0.8.2
[INFO] [stderr]     Checking http-serde-ext v1.0.2
[INFO] [stderr]     Checking arcstr v1.2.0
[INFO] [stderr]     Checking peekable v0.6.2
[INFO] [stderr]    Compiling pest_derive v2.9.3
[INFO] [stderr]     Checking jsonpath-rust v1.0.12
[INFO] [stderr]     Checking caramelo v0.1.5
[INFO] [stderr]     Checking easyhttpmock v0.1.5-beta.2
[INFO] [stderr]     Checking tokio-util v0.7.20
[INFO] [stderr]     Checking crossfire v3.1.20
[INFO] [stderr]     Checking h2 v0.4.20
[INFO] [stderr]     Checking hyper v1.12.0
[INFO] [stderr]     Checking hyper-body-utils v0.1.18
[INFO] [stderr]     Checking hyper-util v0.1.21
[INFO] [stderr]     Checking vetis v0.1.7-beta.6
[INFO] [stderr]     Checking rustls-webpki v0.103.15
[INFO] [stderr]     Checking quinn-proto v0.11.19
[INFO] [stderr]     Checking futures-rustls v0.26.0
[INFO] [stderr]     Checking tokio-rustls v0.26.6
[INFO] [stderr]     Checking vetis-tokio v0.1.2-beta.8
[INFO] [stderr]     Checking easyhttpmock-vetis-tokio v0.1.2-beta.5 (/opt/rustwide/workdir)
[INFO] [stdout] error[E0433]: cannot find module or crate `deboa` in this scope
[INFO] [stdout]  --> src/tests/mod.rs:6:5
[INFO] [stdout]   |
[INFO] [stdout] 6 | use deboa::{
[INFO] [stdout]   |     ^^^^^ use of unresolved module or unlinked crate `deboa`
[INFO] [stdout]   |
[INFO] [stdout]   = help: if you wanted to use a crate named `deboa`, use `cargo add deboa` to add it to your `Cargo.toml`
[INFO] [stdout] 
[INFO] [stdout] 
[INFO] [stdout] error[E0433]: cannot find module or crate `deboa_tokio` in this scope
[INFO] [stdout]   --> src/tests/mod.rs:11:5
[INFO] [stdout]    |
[INFO] [stdout] 11 | use deboa_tokio::{cert::DeboaCertificate, Client};
[INFO] [stdout]    |     ^^^^^^^^^^^ use of unresolved module or unlinked crate `deboa_tokio`
[INFO] [stdout]    |
[INFO] [stdout]    = help: if you wanted to use a crate named `deboa_tokio`, use `cargo add deboa_tokio` to add it to your `Cargo.toml`
[INFO] [stdout] 
[INFO] [stdout] 
[INFO] [stdout] error[E0432]: unresolved import `deboa`
[INFO] [stdout]  --> src/tests/mod.rs:6:5
[INFO] [stdout]   |
[INFO] [stdout] 6 | use deboa::{
[INFO] [stdout]   |     ^^^^^ use of unresolved module or unlinked crate `deboa`
[INFO] [stdout]   |
[INFO] [stdout]   = help: if you wanted to use a crate named `deboa`, use `cargo add deboa` to add it to your `Cargo.toml`
[INFO] [stdout] 
[INFO] [stdout] 
[INFO] [stdout] error[E0432]: unresolved import `deboa_tokio`
[INFO] [stdout]   --> src/tests/mod.rs:11:5
[INFO] [stdout]    |
[INFO] [stdout] 11 | use deboa_tokio::{cert::DeboaCertificate, Client};
[INFO] [stdout]    |     ^^^^^^^^^^^ use of unresolved module or unlinked crate `deboa_tokio`
[INFO] [stdout]    |
[INFO] [stdout]    = help: if you wanted to use a crate named `deboa_tokio`, use `cargo add deboa_tokio` to add it to your `Cargo.toml`
[INFO] [stdout] 
[INFO] [stdout] 
[INFO] [stdout] warning: method call on a diverging inference variable
[INFO] [stdout]   --> src/tests/mod.rs:88:25
[INFO] [stdout]    |
[INFO] [stdout] 88 |     assert_eq!(response.status(), StatusCode::OK);
[INFO] [stdout]    |                         ^^^^^^
[INFO] [stdout]    |
[INFO] [stdout]    = help: consider providing a type annotation
[INFO] [stdout]    = warning: this was previously accepted by the compiler but is being phased out; it will become a hard error in a future release!
[INFO] [stdout]    = note: for more information, see issue #156047 <https://github.com/rust-lang/rust/issues/156047>
[INFO] [stdout]    = note: `#[warn(method_call_on_diverging_infer_var)]` (part of `#[warn(future_incompatible)]`) on by default
[INFO] [stdout] 
[INFO] [stdout] 
[INFO] [stdout] error[E0599]: no method named `status` found for type `!` in the current scope
[INFO] [stdout]   --> src/tests/mod.rs:88:25
[INFO] [stdout]    |
[INFO] [stdout] 88 |     assert_eq!(response.status(), StatusCode::OK);
[INFO] [stdout]    |                         ^^^^^^ method not found in `!`
[INFO] [stdout] 
[INFO] [stdout] 
[INFO] [stdout] warning: method call on a diverging inference variable
[INFO] [stdout]    --> src/tests/mod.rs:140:21
[INFO] [stdout]     |
[INFO] [stdout] 140 |     expect(response.status()).to_be(eq(StatusCode::OK));
[INFO] [stdout]     |                     ^^^^^^
[INFO] [stdout]     |
[INFO] [stdout]     = help: consider providing a type annotation
[INFO] [stdout]     = warning: this was previously accepted by the compiler but is being phased out; it will become a hard error in a future release!
[INFO] [stdout]     = note: for more information, see issue #156047 <https://github.com/rust-lang/rust/issues/156047>
[INFO] [stdout] 
[INFO] [stdout] 
[INFO] [stdout] error[E0599]: no method named `status` found for type `!` in the current scope
[INFO] [stdout]    --> src/tests/mod.rs:140:21
[INFO] [stdout]     |
[INFO] [stdout] 140 |     expect(response.status()).to_be(eq(StatusCode::OK));
[INFO] [stdout]     |                     ^^^^^^ method not found in `!`
[INFO] [stdout] 
[INFO] [stdout] 
[INFO] [stdout] Some errors have detailed explanations: E0432, E0433, E0599.
[INFO] [stdout] 
[INFO] [stdout] For more information about an error, try `rustc --explain E0432`.
[INFO] [stdout] 
[INFO] [stderr] error: could not compile `easyhttpmock-vetis-tokio` (lib test) due to 6 previous errors; 4 warnings emitted
[INFO] running `Command { std: "docker" "inspect" "917c86ad00d6b0cc5da133f8dda57c8bbe8eec68c09dbbd2e4804a95c0827a2d", kill_on_drop: false }`
[INFO] running `Command { std: "docker" "rm" "-f" "917c86ad00d6b0cc5da133f8dda57c8bbe8eec68c09dbbd2e4804a95c0827a2d", kill_on_drop: false }`
[INFO] [stdout] 917c86ad00d6b0cc5da133f8dda57c8bbe8eec68c09dbbd2e4804a95c0827a2d
