[INFO] fetching crate db-pool 0.7.0...
[INFO] checking db-pool-0.7.0 against 895980e0290783bb09b1ccf1b11f14eb09b10430 for pr-160186
[INFO] extracting crate db-pool 0.7.0 into /workspace/builds/worker-2-tc2/source
[INFO] started tweaking crates.io crate db-pool 0.7.0
[INFO] removed 0 missing examples
[INFO] finished tweaking crates.io crate db-pool 0.7.0
[INFO] tweaked toml for crates.io crate db-pool 0.7.0 written to /workspace/builds/worker-2-tc2/source/Cargo.toml
[INFO] validating manifest of crates.io crate db-pool 0.7.0 on toolchain 895980e0290783bb09b1ccf1b11f14eb09b10430
[INFO] running `Command { std: CARGO_HOME="/workspace/cargo-home" RUSTUP_HOME="/workspace/rustup-home" "/workspace/cargo-home/bin/cargo" "+895980e0290783bb09b1ccf1b11f14eb09b10430" "metadata" "--manifest-path" "Cargo.toml" "--no-deps", kill_on_drop: false }`
[INFO] crate crates.io crate db-pool 0.7.0 already has a lockfile, it will not be regenerated
[INFO] running `Command { std: CARGO_HOME="/workspace/cargo-home" RUSTUP_HOME="/workspace/rustup-home" "/workspace/cargo-home/bin/cargo" "+895980e0290783bb09b1ccf1b11f14eb09b10430" "fetch" "--manifest-path" "Cargo.toml", kill_on_drop: false }`
[INFO] running `Command { std: "docker" "create" "-v" "/var/lib/crater-agent-workspace/builds/worker-2-tc2/source:/opt/rustwide/workdir:ro,Z" "-v" "/var/lib/crater-agent-workspace/builds/worker-2-tc2/target:/opt/rustwide/target:rw,Z" "-v" "/var/lib/crater-agent-workspace/cargo-home:/opt/rustwide/cargo-home:ro,Z" "-v" "/var/lib/crater-agent-workspace/rustup-home:/opt/rustwide/rustup-home:ro,Z" "-m" "1610612736" "--network" "none" "ghcr.io/rust-lang/crates-build-env/linux@sha256:77db811e55d90add9212f6832c23229e3de5f1c1f9905e8cb07319ea15df73ac" "sleep" "infinity", kill_on_drop: false }`
[INFO] [stdout] e58acae09ecff406e1169951099fb37472966a99ca789601eb0e9af6e03cc9a3
[INFO] running `Command { std: "docker" "start" "e58acae09ecff406e1169951099fb37472966a99ca789601eb0e9af6e03cc9a3", kill_on_drop: false }`
[INFO] running `Command { std: "docker" "inspect" "e58acae09ecff406e1169951099fb37472966a99ca789601eb0e9af6e03cc9a3", kill_on_drop: false }`
[INFO] running `Command { std: "docker" "exec" "-e" "SOURCE_DIR=/opt/rustwide/workdir" "-e" "CARGO_HOME=/opt/rustwide/cargo-home" "-e" "RUSTUP_HOME=/opt/rustwide/rustup-home" "-e" "CARGO_TARGET_DIR=/opt/rustwide/target" "-w" "/opt/rustwide/workdir" "--user" "0:0" "e58acae09ecff406e1169951099fb37472966a99ca789601eb0e9af6e03cc9a3" "/opt/rustwide/cargo-home/bin/cargo" "+895980e0290783bb09b1ccf1b11f14eb09b10430" "metadata" "--no-deps" "--format-version=1", kill_on_drop: false }`
[INFO] running `Command { std: "docker" "inspect" "e58acae09ecff406e1169951099fb37472966a99ca789601eb0e9af6e03cc9a3", kill_on_drop: false }`
[INFO] running `Command { std: "docker" "exec" "-e" "SOURCE_DIR=/opt/rustwide/workdir" "-e" "CARGO_HOME=/opt/rustwide/cargo-home" "-e" "RUSTUP_HOME=/opt/rustwide/rustup-home" "-e" "CARGO_TARGET_DIR=/opt/rustwide/target" "-e" "CARGO_INCREMENTAL=0" "-e" "RUST_BACKTRACE=full" "-e" "RUSTFLAGS=--cap-lints=forbid" "-e" "RUSTDOCFLAGS=--cap-lints=forbid" "-w" "/opt/rustwide/workdir" "--user" "0:0" "e58acae09ecff406e1169951099fb37472966a99ca789601eb0e9af6e03cc9a3" "/opt/rustwide/cargo-home/bin/cargo" "+895980e0290783bb09b1ccf1b11f14eb09b10430" "check" "--frozen" "--all" "--all-targets" "--message-format=json", kill_on_drop: false }`
[INFO] [stderr]    Compiling serde_core v1.0.228
[INFO] [stderr]    Compiling serde v1.0.228
[INFO] [stderr]     Checking memchr v2.7.5
[INFO] [stderr]    Compiling proc-macro2 v1.0.95
[INFO] [stderr]    Compiling libc v0.2.186
[INFO] [stderr]     Checking const-oid v0.9.6
[INFO] [stderr]    Compiling thiserror v2.0.18
[INFO] [stderr]     Checking slab v0.4.10
[INFO] [stderr]     Checking hashbrown v0.15.4
[INFO] [stderr]    Compiling libm v0.2.15
[INFO] [stderr]     Checking block-buffer v0.10.4
[INFO] [stderr]     Checking crypto-common v0.1.6
[INFO] [stderr]     Checking socket2 v0.6.4
[INFO] [stderr]     Checking mio v1.2.1
[INFO] [stderr]    Compiling crossbeam-utils v0.8.21
[INFO] [stderr]    Compiling serde_json v1.0.150
[INFO] [stderr]     Checking digest v0.10.7
[INFO] [stderr]    Compiling icu_properties_data v2.0.1
[INFO] [stderr]    Compiling getrandom v0.3.3
[INFO] [stderr]    Compiling winnow v0.7.11
[INFO] [stderr]     Checking getrandom v0.4.3
[INFO] [stderr]     Checking sha1 v0.10.6
[INFO] [stderr]    Compiling quote v1.0.40
[INFO] [stderr]     Checking getrandom v0.2.16
[INFO] [stderr]     Checking hybrid-array v0.4.13
[INFO] [stderr]    Compiling either v1.15.0
[INFO] [stderr]     Checking rand_core v0.6.4
[INFO] [stderr]     Checking tracing-core v0.1.34
[INFO] [stderr]     Checking spin v0.9.8
[INFO] [stderr]     Checking sha2 v0.10.9
[INFO] [stderr]    Compiling syn v2.0.104
[INFO] [stderr]     Checking cpufeatures v0.3.0
[INFO] [stderr]     Checking rand_chacha v0.3.1
[INFO] [stderr]    Compiling glob v0.3.2
[INFO] [stderr]     Checking rand_core v0.9.3
[INFO] [stderr]     Checking crossbeam-queue v0.3.12
[INFO] [stderr]     Checking aho-corasick v1.1.3
[INFO] [stderr]     Checking concurrent-queue v2.5.0
[INFO] [stderr]     Checking base64ct v1.8.0
[INFO] [stderr]     Checking rand_chacha v0.9.0
[INFO] [stderr]     Checking chacha20 v0.10.1
[INFO] [stderr]     Checking rand v0.8.5
[INFO] [stderr]    Compiling regex-syntax v0.8.11
[INFO] [stderr]    Compiling rustix v1.0.7
[INFO] [stderr]     Checking pem-rfc7468 v0.7.0
[INFO] [stderr]    Compiling minimal-lexical v0.2.1
[INFO] [stderr]    Compiling clang-sys v1.8.1
[INFO] [stderr]     Checking rand v0.10.2
[INFO] [stderr]     Checking der v0.7.10
[INFO] [stderr]    Compiling nom v7.1.3
[INFO] [stderr]     Checking rand v0.9.1
[INFO] [stderr]     Checking miniz_oxide v0.8.9
[INFO] [stderr]    Compiling jobserver v0.1.33
[INFO] [stderr]    Compiling libloading v0.8.8
[INFO] [stderr]     Checking crypto-common v0.2.2
[INFO] [stderr]    Compiling cc v1.2.27
[INFO] [stderr]     Checking num-traits v0.2.19
[INFO] [stderr]     Checking block-buffer v0.12.1
[INFO] [stderr]     Checking lazy_static v1.5.0
[INFO] [stderr]     Checking uuid v1.23.4
[INFO] [stderr]     Checking crc32fast v1.4.2
[INFO] [stderr]     Checking linux-raw-sys v0.9.4
[INFO] [stderr]    Compiling frunk_core v0.4.4
[INFO] [stderr]     Checking regex-automata v0.4.14
[INFO] [stderr]     Checking fallible-iterator v0.2.0
[INFO] [stderr]    Compiling bindgen v0.72.0
[INFO] [stderr]     Checking phf_shared v0.13.1
[INFO] [stderr]     Checking spki v0.7.3
[INFO] [stderr]     Checking digest v0.11.3
[INFO] [stderr]    Compiling mysqlclient-sys v0.4.7
[INFO] [stderr]     Checking num-integer v0.1.46
[INFO] [stderr]     Checking btoi v0.4.3
[INFO] [stderr]     Checking sha2 v0.11.0
[INFO] [stderr]     Checking md-5 v0.11.0
[INFO] [stderr]     Checking hmac v0.13.0
[INFO] [stderr]     Checking num-bigint v0.4.6
[INFO] [stderr]    Compiling itertools v0.13.0
[INFO] [stderr]    Compiling uncased v0.9.10
[INFO] [stderr]    Compiling radium v0.7.0
[INFO] [stderr]    Compiling bitflags v2.9.1
[INFO] [stderr]    Compiling winnow v1.0.3
[INFO] [stderr]    Compiling cexpr v0.6.0
[INFO] [stderr]    Compiling diesel_derives v2.3.9
[INFO] [stderr]    Compiling rustc-hash v2.1.1
[INFO] [stderr]    Compiling num-bigint-dig v0.8.4
[INFO] [stderr]    Compiling zstd-safe v7.2.4
[INFO] [stderr]    Compiling prettyplease v0.2.36
[INFO] [stderr]    Compiling pq-sys v0.7.2
[INFO] [stderr]     Checking saturating v0.1.0
[INFO] [stderr]    Compiling nix v0.30.1
[INFO] [stderr]    Compiling toml_parser v1.1.2+spec-1.1.0
[INFO] [stderr]    Compiling cmake v0.1.54
[INFO] [stderr]     Checking num-iter v0.1.45
[INFO] [stderr]     Checking pkcs8 v0.10.2
[INFO] [stderr]     Checking phf v0.13.1
[INFO] [stderr]    Compiling subprocess v0.2.9
[INFO] [stderr]     Checking event-listener v5.4.0
[INFO] [stderr]     Checking hashlink v0.10.0
[INFO] [stderr]    Compiling proc-macro-error-attr2 v2.0.0
[INFO] [stderr]    Compiling libz-sys v1.1.22
[INFO] [stderr]    Compiling openssl-sys v0.9.109
[INFO] [stderr]    Compiling zstd-sys v2.0.15+zstd.1.5.7
[INFO] [stderr]     Checking hmac v0.12.1
[INFO] [stderr]     Checking regex v1.12.4
[INFO] [stderr]     Checking whoami v2.1.2
[INFO] [stderr]    Compiling bigdecimal v0.4.8
[INFO] [stderr]    Compiling multer v3.1.0
[INFO] [stderr]     Checking num-modular v0.6.4
[INFO] [stderr]    Compiling openssl v0.10.73
[INFO] [stderr]     Checking flate2 v1.1.2
[INFO] [stderr]     Checking data-encoding v2.9.0
[INFO] [stderr]    Compiling rust_decimal v1.37.2
[INFO] [stderr]     Checking tap v1.0.1
[INFO] [stderr]    Compiling mysql_common v0.35.5
[INFO] [stderr]     Checking hashbrown v0.16.1
[INFO] [stderr]     Checking wyz v0.5.1
[INFO] [stderr]     Checking deranged v0.4.0
[INFO] [stderr]     Checking hkdf v0.12.4
[INFO] [stderr]     Checking pkcs1 v0.7.5
[INFO] [stderr]     Checking atoi v2.0.0
[INFO] [stderr]     Checking signature v2.2.0
[INFO] [stderr]     Checking crossbeam-epoch v0.9.18
[INFO] [stderr]     Checking md-5 v0.10.6
[INFO] [stderr]     Checking pem v3.0.5
[INFO] [stderr]     Checking socket2 v0.5.10
[INFO] [stderr]     Checking futures-lite v2.6.1
[INFO] [stderr]     Checking encoding_rs v0.8.35
[INFO] [stderr]     Checking whoami v1.6.0
[INFO] [stderr]     Checking dotenvy v0.15.7
[INFO] [stderr]    Compiling Inflector v0.11.4
[INFO] [stderr]     Checking funty v2.0.0
[INFO] [stderr]     Checking downcast-rs v2.0.2
[INFO] [stderr]     Checking arrayvec v0.7.6
[INFO] [stderr]    Compiling termcolor v1.4.1
[INFO] [stderr]     Checking ascii_utils v0.9.3
[INFO] [stderr]     Checking num-order v1.2.0
[INFO] [stderr]     Checking fast_chemail v0.9.6
[INFO] [stderr]     Checking crossbeam-deque v0.8.6
[INFO] [stderr]    Compiling native-tls v0.2.14
[INFO] [stderr]     Checking time v0.3.41
[INFO] [stderr]     Checking lru v0.16.4
[INFO] [stderr]     Checking bitvec v1.0.1
[INFO] [stderr]     Checking rfc7239 v0.1.3
[INFO] [stderr]     Checking crossbeam-channel v0.5.15
[INFO] [stderr]     Checking asynk-strim v0.1.5
[INFO] [stderr]     Checking sync_wrapper v1.0.2
[INFO] [stderr]     Checking twox-hash v2.1.2
[INFO] [stderr]     Checking home v0.5.11
[INFO] [stderr]     Checking wildmatch v2.4.0
[INFO] [stderr]    Compiling mysql v25.0.1
[INFO] [stderr]     Checking static_assertions_next v1.1.2
[INFO] [stderr]     Checking twox-hash v1.6.3
[INFO] [stderr]     Checking lru v0.12.5
[INFO] [stderr]     Checking bufstream v0.1.4
[INFO] [stderr]    Compiling synstructure v0.13.2
[INFO] [stderr]    Compiling darling_core v0.20.11
[INFO] [stderr]    Compiling darling_core v0.23.0
[INFO] [stderr]    Compiling darling_core v0.21.3
[INFO] [stderr]    Compiling frunk_proc_macro_helpers v0.1.4
[INFO] [stderr]    Compiling diesel_table_macro_syntax v0.3.0
[INFO] [stderr]    Compiling proc-macro-error2 v2.0.1
[INFO] [stderr]    Compiling derive_utils v0.15.0
[INFO] [stderr]     Checking crossbeam v0.8.4
[INFO] [stderr]    Compiling serde_derive v1.0.228
[INFO] [stderr]    Compiling thiserror-impl v2.0.18
[INFO] [stderr]    Compiling zerofrom-derive v0.1.6
[INFO] [stderr]    Compiling yoke-derive v0.8.0
[INFO] [stderr]    Compiling tokio-macros v2.7.0
[INFO] [stderr]    Compiling zerovec-derive v0.11.1
[INFO] [stderr]    Compiling displaydoc v0.2.5
[INFO] [stderr]    Compiling futures-macro v0.3.32
[INFO] [stderr]    Compiling tracing-attributes v0.1.30
[INFO] [stderr]    Compiling async-trait v0.1.89
[INFO] [stderr]    Compiling thiserror-impl v1.0.69
[INFO] [stderr]     Checking futures-util v0.3.32
[INFO] [stderr]     Checking zerofrom v0.1.6
[INFO] [stderr]    Compiling strum_macros v0.27.2
[INFO] [stderr]    Compiling openssl-macros v0.1.1
[INFO] [stderr]     Checking yoke v0.8.0
[INFO] [stderr]    Compiling pest v2.8.1
[INFO] [stderr]    Compiling darling_macro v0.21.3
[INFO] [stderr]    Compiling frunk_derives v0.4.4
[INFO] [stderr]     Checking zerovec v0.11.2
[INFO] [stderr]     Checking zerotrie v0.2.2
[INFO] [stderr]    Compiling darling v0.21.3
[INFO] [stderr]    Compiling frunk_proc_macros v0.1.4
[INFO] [stderr]     Checking zstd v0.13.3
[INFO] [stderr]    Compiling io-enum v1.2.0
[INFO] [stderr]    Compiling dsl_auto_type v0.2.0
[INFO] [stderr]    Compiling tokio-shared-rt-macro v0.1.0
[INFO] [stderr]     Checking frunk v0.4.4
[INFO] [stderr]    Compiling darling_macro v0.20.11
[INFO] [stderr]    Compiling thiserror v1.0.69
[INFO] [stderr]     Checking tracing v0.1.41
[INFO] [stderr]    Compiling darling v0.20.11
[INFO] [stderr]    Compiling derive_builder_core v0.20.2
[INFO] [stderr]    Compiling darling_macro v0.23.0
[INFO] [stderr]     Checking tinystr v0.8.1
[INFO] [stderr]     Checking potential_utf v0.1.2
[INFO] [stderr]     Checking icu_collections v2.0.0
[INFO] [stderr]    Compiling darling v0.23.0
[INFO] [stderr]    Compiling strum v0.27.2
[INFO] [stderr]    Compiling bon-macros v3.9.3
[INFO] [stderr]     Checking icu_locale_core v2.0.0
[INFO] [stderr]    Compiling pest_meta v2.8.1
[INFO] [stderr]     Checking smallvec v1.15.1
[INFO] [stderr]     Checking bytes v1.12.0
[INFO] [stderr]     Checking indexmap v2.9.0
[INFO] [stderr]     Checking toml_datetime v0.7.0
[INFO] [stderr]     Checking serde_spanned v1.0.0
[INFO] [stderr]     Checking serde_urlencoded v0.7.1
[INFO] [stderr]     Checking icu_provider v2.0.0
[INFO] [stderr]    Compiling derive_builder_macro v0.20.2
[INFO] [stderr]     Checking toml v0.9.5
[INFO] [stderr]     Checking icu_properties v2.0.1
[INFO] [stderr]     Checking parking_lot_core v0.9.12
[INFO] [stderr]     Checking icu_normalizer v2.0.0
[INFO] [stderr]     Checking derive_builder v0.20.2
[INFO] [stderr]     Checking http v1.3.1
[INFO] [stderr]     Checking postgres-protocol v0.6.12
[INFO] [stderr]     Checking parking_lot v0.12.5
[INFO] [stderr]     Checking futures-executor v0.3.32
[INFO] [stderr]    Compiling pest_generator v2.8.1
[INFO] [stderr]     Checking postgres-types v0.2.14
[INFO] [stderr]     Checking tokio v1.52.3
[INFO] [stderr]     Checking futures-intrusive v0.5.0
[INFO] [stderr]     Checking scheduled-thread-pool v0.2.7
[INFO] [stderr]     Checking http-body v1.0.1
[INFO] [stderr]     Checking r2d2 v0.8.10
[INFO] [stderr]     Checking idna_adapter v1.2.1
[INFO] [stderr]     Checking tungstenite v0.27.0
[INFO] [stderr]     Checking idna v1.1.0
[INFO] [stderr]     Checking headers-core v0.3.0
[INFO] [stderr]     Checking headers v0.4.1
[INFO] [stderr]     Checking rsa v0.9.8
[INFO] [stderr]    Compiling toml_edit v0.22.27
[INFO] [stderr]     Checking url v2.5.8
[INFO] [stderr]    Compiling async-graphql-value v7.2.1
[INFO] [stderr]     Checking http-body-util v0.1.3
[INFO] [stderr]    Compiling pest_derive v2.8.1
[INFO] [stderr]    Compiling async-graphql-parser v7.2.1
[INFO] [stderr]     Checking handlebars v6.4.2
[INFO] [stderr]     Checking keyed_priority_queue v0.4.2
[INFO] [stderr]    Compiling migrations_internals v2.3.0
[INFO] [stderr]     Checking futures v0.3.32
[INFO] [stderr]    Compiling mysql_common v0.32.4
[INFO] [stderr]    Compiling migrations_macros v2.3.0
[INFO] [stderr]     Checking bon v3.9.3
[INFO] [stderr]     Checking db-pool v0.7.0 (/opt/rustwide/workdir)
[INFO] [stdout] warning: associated function `new` is never used
[INFO] [stdout]   --> src/common/config/credentials.rs:12:19
[INFO] [stdout]    |
[INFO] [stdout] 11 | impl<'a> Credentials<'a> {
[INFO] [stdout]    | ------------------------ associated function in this implementation
[INFO] [stdout] 12 |     pub(super) fn new<P: Into<Cow<'a, str>>>(
[INFO] [stdout]    |                   ^^^
[INFO] [stdout]    |
[INFO] [stdout]    = note: `#[warn(dead_code)]` (part of `#[warn(unused)]`) on by default
[INFO] [stdout] 
[INFO] [stdout] 
[INFO] [stdout] warning: function `get_db_name` is never used
[INFO] [stdout]  --> src/util.rs:3:8
[INFO] [stdout]   |
[INFO] [stdout] 3 | pub fn get_db_name(id: Uuid) -> String {
[INFO] [stdout]   |        ^^^^^^^^^^^
[INFO] [stdout] 
[INFO] [stdout] 
[INFO] [stderr]     Checking polling v3.11.0
[INFO] [stderr]     Checking tempfile v3.20.0
[INFO] [stderr]     Checking async-io v2.6.0
[INFO] [stderr]    Compiling proc-macro-crate v3.3.0
[INFO] [stderr]     Checking diesel v2.3.10
[INFO] [stderr]    Compiling mysql-common-derive v0.31.2
[INFO] [stderr]    Compiling async-graphql-derive v7.2.1
[INFO] [stderr]    Compiling poem-derive v3.1.12
[INFO] [stderr]     Checking tokio-util v0.7.15
[INFO] [stderr]     Checking tokio-stream v0.1.17
[INFO] [stderr]     Checking bb8 v0.9.1
[INFO] [stderr]     Checking tokio-tungstenite v0.27.0
[INFO] [stderr]     Checking tokio-shared-rt v0.1.0
[INFO] [stderr]     Checking sqlx-core v0.8.6
[INFO] [stderr]     Checking tokio-test v0.4.5
[INFO] [stderr]     Checking h2 v0.4.15
[INFO] [stderr]     Checking tokio-postgres v0.7.18
[INFO] [stderr]     Checking mysql_async v0.36.2
[INFO] [stderr]     Checking postgres v0.19.14
[INFO] [stderr]     Checking bb8-postgres v0.9.0
[INFO] [stderr]     Checking sqlx-mysql v0.8.6
[INFO] [stderr]     Checking sqlx-postgres v0.8.6
[INFO] [stderr]     Checking async-graphql v7.2.1
[INFO] [stderr]     Checking hyper v1.10.1
[INFO] [stderr]     Checking sqlx v0.8.6
[INFO] [stderr]     Checking hyper-util v0.1.20
[INFO] [stderr]     Checking poem v3.1.12
[INFO] [stderr]     Checking async-graphql-poem v7.2.1
[INFO] [stderr]     Checking diesel_migrations v2.3.2
[INFO] [stderr]     Checking diesel-async v0.9.2
[INFO] [stdout] error[E0432]: unresolved import `secrecy`
[INFO] [stdout]  --> src/common/config/postgres/param/secret_string.rs:3:5
[INFO] [stdout]   |
[INFO] [stdout] 3 | use secrecy::ExposeSecret;
[INFO] [stdout]   |     ^^^^^^^ use of unresolved module or unlinked crate `secrecy`
[INFO] [stdout]   |
[INFO] [stdout]   = help: if you wanted to use a crate named `secrecy`, use `cargo add secrecy` to add it to your `Cargo.toml`
[INFO] [stdout] 
[INFO] [stdout] 
[INFO] [stdout] error[E0432]: unresolved import `derive_more`
[INFO] [stdout]  --> src/common/config/mysql/host.rs:7:5
[INFO] [stdout]   |
[INFO] [stdout] 7 | use derive_more::Display;
[INFO] [stdout]   |     ^^^^^^^^^^^ use of unresolved module or unlinked crate `derive_more`
[INFO] [stdout]   |
[INFO] [stdout]   = help: if you wanted to use a crate named `derive_more`, use `cargo add derive_more` to add it to your `Cargo.toml`
[INFO] [stdout] 
[INFO] [stdout] 
[INFO] [stdout] error[E0432]: unresolved import `derive_more`
[INFO] [stdout]  --> src/common/config/postgres/host.rs:7:5
[INFO] [stdout]   |
[INFO] [stdout] 7 | use derive_more::Display;
[INFO] [stdout]   |     ^^^^^^^^^^^ use of unresolved module or unlinked crate `derive_more`
[INFO] [stdout]   |
[INFO] [stdout]   = help: if you wanted to use a crate named `derive_more`, use `cargo add derive_more` to add it to your `Cargo.toml`
[INFO] [stdout] 
[INFO] [stdout] 
[INFO] [stdout] error[E0432]: unresolved import `derive_more`
[INFO] [stdout]  --> src/common/config/postgres/param/allow_strictness.rs:1:5
[INFO] [stdout]   |
[INFO] [stdout] 1 | use derive_more::{Display, FromStr};
[INFO] [stdout]   |     ^^^^^^^^^^^ use of unresolved module or unlinked crate `derive_more`
[INFO] [stdout]   |
[INFO] [stdout]   = help: if you wanted to use a crate named `derive_more`, use `cargo add derive_more` to add it to your `Cargo.toml`
[INFO] [stdout] 
[INFO] [stdout] 
[INFO] [stdout] error[E0432]: unresolved import `derive_more`
[INFO] [stdout]  --> src/common/config/postgres/param/auth_method.rs:3:5
[INFO] [stdout]   |
[INFO] [stdout] 3 | use derive_more::Display;
[INFO] [stdout]   |     ^^^^^^^^^^^ use of unresolved module or unlinked crate `derive_more`
[INFO] [stdout]   |
[INFO] [stdout]   = help: if you wanted to use a crate named `derive_more`, use `cargo add derive_more` to add it to your `Cargo.toml`
[INFO] [stdout] 
[INFO] [stdout] 
[INFO] [stdout] error[E0432]: unresolved import `derive_more`
[INFO] [stdout]  --> src/common/config/postgres/param/client_encoding.rs:3:5
[INFO] [stdout]   |
[INFO] [stdout] 3 | use derive_more::Display;
[INFO] [stdout]   |     ^^^^^^^^^^^ use of unresolved module or unlinked crate `derive_more`
[INFO] [stdout]   |
[INFO] [stdout]   = help: if you wanted to use a crate named `derive_more`, use `cargo add derive_more` to add it to your `Cargo.toml`
[INFO] [stdout] 
[INFO] [stdout] 
[INFO] [stdout] error[E0432]: unresolved import `derive_more`
[INFO] [stdout]  --> src/common/config/postgres/param/gsslib.rs:1:5
[INFO] [stdout]   |
[INFO] [stdout] 1 | use derive_more::{Display, FromStr};
[INFO] [stdout]   |     ^^^^^^^^^^^ use of unresolved module or unlinked crate `derive_more`
[INFO] [stdout]   |
[INFO] [stdout]   = help: if you wanted to use a crate named `derive_more`, use `cargo add derive_more` to add it to your `Cargo.toml`
[INFO] [stdout] 
[INFO] [stdout] 
[INFO] [stdout] error[E0432]: unresolved import `derive_more`
[INFO] [stdout]  --> src/common/config/postgres/param/https_url.rs:3:5
[INFO] [stdout]   |
[INFO] [stdout] 3 | use derive_more::Display;
[INFO] [stdout]   |     ^^^^^^^^^^^ use of unresolved module or unlinked crate `derive_more`
[INFO] [stdout]   |
[INFO] [stdout]   = help: if you wanted to use a crate named `derive_more`, use `cargo add derive_more` to add it to your `Cargo.toml`
[INFO] [stdout] 
[INFO] [stdout] 
[INFO] [stdout] error[E0432]: unresolved import `url`
[INFO] [stdout]  --> src/common/config/postgres/param/https_url.rs:4:5
[INFO] [stdout]   |
[INFO] [stdout] 4 | use url::{ParseError, Url};
[INFO] [stdout]   |     ^^^ use of unresolved module or unlinked crate `url`
[INFO] [stdout]   |
[INFO] [stdout]   = help: if you wanted to use a crate named `url`, use `cargo add url` to add it to your `Cargo.toml`
[INFO] [stdout] 
[INFO] [stdout] 
[INFO] [stdout] error[E0433]: cannot find module or crate `base64` in this scope
[INFO] [stdout]  --> src/common/config/postgres/param/key.rs:3:5
[INFO] [stdout]   |
[INFO] [stdout] 3 | use base64::{DecodeError, Engine, prelude::BASE64_STANDARD};
[INFO] [stdout]   |     ^^^^^^ use of unresolved module or unlinked crate `base64`
[INFO] [stdout]   |
[INFO] [stdout]   = help: if you wanted to use a crate named `base64`, use `cargo add base64` to add it to your `Cargo.toml`
[INFO] [stdout] 
[INFO] [stdout] 
[INFO] [stdout] error[E0432]: unresolved import `base64`
[INFO] [stdout]  --> src/common/config/postgres/param/key.rs:3:5
[INFO] [stdout]   |
[INFO] [stdout] 3 | use base64::{DecodeError, Engine, prelude::BASE64_STANDARD};
[INFO] [stdout]   |     ^^^^^^ use of unresolved module or unlinked crate `base64`
[INFO] [stdout]   |
[INFO] [stdout]   = help: if you wanted to use a crate named `base64`, use `cargo add base64` to add it to your `Cargo.toml`
[INFO] [stdout] 
[INFO] [stdout] 
[INFO] [stdout] error[E0432]: unresolved import `derive_more`
[INFO] [stdout]  --> src/common/config/postgres/param/key.rs:4:5
[INFO] [stdout]   |
[INFO] [stdout] 4 | use derive_more::Display;
[INFO] [stdout]   |     ^^^^^^^^^^^ use of unresolved module or unlinked crate `derive_more`
[INFO] [stdout]   |
[INFO] [stdout]   = help: if you wanted to use a crate named `derive_more`, use `cargo add derive_more` to add it to your `Cargo.toml`
[INFO] [stdout] 
[INFO] [stdout] 
[INFO] [stdout] error[E0432]: unresolved import `derive_more`
[INFO] [stdout]  --> src/common/config/postgres/param/load_balance_hosts.rs:1:5
[INFO] [stdout]   |
[INFO] [stdout] 1 | use derive_more::{Display, FromStr};
[INFO] [stdout]   |     ^^^^^^^^^^^ use of unresolved module or unlinked crate `derive_more`
[INFO] [stdout]   |
[INFO] [stdout]   = help: if you wanted to use a crate named `derive_more`, use `cargo add derive_more` to add it to your `Cargo.toml`
[INFO] [stdout] 
[INFO] [stdout] 
[INFO] [stdout] error[E0432]: unresolved import `derive_more`
[INFO] [stdout]  --> src/common/config/postgres/param/non_empty_string.rs:3:5
[INFO] [stdout]   |
[INFO] [stdout] 3 | use derive_more::Display;
[INFO] [stdout]   |     ^^^^^^^^^^^ use of unresolved module or unlinked crate `derive_more`
[INFO] [stdout]   |
[INFO] [stdout]   = help: if you wanted to use a crate named `derive_more`, use `cargo add derive_more` to add it to your `Cargo.toml`
[INFO] [stdout] 
[INFO] [stdout] 
[INFO] [stdout] error[E0432]: unresolved import `derive_more`
[INFO] [stdout]  --> src/common/config/postgres/param/oauth_scope.rs:3:5
[INFO] [stdout]   |
[INFO] [stdout] 3 | use derive_more::Display;
[INFO] [stdout]   |     ^^^^^^^^^^^ use of unresolved module or unlinked crate `derive_more`
[INFO] [stdout]   |
[INFO] [stdout]   = help: if you wanted to use a crate named `derive_more`, use `cargo add derive_more` to add it to your `Cargo.toml`
[INFO] [stdout] 
[INFO] [stdout] 
[INFO] [stdout] error[E0432]: unresolved import `derive_more`
[INFO] [stdout]  --> src/common/config/postgres/param/options.rs:8:5
[INFO] [stdout]   |
[INFO] [stdout] 8 | use derive_more::Into;
[INFO] [stdout]   |     ^^^^^^^^^^^ use of unresolved module or unlinked crate `derive_more`
[INFO] [stdout]   |
[INFO] [stdout]   = help: if you wanted to use a crate named `derive_more`, use `cargo add derive_more` to add it to your `Cargo.toml`
[INFO] [stdout] 
[INFO] [stdout] 
[INFO] [stdout] error[E0432]: unresolved import `regex`
[INFO] [stdout]  --> src/common/config/postgres/param/options.rs:9:5
[INFO] [stdout]   |
[INFO] [stdout] 9 | use regex::Regex;
[INFO] [stdout]   |     ^^^^^ use of unresolved module or unlinked crate `regex`
[INFO] [stdout]   |
[INFO] [stdout]   = help: if you wanted to use a crate named `regex`, use `cargo add regex` to add it to your `Cargo.toml`
[INFO] [stdout] 
[INFO] [stdout] 
[INFO] [stdout] error[E0432]: unresolved import `derive_more`
[INFO] [stdout]  --> src/common/config/postgres/param/protocol_version.rs:3:5
[INFO] [stdout]   |
[INFO] [stdout] 3 | use derive_more::Display;
[INFO] [stdout]   |     ^^^^^^^^^^^ use of unresolved module or unlinked crate `derive_more`
[INFO] [stdout]   |
[INFO] [stdout]   = help: if you wanted to use a crate named `derive_more`, use `cargo add derive_more` to add it to your `Cargo.toml`
[INFO] [stdout] 
[INFO] [stdout] 
[INFO] [stdout] error[E0432]: unresolved import `derive_more`
[INFO] [stdout]  --> src/common/config/postgres/param/replication.rs:1:5
[INFO] [stdout]   |
[INFO] [stdout] 1 | use derive_more::{Display, FromStr};
[INFO] [stdout]   |     ^^^^^^^^^^^ use of unresolved module or unlinked crate `derive_more`
[INFO] [stdout]   |
[INFO] [stdout]   = help: if you wanted to use a crate named `derive_more`, use `cargo add derive_more` to add it to your `Cargo.toml`
[INFO] [stdout] 
[INFO] [stdout] 
[INFO] [stdout] error[E0432]: unresolved import `derive_more`
[INFO] [stdout]  --> src/common/config/postgres/param/require_strictness.rs:1:5
[INFO] [stdout]   |
[INFO] [stdout] 1 | use derive_more::{Display, FromStr};
[INFO] [stdout]   |     ^^^^^^^^^^^ use of unresolved module or unlinked crate `derive_more`
[INFO] [stdout]   |
[INFO] [stdout]   = help: if you wanted to use a crate named `derive_more`, use `cargo add derive_more` to add it to your `Cargo.toml`
[INFO] [stdout] 
[INFO] [stdout] 
[INFO] [stdout] error[E0432]: unresolved import `derive_more`
[INFO] [stdout]  --> src/common/config/postgres/param/ssl_key.rs:6:5
[INFO] [stdout]   |
[INFO] [stdout] 6 | use derive_more::Display;
[INFO] [stdout]   |     ^^^^^^^^^^^ use of unresolved module or unlinked crate `derive_more`
[INFO] [stdout]   |
[INFO] [stdout]   = help: if you wanted to use a crate named `derive_more`, use `cargo add derive_more` to add it to your `Cargo.toml`
[INFO] [stdout] 
[INFO] [stdout] 
[INFO] [stdout] error[E0432]: unresolved import `derive_more`
[INFO] [stdout]  --> src/common/config/postgres/param/ssl_mode.rs:1:5
[INFO] [stdout]   |
[INFO] [stdout] 1 | use derive_more::{Display, FromStr};
[INFO] [stdout]   |     ^^^^^^^^^^^ use of unresolved module or unlinked crate `derive_more`
[INFO] [stdout]   |
[INFO] [stdout]   = help: if you wanted to use a crate named `derive_more`, use `cargo add derive_more` to add it to your `Cargo.toml`
[INFO] [stdout] 
[INFO] [stdout] 
[INFO] [stdout] error[E0432]: unresolved import `derive_more`
[INFO] [stdout]  --> src/common/config/postgres/param/ssl_negotiation.rs:1:5
[INFO] [stdout]   |
[INFO] [stdout] 1 | use derive_more::{Display, FromStr};
[INFO] [stdout]   |     ^^^^^^^^^^^ use of unresolved module or unlinked crate `derive_more`
[INFO] [stdout]   |
[INFO] [stdout]   = help: if you wanted to use a crate named `derive_more`, use `cargo add derive_more` to add it to your `Cargo.toml`
[INFO] [stdout] 
[INFO] [stdout] 
[INFO] [stdout] error[E0432]: unresolved import `derive_more`
[INFO] [stdout]  --> src/common/config/postgres/param/ssl_protocol_version.rs:3:5
[INFO] [stdout]   |
[INFO] [stdout] 3 | use derive_more::Display;
[INFO] [stdout]   |     ^^^^^^^^^^^ use of unresolved module or unlinked crate `derive_more`
[INFO] [stdout]   |
[INFO] [stdout]   = help: if you wanted to use a crate named `derive_more`, use `cargo add derive_more` to add it to your `Cargo.toml`
[INFO] [stdout] 
[INFO] [stdout] 
[INFO] [stdout] error[E0432]: unresolved import `derive_more`
[INFO] [stdout]  --> src/common/config/postgres/param/ssl_root_cert.rs:3:5
[INFO] [stdout]   |
[INFO] [stdout] 3 | use derive_more::Display;
[INFO] [stdout]   |     ^^^^^^^^^^^ use of unresolved module or unlinked crate `derive_more`
[INFO] [stdout]   |
[INFO] [stdout]   = help: if you wanted to use a crate named `derive_more`, use `cargo add derive_more` to add it to your `Cargo.toml`
[INFO] [stdout] 
[INFO] [stdout] 
[INFO] [stdout] error[E0432]: unresolved import `derive_more`
[INFO] [stdout]  --> src/common/config/postgres/param/target_session_attrs.rs:1:5
[INFO] [stdout]   |
[INFO] [stdout] 1 | use derive_more::{Display, FromStr};
[INFO] [stdout]   |     ^^^^^^^^^^^ use of unresolved module or unlinked crate `derive_more`
[INFO] [stdout]   |
[INFO] [stdout]   = help: if you wanted to use a crate named `derive_more`, use `cargo add derive_more` to add it to your `Cargo.toml`
[INFO] [stdout] 
[INFO] [stdout] 
[INFO] [stdout] error[E0432]: unresolved import `derive_more`
[INFO] [stdout]  --> src/common/config/postgres/param/utf8_path.rs:7:5
[INFO] [stdout]   |
[INFO] [stdout] 7 | use derive_more::Display;
[INFO] [stdout]   |     ^^^^^^^^^^^ use of unresolved module or unlinked crate `derive_more`
[INFO] [stdout]   |
[INFO] [stdout]   = help: if you wanted to use a crate named `derive_more`, use `cargo add derive_more` to add it to your `Cargo.toml`
[INFO] [stdout] 
[INFO] [stdout] 
[INFO] [stdout] error[E0432]: unresolved import `derive_more`
[INFO] [stdout]  --> src/common/config/postgres/params.rs:8:5
[INFO] [stdout]   |
[INFO] [stdout] 8 | use derive_more::{Display, From, FromStr};
[INFO] [stdout]   |     ^^^^^^^^^^^ use of unresolved module or unlinked crate `derive_more`
[INFO] [stdout]   |
[INFO] [stdout]   = help: if you wanted to use a crate named `derive_more`, use `cargo add derive_more` to add it to your `Cargo.toml`
[INFO] [stdout] 
[INFO] [stdout] 
[INFO] [stdout] error: cannot find attribute `display` in this scope
[INFO] [stdout]   --> src/common/config/mysql/host.rs:27:7
[INFO] [stdout]    |
[INFO] [stdout] 27 |     #[display("localhost")]
[INFO] [stdout]    |       ^^^^^^^
[INFO] [stdout] 
[INFO] [stdout] 
[INFO] [stdout] error: cannot find attribute `display` in this scope
[INFO] [stdout]   --> src/common/config/mysql/host.rs:29:7
[INFO] [stdout]    |
[INFO] [stdout] 29 |     #[display("{host}:{port}")]
[INFO] [stdout]    |       ^^^^^^^
[INFO] [stdout] 
[INFO] [stdout] 
[INFO] [stdout] error: cannot find attribute `display` in this scope
[INFO] [stdout]   --> src/common/config/mysql/host.rs:31:7
[INFO] [stdout]    |
[INFO] [stdout] 31 |     #[display("{}", urlencoding::encode(socket))]
[INFO] [stdout]    |       ^^^^^^^
[INFO] [stdout] 
[INFO] [stdout] 
[INFO] [stdout] error: cannot find attribute `display` in this scope
[INFO] [stdout]   --> src/common/config/postgres/host.rs:24:7
[INFO] [stdout]    |
[INFO] [stdout] 24 |     #[display("{host}:{port}")]
[INFO] [stdout]    |       ^^^^^^^
[INFO] [stdout] 
[INFO] [stdout] 
[INFO] [stdout] error: cannot find attribute `display` in this scope
[INFO] [stdout]   --> src/common/config/postgres/host.rs:26:7
[INFO] [stdout]    |
[INFO] [stdout] 26 |     #[display("{}", urlencoding::encode(socket))]
[INFO] [stdout]    |       ^^^^^^^
[INFO] [stdout] 
[INFO] [stdout] 
[INFO] [stdout] error: cannot find attribute `from_str` in this scope
[INFO] [stdout]  --> src/common/config/postgres/param/allow_strictness.rs:5:3
[INFO] [stdout]   |
[INFO] [stdout] 5 | #[from_str(rename_all = "kebab-case")]
[INFO] [stdout]   |   ^^^^^^^^
[INFO] [stdout] 
[INFO] [stdout] 
[INFO] [stdout] error: cannot find attribute `display` in this scope
[INFO] [stdout]  --> src/common/config/postgres/param/allow_strictness.rs:6:3
[INFO] [stdout]   |
[INFO] [stdout] 6 | #[display(rename_all = "kebab-case")]
[INFO] [stdout]   |   ^^^^^^^
[INFO] [stdout] 
[INFO] [stdout] 
[INFO] [stdout] error: cannot find attribute `display` in this scope
[INFO] [stdout]  --> src/common/config/postgres/param/auth_method.rs:7:3
[INFO] [stdout]   |
[INFO] [stdout] 7 | #[display(rename_all = "kebab-case")]
[INFO] [stdout]   |   ^^^^^^^
[INFO] [stdout] 
[INFO] [stdout] 
[INFO] [stdout] error: cannot find attribute `display` in this scope
[INFO] [stdout]   --> src/common/config/postgres/param/auth_method.rs:12:7
[INFO] [stdout]    |
[INFO] [stdout] 12 |     #[display("md5")]
[INFO] [stdout]    |       ^^^^^^^
[INFO] [stdout] 
[INFO] [stdout] 
[INFO] [stdout] error: cannot find attribute `display` in this scope
[INFO] [stdout]   --> src/common/config/postgres/param/auth_method.rs:19:7
[INFO] [stdout]    |
[INFO] [stdout] 19 |     #[display("scram-sha-256")]
[INFO] [stdout]    |       ^^^^^^^
[INFO] [stdout] 
[INFO] [stdout] 
[INFO] [stdout] error: cannot find attribute `display` in this scope
[INFO] [stdout]  --> src/common/config/postgres/param/client_encoding.rs:9:7
[INFO] [stdout]   |
[INFO] [stdout] 9 |     #[display("auto")]
[INFO] [stdout]   |       ^^^^^^^
[INFO] [stdout] 
[INFO] [stdout] 
[INFO] [stdout] error: cannot find attribute `display` in this scope
[INFO] [stdout]   --> src/common/config/postgres/param/client_encoding.rs:12:7
[INFO] [stdout]    |
[INFO] [stdout] 12 |     #[display("{_0}")]
[INFO] [stdout]    |       ^^^^^^^
[INFO] [stdout] 
[INFO] [stdout] 
[INFO] [stdout] error: cannot find attribute `from_str` in this scope
[INFO] [stdout]  --> src/common/config/postgres/param/gsslib.rs:5:3
[INFO] [stdout]   |
[INFO] [stdout] 5 | #[from_str(rename_all = "kebab-case")]
[INFO] [stdout]   |   ^^^^^^^^
[INFO] [stdout] 
[INFO] [stdout] 
[INFO] [stdout] error: cannot find attribute `display` in this scope
[INFO] [stdout]  --> src/common/config/postgres/param/gsslib.rs:6:3
[INFO] [stdout]   |
[INFO] [stdout] 6 | #[display(rename_all = "kebab-case")]
[INFO] [stdout]   |   ^^^^^^^
[INFO] [stdout] 
[INFO] [stdout] 
[INFO] [stdout] error: cannot find attribute `display` in this scope
[INFO] [stdout]  --> src/common/config/postgres/param/key.rs:8:3
[INFO] [stdout]   |
[INFO] [stdout] 8 | #[display("{}", BASE64_STANDARD.encode(_0))]
[INFO] [stdout]   |   ^^^^^^^
[INFO] [stdout] 
[INFO] [stdout] 
[INFO] [stdout] error: cannot find attribute `from_str` in this scope
[INFO] [stdout]  --> src/common/config/postgres/param/load_balance_hosts.rs:5:3
[INFO] [stdout]   |
[INFO] [stdout] 5 | #[from_str(rename_all = "kebab-case")]
[INFO] [stdout]   |   ^^^^^^^^
[INFO] [stdout] 
[INFO] [stdout] 
[INFO] [stdout] error: cannot find attribute `display` in this scope
[INFO] [stdout]  --> src/common/config/postgres/param/load_balance_hosts.rs:6:3
[INFO] [stdout]   |
[INFO] [stdout] 6 | #[display(rename_all = "kebab-case")]
[INFO] [stdout]   |   ^^^^^^^
[INFO] [stdout] 
[INFO] [stdout] 
[INFO] [stdout] error: cannot find attribute `display` in this scope
[INFO] [stdout]  --> src/common/config/postgres/param/oauth_scope.rs:8:3
[INFO] [stdout]   |
[INFO] [stdout] 8 | #[display("{}", _0.join(" "))]
[INFO] [stdout]   |   ^^^^^^^
[INFO] [stdout] 
[INFO] [stdout] 
[INFO] [stdout] error: cannot find attribute `display` in this scope
[INFO] [stdout]  --> src/common/config/postgres/param/protocol_version.rs:9:7
[INFO] [stdout]   |
[INFO] [stdout] 9 |     #[display("3.0")]
[INFO] [stdout]   |       ^^^^^^^
[INFO] [stdout] 
[INFO] [stdout] 
[INFO] [stdout] error: cannot find attribute `display` in this scope
[INFO] [stdout]   --> src/common/config/postgres/param/protocol_version.rs:12:7
[INFO] [stdout]    |
[INFO] [stdout] 12 |     #[display("3.2")]
[INFO] [stdout]    |       ^^^^^^^
[INFO] [stdout] 
[INFO] [stdout] 
[INFO] [stdout] error: cannot find attribute `display` in this scope
[INFO] [stdout]   --> src/common/config/postgres/param/protocol_version.rs:15:7
[INFO] [stdout]    |
[INFO] [stdout] 15 |     #[display("latest")]
[INFO] [stdout]    |       ^^^^^^^
[INFO] [stdout] 
[INFO] [stdout] 
[INFO] [stdout] error: cannot find attribute `from_str` in this scope
[INFO] [stdout]  --> src/common/config/postgres/param/replication.rs:5:3
[INFO] [stdout]   |
[INFO] [stdout] 5 | #[from_str(rename_all = "kebab-case")]
[INFO] [stdout]   |   ^^^^^^^^
[INFO] [stdout] 
[INFO] [stdout] 
[INFO] [stdout] error: cannot find attribute `display` in this scope
[INFO] [stdout]  --> src/common/config/postgres/param/replication.rs:6:3
[INFO] [stdout]   |
[INFO] [stdout] 6 | #[display(rename_all = "kebab-case")]
[INFO] [stdout]   |   ^^^^^^^
[INFO] [stdout] 
[INFO] [stdout] 
[INFO] [stdout] error: cannot find attribute `from_str` in this scope
[INFO] [stdout]  --> src/common/config/postgres/param/require_strictness.rs:5:3
[INFO] [stdout]   |
[INFO] [stdout] 5 | #[from_str(rename_all = "kebab-case")]
[INFO] [stdout]   |   ^^^^^^^^
[INFO] [stdout] 
[INFO] [stdout] 
[INFO] [stdout] error: cannot find attribute `display` in this scope
[INFO] [stdout]  --> src/common/config/postgres/param/require_strictness.rs:6:3
[INFO] [stdout]   |
[INFO] [stdout] 6 | #[display(rename_all = "kebab-case")]
[INFO] [stdout]   |   ^^^^^^^
[INFO] [stdout] 
[INFO] [stdout] 
[INFO] [stdout] error: cannot find attribute `display` in this scope
[INFO] [stdout]   --> src/common/config/postgres/param/ssl_key.rs:13:7
[INFO] [stdout]    |
[INFO] [stdout] 13 |     #[display("{}", _0.to_string_lossy())]
[INFO] [stdout]    |       ^^^^^^^
[INFO] [stdout] 
[INFO] [stdout] 
[INFO] [stdout] error: cannot find attribute `display` in this scope
[INFO] [stdout]   --> src/common/config/postgres/param/ssl_key.rs:16:7
[INFO] [stdout]    |
[INFO] [stdout] 16 |     #[display("{_0}")]
[INFO] [stdout]    |       ^^^^^^^
[INFO] [stdout] 
[INFO] [stdout] 
[INFO] [stdout] error: cannot find attribute `display` in this scope
[INFO] [stdout]   --> src/common/config/postgres/param/ssl_key.rs:38:3
[INFO] [stdout]    |
[INFO] [stdout] 38 | #[display("{engine_name}:{key_identifier}")]
[INFO] [stdout]    |   ^^^^^^^
[INFO] [stdout] 
[INFO] [stdout] 
[INFO] [stdout] error: cannot find attribute `from_str` in this scope
[INFO] [stdout]  --> src/common/config/postgres/param/ssl_mode.rs:5:3
[INFO] [stdout]   |
[INFO] [stdout] 5 | #[from_str(rename_all = "kebab-case")]
[INFO] [stdout]   |   ^^^^^^^^
[INFO] [stdout] 
[INFO] [stdout] 
[INFO] [stdout] error: cannot find attribute `display` in this scope
[INFO] [stdout]  --> src/common/config/postgres/param/ssl_mode.rs:6:3
[INFO] [stdout]   |
[INFO] [stdout] 6 | #[display(rename_all = "kebab-case")]
[INFO] [stdout]   |   ^^^^^^^
[INFO] [stdout] 
[INFO] [stdout] 
[INFO] [stdout] error: cannot find attribute `from_str` in this scope
[INFO] [stdout]  --> src/common/config/postgres/param/ssl_negotiation.rs:5:3
[INFO] [stdout]   |
[INFO] [stdout] 5 | #[from_str(rename_all = "kebab-case")]
[INFO] [stdout]   |   ^^^^^^^^
[INFO] [stdout] 
[INFO] [stdout] 
[INFO] [stdout] error: cannot find attribute `display` in this scope
[INFO] [stdout]  --> src/common/config/postgres/param/ssl_negotiation.rs:6:3
[INFO] [stdout]   |
[INFO] [stdout] 6 | #[display(rename_all = "kebab-case")]
[INFO] [stdout]   |   ^^^^^^^
[INFO] [stdout] 
[INFO] [stdout] 
[INFO] [stdout] error: cannot find attribute `display` in this scope
[INFO] [stdout]   --> src/common/config/postgres/param/ssl_protocol_version.rs:10:7
[INFO] [stdout]    |
[INFO] [stdout] 10 |     #[display("TLSv1")]
[INFO] [stdout]    |       ^^^^^^^
[INFO] [stdout] 
[INFO] [stdout] 
[INFO] [stdout] error: cannot find attribute `display` in this scope
[INFO] [stdout]   --> src/common/config/postgres/param/ssl_protocol_version.rs:13:7
[INFO] [stdout]    |
[INFO] [stdout] 13 |     #[display("TLSv1.1")]
[INFO] [stdout]    |       ^^^^^^^
[INFO] [stdout] 
[INFO] [stdout] 
[INFO] [stdout] error: cannot find attribute `display` in this scope
[INFO] [stdout]   --> src/common/config/postgres/param/ssl_protocol_version.rs:16:7
[INFO] [stdout]    |
[INFO] [stdout] 16 |     #[display("TLSv1.2")]
[INFO] [stdout]    |       ^^^^^^^
[INFO] [stdout] 
[INFO] [stdout] 
[INFO] [stdout] error: cannot find attribute `display` in this scope
[INFO] [stdout]   --> src/common/config/postgres/param/ssl_protocol_version.rs:19:7
[INFO] [stdout]    |
[INFO] [stdout] 19 |     #[display("TLSv1.3")]
[INFO] [stdout]    |       ^^^^^^^
[INFO] [stdout] 
[INFO] [stdout] 
[INFO] [stdout] error: cannot find attribute `display` in this scope
[INFO] [stdout]  --> src/common/config/postgres/param/ssl_root_cert.rs:9:7
[INFO] [stdout]   |
[INFO] [stdout] 9 |     #[display("system")]
[INFO] [stdout]   |       ^^^^^^^
[INFO] [stdout] 
[INFO] [stdout] 
[INFO] [stdout] error: cannot find attribute `display` in this scope
[INFO] [stdout]   --> src/common/config/postgres/param/ssl_root_cert.rs:12:7
[INFO] [stdout]    |
[INFO] [stdout] 12 |     #[display("{}", _0.to_string_lossy())]
[INFO] [stdout]    |       ^^^^^^^
[INFO] [stdout] 
[INFO] [stdout] 
[INFO] [stdout] error: cannot find attribute `from_str` in this scope
[INFO] [stdout]  --> src/common/config/postgres/param/target_session_attrs.rs:5:3
[INFO] [stdout]   |
[INFO] [stdout] 5 | #[from_str(rename_all = "kebab-case")]
[INFO] [stdout]   |   ^^^^^^^^
[INFO] [stdout] 
[INFO] [stdout] 
[INFO] [stdout] error: cannot find attribute `display` in this scope
[INFO] [stdout]  --> src/common/config/postgres/param/target_session_attrs.rs:6:3
[INFO] [stdout]   |
[INFO] [stdout] 6 | #[display(rename_all = "kebab-case")]
[INFO] [stdout]   |   ^^^^^^^
[INFO] [stdout] 
[INFO] [stdout] 
[INFO] [stdout] error: cannot find attribute `from_str` in this scope
[INFO] [stdout]   --> src/common/config/postgres/params.rs:68:3
[INFO] [stdout]    |
[INFO] [stdout] 68 | #[from_str(rename_all = "snake_case")]
[INFO] [stdout]    |   ^^^^^^^^
[INFO] [stdout] 
[INFO] [stdout] 
[INFO] [stdout] error: cannot find attribute `display` in this scope
[INFO] [stdout]   --> src/common/config/postgres/params.rs:69:3
[INFO] [stdout]    |
[INFO] [stdout] 69 | #[display(rename_all = "snake_case")]
[INFO] [stdout]    |   ^^^^^^^
[INFO] [stdout] 
[INFO] [stdout] 
[INFO] [stdout] error[E0433]: cannot find module or crate `secrecy` in this scope
[INFO] [stdout]   --> src/common/config/postgres/param/secret_string.rs:21:17
[INFO] [stdout]    |
[INFO] [stdout] 21 |         Ok(Self(secrecy::SecretString::from(s)))
[INFO] [stdout]    |                 ^^^^^^^ use of unresolved module or unlinked crate `secrecy`
[INFO] [stdout]    |
[INFO] [stdout]    = help: if you wanted to use a crate named `secrecy`, use `cargo add secrecy` to add it to your `Cargo.toml`
[INFO] [stdout] help: consider importing this struct through its public re-export
[INFO] [stdout]    |
[INFO] [stdout]  1 + use crate::postgres::SecretString;
[INFO] [stdout]    |
[INFO] [stdout] help: if you import `SecretString`, refer to it directly
[INFO] [stdout]    |
[INFO] [stdout] 21 -         Ok(Self(secrecy::SecretString::from(s)))
[INFO] [stdout] 21 +         Ok(Self(SecretString::from(s)))
[INFO] [stdout]    |
[INFO] [stdout] 
[INFO] [stdout] 
[INFO] [stdout] warning: unused import: `tokio::sync::RwLock`
[INFO] [stdout]    --> src/lib.rs:111:9
[INFO] [stdout]     |
[INFO] [stdout] 111 |     use tokio::sync::RwLock;
[INFO] [stdout]     |         ^^^^^^^^^^^^^^^^^^^
[INFO] [stdout]     |
[INFO] [stdout]     = note: `#[warn(unused_imports)]` (part of `#[warn(unused)]`) on by default
[INFO] [stdout] 
[INFO] [stdout] 
[INFO] [stdout] error[E0277]: the trait bound `ParameterKey: FromStr` is not satisfied
[INFO] [stdout]    --> src/common/config/postgres/params.rs:408:16
[INFO] [stdout]     |
[INFO] [stdout] 408 |     InvalidKey(<ParameterKey as FromStr>::Err),
[INFO] [stdout]     |                ^^^^^^^^^^^^^^^^^^^^^^^^^^^^^^ unsatisfied trait bound
[INFO] [stdout]     |
[INFO] [stdout] help: the trait `FromStr` is not implemented for `ParameterKey`
[INFO] [stdout]    --> src/common/config/postgres/params.rs:70:1
[INFO] [stdout]     |
[INFO] [stdout]  70 | pub enum ParameterKey {
[INFO] [stdout]     | ^^^^^^^^^^^^^^^^^^^^^
[INFO] [stdout]     = help: the following other types implement trait `FromStr`:
[INFO] [stdout]               AuthMethod
[INFO] [stdout]               Braced
[INFO] [stdout]               ByteString
[INFO] [stdout]               CString
[INFO] [stdout]               ClientEncoding
[INFO] [stdout]               ExternalEngine
[INFO] [stdout]               HttpsUrl
[INFO] [stdout]               Hyphenated
[INFO] [stdout]             and 248 others
[INFO] [stdout] 
[INFO] [stdout] 
[INFO] [stdout] error[E0277]: the trait bound `AllowStrictness: FromStr` is not satisfied
[INFO] [stdout]    --> src/common/config/postgres/params.rs:416:21
[INFO] [stdout]     |
[INFO] [stdout] 416 |     AllowStrictness(<AllowStrictness as FromStr>::Err),
[INFO] [stdout]     |                     ^^^^^^^^^^^^^^^^^^^^^^^^^^^^^^^^^ unsatisfied trait bound
[INFO] [stdout]     |
[INFO] [stdout] help: the trait `FromStr` is not implemented for `AllowStrictness`
[INFO] [stdout]    --> src/common/config/postgres/param/allow_strictness.rs:7:1
[INFO] [stdout]     |
[INFO] [stdout]   7 | pub enum AllowStrictness {
[INFO] [stdout]     | ^^^^^^^^^^^^^^^^^^^^^^^^
[INFO] [stdout]     = help: the following other types implement trait `FromStr`:
[INFO] [stdout]               AuthMethod
[INFO] [stdout]               Braced
[INFO] [stdout]               ByteString
[INFO] [stdout]               CString
[INFO] [stdout]               ClientEncoding
[INFO] [stdout]               ExternalEngine
[INFO] [stdout]               HttpsUrl
[INFO] [stdout]               Hyphenated
[INFO] [stdout]             and 248 others
[INFO] [stdout] 
[INFO] [stdout] 
[INFO] [stdout] error[E0277]: the trait bound `GssLib: FromStr` is not satisfied
[INFO] [stdout]    --> src/common/config/postgres/params.rs:420:12
[INFO] [stdout]     |
[INFO] [stdout] 420 |     GssLib(<GssLib as FromStr>::Err),
[INFO] [stdout]     |            ^^^^^^^^^^^^^^^^^^^^^^^^ unsatisfied trait bound
[INFO] [stdout]     |
[INFO] [stdout] help: the trait `FromStr` is not implemented for `GssLib`
[INFO] [stdout]    --> src/common/config/postgres/param/gsslib.rs:7:1
[INFO] [stdout]     |
[INFO] [stdout]   7 | pub enum GssLib {
[INFO] [stdout]     | ^^^^^^^^^^^^^^^
[INFO] [stdout]     = help: the following other types implement trait `FromStr`:
[INFO] [stdout]               AuthMethod
[INFO] [stdout]               Braced
[INFO] [stdout]               ByteString
[INFO] [stdout]               CString
[INFO] [stdout]               ClientEncoding
[INFO] [stdout]               ExternalEngine
[INFO] [stdout]               HttpsUrl
[INFO] [stdout]               Hyphenated
[INFO] [stdout]             and 248 others
[INFO] [stdout] 
[INFO] [stdout] 
[INFO] [stdout] error[E0277]: the trait bound `LoadBalanceHosts: FromStr` is not satisfied
[INFO] [stdout]    --> src/common/config/postgres/params.rs:423:22
[INFO] [stdout]     |
[INFO] [stdout] 423 |     LoadBalanceHosts(<LoadBalanceHosts as FromStr>::Err),
[INFO] [stdout]     |                      ^^^^^^^^^^^^^^^^^^^^^^^^^^^^^^^^^^ unsatisfied trait bound
[INFO] [stdout]     |
[INFO] [stdout] help: the trait `FromStr` is not implemented for `LoadBalanceHosts`
[INFO] [stdout]    --> src/common/config/postgres/param/load_balance_hosts.rs:7:1
[INFO] [stdout]     |
[INFO] [stdout]   7 | pub enum LoadBalanceHosts {
[INFO] [stdout]     | ^^^^^^^^^^^^^^^^^^^^^^^^^
[INFO] [stdout]     = help: the following other types implement trait `FromStr`:
[INFO] [stdout]               AuthMethod
[INFO] [stdout]               Braced
[INFO] [stdout]               ByteString
[INFO] [stdout]               CString
[INFO] [stdout]               ClientEncoding
[INFO] [stdout]               ExternalEngine
[INFO] [stdout]               HttpsUrl
[INFO] [stdout]               Hyphenated
[INFO] [stdout]             and 248 others
[INFO] [stdout] 
[INFO] [stdout] 
[INFO] [stdout] error[E0277]: the trait bound `Replication: FromStr` is not satisfied
[INFO] [stdout]    --> src/common/config/postgres/params.rs:428:17
[INFO] [stdout]     |
[INFO] [stdout] 428 |     Replication(<Replication as FromStr>::Err),
[INFO] [stdout]     |                 ^^^^^^^^^^^^^^^^^^^^^^^^^^^^^ unsatisfied trait bound
[INFO] [stdout]     |
[INFO] [stdout] help: the trait `FromStr` is not implemented for `Replication`
[INFO] [stdout]    --> src/common/config/postgres/param/replication.rs:7:1
[INFO] [stdout]     |
[INFO] [stdout]   7 | pub enum Replication {
[INFO] [stdout]     | ^^^^^^^^^^^^^^^^^^^^
[INFO] [stdout]     = help: the following other types implement trait `FromStr`:
[INFO] [stdout]               AuthMethod
[INFO] [stdout]               Braced
[INFO] [stdout]               ByteString
[INFO] [stdout]               CString
[INFO] [stdout]               ClientEncoding
[INFO] [stdout]               ExternalEngine
[INFO] [stdout]               HttpsUrl
[INFO] [stdout]               Hyphenated
[INFO] [stdout]             and 248 others
[INFO] [stdout] 
[INFO] [stdout] 
[INFO] [stdout] error[E0277]: the trait bound `RequireStrictness: FromStr` is not satisfied
[INFO] [stdout]    --> src/common/config/postgres/params.rs:429:23
[INFO] [stdout]     |
[INFO] [stdout] 429 |     RequireStrictness(<RequireStrictness as FromStr>::Err),
[INFO] [stdout]     |                       ^^^^^^^^^^^^^^^^^^^^^^^^^^^^^^^^^^^ unsatisfied trait bound
[INFO] [stdout]     |
[INFO] [stdout] help: the trait `FromStr` is not implemented for `RequireStrictness`
[INFO] [stdout]    --> src/common/config/postgres/param/require_strictness.rs:7:1
[INFO] [stdout]     |
[INFO] [stdout]   7 | pub enum RequireStrictness {
[INFO] [stdout]     | ^^^^^^^^^^^^^^^^^^^^^^^^^^
[INFO] [stdout]     = help: the following other types implement trait `FromStr`:
[INFO] [stdout]               AuthMethod
[INFO] [stdout]               Braced
[INFO] [stdout]               ByteString
[INFO] [stdout]               CString
[INFO] [stdout]               ClientEncoding
[INFO] [stdout]               ExternalEngine
[INFO] [stdout]               HttpsUrl
[INFO] [stdout]               Hyphenated
[INFO] [stdout]             and 248 others
[INFO] [stdout] 
[INFO] [stdout] 
[INFO] [stdout] error[E0277]: the trait bound `SslMode: FromStr` is not satisfied
[INFO] [stdout]    --> src/common/config/postgres/params.rs:432:13
[INFO] [stdout]     |
[INFO] [stdout] 432 |     SslMode(<SslMode as FromStr>::Err),
[INFO] [stdout]     |             ^^^^^^^^^^^^^^^^^^^^^^^^^ unsatisfied trait bound
[INFO] [stdout]     |
[INFO] [stdout] help: the trait `FromStr` is not implemented for `SslMode`
[INFO] [stdout]    --> src/common/config/postgres/param/ssl_mode.rs:7:1
[INFO] [stdout]     |
[INFO] [stdout]   7 | pub enum SslMode {
[INFO] [stdout]     | ^^^^^^^^^^^^^^^^
[INFO] [stdout]     = help: the following other types implement trait `FromStr`:
[INFO] [stdout]               AuthMethod
[INFO] [stdout]               Braced
[INFO] [stdout]               ByteString
[INFO] [stdout]               CString
[INFO] [stdout]               ClientEncoding
[INFO] [stdout]               ExternalEngine
[INFO] [stdout]               HttpsUrl
[INFO] [stdout]               Hyphenated
[INFO] [stdout]             and 248 others
[INFO] [stdout] 
[INFO] [stdout] 
[INFO] [stdout] error[E0277]: the trait bound `SslNegotiation: FromStr` is not satisfied
[INFO] [stdout]    --> src/common/config/postgres/params.rs:433:20
[INFO] [stdout]     |
[INFO] [stdout] 433 |     SslNegotiation(<SslNegotiation as FromStr>::Err),
[INFO] [stdout]     |                    ^^^^^^^^^^^^^^^^^^^^^^^^^^^^^^^^ unsatisfied trait bound
[INFO] [stdout]     |
[INFO] [stdout] help: the trait `FromStr` is not implemented for `SslNegotiation`
[INFO] [stdout]    --> src/common/config/postgres/param/ssl_negotiation.rs:7:1
[INFO] [stdout]     |
[INFO] [stdout]   7 | pub enum SslNegotiation {
[INFO] [stdout]     | ^^^^^^^^^^^^^^^^^^^^^^^
[INFO] [stdout]     = help: the following other types implement trait `FromStr`:
[INFO] [stdout]               AuthMethod
[INFO] [stdout]               Braced
[INFO] [stdout]               ByteString
[INFO] [stdout]               CString
[INFO] [stdout]               ClientEncoding
[INFO] [stdout]               ExternalEngine
[INFO] [stdout]               HttpsUrl
[INFO] [stdout]               Hyphenated
[INFO] [stdout]             and 248 others
[INFO] [stdout] 
[INFO] [stdout] 
[INFO] [stdout] error[E0277]: the trait bound `TargetSessionAttrs: FromStr` is not satisfied
[INFO] [stdout]    --> src/common/config/postgres/params.rs:437:24
[INFO] [stdout]     |
[INFO] [stdout] 437 |     TargetSessionAttrs(<TargetSessionAttrs as FromStr>::Err),
[INFO] [stdout]     |                        ^^^^^^^^^^^^^^^^^^^^^^^^^^^^^^^^^^^^ unsatisfied trait bound
[INFO] [stdout]     |
[INFO] [stdout] help: the trait `FromStr` is not implemented for `TargetSessionAttrs`
[INFO] [stdout]    --> src/common/config/postgres/param/target_session_attrs.rs:7:1
[INFO] [stdout]     |
[INFO] [stdout]   7 | pub enum TargetSessionAttrs {
[INFO] [stdout]     | ^^^^^^^^^^^^^^^^^^^^^^^^^^^
[INFO] [stdout]     = help: the following other types implement trait `FromStr`:
[INFO] [stdout]               AuthMethod
[INFO] [stdout]               Braced
[INFO] [stdout]               ByteString
[INFO] [stdout]               CString
[INFO] [stdout]               ClientEncoding
[INFO] [stdout]               ExternalEngine
[INFO] [stdout]               HttpsUrl
[INFO] [stdout]               Hyphenated
[INFO] [stdout]             and 248 others
[INFO] [stdout] 
[INFO] [stdout] 
[INFO] [stdout] error[E0433]: cannot find module or crate `regex` in this scope
[INFO] [stdout]   --> src/common/config/postgres/param/options.rs:90:18
[INFO] [stdout]    |
[INFO] [stdout] 90 |     InvalidRegex(regex::Error),
[INFO] [stdout]    |                  ^^^^^ use of unresolved module or unlinked crate `regex`
[INFO] [stdout]    |
[INFO] [stdout]    = help: if you wanted to use a crate named `regex`, use `cargo add regex` to add it to your `Cargo.toml`
[INFO] [stdout] 
[INFO] [stdout] 
[INFO] [stdout] error[E0433]: cannot find module or crate `secrecy` in this scope
[INFO] [stdout]  --> src/common/config/postgres/param/secret_string.rs:7:25
[INFO] [stdout]   |
[INFO] [stdout] 7 | pub struct SecretString(secrecy::SecretString);
[INFO] [stdout]   |                         ^^^^^^^ use of unresolved module or unlinked crate `secrecy`
[INFO] [stdout]   |
[INFO] [stdout]   = help: if you wanted to use a crate named `secrecy`, use `cargo add secrecy` to add it to your `Cargo.toml`
[INFO] [stdout] 
[INFO] [stdout] 
[INFO] [stdout] error[E0433]: cannot find module or crate `urlencoding` in this scope
[INFO] [stdout]    --> src/common/config/postgres/params.rs:225:51
[INFO] [stdout]     |
[INFO] [stdout] 225 |             value.map(|value| format!("{key}={}", urlencoding::encode(value.as_str())))
[INFO] [stdout]     |                                                   ^^^^^^^^^^^ use of unresolved module or unlinked crate `urlencoding`
[INFO] [stdout]     |
[INFO] [stdout]     = help: if you wanted to use a crate named `urlencoding`, use `cargo add urlencoding` to add it to your `Cargo.toml`
[INFO] [stdout] 
[INFO] [stdout] 
[INFO] [stdout] error[E0433]: cannot find module or crate `urlencoding` in this scope
[INFO] [stdout]    --> src/common/config/postgres/params.rs:343:25
[INFO] [stdout]     |
[INFO] [stdout] 343 |             let value = urlencoding::decode(value).map_err(E::Decode)?;
[INFO] [stdout]     |                         ^^^^^^^^^^^ use of unresolved module or unlinked crate `urlencoding`
[INFO] [stdout]     |
[INFO] [stdout]     = help: if you wanted to use a crate named `urlencoding`, use `cargo add urlencoding` to add it to your `Cargo.toml`
[INFO] [stdout] 
[INFO] [stdout] 
[INFO] [stdout] Some errors have detailed explanations: E0277, E0432, E0433.
[INFO] [stdout] 
[INFO] [stdout] For more information about an error, try `rustc --explain E0277`.
[INFO] [stdout] 
[INFO] [stderr] error: could not compile `db-pool` (lib test) due to 84 previous errors; 1 warning emitted
[INFO] running `Command { std: "docker" "inspect" "e58acae09ecff406e1169951099fb37472966a99ca789601eb0e9af6e03cc9a3", kill_on_drop: false }`
[INFO] running `Command { std: "docker" "rm" "-f" "e58acae09ecff406e1169951099fb37472966a99ca789601eb0e9af6e03cc9a3", kill_on_drop: false }`
[INFO] [stdout] e58acae09ecff406e1169951099fb37472966a99ca789601eb0e9af6e03cc9a3
