[INFO] cloning repository https://github.com/xxc-git/zero2prod
[INFO] running `Command { std: "git" "-c" "credential.helper=" "-c" "credential.helper=/workspace/cargo-home/bin/git-credential-null" "clone" "--bare" "https://github.com/xxc-git/zero2prod" "/workspace/cache/git-repos/https%3A%2F%2Fgithub.com%2Fxxc-git%2Fzero2prod", kill_on_drop: false }`
[INFO] [stderr] Cloning into bare repository '/workspace/cache/git-repos/https%3A%2F%2Fgithub.com%2Fxxc-git%2Fzero2prod'...
[INFO] running `Command { std: "git" "rev-parse" "HEAD", kill_on_drop: false }`
[INFO] [stdout] 84e1696e1807153401b4a0ca065cd432337b9a3f
[INFO] checking xxc-git/zero2prod against 895980e0290783bb09b1ccf1b11f14eb09b10430 for pr-160186
[INFO] running `Command { std: "git" "clone" "/workspace/cache/git-repos/https%3A%2F%2Fgithub.com%2Fxxc-git%2Fzero2prod" "/workspace/builds/worker-3-tc2/source", kill_on_drop: false }`
[INFO] [stderr] Cloning into '/workspace/builds/worker-3-tc2/source'...
[INFO] [stderr] done.
[INFO] started tweaking git repo https://github.com/xxc-git/zero2prod
[INFO] finished tweaking git repo https://github.com/xxc-git/zero2prod
[INFO] tweaked toml for git repo https://github.com/xxc-git/zero2prod written to /workspace/builds/worker-3-tc2/source/Cargo.toml
[INFO] validating manifest of git repo https://github.com/xxc-git/zero2prod on toolchain 895980e0290783bb09b1ccf1b11f14eb09b10430
[INFO] running `Command { std: CARGO_HOME="/workspace/cargo-home" RUSTUP_HOME="/workspace/rustup-home" "/workspace/cargo-home/bin/cargo" "+895980e0290783bb09b1ccf1b11f14eb09b10430" "metadata" "--manifest-path" "Cargo.toml" "--no-deps", kill_on_drop: false }`
[INFO] crate git repo https://github.com/xxc-git/zero2prod already has a lockfile, it will not be regenerated
[INFO] running `Command { std: CARGO_HOME="/workspace/cargo-home" RUSTUP_HOME="/workspace/rustup-home" "/workspace/cargo-home/bin/cargo" "+895980e0290783bb09b1ccf1b11f14eb09b10430" "fetch" "--manifest-path" "Cargo.toml", kill_on_drop: false }`
[INFO] running `Command { std: "docker" "create" "-v" "/var/lib/crater-agent-workspace/builds/worker-3-tc2/source:/opt/rustwide/workdir:ro,Z" "-v" "/var/lib/crater-agent-workspace/builds/worker-3-tc2/target:/opt/rustwide/target:rw,Z" "-v" "/var/lib/crater-agent-workspace/cargo-home:/opt/rustwide/cargo-home:ro,Z" "-v" "/var/lib/crater-agent-workspace/rustup-home:/opt/rustwide/rustup-home:ro,Z" "-m" "1610612736" "--network" "none" "ghcr.io/rust-lang/crates-build-env/linux@sha256:77db811e55d90add9212f6832c23229e3de5f1c1f9905e8cb07319ea15df73ac" "sleep" "infinity", kill_on_drop: false }`
[INFO] [stdout] 571df53d895ed1bef2a8d03778f08bc3fe86709952823dca521e0fd6fcf07a94
[INFO] running `Command { std: "docker" "start" "571df53d895ed1bef2a8d03778f08bc3fe86709952823dca521e0fd6fcf07a94", kill_on_drop: false }`
[INFO] running `Command { std: "docker" "inspect" "571df53d895ed1bef2a8d03778f08bc3fe86709952823dca521e0fd6fcf07a94", kill_on_drop: false }`
[INFO] running `Command { std: "docker" "exec" "-e" "SOURCE_DIR=/opt/rustwide/workdir" "-e" "CARGO_HOME=/opt/rustwide/cargo-home" "-e" "RUSTUP_HOME=/opt/rustwide/rustup-home" "-e" "CARGO_TARGET_DIR=/opt/rustwide/target" "-w" "/opt/rustwide/workdir" "--user" "0:0" "571df53d895ed1bef2a8d03778f08bc3fe86709952823dca521e0fd6fcf07a94" "/opt/rustwide/cargo-home/bin/cargo" "+895980e0290783bb09b1ccf1b11f14eb09b10430" "metadata" "--no-deps" "--format-version=1", kill_on_drop: false }`
[INFO] running `Command { std: "docker" "inspect" "571df53d895ed1bef2a8d03778f08bc3fe86709952823dca521e0fd6fcf07a94", kill_on_drop: false }`
[INFO] running `Command { std: "docker" "exec" "-e" "SOURCE_DIR=/opt/rustwide/workdir" "-e" "CARGO_HOME=/opt/rustwide/cargo-home" "-e" "RUSTUP_HOME=/opt/rustwide/rustup-home" "-e" "CARGO_TARGET_DIR=/opt/rustwide/target" "-e" "CARGO_INCREMENTAL=0" "-e" "RUST_BACKTRACE=full" "-e" "RUSTFLAGS=--cap-lints=forbid" "-e" "RUSTDOCFLAGS=--cap-lints=forbid" "-w" "/opt/rustwide/workdir" "--user" "0:0" "571df53d895ed1bef2a8d03778f08bc3fe86709952823dca521e0fd6fcf07a94" "/opt/rustwide/cargo-home/bin/cargo" "+895980e0290783bb09b1ccf1b11f14eb09b10430" "check" "--frozen" "--all" "--all-targets" "--message-format=json", kill_on_drop: false }`
[INFO] [stderr]    Compiling unicode-ident v1.0.16
[INFO] [stderr]    Compiling serde v1.0.217
[INFO] [stderr]     Checking once_cell v1.20.3
[INFO] [stderr]     Checking bytes v1.10.0
[INFO] [stderr]    Compiling slab v0.4.9
[INFO] [stderr]     Checking lock_api v0.4.6
[INFO] [stderr]     Checking mio v1.0.3
[INFO] [stderr]     Checking foldhash v0.1.4
[INFO] [stderr]    Compiling cc v1.2.14
[INFO] [stderr]    Compiling serde_json v1.0.139
[INFO] [stderr]    Compiling getrandom v0.2.15
[INFO] [stderr]    Compiling stable_deref_trait v1.2.0
[INFO] [stderr]    Compiling num-traits v0.2.19
[INFO] [stderr]     Checking ryu v1.0.19
[INFO] [stderr]    Compiling litemap v0.7.4
[INFO] [stderr]     Checking hashbrown v0.15.2
[INFO] [stderr]    Compiling writeable v0.5.5
[INFO] [stderr]    Compiling proc-macro2 v1.0.93
[INFO] [stderr]    Compiling rustls v0.23.23
[INFO] [stderr]     Checking digest v0.10.7
[INFO] [stderr]    Compiling httparse v1.10.0
[INFO] [stderr]     Checking tracing-core v0.1.33
[INFO] [stderr]    Compiling icu_locid_transform_data v1.5.0
[INFO] [stderr]    Compiling getrandom v0.3.1
[INFO] [stderr]    Compiling icu_properties_data v1.5.0
[INFO] [stderr]     Checking rustls-pki-types v1.11.0
[INFO] [stderr]    Compiling icu_normalizer_data v1.5.0
[INFO] [stderr]    Compiling write16 v1.0.0
[INFO] [stderr]    Compiling futures-core v0.3.31
[INFO] [stderr]    Compiling utf16_iter v1.0.5
[INFO] [stderr]    Compiling crunchy v0.2.3
[INFO] [stderr]    Compiling byteorder v1.5.0
[INFO] [stderr]    Compiling socket2 v0.5.8
[INFO] [stderr]    Compiling percent-encoding v2.3.1
[INFO] [stderr]    Compiling futures-sink v0.3.31
[INFO] [stderr]    Compiling tinyvec v1.8.1
[INFO] [stderr]    Compiling quote v1.0.38
[INFO] [stderr]    Compiling form_urlencoded v1.2.1
[INFO] [stderr]    Compiling tiny-keccak v2.0.2
[INFO] [stderr]     Checking http v1.2.0
[INFO] [stderr]    Compiling rand_core v0.6.4
[INFO] [stderr]    Compiling tokio v1.43.0
[INFO] [stderr]    Compiling iana-time-zone v0.1.61
[INFO] [stderr]    Compiling syn v2.0.98
[INFO] [stderr]    Compiling futures-task v0.3.31
[INFO] [stderr]    Compiling futures-io v0.3.31
[INFO] [stderr]    Compiling pin-utils v0.1.0
[INFO] [stderr]    Compiling bitflags v2.8.0
[INFO] [stderr]    Compiling zeroize v1.8.1
[INFO] [stderr]    Compiling rustix v0.38.44
[INFO] [stderr]    Compiling zerocopy v0.8.20
[INFO] [stderr]    Compiling itoa v1.0.14
[INFO] [stderr]    Compiling openssl v0.10.71
[INFO] [stderr]    Compiling futures-util v0.3.31
[INFO] [stderr]    Compiling unicode-normalization v0.1.24
[INFO] [stderr]    Compiling rustls-pemfile v2.2.0
[INFO] [stderr]    Compiling webpki-roots v0.26.8
[INFO] [stderr]    Compiling event-listener v5.4.0
[INFO] [stderr]    Compiling crc v3.2.1
[INFO] [stderr]    Compiling sha2 v0.10.8
[INFO] [stderr]    Compiling const-random-macro v0.1.16
[INFO] [stderr]     Checking indexmap v2.7.1
[INFO] [stderr]     Checking http v0.2.12
[INFO] [stderr]    Compiling chrono v0.4.39
[INFO] [stderr]    Compiling hmac v0.12.1
[INFO] [stderr]    Compiling unicode-properties v0.1.3
[INFO] [stderr]    Compiling uuid v1.13.2
[INFO] [stderr]    Compiling hashlink v0.10.0
[INFO] [stderr]    Compiling linux-raw-sys v0.4.15
[INFO] [stderr]     Checking http-body v1.0.1
[INFO] [stderr]     Checking miniz_oxide v0.8.4
[INFO] [stderr]     Checking const-random v0.1.18
[INFO] [stderr]    Compiling stringprep v0.1.5
[INFO] [stderr]    Compiling hkdf v0.12.4
[INFO] [stderr]    Compiling atoi v2.0.0
[INFO] [stderr]    Compiling ring v0.17.9
[INFO] [stderr]    Compiling openssl-sys v0.9.106
[INFO] [stderr]    Compiling zstd-sys v2.0.13+zstd.1.5.6
[INFO] [stderr]     Checking brotli-decompressor v4.0.2
[INFO] [stderr]    Compiling bytestring v1.4.0
[INFO] [stderr]     Checking concurrent-queue v2.5.0
[INFO] [stderr]    Compiling native-tls v0.2.14
[INFO] [stderr]    Compiling futures-channel v0.3.31
[INFO] [stderr]    Compiling md-5 v0.10.6
[INFO] [stderr]    Compiling dotenvy v0.15.7
[INFO] [stderr]    Compiling home v0.5.11
[INFO] [stderr]    Compiling fastrand v2.3.0
[INFO] [stderr]    Compiling hex v0.4.3
[INFO] [stderr]    Compiling whoami v1.5.2
[INFO] [stderr]     Checking flate2 v1.0.35
[INFO] [stderr]     Checking dlv-list v0.5.2
[INFO] [stderr]     Checking sha1 v0.10.6
[INFO] [stderr]     Checking winnow v0.7.2
[INFO] [stderr]     Checking brotli v6.0.0
[INFO] [stderr]     Checking tracing-log v0.2.0
[INFO] [stderr]     Checking thread_local v1.1.8
[INFO] [stderr]    Compiling claim v0.5.0
[INFO] [stderr]    Compiling anyhow v1.0.97
[INFO] [stderr]     Checking tracing-log v0.1.4
[INFO] [stderr]     Checking gethostname v0.2.3
[INFO] [stderr]     Checking mutually_exclusive_features v0.1.0
[INFO] [stderr]     Checking num_cpus v1.16.0
[INFO] [stderr]     Checking deadpool-runtime v0.1.4
[INFO] [stderr]    Compiling syn v1.0.109
[INFO] [stderr]     Checking env_logger v0.8.4
[INFO] [stderr]     Checking deunicode v1.6.0
[INFO] [stderr]     Checking linkify v0.10.0
[INFO] [stderr]     Checking rand_core v0.9.2
[INFO] [stderr]    Compiling tempfile v3.17.1
[INFO] [stderr]    Compiling tokio-stream v0.1.17
[INFO] [stderr]    Compiling synstructure v0.13.1
[INFO] [stderr]    Compiling zstd-safe v7.2.1
[INFO] [stderr]    Compiling serde_derive v1.0.217
[INFO] [stderr]    Compiling zerofrom-derive v0.1.5
[INFO] [stderr]    Compiling yoke-derive v0.7.5
[INFO] [stderr]    Compiling zerovec-derive v0.10.3
[INFO] [stderr]    Compiling displaydoc v0.2.5
[INFO] [stderr]    Compiling zerocopy-derive v0.7.35
[INFO] [stderr]    Compiling tracing-attributes v0.1.28
[INFO] [stderr]    Compiling icu_provider_macros v1.5.0
[INFO] [stderr]    Compiling tokio-macros v2.5.0
[INFO] [stderr]    Compiling futures-macro v0.3.31
[INFO] [stderr]    Compiling thiserror-impl v2.0.12
[INFO] [stderr]    Compiling openssl-macros v0.1.1
[INFO] [stderr]     Checking rustls-webpki v0.102.8
[INFO] [stderr]    Compiling async-trait v0.1.86
[INFO] [stderr]     Checking zstd v0.13.2
[INFO] [stderr]    Compiling derive_more v0.99.19
[INFO] [stderr]    Compiling actix-macros v0.2.4
[INFO] [stderr]    Compiling pin-project-internal v1.1.9
[INFO] [stderr]     Checking zerocopy v0.7.35
[INFO] [stderr]     Checking zerofrom v0.1.5
[INFO] [stderr]    Compiling yoke v0.7.5
[INFO] [stderr]    Compiling thiserror v2.0.12
[INFO] [stderr]     Checking pest v2.7.15
[INFO] [stderr]     Checking tracing v0.1.41
[INFO] [stderr]    Compiling zerovec v0.10.4
[INFO] [stderr]    Compiling quickcheck_macros v1.0.0
[INFO] [stderr]    Compiling ppv-lite86 v0.2.20
[INFO] [stderr]     Checking pin-project v1.1.9
[INFO] [stderr]     Checking ahash v0.8.11
[INFO] [stderr]     Checking hashbrown v0.14.5
[INFO] [stderr]    Compiling rand_chacha v0.3.1
[INFO] [stderr]    Compiling pest_meta v2.7.15
[INFO] [stderr]     Checking ordered-multimap v0.7.3
[INFO] [stderr]     Checking hashlink v0.9.1
[INFO] [stderr]     Checking rand_chacha v0.9.0
[INFO] [stderr]    Compiling rand v0.8.5
[INFO] [stderr]    Compiling tinystr v0.7.6
[INFO] [stderr]    Compiling icu_collections v1.5.0
[INFO] [stderr]     Checking rand v0.9.0
[INFO] [stderr]     Checking rust-ini v0.21.1
[INFO] [stderr]     Checking icu_locid v1.5.0
[INFO] [stderr]     Checking yaml-rust2 v0.9.0
[INFO] [stderr]     Checking fake v4.0.0
[INFO] [stderr]     Checking quickcheck v1.0.3
[INFO] [stderr]    Compiling pest_generator v2.7.15
[INFO] [stderr]     Checking icu_provider v1.5.0
[INFO] [stderr]     Checking icu_locid_transform v1.5.0
[INFO] [stderr]    Compiling pest_derive v2.7.15
[INFO] [stderr]     Checking icu_properties v1.5.1
[INFO] [stderr]     Checking http-body-util v0.1.2
[INFO] [stderr]     Checking futures-executor v0.3.31
[INFO] [stderr]     Checking futures v0.3.31
[INFO] [stderr]     Checking smallvec v1.14.0
[INFO] [stderr]     Checking either v1.13.0
[INFO] [stderr]     Checking serde_spanned v0.6.8
[INFO] [stderr]     Checking serde_urlencoded v0.7.1
[INFO] [stderr]     Checking toml_datetime v0.6.8
[INFO] [stderr]     Checking actix-router v0.5.3
[INFO] [stderr]     Checking json5 v0.4.1
[INFO] [stderr]     Checking ron v0.8.1
[INFO] [stderr]     Checking toml_edit v0.22.24
[INFO] [stderr]     Checking parking_lot_core v0.9.10
[INFO] [stderr]     Checking icu_normalizer v1.5.0
[INFO] [stderr]     Checking tracing-subscriber v0.3.19
[INFO] [stderr]     Checking idna_adapter v1.2.0
[INFO] [stderr]     Checking parking_lot v0.12.3
[INFO] [stderr]     Checking idna v1.0.3
[INFO] [stderr]     Checking futures-intrusive v0.5.0
[INFO] [stderr]     Checking url v2.5.4
[INFO] [stderr]     Checking validator v0.20.0
[INFO] [stderr]     Checking assert-json-diff v2.0.2
[INFO] [stderr]     Checking tracing-bunyan-formatter v0.3.10
[INFO] [stderr]    Compiling actix-web-codegen v4.3.0
[INFO] [stderr]     Checking toml v0.8.20
[INFO] [stderr]     Checking config v0.15.8
[INFO] [stderr]    Compiling sqlx-core v0.8.3
[INFO] [stderr]     Checking tokio-util v0.7.13
[INFO] [stderr]     Checking actix-rt v2.10.0
[INFO] [stderr]     Checking tokio-native-tls v0.3.1
[INFO] [stderr]     Checking tokio-rustls v0.26.1
[INFO] [stderr]     Checking tower v0.5.2
[INFO] [stderr]     Checking deadpool v0.10.0
[INFO] [stderr]     Checking actix-server v2.5.0
[INFO] [stderr]     Checking h2 v0.4.8
[INFO] [stderr]     Checking h2 v0.3.26
[INFO] [stderr]     Checking actix-codec v0.5.2
[INFO] [stderr]    Compiling sqlx-postgres v0.8.3
[INFO] [stderr]     Checking actix-http v3.9.0
[INFO] [stderr]    Compiling sqlx-macros-core v0.8.3
[INFO] [stderr]     Checking hyper v1.6.0
[INFO] [stderr]    Compiling sqlx-macros v0.8.3
[INFO] [stderr]     Checking hyper-util v0.1.10
[INFO] [stderr]     Checking sqlx v0.8.3
[INFO] [stderr]     Checking hyper-rustls v0.27.5
[INFO] [stderr]     Checking hyper-tls v0.6.0
[INFO] [stderr]     Checking wiremock v0.6.2
[INFO] [stderr]     Checking reqwest v0.12.12
[INFO] [stderr]     Checking actix-web v4.9.0
[INFO] [stderr]     Checking tracing-actix-web v0.7.15
[INFO] [stderr]     Checking zero2prod v0.1.0 (/opt/rustwide/workdir)
[INFO] [stdout] error: error communicating with database: Connection refused (os error 111)
[INFO] [stdout]   --> src/routes/subscriptions.rs:77:5
[INFO] [stdout]    |
[INFO] [stdout] 77 | /     sqlx::query!(
[INFO] [stdout] 78 | |         r#"
[INFO] [stdout] 79 | |         insert into subscription_tokens (subscription_token, subscription_id)
[INFO] [stdout] 80 | |         values ($1, $2)
[INFO] [stdout] ...  |
[INFO] [stdout] 83 | |         subscriber_id
[INFO] [stdout] 84 | |     )
[INFO] [stdout]    | |_____^
[INFO] [stdout]    |
[INFO] [stdout]    = note: this error originates in the macro `$crate::sqlx_macros::expand_query` which comes from the expansion of the macro `sqlx::query` (in Nightly builds, run with -Z macro-backtrace for more info)
[INFO] [stdout] 
[INFO] [stdout] 
[INFO] [stdout] error: error communicating with database: Connection refused (os error 111)
[INFO] [stdout]   --> src/routes/subscriptions.rs:77:5
[INFO] [stdout]    |
[INFO] [stdout] 77 | /     sqlx::query!(
[INFO] [stdout] 78 | |         r#"
[INFO] [stdout] 79 | |         insert into subscription_tokens (subscription_token, subscription_id)
[INFO] [stdout] 80 | |         values ($1, $2)
[INFO] [stdout] ...  |
[INFO] [stdout] 83 | |         subscriber_id
[INFO] [stdout] 84 | |     )
[INFO] [stdout]    | |_____^
[INFO] [stdout]    |
[INFO] [stdout]    = note: this error originates in the macro `$crate::sqlx_macros::expand_query` which comes from the expansion of the macro `sqlx::query` (in Nightly builds, run with -Z macro-backtrace for more info)
[INFO] [stdout] 
[INFO] [stdout] 
[INFO] [stdout] error: error communicating with database: Connection refused (os error 111)
[INFO] [stdout]    --> src/routes/subscriptions.rs:137:5
[INFO] [stdout]     |
[INFO] [stdout] 137 | /     sqlx::query!(
[INFO] [stdout] 138 | |         r#"
[INFO] [stdout] 139 | |         insert into subscriptions (id, email, name, subscribed_at, status)
[INFO] [stdout] 140 | |         values ($1, $2, $3, $4, 'pending_confirmation')
[INFO] [stdout] ...   |
[INFO] [stdout] 145 | |         Utc::now() 
[INFO] [stdout] 146 | |     ) 
[INFO] [stdout]     | |_____^
[INFO] [stdout]     |
[INFO] [stdout]     = note: this error originates in the macro `$crate::sqlx_macros::expand_query` which comes from the expansion of the macro `sqlx::query` (in Nightly builds, run with -Z macro-backtrace for more info)
[INFO] [stdout] 
[INFO] [stdout] 
[INFO] [stdout] error: error communicating with database: Connection refused (os error 111)
[INFO] [stdout]    --> src/routes/subscriptions.rs:137:5
[INFO] [stdout]     |
[INFO] [stdout] 137 | /     sqlx::query!(
[INFO] [stdout] 138 | |         r#"
[INFO] [stdout] 139 | |         insert into subscriptions (id, email, name, subscribed_at, status)
[INFO] [stdout] 140 | |         values ($1, $2, $3, $4, 'pending_confirmation')
[INFO] [stdout] ...   |
[INFO] [stdout] 145 | |         Utc::now() 
[INFO] [stdout] 146 | |     ) 
[INFO] [stdout]     | |_____^
[INFO] [stdout]     |
[INFO] [stdout]     = note: this error originates in the macro `$crate::sqlx_macros::expand_query` which comes from the expansion of the macro `sqlx::query` (in Nightly builds, run with -Z macro-backtrace for more info)
[INFO] [stdout] 
[INFO] [stdout] 
[INFO] [stdout] error: error communicating with database: Connection refused (os error 111)
[INFO] [stdout]   --> src/routes/subscriptions_confirm.rs:41:18
[INFO] [stdout]    |
[INFO] [stdout] 41 |       let result = sqlx::query!(
[INFO] [stdout]    |  __________________^
[INFO] [stdout] 42 | |         r#"
[INFO] [stdout] 43 | |         SELECT subscription_id FROM subscription_tokens
[INFO] [stdout] 44 | |         WHERE subscription_token = $1"#,
[INFO] [stdout] 45 | |         token
[INFO] [stdout] 46 | |     )
[INFO] [stdout]    | |_____^
[INFO] [stdout]    |
[INFO] [stdout]    = note: this error originates in the macro `$crate::sqlx_macros::expand_query` which comes from the expansion of the macro `sqlx::query` (in Nightly builds, run with -Z macro-backtrace for more info)
[INFO] [stdout] 
[INFO] [stdout] 
[INFO] [stdout] error: error communicating with database: Connection refused (os error 111)
[INFO] [stdout]   --> src/routes/subscriptions_confirm.rs:65:5
[INFO] [stdout]    |
[INFO] [stdout] 65 | /     sqlx::query!(
[INFO] [stdout] 66 | |         r#"
[INFO] [stdout] 67 | |         UPDATE subscriptions
[INFO] [stdout] 68 | |         SET status = 'confirmed'
[INFO] [stdout] 69 | |         WHERE id = $1"#,
[INFO] [stdout] 70 | |         subscriber_id
[INFO] [stdout] 71 | |     )
[INFO] [stdout]    | |_____^
[INFO] [stdout]    |
[INFO] [stdout]    = note: this error originates in the macro `$crate::sqlx_macros::expand_query` which comes from the expansion of the macro `sqlx::query` (in Nightly builds, run with -Z macro-backtrace for more info)
[INFO] [stdout] 
[INFO] [stdout] 
[INFO] [stdout] error: error communicating with database: Connection refused (os error 111)
[INFO] [stdout]   --> src/routes/subscriptions_confirm.rs:41:18
[INFO] [stdout]    |
[INFO] [stdout] 41 |       let result = sqlx::query!(
[INFO] [stdout]    |  __________________^
[INFO] [stdout] 42 | |         r#"
[INFO] [stdout] 43 | |         SELECT subscription_id FROM subscription_tokens
[INFO] [stdout] 44 | |         WHERE subscription_token = $1"#,
[INFO] [stdout] 45 | |         token
[INFO] [stdout] 46 | |     )
[INFO] [stdout]    | |_____^
[INFO] [stdout]    |
[INFO] [stdout]    = note: this error originates in the macro `$crate::sqlx_macros::expand_query` which comes from the expansion of the macro `sqlx::query` (in Nightly builds, run with -Z macro-backtrace for more info)
[INFO] [stdout] 
[INFO] [stdout] 
[INFO] [stdout] error: error communicating with database: Connection refused (os error 111)
[INFO] [stdout]   --> src/routes/subscriptions_confirm.rs:65:5
[INFO] [stdout]    |
[INFO] [stdout] 65 | /     sqlx::query!(
[INFO] [stdout] 66 | |         r#"
[INFO] [stdout] 67 | |         UPDATE subscriptions
[INFO] [stdout] 68 | |         SET status = 'confirmed'
[INFO] [stdout] 69 | |         WHERE id = $1"#,
[INFO] [stdout] 70 | |         subscriber_id
[INFO] [stdout] 71 | |     )
[INFO] [stdout]    | |_____^
[INFO] [stdout]    |
[INFO] [stdout]    = note: this error originates in the macro `$crate::sqlx_macros::expand_query` which comes from the expansion of the macro `sqlx::query` (in Nightly builds, run with -Z macro-backtrace for more info)
[INFO] [stdout] 
[INFO] [stdout] 
[INFO] [stdout] error: error communicating with database: Connection refused (os error 111)
[INFO] [stdout]   --> src/routes/newsletters.rs:77:32
[INFO] [stdout]    |
[INFO] [stdout] 77 |       let confirmd_subscribers = sqlx::query!(
[INFO] [stdout]    |  ________________________________^
[INFO] [stdout] 78 | |         r#"
[INFO] [stdout] 79 | |         SELECT email
[INFO] [stdout] 80 | |         FROM subscriptions
[INFO] [stdout] 81 | |         WHERE status = 'confirmed'
[INFO] [stdout] 82 | |         "#,
[INFO] [stdout] 83 | |     )
[INFO] [stdout]    | |_____^
[INFO] [stdout]    |
[INFO] [stdout]    = note: this error originates in the macro `$crate::sqlx_macros::expand_query` which comes from the expansion of the macro `sqlx::query` (in Nightly builds, run with -Z macro-backtrace for more info)
[INFO] [stdout] 
[INFO] [stdout] 
[INFO] [stdout] error: error communicating with database: Connection refused (os error 111)
[INFO] [stdout]   --> src/routes/newsletters.rs:77:32
[INFO] [stdout]    |
[INFO] [stdout] 77 |       let confirmd_subscribers = sqlx::query!(
[INFO] [stdout]    |  ________________________________^
[INFO] [stdout] 78 | |         r#"
[INFO] [stdout] 79 | |         SELECT email
[INFO] [stdout] 80 | |         FROM subscriptions
[INFO] [stdout] 81 | |         WHERE status = 'confirmed'
[INFO] [stdout] 82 | |         "#,
[INFO] [stdout] 83 | |     )
[INFO] [stdout]    | |_____^
[INFO] [stdout]    |
[INFO] [stdout]    = note: this error originates in the macro `$crate::sqlx_macros::expand_query` which comes from the expansion of the macro `sqlx::query` (in Nightly builds, run with -Z macro-backtrace for more info)
[INFO] [stdout] 
[INFO] [stdout] 
[INFO] [stdout] warning: unused import: `chrono::Utc`
[INFO] [stdout]  --> src/routes/subscriptions.rs:9:5
[INFO] [stdout]   |
[INFO] [stdout] 9 | use chrono::Utc;
[INFO] [stdout]   |     ^^^^^^^^^^^
[INFO] [stdout]   |
[INFO] [stdout]   = note: `#[warn(unused_imports)]` (part of `#[warn(unused)]`) on by default
[INFO] [stdout] 
[INFO] [stdout] 
[INFO] [stdout] warning: unused import: `chrono::Utc`
[INFO] [stdout]  --> src/routes/subscriptions.rs:9:5
[INFO] [stdout]   |
[INFO] [stdout] 9 | use chrono::Utc;
[INFO] [stdout]   |     ^^^^^^^^^^^
[INFO] [stdout]   |
[INFO] [stdout]   = note: `#[warn(unused_imports)]` (part of `#[warn(unused)]`) on by default
[INFO] [stdout] 
[INFO] [stdout] 
[INFO] [stdout] warning: method call on a diverging inference variable
[INFO] [stdout]   --> src/routes/newsletters.rs:86:6
[INFO] [stdout]    |
[INFO] [stdout] 86 |     .into_iter()
[INFO] [stdout]    |      ^^^^^^^^^
[INFO] [stdout]    |
[INFO] [stdout]    = help: consider providing a type annotation
[INFO] [stdout]    = warning: this was previously accepted by the compiler but is being phased out; it will become a hard error in a future release!
[INFO] [stdout]    = note: for more information, see issue #156047 <https://github.com/rust-lang/rust/issues/156047>
[INFO] [stdout]    = note: `#[warn(method_call_on_diverging_infer_var)]` (part of `#[warn(future_incompatible)]`) on by default
[INFO] [stdout] 
[INFO] [stdout] 
[INFO] [stdout] warning: method call on a diverging inference variable
[INFO] [stdout]   --> src/routes/newsletters.rs:86:6
[INFO] [stdout]    |
[INFO] [stdout] 86 |     .into_iter()
[INFO] [stdout]    |      ^^^^^^^^^
[INFO] [stdout]    |
[INFO] [stdout]    = help: consider providing a type annotation
[INFO] [stdout]    = warning: this was previously accepted by the compiler but is being phased out; it will become a hard error in a future release!
[INFO] [stdout]    = note: for more information, see issue #156047 <https://github.com/rust-lang/rust/issues/156047>
[INFO] [stdout]    = note: `#[warn(method_call_on_diverging_infer_var)]` (part of `#[warn(future_incompatible)]`) on by default
[INFO] [stdout] 
[INFO] [stdout] 
[INFO] [stdout] error[E0599]: `!` is not an iterator
[INFO] [stdout]   --> src/routes/newsletters.rs:86:6
[INFO] [stdout]    |
[INFO] [stdout] 77 |     let confirmd_subscribers = sqlx::query!(
[INFO] [stdout] 78 |         r#"
[INFO] [stdout] 79 |         SELECT email
[INFO] [stdout] 80 |         FROM subscriptions
[INFO] [stdout] 81 |         WHERE status = 'confirmed'
[INFO] [stdout] 82 |         "#,
[INFO] [stdout] 83 |     )
[INFO] [stdout] 84 |     .fetch_all(pool)
[INFO] [stdout] 85 |     .await?
[INFO] [stdout] 86 |     .into_iter()
[INFO] [stdout]    |      ^^^^^^^^^ `!` is not an iterator
[INFO] [stdout]    |
[INFO] [stdout]    = note: the following trait bounds were not satisfied:
[INFO] [stdout]            `!: Iterator`
[INFO] [stdout]            which is required by `!: IntoIterator`
[INFO] [stdout]            `&!: Iterator`
[INFO] [stdout]            which is required by `&!: IntoIterator`
[INFO] [stdout]            `!: Iterator`
[INFO] [stdout]            which is required by `&mut !: IntoIterator`
[INFO] [stdout] 
[INFO] [stdout] 
[INFO] [stdout] error[E0599]: `!` is not an iterator
[INFO] [stdout]   --> src/routes/newsletters.rs:86:6
[INFO] [stdout]    |
[INFO] [stdout] 77 |     let confirmd_subscribers = sqlx::query!(
[INFO] [stdout] 78 |         r#"
[INFO] [stdout] 79 |         SELECT email
[INFO] [stdout] 80 |         FROM subscriptions
[INFO] [stdout] 81 |         WHERE status = 'confirmed'
[INFO] [stdout] 82 |         "#,
[INFO] [stdout] 83 |     )
[INFO] [stdout] 84 |     .fetch_all(pool)
[INFO] [stdout] 85 |     .await?
[INFO] [stdout] 86 |     .into_iter()
[INFO] [stdout]    |      ^^^^^^^^^ `!` is not an iterator
[INFO] [stdout]    |
[INFO] [stdout]    = note: the following trait bounds were not satisfied:
[INFO] [stdout]            `!: Iterator`
[INFO] [stdout]            which is required by `!: IntoIterator`
[INFO] [stdout]            `&!: Iterator`
[INFO] [stdout]            which is required by `&!: IntoIterator`
[INFO] [stdout]            `!: Iterator`
[INFO] [stdout]            which is required by `&mut !: IntoIterator`
[INFO] [stdout] 
[INFO] [stdout] 
[INFO] [stdout] For more information about this error, try `rustc --explain E0599`.
[INFO] [stdout] 
[INFO] [stderr] error: could not compile `zero2prod` (lib) due to 6 previous errors; 3 warnings emitted
[INFO] [stderr] warning: build failed, waiting for other jobs to finish...
[INFO] [stdout] For more information about this error, try `rustc --explain E0599`.
[INFO] [stdout] 
[INFO] [stderr] error: could not compile `zero2prod` (lib test) due to 6 previous errors; 3 warnings emitted
[INFO] running `Command { std: "docker" "inspect" "571df53d895ed1bef2a8d03778f08bc3fe86709952823dca521e0fd6fcf07a94", kill_on_drop: false }`
[INFO] running `Command { std: "docker" "rm" "-f" "571df53d895ed1bef2a8d03778f08bc3fe86709952823dca521e0fd6fcf07a94", kill_on_drop: false }`
[INFO] [stdout] 571df53d895ed1bef2a8d03778f08bc3fe86709952823dca521e0fd6fcf07a94
