[INFO] cloning repository https://github.com/starry-os-orangepi5p/axplat_crates
[INFO] running `Command { std: "git" "-c" "credential.helper=" "-c" "credential.helper=/workspace/cargo-home/bin/git-credential-null" "clone" "--bare" "https://github.com/starry-os-orangepi5p/axplat_crates" "/workspace/cache/git-repos/https%3A%2F%2Fgithub.com%2Fstarry-os-orangepi5p%2Faxplat_crates", kill_on_drop: false }`
[INFO] [stderr] Cloning into bare repository '/workspace/cache/git-repos/https%3A%2F%2Fgithub.com%2Fstarry-os-orangepi5p%2Faxplat_crates'...
[INFO] running `Command { std: "git" "rev-parse" "HEAD", kill_on_drop: false }`
[INFO] [stdout] 1271ee991bea1a6977eae7fff6f82d3d5b29f5ab
[INFO] checking starry-os-orangepi5p/axplat_crates against 5c543b0b8c73c7b72bc8284ced4fb22ead15734d for pr-160186
[INFO] running `Command { std: "git" "clone" "/workspace/cache/git-repos/https%3A%2F%2Fgithub.com%2Fstarry-os-orangepi5p%2Faxplat_crates" "/workspace/builds/worker-7-tc1/source", kill_on_drop: false }`
[INFO] [stderr] Cloning into '/workspace/builds/worker-7-tc1/source'...
[INFO] [stderr] done.
[INFO] removed /workspace/builds/worker-7-tc1/source/rust-toolchain.toml
[INFO] started tweaking git repo https://github.com/starry-os-orangepi5p/axplat_crates
[INFO] finished tweaking git repo https://github.com/starry-os-orangepi5p/axplat_crates
[INFO] tweaked toml for git repo https://github.com/starry-os-orangepi5p/axplat_crates written to /workspace/builds/worker-7-tc1/source/Cargo.toml
[INFO] validating manifest of git repo https://github.com/starry-os-orangepi5p/axplat_crates on toolchain 5c543b0b8c73c7b72bc8284ced4fb22ead15734d
[INFO] running `Command { std: CARGO_HOME="/workspace/cargo-home" RUSTUP_HOME="/workspace/rustup-home" "/workspace/cargo-home/bin/cargo" "+5c543b0b8c73c7b72bc8284ced4fb22ead15734d" "metadata" "--manifest-path" "Cargo.toml" "--no-deps", kill_on_drop: false }`
[INFO] crate git repo https://github.com/starry-os-orangepi5p/axplat_crates already has a lockfile, it will not be regenerated
[INFO] running `Command { std: CARGO_HOME="/workspace/cargo-home" RUSTUP_HOME="/workspace/rustup-home" "/workspace/cargo-home/bin/cargo" "+5c543b0b8c73c7b72bc8284ced4fb22ead15734d" "fetch" "--manifest-path" "Cargo.toml", kill_on_drop: false }`
[INFO] [stderr]     Updating crates.io index
[INFO] [stderr]     Updating git repository `https://github.com/Starry-Mix-THU/plic.git`
[INFO] [stderr]  Downloading crates ...
[INFO] [stderr]   Downloaded linkme v0.3.33
[INFO] [stderr]   Downloaded percpu_macros v0.2.0
[INFO] [stderr]   Downloaded percpu v0.2.0
[INFO] [stderr]   Downloaded memory_addr v0.4.0
[INFO] [stderr]   Downloaded riscv-pac v0.2.0
[INFO] [stderr]   Downloaded page_table_multiarch v0.5.5
[INFO] [stderr]   Downloaded axconfig-macros v0.2.0
[INFO] [stderr]   Downloaded riscv_goldfish v0.1.1
[INFO] [stderr]   Downloaded axconfig-gen v0.2.0
[INFO] [stderr]   Downloaded kspin v0.1.0
[INFO] [stderr]   Downloaded x86_rtc v0.1.1
[INFO] [stderr]   Downloaded multiboot v0.8.0
[INFO] [stderr]   Downloaded crate_interface v0.1.4
[INFO] [stderr]   Downloaded int_ratio v0.1.2
[INFO] [stderr]   Downloaded riscv-macros v0.2.0
[INFO] [stderr]   Downloaded uart_16550 v0.4.0
[INFO] [stderr]   Downloaded arm_pl031 v0.2.1
[INFO] [stderr]   Downloaded cargo-platform v0.2.0
[INFO] [stderr]   Downloaded camino v1.1.10
[INFO] [stderr]   Downloaded bit v0.1.1
[INFO] [stderr]   Downloaded arm_pl011 v0.1.0
[INFO] [stderr]   Downloaded arm_gicv2 v0.1.0
[INFO] [stderr]   Downloaded uart_16550 v0.3.2
[INFO] [stderr]   Downloaded loongArch64 v0.2.5
[INFO] [stderr]   Downloaded kernel_guard v0.1.2
[INFO] [stderr]   Downloaded page_table_entry v0.5.5
[INFO] [stderr]   Downloaded dw_apb_uart v0.1.0
[INFO] [stderr]   Downloaded linkme-impl v0.3.33
[INFO] [stderr]   Downloaded x2apic v0.5.0
[INFO] [stderr]   Downloaded lazyinit v0.2.2
[INFO] [stderr]   Downloaded const-str v0.6.2
[INFO] [stderr]   Downloaded axcpu v0.2.2
[INFO] [stderr]   Downloaded sbi-rt v0.0.3
[INFO] [stderr]   Downloaded tock-registers v0.8.1
[INFO] [stderr]   Downloaded volatile v0.4.6
[INFO] [stderr]   Downloaded tock-registers v0.9.0
[INFO] [stderr]   Downloaded aarch64-cpu v10.0.0
[INFO] [stderr]   Downloaded sbi-spec v0.0.7
[INFO] [stderr]   Downloaded cargo_metadata v0.20.0
[INFO] [stderr]   Downloaded cargo-util-schemas v0.2.0
[INFO] [stderr]   Downloaded serde-untagged v0.1.7
[INFO] [stderr]   Downloaded riscv v0.14.0
[INFO] [stderr]   Downloaded x86_64 v0.15.2
[INFO] [stderr]   Downloaded x86 v0.52.0
[INFO] running `Command { std: "docker" "create" "-v" "/var/lib/crater-agent-workspace/builds/worker-7-tc1/source:/opt/rustwide/workdir:ro,Z" "-v" "/var/lib/crater-agent-workspace/builds/worker-7-tc1/target:/opt/rustwide/target:rw,Z" "-v" "/var/lib/crater-agent-workspace/cargo-home:/opt/rustwide/cargo-home:ro,Z" "-v" "/var/lib/crater-agent-workspace/rustup-home:/opt/rustwide/rustup-home:ro,Z" "-m" "1610612736" "--network" "none" "ghcr.io/rust-lang/crates-build-env/linux@sha256:77db811e55d90add9212f6832c23229e3de5f1c1f9905e8cb07319ea15df73ac" "sleep" "infinity", kill_on_drop: false }`
[INFO] [stdout] 5495e77c3037bab8249d8a6fa7f043812ede9b935c1542dacde9eb9d23c0cd79
[INFO] running `Command { std: "docker" "start" "5495e77c3037bab8249d8a6fa7f043812ede9b935c1542dacde9eb9d23c0cd79", kill_on_drop: false }`
[INFO] running `Command { std: "docker" "inspect" "5495e77c3037bab8249d8a6fa7f043812ede9b935c1542dacde9eb9d23c0cd79", kill_on_drop: false }`
[INFO] running `Command { std: "docker" "exec" "-e" "SOURCE_DIR=/opt/rustwide/workdir" "-e" "CARGO_HOME=/opt/rustwide/cargo-home" "-e" "RUSTUP_HOME=/opt/rustwide/rustup-home" "-e" "CARGO_TARGET_DIR=/opt/rustwide/target" "-w" "/opt/rustwide/workdir" "--user" "0:0" "5495e77c3037bab8249d8a6fa7f043812ede9b935c1542dacde9eb9d23c0cd79" "/opt/rustwide/cargo-home/bin/cargo" "+5c543b0b8c73c7b72bc8284ced4fb22ead15734d" "metadata" "--no-deps" "--format-version=1", kill_on_drop: false }`
[INFO] running `Command { std: "docker" "inspect" "5495e77c3037bab8249d8a6fa7f043812ede9b935c1542dacde9eb9d23c0cd79", kill_on_drop: false }`
[INFO] running `Command { std: "docker" "exec" "-e" "SOURCE_DIR=/opt/rustwide/workdir" "-e" "CARGO_HOME=/opt/rustwide/cargo-home" "-e" "RUSTUP_HOME=/opt/rustwide/rustup-home" "-e" "CARGO_TARGET_DIR=/opt/rustwide/target" "-e" "CARGO_INCREMENTAL=0" "-e" "RUST_BACKTRACE=full" "-e" "RUSTFLAGS=--cap-lints=forbid" "-e" "RUSTDOCFLAGS=--cap-lints=forbid" "-w" "/opt/rustwide/workdir" "--user" "0:0" "5495e77c3037bab8249d8a6fa7f043812ede9b935c1542dacde9eb9d23c0cd79" "/opt/rustwide/cargo-home/bin/cargo" "+5c543b0b8c73c7b72bc8284ced4fb22ead15734d" "check" "--frozen" "--all" "--all-targets" "--message-format=json", kill_on_drop: false }`
[INFO] [stderr]     Checking bitflags v2.9.1
[INFO] [stderr]    Compiling x86 v0.52.0
[INFO] [stderr]     Checking volatile v0.4.6
[INFO] [stderr]    Compiling utf8parse v0.2.2
[INFO] [stderr]     Checking memory_addr v0.4.0
[INFO] [stderr]    Compiling linkme-impl v0.3.33
[INFO] [stderr]    Compiling rustversion v1.0.21
[INFO] [stderr]     Checking raw-cpuid v10.7.0
[INFO] [stderr]    Compiling percpu v0.2.0
[INFO] [stderr]    Compiling is_terminal_polyfill v1.70.1
[INFO] [stderr]    Compiling anstyle v1.0.11
[INFO] [stderr]    Compiling colorchoice v1.0.4
[INFO] [stderr]    Compiling anstyle-query v1.1.3
[INFO] [stderr]     Checking const-str v0.6.2
[INFO] [stderr]    Compiling crate_interface v0.1.4
[INFO] [stderr]    Compiling clap_derive v4.5.40
[INFO] [stderr]    Compiling percpu_macros v0.2.0
[INFO] [stderr]    Compiling anstyle-parse v0.2.7
[INFO] [stderr]     Checking spin v0.9.8
[INFO] [stderr]    Compiling axplat-macros v0.1.0 (/opt/rustwide/workdir/axplat-macros)
[INFO] [stderr]    Compiling clap_lex v0.7.5
[INFO] [stderr]    Compiling indexmap v2.10.0
[INFO] [stderr]    Compiling toml_write v0.1.2
[INFO] [stderr]     Checking log v0.4.27
[INFO] [stderr]     Checking lazyinit v0.2.2
[INFO] [stderr]    Compiling zerofrom-derive v0.1.6
[INFO] [stderr]     Checking int_ratio v0.1.2
[INFO] [stderr]    Compiling yoke-derive v0.8.0
[INFO] [stderr]    Compiling serde_derive v1.0.219
[INFO] [stderr]    Compiling anstream v0.6.19
[INFO] [stderr]    Compiling zerovec-derive v0.11.1
[INFO] [stderr]    Compiling displaydoc v0.2.5
[INFO] [stderr]     Checking tock-registers v0.8.1
[INFO] [stderr]     Checking chrono v0.4.41
[INFO] [stderr]     Checking tock-registers v0.9.0
[INFO] [stderr]     Checking kernel_guard v0.1.2
[INFO] [stderr]     Checking arm_pl011 v0.1.0
[INFO] [stderr]     Checking kspin v0.1.0
[INFO] [stderr]     Checking arm_gicv2 v0.1.0
[INFO] [stderr]     Checking x86_64 v0.15.2
[INFO] [stderr]     Checking hash32 v0.3.1
[INFO] [stderr]     Checking aarch64-cpu v10.0.0
[INFO] [stderr]     Checking bit v0.1.1
[INFO] [stderr]    Compiling axplat-x86-pc v0.1.1 (/opt/rustwide/workdir/platforms/axplat-x86-pc)
[INFO] [stderr]     Checking axplat v0.1.0 (/opt/rustwide/workdir/axplat)
[INFO] [stderr]     Checking heapless v0.8.0
[INFO] [stderr]     Checking multiboot v0.8.0
[INFO] [stderr]     Checking raw-cpuid v11.5.0
[INFO] [stderr]    Compiling clap_builder v4.5.40
[INFO] [stderr]     Checking arm_pl031 v0.2.1
[INFO] [stderr]     Checking percent-encoding v2.3.1
[INFO] [stderr]     Checking linkme v0.3.33
[INFO] [stderr]    Compiling semver v1.0.26
[INFO] [stderr]     Checking winnow v0.7.11
[INFO] [stderr]     Checking form_urlencoded v1.2.1
[INFO] [stdout] error[E0046]: not all trait items implemented, missing: `forward_overflowing`, `backward_overflowing`
[INFO] [stdout]    --> /opt/rustwide/cargo-home/registry/src/index.crates.io-1949cf8c6b5b557f/x86_64-0.15.2/src/addr.rs:404:1
[INFO] [stdout]     |
[INFO] [stdout] 404 | impl Step for VirtAddr {
[INFO] [stdout]     | ^^^^^^^^^^^^^^^^^^^^^^ missing `forward_overflowing`, `backward_overflowing` in implementation
[INFO] [stdout]     |
[INFO] [stdout]     = help: implement the missing item: `fn forward_overflowing(_: Self, _: usize) -> (Self, bool) { todo!() }`
[INFO] [stdout]     = help: implement the missing item: `fn backward_overflowing(_: Self, _: usize) -> (Self, bool) { todo!() }`
[INFO] [stdout] 
[INFO] [stdout] 
[INFO] [stderr]    Compiling toml_edit v0.22.27
[INFO] [stderr]     Checking ordered-float v2.10.1
[INFO] [stdout] error[E0046]: not all trait items implemented, missing: `forward_overflowing`, `backward_overflowing`
[INFO] [stdout]    --> /opt/rustwide/cargo-home/registry/src/index.crates.io-1949cf8c6b5b557f/x86_64-0.15.2/src/structures/paging/page.rs:306:1
[INFO] [stdout]     |
[INFO] [stdout] 306 | impl<S: PageSize> Step for Page<S> {
[INFO] [stdout]     | ^^^^^^^^^^^^^^^^^^^^^^^^^^^^^^^^^^ missing `forward_overflowing`, `backward_overflowing` in implementation
[INFO] [stdout]     |
[INFO] [stdout]     = help: implement the missing item: `fn forward_overflowing(_: Self, _: usize) -> (Self, bool) { todo!() }`
[INFO] [stdout]     = help: implement the missing item: `fn backward_overflowing(_: Self, _: usize) -> (Self, bool) { todo!() }`
[INFO] [stdout] 
[INFO] [stdout] 
[INFO] [stdout] error[E0046]: not all trait items implemented, missing: `forward_overflowing`, `backward_overflowing`
[INFO] [stdout]    --> /opt/rustwide/cargo-home/registry/src/index.crates.io-1949cf8c6b5b557f/x86_64-0.15.2/src/structures/paging/page_table.rs:354:1
[INFO] [stdout]     |
[INFO] [stdout] 354 | impl Step for PageTableIndex {
[INFO] [stdout]     | ^^^^^^^^^^^^^^^^^^^^^^^^^^^^ missing `forward_overflowing`, `backward_overflowing` in implementation
[INFO] [stdout]     |
[INFO] [stdout]     = help: implement the missing item: `fn forward_overflowing(_: Self, _: usize) -> (Self, bool) { todo!() }`
[INFO] [stdout]     = help: implement the missing item: `fn backward_overflowing(_: Self, _: usize) -> (Self, bool) { todo!() }`
[INFO] [stdout] 
[INFO] [stdout] 
[INFO] [stderr]    Compiling thiserror-impl v1.0.69
[INFO] [stderr]    Compiling camino v1.1.10
[INFO] [stderr]    Compiling serde_json v1.0.140
[INFO] [stderr]     Checking zerofrom v0.1.6
[INFO] [stderr]     Checking yoke v0.8.0
[INFO] [stderr]     Checking proc-macro2 v1.0.95
[INFO] [stderr]    Compiling thiserror-impl v2.0.12
[INFO] [stderr]    Compiling riscv v0.14.0
[INFO] [stderr]    Compiling riscv-macros v0.2.0
[INFO] [stderr]    Compiling irq-kernel v0.1.0 (/opt/rustwide/workdir/examples/irq-kernel)
[INFO] [stderr]     Checking zerovec v0.11.2
[INFO] [stderr]     Checking zerotrie v0.2.2
[INFO] [stdout] For more information about this error, try `rustc --explain E0046`.
[INFO] [stdout] 
[INFO] [stderr]     Checking uart_16550 v0.3.2
[INFO] [stderr] error: could not compile `x86_64` (lib) due to 3 previous errors
[INFO] [stderr] warning: build failed, waiting for other jobs to finish...
[INFO] running `Command { std: "docker" "inspect" "5495e77c3037bab8249d8a6fa7f043812ede9b935c1542dacde9eb9d23c0cd79", kill_on_drop: false }`
[INFO] running `Command { std: "docker" "rm" "-f" "5495e77c3037bab8249d8a6fa7f043812ede9b935c1542dacde9eb9d23c0cd79", kill_on_drop: false }`
[INFO] [stdout] 5495e77c3037bab8249d8a6fa7f043812ede9b935c1542dacde9eb9d23c0cd79
