[INFO] cloning repository https://github.com/slonka/heliboard-stt
[INFO] running `Command { std: "git" "-c" "credential.helper=" "-c" "credential.helper=/workspace/cargo-home/bin/git-credential-null" "clone" "--bare" "https://github.com/slonka/heliboard-stt" "/workspace/cache/git-repos/https%3A%2F%2Fgithub.com%2Fslonka%2Fheliboard-stt", kill_on_drop: false }`
[INFO] [stderr] Cloning into bare repository '/workspace/cache/git-repos/https%3A%2F%2Fgithub.com%2Fslonka%2Fheliboard-stt'...
[INFO] running `Command { std: "git" "rev-parse" "HEAD", kill_on_drop: false }`
[INFO] [stdout] 36645624142b061145c9fced2a0b02c0201db5de
[INFO] checking slonka/heliboard-stt against 895980e0290783bb09b1ccf1b11f14eb09b10430 for pr-160186
[INFO] running `Command { std: "git" "clone" "/workspace/cache/git-repos/https%3A%2F%2Fgithub.com%2Fslonka%2Fheliboard-stt" "/workspace/builds/worker-1-tc2/source", kill_on_drop: false }`
[INFO] [stderr] Cloning into '/workspace/builds/worker-1-tc2/source'...
[INFO] [stderr] done.
[INFO] removed /workspace/builds/worker-1-tc2/source/.cargo/config.toml
[INFO] started tweaking git repo https://github.com/slonka/heliboard-stt
[INFO] finished tweaking git repo https://github.com/slonka/heliboard-stt
[INFO] tweaked toml for git repo https://github.com/slonka/heliboard-stt written to /workspace/builds/worker-1-tc2/source/Cargo.toml
[INFO] validating manifest of git repo https://github.com/slonka/heliboard-stt on toolchain 895980e0290783bb09b1ccf1b11f14eb09b10430
[INFO] running `Command { std: CARGO_HOME="/workspace/cargo-home" RUSTUP_HOME="/workspace/rustup-home" "/workspace/cargo-home/bin/cargo" "+895980e0290783bb09b1ccf1b11f14eb09b10430" "metadata" "--manifest-path" "Cargo.toml" "--no-deps", kill_on_drop: false }`
[INFO] crate git repo https://github.com/slonka/heliboard-stt already has a lockfile, it will not be regenerated
[INFO] running `Command { std: CARGO_HOME="/workspace/cargo-home" RUSTUP_HOME="/workspace/rustup-home" "/workspace/cargo-home/bin/cargo" "+895980e0290783bb09b1ccf1b11f14eb09b10430" "fetch" "--manifest-path" "Cargo.toml", kill_on_drop: false }`
[INFO] running `Command { std: "docker" "create" "-v" "/var/lib/crater-agent-workspace/builds/worker-1-tc2/source:/opt/rustwide/workdir:ro,Z" "-v" "/var/lib/crater-agent-workspace/builds/worker-1-tc2/target:/opt/rustwide/target:rw,Z" "-v" "/var/lib/crater-agent-workspace/cargo-home:/opt/rustwide/cargo-home:ro,Z" "-v" "/var/lib/crater-agent-workspace/rustup-home:/opt/rustwide/rustup-home:ro,Z" "-m" "1610612736" "--network" "none" "ghcr.io/rust-lang/crates-build-env/linux@sha256:77db811e55d90add9212f6832c23229e3de5f1c1f9905e8cb07319ea15df73ac" "sleep" "infinity", kill_on_drop: false }`
[INFO] [stdout] b245a625b15353a5d51bbf991b10b97e71bdd23e667430229001b2fe36f11b65
[INFO] running `Command { std: "docker" "start" "b245a625b15353a5d51bbf991b10b97e71bdd23e667430229001b2fe36f11b65", kill_on_drop: false }`
[INFO] running `Command { std: "docker" "inspect" "b245a625b15353a5d51bbf991b10b97e71bdd23e667430229001b2fe36f11b65", kill_on_drop: false }`
[INFO] running `Command { std: "docker" "exec" "-e" "SOURCE_DIR=/opt/rustwide/workdir" "-e" "CARGO_HOME=/opt/rustwide/cargo-home" "-e" "RUSTUP_HOME=/opt/rustwide/rustup-home" "-e" "CARGO_TARGET_DIR=/opt/rustwide/target" "-w" "/opt/rustwide/workdir" "--user" "0:0" "b245a625b15353a5d51bbf991b10b97e71bdd23e667430229001b2fe36f11b65" "/opt/rustwide/cargo-home/bin/cargo" "+895980e0290783bb09b1ccf1b11f14eb09b10430" "metadata" "--no-deps" "--format-version=1", kill_on_drop: false }`
[INFO] running `Command { std: "docker" "inspect" "b245a625b15353a5d51bbf991b10b97e71bdd23e667430229001b2fe36f11b65", kill_on_drop: false }`
[INFO] running `Command { std: "docker" "exec" "-e" "SOURCE_DIR=/opt/rustwide/workdir" "-e" "CARGO_HOME=/opt/rustwide/cargo-home" "-e" "RUSTUP_HOME=/opt/rustwide/rustup-home" "-e" "CARGO_TARGET_DIR=/opt/rustwide/target" "-e" "CARGO_INCREMENTAL=0" "-e" "RUST_BACKTRACE=full" "-e" "RUSTFLAGS=--cap-lints=forbid" "-e" "RUSTDOCFLAGS=--cap-lints=forbid" "-w" "/opt/rustwide/workdir" "--user" "0:0" "b245a625b15353a5d51bbf991b10b97e71bdd23e667430229001b2fe36f11b65" "/opt/rustwide/cargo-home/bin/cargo" "+895980e0290783bb09b1ccf1b11f14eb09b10430" "check" "--frozen" "--all" "--all-targets" "--message-format=json", kill_on_drop: false }`
[INFO] [stderr]    Compiling typenum v1.19.0
[INFO] [stderr]    Compiling syn v2.0.117
[INFO] [stderr]    Compiling openssl-sys v0.9.111
[INFO] [stderr]    Compiling generic-array v0.14.7
[INFO] [stderr]    Compiling prettyplease v0.2.37
[INFO] [stderr]    Compiling httparse v1.10.1
[INFO] [stderr]    Compiling rustix v1.1.4
[INFO] [stderr]    Compiling regex-syntax v0.8.9
[INFO] [stderr]    Compiling either v1.15.0
[INFO] [stderr]    Compiling rustix v0.38.44
[INFO] [stderr]    Compiling nom v7.1.3
[INFO] [stderr]     Checking ring v0.17.14
[INFO] [stderr]     Checking serde_core v1.0.228
[INFO] [stderr]    Compiling native-tls v0.2.18
[INFO] [stderr]    Compiling base64ct v1.8.3
[INFO] [stderr]    Compiling linux-raw-sys v0.12.1
[INFO] [stderr]    Compiling bindgen v0.69.5
[INFO] [stderr]    Compiling openssl v0.10.75
[INFO] [stderr]    Compiling http v1.4.0
[INFO] [stderr]    Compiling clang-sys v1.8.1
[INFO] [stderr]     Checking ppv-lite86 v0.2.21
[INFO] [stderr]    Compiling itertools v0.12.1
[INFO] [stderr]    Compiling pem-rfc7468 v0.7.0
[INFO] [stderr]    Compiling rustls-pki-types v1.14.0
[INFO] [stderr]    Compiling base64 v0.22.1
[INFO] [stderr]     Checking bitflags v2.11.0
[INFO] [stderr]    Compiling openssl-probe v0.2.1
[INFO] [stderr]    Compiling mime_guess v2.0.5
[INFO] [stderr]    Compiling socks v0.3.4
[INFO] [stderr]    Compiling der v0.7.10
[INFO] [stderr]    Compiling webpki-root-certs v1.0.6
[INFO] [stderr]    Compiling filetime v0.2.27
[INFO] [stderr]    Compiling cmake v0.1.57
[INFO] [stderr]    Compiling utf-8 v0.7.6
[INFO] [stderr]     Checking rustls-webpki v0.103.9
[INFO] [stderr]     Checking rustls-native-certs v0.8.3
[INFO] [stderr]    Compiling flate2 v1.1.9
[INFO] [stderr]     Checking getrandom v0.3.4
[INFO] [stderr]    Compiling ureq-proto v0.5.3
[INFO] [stderr]     Checking rand_core v0.6.4
[INFO] [stderr]    Compiling matrixmultiply v0.3.10
[INFO] [stderr]     Checking rand_chacha v0.3.1
[INFO] [stderr]     Checking rand_core v0.9.5
[INFO] [stderr]    Compiling alsa-sys v0.3.1
[INFO] [stderr]     Checking rustls v0.23.36
[INFO] [stderr]    Compiling regex-automata v0.4.14
[INFO] [stderr]     Checking rand_chacha v0.9.0
[INFO] [stderr]     Checking rand v0.8.5
[INFO] [stderr]     Checking num-complex v0.4.6
[INFO] [stderr]     Checking num-integer v0.1.46
[INFO] [stderr]    Compiling crypto-common v0.1.7
[INFO] [stderr]    Compiling block-buffer v0.10.4
[INFO] [stderr]    Compiling which v4.4.2
[INFO] [stderr]    Compiling digest v0.10.7
[INFO] [stderr]     Checking is-terminal v0.4.17
[INFO] [stderr]     Checking instant v0.1.13
[INFO] [stderr]    Compiling whisper-rs v0.13.2
[INFO] [stderr]     Checking env_logger v0.10.2
[INFO] [stderr]     Checking rand v0.9.2
[INFO] [stderr]    Compiling sha2 v0.10.9
[INFO] [stderr]     Checking smallvec v2.0.0-alpha.10
[INFO] [stderr]     Checking combine v4.6.7
[INFO] [stderr]     Checking ndarray v0.16.1
[INFO] [stderr]     Checking cesu8 v1.1.0
[INFO] [stderr]     Checking android_log-sys v0.3.2
[INFO] [stderr]    Compiling cexpr v0.6.0
[INFO] [stderr]     Checking jni-sys v0.3.0
[INFO] [stderr]     Checking alsa v0.9.1
[INFO] [stderr]     Checking android_logger v0.13.3
[INFO] [stderr]     Checking serde_json v1.0.149
[INFO] [stderr]    Compiling xattr v1.6.1
[INFO] [stderr]    Compiling tar v0.4.44
[INFO] [stderr]     Checking eventsource-stream v0.2.3
[INFO] [stderr]    Compiling regex v1.12.3
[INFO] [stderr]     Checking cpal v0.15.3
[INFO] [stderr]    Compiling synstructure v0.13.2
[INFO] [stderr]    Compiling darling_core v0.20.11
[INFO] [stderr]    Compiling zerovec-derive v0.11.2
[INFO] [stderr]    Compiling displaydoc v0.2.5
[INFO] [stderr]    Compiling tokio-macros v2.6.0
[INFO] [stderr]    Compiling futures-macro v0.3.32
[INFO] [stderr]    Compiling openssl-macros v0.1.1
[INFO] [stderr]    Compiling tracing-attributes v0.1.31
[INFO] [stderr]    Compiling serde_derive v1.0.228
[INFO] [stderr]    Compiling thiserror-impl v1.0.69
[INFO] [stderr]    Compiling thiserror-impl v2.0.18
[INFO] [stderr]    Compiling async-openai-macros v0.1.1
[INFO] [stderr]    Compiling async-trait v0.1.89
[INFO] [stderr]    Compiling zerofrom-derive v0.1.6
[INFO] [stderr]    Compiling yoke-derive v0.8.1
[INFO] [stderr]     Checking tokio v1.49.0
[INFO] [stderr]     Checking futures-util v0.3.32
[INFO] [stderr]     Checking zerofrom v0.1.6
[INFO] [stderr]     Checking tracing v0.1.44
[INFO] [stderr]     Checking thiserror v2.0.18
[INFO] [stderr]     Checking thiserror v1.0.69
[INFO] [stderr]     Checking yoke v0.8.1
[INFO] [stderr]     Checking zerovec v0.11.5
[INFO] [stderr]     Checking zerotrie v0.2.3
[INFO] [stderr]    Compiling darling_macro v0.20.11
[INFO] [stderr]     Checking tinystr v0.8.2
[INFO] [stderr]     Checking potential_utf v0.1.4
[INFO] [stderr]    Compiling darling v0.20.11
[INFO] [stderr]     Checking icu_collections v2.1.1
[INFO] [stderr]    Compiling derive_builder_core v0.20.2
[INFO] [stderr]     Checking icu_locale_core v2.1.1
[INFO] [stderr]     Checking serde v1.0.228
[INFO] [stderr]     Checking serde_urlencoded v0.7.1
[INFO] [stderr]     Checking secrecy v0.10.3
[INFO] [stderr]     Checking jni v0.21.1
[INFO] [stderr]    Compiling derive_builder_macro v0.20.2
[INFO] [stderr]     Checking icu_provider v2.1.1
[INFO] [stderr]     Checking futures-executor v0.3.32
[INFO] [stderr]     Checking derive_builder v0.20.2
[INFO] [stderr]     Checking futures v0.3.32
[INFO] [stderr]     Checking icu_properties v2.1.2
[INFO] [stderr]     Checking icu_normalizer v2.1.1
[INFO] [stderr]    Compiling ureq v3.2.0
[INFO] [stderr]     Checking hyper v1.8.1
[INFO] [stderr]     Checking tower v0.5.3
[INFO] [stderr]     Checking tokio-rustls v0.26.4
[INFO] [stderr]     Checking tokio-util v0.7.18
[INFO] [stderr]     Checking tokio-stream v0.1.18
[INFO] [stderr]     Checking backoff v0.4.0
[INFO] [stderr]     Checking idna_adapter v1.2.1
[INFO] [stderr]     Checking idna v1.1.0
[INFO] [stderr]     Checking url v2.5.8
[INFO] [stderr]     Checking tower-http v0.6.8
[INFO] [stderr]    Compiling whisper-rs-sys v0.11.1
[INFO] [stderr]     Checking hyper-util v0.1.20
[INFO] [stderr]    Compiling ort-sys v2.0.0-rc.10
[INFO] [stderr]     Checking hyper-rustls v0.27.7
[INFO] [stderr]     Checking reqwest v0.12.28
[INFO] [stderr] error: failed to run custom build command for `ort-sys v2.0.0-rc.10`
[INFO] [stderr] note: To improve backtraces for build dependencies, set the CARGO_PROFILE_DEV_BUILD_OVERRIDE_DEBUG=true environment variable to enable debug information generation.
[INFO] [stderr] 
[INFO] [stderr] Caused by:
[INFO] [stderr]   process didn't exit successfully: `/opt/rustwide/target/debug/build/ort-sys/ff3e22cf8751ec97/out/build_script_build` (exit status: 101)
[INFO] [stderr]   --- stdout
[INFO] [stderr]   cargo:rerun-if-env-changed=LIBONNXRUNTIME_NO_PKG_CONFIG
[INFO] [stderr]   cargo:rerun-if-env-changed=PKG_CONFIG_x86_64-unknown-linux-gnu
[INFO] [stderr]   cargo:rerun-if-env-changed=PKG_CONFIG_x86_64_unknown_linux_gnu
[INFO] [stderr]   cargo:rerun-if-env-changed=HOST_PKG_CONFIG
[INFO] [stderr]   cargo:rerun-if-env-changed=PKG_CONFIG
[INFO] [stderr]   cargo:rerun-if-env-changed=LIBONNXRUNTIME_STATIC
[INFO] [stderr]   cargo:rerun-if-env-changed=LIBONNXRUNTIME_DYNAMIC
[INFO] [stderr]   cargo:rerun-if-env-changed=PKG_CONFIG_ALL_STATIC
[INFO] [stderr]   cargo:rerun-if-env-changed=PKG_CONFIG_ALL_DYNAMIC
[INFO] [stderr]   cargo:rerun-if-env-changed=PKG_CONFIG_PATH_x86_64-unknown-linux-gnu
[INFO] [stderr]   cargo:rerun-if-env-changed=PKG_CONFIG_PATH_x86_64_unknown_linux_gnu
[INFO] [stderr]   cargo:rerun-if-env-changed=HOST_PKG_CONFIG_PATH
[INFO] [stderr]   cargo:rerun-if-env-changed=PKG_CONFIG_PATH
[INFO] [stderr]   cargo:rerun-if-env-changed=PKG_CONFIG_LIBDIR_x86_64-unknown-linux-gnu
[INFO] [stderr]   cargo:rerun-if-env-changed=PKG_CONFIG_LIBDIR_x86_64_unknown_linux_gnu
[INFO] [stderr]   cargo:rerun-if-env-changed=HOST_PKG_CONFIG_LIBDIR
[INFO] [stderr]   cargo:rerun-if-env-changed=PKG_CONFIG_LIBDIR
[INFO] [stderr]   cargo:rerun-if-env-changed=PKG_CONFIG_SYSROOT_DIR_x86_64-unknown-linux-gnu
[INFO] [stderr]   cargo:rerun-if-env-changed=PKG_CONFIG_SYSROOT_DIR_x86_64_unknown_linux_gnu
[INFO] [stderr]   cargo:rerun-if-env-changed=HOST_PKG_CONFIG_SYSROOT_DIR
[INFO] [stderr]   cargo:rerun-if-env-changed=PKG_CONFIG_SYSROOT_DIR
[INFO] [stderr]   onnxruntime not found using pkg-config, falling back to manual setup.
[INFO] [stderr]   cargo:rerun-if-env-changed=ORT_LIB_LOCATION
[INFO] [stderr]   cargo:rerun-if-env-changed=ORT_LIB_PROFILE
[INFO] [stderr]   cargo:rerun-if-env-changed=ORT_PREFER_DYNAMIC_LINK
[INFO] [stderr]   cargo:rerun-if-env-changed=ORT_SKIP_DOWNLOAD
[INFO] [stderr]   cargo:rerun-if-env-changed=ORT_CXX_STDLIB
[INFO] [stderr]   cargo:rerun-if-env-changed=CXXSTDLIB
[INFO] [stderr]   selected feature set: none
[INFO] [stderr] 
[INFO] [stderr]   --- stderr
[INFO] [stderr] 
[INFO] [stderr]   thread 'main' (1652) panicked at /opt/rustwide/cargo-home/registry/src/index.crates.io-1949cf8c6b5b557f/ort-sys-2.0.0-rc.10/build.rs:53:27:
[INFO] [stderr]   Failed to GET `https://cdn.pyke.io/0/pyke:ort-rs/ms@1.22.0/x86_64-unknown-linux-gnu.tgz`: io: failed to lookup address information: Temporary failure in name resolution
[INFO] [stderr]   stack backtrace:
[INFO] [stderr]      0:     0x5bbb265c68a1 - std[199b7d4623cde377]::backtrace_rs::backtrace::libunwind::trace
[INFO] [stderr]                                  at /rustc/895980e0290783bb09b1ccf1b11f14eb09b10430/library/std/src/../../backtrace/src/backtrace/libunwind.rs:117:9
[INFO] [stderr]      1:     0x5bbb265c68a1 - std[199b7d4623cde377]::backtrace_rs::backtrace::trace_unsynchronized::<std[199b7d4623cde377]::sys::backtrace::_print_fmt::{closure#1}>
[INFO] [stderr]                                  at /rustc/895980e0290783bb09b1ccf1b11f14eb09b10430/library/std/src/../../backtrace/src/backtrace/mod.rs:66:14
[INFO] [stderr]      2:     0x5bbb265c68a1 - std[199b7d4623cde377]::sys::backtrace::_print_fmt
[INFO] [stderr]                                  at /rustc/895980e0290783bb09b1ccf1b11f14eb09b10430/library/std/src/sys/backtrace.rs:74:9
[INFO] [stderr]      3:     0x5bbb265c68a1 - <<std[199b7d4623cde377]::sys::backtrace::BacktraceLock>::print::DisplayBacktrace as core[56f95fd562b2fc85]::fmt::Display>::fmt
[INFO] [stderr]                                  at /rustc/895980e0290783bb09b1ccf1b11f14eb09b10430/library/std/src/sys/backtrace.rs:44:26
[INFO] [stderr]      4:     0x5bbb265db6ba - <core[56f95fd562b2fc85]::fmt::rt::Argument>::fmt
[INFO] [stderr]                                  at /rustc/895980e0290783bb09b1ccf1b11f14eb09b10430/library/core/src/fmt/rt.rs:152:76
[INFO] [stderr]      5:     0x5bbb265db6ba - core[56f95fd562b2fc85]::fmt::write
[INFO] [stderr]      6:     0x5bbb265cb2fc - core[56f95fd562b2fc85]::io::write::default_write_fmt::<std[199b7d4623cde377]::sys::stdio::unix::Stderr>
[INFO] [stderr]                                  at /rustc/895980e0290783bb09b1ccf1b11f14eb09b10430/library/core/src/io/write.rs:402:11
[INFO] [stderr]      7:     0x5bbb265cb2fc - <std[199b7d4623cde377]::sys::stdio::unix::Stderr as core[56f95fd562b2fc85]::io::write::Write>::write_fmt
[INFO] [stderr]                                  at /rustc/895980e0290783bb09b1ccf1b11f14eb09b10430/library/core/src/io/write.rs:335:13
[INFO] [stderr]      8:     0x5bbb265a2606 - <std[199b7d4623cde377]::sys::backtrace::BacktraceLock>::print
[INFO] [stderr]                                  at /rustc/895980e0290783bb09b1ccf1b11f14eb09b10430/library/std/src/sys/backtrace.rs:47:9
[INFO] [stderr]      9:     0x5bbb265a2606 - std[199b7d4623cde377]::panicking::default_hook::{closure#0}
[INFO] [stderr]                                  at /rustc/895980e0290783bb09b1ccf1b11f14eb09b10430/library/std/src/panicking.rs:289:27
[INFO] [stderr]     10:     0x5bbb265bfc51 - std[199b7d4623cde377]::panicking::default_hook
[INFO] [stderr]                                  at /rustc/895980e0290783bb09b1ccf1b11f14eb09b10430/library/std/src/panicking.rs:316:9
[INFO] [stderr]     11:     0x5bbb265bff7b - std[199b7d4623cde377]::panicking::panic_with_hook
[INFO] [stderr]                                  at /rustc/895980e0290783bb09b1ccf1b11f14eb09b10430/library/std/src/panicking.rs:811:13
[INFO] [stderr]     12:     0x5bbb265a26b2 - std[199b7d4623cde377]::panicking::panic_handler::{closure#0}
[INFO] [stderr]                                  at /rustc/895980e0290783bb09b1ccf1b11f14eb09b10430/library/std/src/panicking.rs:685:13
[INFO] [stderr]     13:     0x5bbb2659ac19 - std[199b7d4623cde377]::sys::backtrace::__rust_end_short_backtrace::<std[199b7d4623cde377]::panicking::panic_handler::{closure#0}, !>
[INFO] [stderr]                                  at /rustc/895980e0290783bb09b1ccf1b11f14eb09b10430/library/std/src/sys/backtrace.rs:182:18
[INFO] [stderr]     14:     0x5bbb265a346d - __rustc[9091a1772f8167df]::rust_begin_unwind
[INFO] [stderr]                                  at /rustc/895980e0290783bb09b1ccf1b11f14eb09b10430/library/std/src/panicking.rs:676:5
[INFO] [stderr]     15:     0x5bbb265dbeac - core[56f95fd562b2fc85]::panicking::panic_fmt
[INFO] [stderr]                                  at /rustc/895980e0290783bb09b1ccf1b11f14eb09b10430/library/core/src/panicking.rs:80:14
[INFO] [stderr]     16:     0x5bbb26439c59 - build_script_build[e2a039b2b9b49a59]::fetch_file::{closure#0}
[INFO] [stderr]     17:     0x5bbb26430fef - <core[56f95fd562b2fc85]::result::Result<http[99768638a424c66]::response::Response<ureq[92453b31e2730b9a]::body::Body>, ureq[92453b31e2730b9a]::error::Error>>::unwrap_or_else::<build_script_build[e2a039b2b9b49a59]::fetch_file::{closure#0}>
[INFO] [stderr]     18:     0x5bbb2643ab6f - build_script_build[e2a039b2b9b49a59]::fetch_file
[INFO] [stderr]     19:     0x5bbb264432ee - build_script_build[e2a039b2b9b49a59]::prepare_libort_dir
[INFO] [stderr]     20:     0x5bbb26446174 - build_script_build[e2a039b2b9b49a59]::real_main
[INFO] [stderr]     21:     0x5bbb26445e80 - build_script_build[e2a039b2b9b49a59]::main
[INFO] [stderr]     22:     0x5bbb26438613 - <fn() as core[56f95fd562b2fc85]::ops::function::FnOnce<()>>::call_once
[INFO] [stderr]     23:     0x5bbb2642be7e - std[199b7d4623cde377]::sys::backtrace::__rust_begin_short_backtrace::<fn(), ()>
[INFO] [stderr]     24:     0x5bbb26434329 - std[199b7d4623cde377]::rt::lang_start::<()>::{closure#0}
[INFO] [stderr]     25:     0x5bbb265bf0b8 - <&dyn core[56f95fd562b2fc85]::ops::function::Fn<(), Output = i32> + core[56f95fd562b2fc85]::panic::unwind_safe::RefUnwindSafe + core[56f95fd562b2fc85]::marker::Sync as core[56f95fd562b2fc85]::ops::function::FnOnce<()>>::call_once
[INFO] [stderr]                                  at /rustc/895980e0290783bb09b1ccf1b11f14eb09b10430/library/core/src/ops/function.rs:287:21
[INFO] [stderr]     26:     0x5bbb265bf0b8 - std[199b7d4623cde377]::panicking::catch_unwind::do_call::<&dyn core[56f95fd562b2fc85]::ops::function::Fn<(), Output = i32> + core[56f95fd562b2fc85]::panic::unwind_safe::RefUnwindSafe + core[56f95fd562b2fc85]::marker::Sync, i32>
[INFO] [stderr]                                  at /rustc/895980e0290783bb09b1ccf1b11f14eb09b10430/library/std/src/panicking.rs:573:43
[INFO] [stderr]     27:     0x5bbb265bf0b8 - std[199b7d4623cde377]::panicking::catch_unwind::<i32, &dyn core[56f95fd562b2fc85]::ops::function::Fn<(), Output = i32> + core[56f95fd562b2fc85]::panic::unwind_safe::RefUnwindSafe + core[56f95fd562b2fc85]::marker::Sync>
[INFO] [stderr]                                  at /rustc/895980e0290783bb09b1ccf1b11f14eb09b10430/library/std/src/panicking.rs:541:19
[INFO] [stderr]     28:     0x5bbb265bf0b8 - std[199b7d4623cde377]::panic::catch_unwind::<&dyn core[56f95fd562b2fc85]::ops::function::Fn<(), Output = i32> + core[56f95fd562b2fc85]::panic::unwind_safe::RefUnwindSafe + core[56f95fd562b2fc85]::marker::Sync, i32>
[INFO] [stderr]                                  at /rustc/895980e0290783bb09b1ccf1b11f14eb09b10430/library/std/src/panic.rs:359:14
[INFO] [stderr]     29:     0x5bbb265bf0b8 - std[199b7d4623cde377]::rt::lang_start_internal::{closure#0}
[INFO] [stderr]                                  at /rustc/895980e0290783bb09b1ccf1b11f14eb09b10430/library/std/src/rt.rs:175:24
[INFO] [stderr]     30:     0x5bbb265bf0b8 - std[199b7d4623cde377]::panicking::catch_unwind::do_call::<std[199b7d4623cde377]::rt::lang_start_internal::{closure#0}, isize>
[INFO] [stderr]                                  at /rustc/895980e0290783bb09b1ccf1b11f14eb09b10430/library/std/src/panicking.rs:573:43
[INFO] [stderr]     31:     0x5bbb265bf0b8 - std[199b7d4623cde377]::panicking::catch_unwind::<isize, std[199b7d4623cde377]::rt::lang_start_internal::{closure#0}>
[INFO] [stderr]                                  at /rustc/895980e0290783bb09b1ccf1b11f14eb09b10430/library/std/src/panicking.rs:541:19
[INFO] [stderr]     32:     0x5bbb265bf0b8 - std[199b7d4623cde377]::panic::catch_unwind::<std[199b7d4623cde377]::rt::lang_start_internal::{closure#0}, isize>
[INFO] [stderr]                                  at /rustc/895980e0290783bb09b1ccf1b11f14eb09b10430/library/std/src/panic.rs:359:14
[INFO] [stderr]     33:     0x5bbb265bf0b8 - std[199b7d4623cde377]::rt::lang_start_internal
[INFO] [stderr]                                  at /rustc/895980e0290783bb09b1ccf1b11f14eb09b10430/library/std/src/rt.rs:171:5
[INFO] [stderr]     34:     0x5bbb26431e81 - std[199b7d4623cde377]::rt::lang_start::<()>
[INFO] [stderr]     35:     0x5bbb26446935 - main
[INFO] [stderr]     36:     0x70a8407fe601 - <unknown>
[INFO] [stderr]     37:     0x70a8407fe718 - __libc_start_main
[INFO] [stderr]     38:     0x5bbb26429165 - _start
[INFO] [stderr]     39:                0x0 - <unknown>
[INFO] [stderr] warning: build failed, waiting for other jobs to finish...
[INFO] [stderr] error: failed to run custom build command for `whisper-rs-sys v0.11.1`
[INFO] [stderr] note: To improve backtraces for build dependencies, set the CARGO_PROFILE_DEV_BUILD_OVERRIDE_DEBUG=true environment variable to enable debug information generation.
[INFO] [stderr] 
[INFO] [stderr] Caused by:
[INFO] [stderr]   process didn't exit successfully: `/opt/rustwide/target/debug/build/whisper-rs-sys/73d76491f3a1caf7/out/build_script_build` (exit status: 101)
[INFO] [stderr]   --- stdout
[INFO] [stderr]   cargo:rustc-link-lib=dylib=stdc++
[INFO] [stderr]   cargo:rerun-if-changed=wrapper.h
[INFO] [stderr]   cargo:rerun-if-env-changed=TARGET
[INFO] [stderr]   cargo:rerun-if-env-changed=BINDGEN_EXTRA_CLANG_ARGS_x86_64-unknown-linux-gnu
[INFO] [stderr]   cargo:rerun-if-env-changed=BINDGEN_EXTRA_CLANG_ARGS_x86_64_unknown_linux_gnu
[INFO] [stderr]   cargo:rerun-if-env-changed=BINDGEN_EXTRA_CLANG_ARGS
[INFO] [stderr]   cargo:rerun-if-changed=wrapper.h
[INFO] [stderr]   cargo:rerun-if-changed=./whisper.cpp/include/whisper.h
[INFO] [stderr]   cargo:rerun-if-changed=./whisper.cpp/ggml/include/ggml.h
[INFO] [stderr]   cargo:rerun-if-changed=/usr/lib/llvm-21/lib/clang/21/include/stdbool.h
[INFO] [stderr]   cargo:rerun-if-changed=/usr/lib/llvm-21/lib/clang/21/include/stddef.h
[INFO] [stderr]   cargo:rerun-if-changed=/usr/lib/llvm-21/lib/clang/21/include/__stddef_header_macro.h
[INFO] [stderr]   cargo:rerun-if-changed=/usr/lib/llvm-21/lib/clang/21/include/__stddef_ptrdiff_t.h
[INFO] [stderr]   cargo:rerun-if-changed=/usr/lib/llvm-21/lib/clang/21/include/__stddef_size_t.h
[INFO] [stderr]   cargo:rerun-if-changed=/usr/lib/llvm-21/lib/clang/21/include/__stddef_wchar_t.h
[INFO] [stderr]   cargo:rerun-if-changed=/usr/lib/llvm-21/lib/clang/21/include/__stddef_null.h
[INFO] [stderr]   cargo:rerun-if-changed=/usr/lib/llvm-21/lib/clang/21/include/__stddef_max_align_t.h
[INFO] [stderr]   cargo:rerun-if-changed=/usr/lib/llvm-21/lib/clang/21/include/__stddef_offsetof.h
[INFO] [stderr]   cargo:rerun-if-changed=/usr/lib/llvm-21/lib/clang/21/include/stdint.h
[INFO] [stderr]   cargo:rerun-if-changed=/usr/include/stdint.h
[INFO] [stderr]   cargo:rerun-if-changed=/usr/include/x86_64-linux-gnu/bits/libc-header-start.h
[INFO] [stderr]   cargo:rerun-if-changed=/usr/include/features.h
[INFO] [stderr]   cargo:rerun-if-changed=/usr/include/features-time64.h
[INFO] [stderr]   cargo:rerun-if-changed=/usr/include/x86_64-linux-gnu/bits/wordsize.h
[INFO] [stderr]   cargo:rerun-if-changed=/usr/include/x86_64-linux-gnu/bits/timesize.h
[INFO] [stderr]   cargo:rerun-if-changed=/usr/include/x86_64-linux-gnu/bits/wordsize.h
[INFO] [stderr]   cargo:rerun-if-changed=/usr/include/stdc-predef.h
[INFO] [stderr]   cargo:rerun-if-changed=/usr/include/x86_64-linux-gnu/sys/cdefs.h
[INFO] [stderr]   cargo:rerun-if-changed=/usr/include/x86_64-linux-gnu/bits/wordsize.h
[INFO] [stderr]   cargo:rerun-if-changed=/usr/include/x86_64-linux-gnu/bits/long-double.h
[INFO] [stderr]   cargo:rerun-if-changed=/usr/include/x86_64-linux-gnu/gnu/stubs.h
[INFO] [stderr]   cargo:rerun-if-changed=/usr/include/x86_64-linux-gnu/gnu/stubs-64.h
[INFO] [stderr]   cargo:rerun-if-changed=/usr/include/x86_64-linux-gnu/bits/types.h
[INFO] [stderr]   cargo:rerun-if-changed=/usr/include/features.h
[INFO] [stderr]   cargo:rerun-if-changed=/usr/include/x86_64-linux-gnu/bits/wordsize.h
[INFO] [stderr]   cargo:rerun-if-changed=/usr/include/x86_64-linux-gnu/bits/timesize.h
[INFO] [stderr]   cargo:rerun-if-changed=/usr/include/x86_64-linux-gnu/bits/wordsize.h
[INFO] [stderr]   cargo:rerun-if-changed=/usr/include/x86_64-linux-gnu/bits/typesizes.h
[INFO] [stderr]   cargo:rerun-if-changed=/usr/include/x86_64-linux-gnu/bits/time64.h
[INFO] [stderr]   cargo:rerun-if-changed=/usr/include/x86_64-linux-gnu/bits/wchar.h
[INFO] [stderr]   cargo:rerun-if-changed=/usr/include/x86_64-linux-gnu/bits/wordsize.h
[INFO] [stderr]   cargo:rerun-if-changed=/usr/include/x86_64-linux-gnu/bits/stdint-intn.h
[INFO] [stderr]   cargo:rerun-if-changed=/usr/include/x86_64-linux-gnu/bits/types.h
[INFO] [stderr]   cargo:rerun-if-changed=/usr/include/x86_64-linux-gnu/bits/stdint-uintn.h
[INFO] [stderr]   cargo:rerun-if-changed=/usr/include/x86_64-linux-gnu/bits/types.h
[INFO] [stderr]   cargo:rerun-if-changed=/usr/include/x86_64-linux-gnu/bits/stdint-least.h
[INFO] [stderr]   cargo:rerun-if-changed=/usr/include/x86_64-linux-gnu/bits/types.h
[INFO] [stderr]   cargo:rerun-if-changed=/usr/include/stdio.h
[INFO] [stderr]   cargo:rerun-if-changed=/usr/include/x86_64-linux-gnu/bits/libc-header-start.h
[INFO] [stderr]   cargo:rerun-if-changed=/usr/include/features.h
[INFO] [stderr]   cargo:rerun-if-changed=/usr/lib/llvm-21/lib/clang/21/include/stddef.h
[INFO] [stderr]   cargo:rerun-if-changed=/usr/lib/llvm-21/lib/clang/21/include/__stddef_size_t.h
[INFO] [stderr]   cargo:rerun-if-changed=/usr/lib/llvm-21/lib/clang/21/include/__stddef_null.h
[INFO] [stderr]   cargo:rerun-if-changed=/usr/lib/llvm-21/lib/clang/21/include/stdarg.h
[INFO] [stderr]   cargo:rerun-if-changed=/usr/lib/llvm-21/lib/clang/21/include/__stdarg___gnuc_va_list.h
[INFO] [stderr]   cargo:rerun-if-changed=/usr/include/x86_64-linux-gnu/bits/types.h
[INFO] [stderr]   cargo:rerun-if-changed=/usr/include/x86_64-linux-gnu/bits/types/__fpos_t.h
[INFO] [stderr]   cargo:rerun-if-changed=/usr/include/x86_64-linux-gnu/bits/types.h
[INFO] [stderr]   cargo:rerun-if-changed=/usr/include/x86_64-linux-gnu/bits/types/__mbstate_t.h
[INFO] [stderr]   cargo:rerun-if-changed=/usr/include/x86_64-linux-gnu/bits/types/__fpos64_t.h
[INFO] [stderr]   cargo:rerun-if-changed=/usr/include/x86_64-linux-gnu/bits/types.h
[INFO] [stderr]   cargo:rerun-if-changed=/usr/include/x86_64-linux-gnu/bits/types/__mbstate_t.h
[INFO] [stderr]   cargo:rerun-if-changed=/usr/include/x86_64-linux-gnu/bits/types/__FILE.h
[INFO] [stderr]   cargo:rerun-if-changed=/usr/include/x86_64-linux-gnu/bits/types/FILE.h
[INFO] [stderr]   cargo:rerun-if-changed=/usr/include/x86_64-linux-gnu/bits/types/struct_FILE.h
[INFO] [stderr]   cargo:rerun-if-changed=/usr/include/x86_64-linux-gnu/bits/types.h
[INFO] [stderr]   cargo:rerun-if-changed=/usr/include/x86_64-linux-gnu/bits/wordsize.h
[INFO] [stderr]   cargo:rerun-if-changed=/usr/include/x86_64-linux-gnu/bits/types/cookie_io_functions_t.h
[INFO] [stderr]   cargo:rerun-if-changed=/usr/include/x86_64-linux-gnu/bits/types.h
[INFO] [stderr]   cargo:rerun-if-changed=/usr/include/x86_64-linux-gnu/bits/stdio_lim.h
[INFO] [stderr]   cargo:rerun-if-changed=/usr/include/x86_64-linux-gnu/bits/floatn.h
[INFO] [stderr]   cargo:rerun-if-changed=/usr/include/features.h
[INFO] [stderr]   cargo:rerun-if-changed=/usr/include/x86_64-linux-gnu/bits/floatn-common.h
[INFO] [stderr]   cargo:rerun-if-changed=/usr/include/features.h
[INFO] [stderr]   cargo:rerun-if-changed=/usr/include/x86_64-linux-gnu/bits/long-double.h
[INFO] [stderr]   cargo:rerun-if-changed=/usr/lib/llvm-21/lib/clang/21/include/stddef.h
[INFO] [stderr]   cargo:rerun-if-changed=/usr/lib/llvm-21/lib/clang/21/include/__stddef_header_macro.h
[INFO] [stderr]   cargo:rerun-if-changed=/usr/lib/llvm-21/lib/clang/21/include/__stddef_ptrdiff_t.h
[INFO] [stderr]   cargo:rerun-if-changed=/usr/lib/llvm-21/lib/clang/21/include/__stddef_size_t.h
[INFO] [stderr]   cargo:rerun-if-changed=/usr/lib/llvm-21/lib/clang/21/include/__stddef_wchar_t.h
[INFO] [stderr]   cargo:rerun-if-changed=/usr/lib/llvm-21/lib/clang/21/include/__stddef_max_align_t.h
[INFO] [stderr]   cargo:rerun-if-changed=/usr/lib/llvm-21/lib/clang/21/include/__stddef_offsetof.h
[INFO] [stderr]   cargo:rerun-if-changed=/usr/lib/llvm-21/lib/clang/21/include/stdint.h
[INFO] [stderr]   cargo:rerun-if-changed=/usr/lib/llvm-21/lib/clang/21/include/stdbool.h
[INFO] [stderr]   cargo:rerun-if-changed=./whisper.cpp/ggml/include/ggml.h
[INFO] [stderr]   cargo:rustc-link-lib=vulkan
[INFO] [stderr]   CMAKE_TOOLCHAIN_FILE_x86_64-unknown-linux-gnu = None
[INFO] [stderr]   CMAKE_TOOLCHAIN_FILE_x86_64_unknown_linux_gnu = None
[INFO] [stderr]   HOST_CMAKE_TOOLCHAIN_FILE = None
[INFO] [stderr]   CMAKE_TOOLCHAIN_FILE = None
[INFO] [stderr]   CMAKE_GENERATOR_x86_64-unknown-linux-gnu = None
[INFO] [stderr]   CMAKE_GENERATOR_x86_64_unknown_linux_gnu = None
[INFO] [stderr]   HOST_CMAKE_GENERATOR = None
[INFO] [stderr]   CMAKE_GENERATOR = None
[INFO] [stderr]   CMAKE_PREFIX_PATH_x86_64-unknown-linux-gnu = None
[INFO] [stderr]   CMAKE_PREFIX_PATH_x86_64_unknown_linux_gnu = None
[INFO] [stderr]   HOST_CMAKE_PREFIX_PATH = None
[INFO] [stderr]   CMAKE_PREFIX_PATH = None
[INFO] [stderr]   CMAKE_x86_64-unknown-linux-gnu = None
[INFO] [stderr]   CMAKE_x86_64_unknown_linux_gnu = None
[INFO] [stderr]   HOST_CMAKE = None
[INFO] [stderr]   CMAKE = None
[INFO] [stderr]   Running with debug output on.
[INFO] [stderr]   -- The C compiler identification is GNU 15.2.0
[INFO] [stderr]      Called from: [3]	/opt/rustwide/target/debug/build/whisper-rs-sys/ad9a2ed7a1eac6d5/out/whisper.cpp/CMakeLists.txt
[INFO] [stderr]                   [2]	/usr/share/cmake-4.2/Modules/CMakeDetermineCCompiler.cmake
[INFO] [stderr]                   [1]	/usr/share/cmake-4.2/Modules/CMakeDetermineCompilerId.cmake
[INFO] [stderr]   -- The CXX compiler identification is GNU 15.2.0
[INFO] [stderr]      Called from: [3]	/opt/rustwide/target/debug/build/whisper-rs-sys/ad9a2ed7a1eac6d5/out/whisper.cpp/CMakeLists.txt
[INFO] [stderr]                   [2]	/usr/share/cmake-4.2/Modules/CMakeDetermineCXXCompiler.cmake
[INFO] [stderr]                   [1]	/usr/share/cmake-4.2/Modules/CMakeDetermineCompilerId.cmake
[INFO] [stderr]   -- Detecting C compiler ABI info
[INFO] [stderr]      Called from: [3]	/opt/rustwide/target/debug/build/whisper-rs-sys/ad9a2ed7a1eac6d5/out/whisper.cpp/CMakeLists.txt
[INFO] [stderr]                   [2]	/usr/share/cmake-4.2/Modules/CMakeTestCCompiler.cmake
[INFO] [stderr]                   [1]	/usr/share/cmake-4.2/Modules/CMakeDetermineCompilerABI.cmake
[INFO] [stderr]   -- Detecting C compiler ABI info - done
[INFO] [stderr]      Called from: [3]	/opt/rustwide/target/debug/build/whisper-rs-sys/ad9a2ed7a1eac6d5/out/whisper.cpp/CMakeLists.txt
[INFO] [stderr]                   [2]	/usr/share/cmake-4.2/Modules/CMakeTestCCompiler.cmake
[INFO] [stderr]                   [1]	/usr/share/cmake-4.2/Modules/CMakeDetermineCompilerABI.cmake
[INFO] [stderr]   -- Check for working C compiler: /usr/bin/cc - skipped
[INFO] [stderr]      Called from: [2]	/opt/rustwide/target/debug/build/whisper-rs-sys/ad9a2ed7a1eac6d5/out/whisper.cpp/CMakeLists.txt
[INFO] [stderr]                   [1]	/usr/share/cmake-4.2/Modules/CMakeTestCCompiler.cmake
[INFO] [stderr]   -- Detecting C compile features
[INFO] [stderr]      Called from: [3]	/opt/rustwide/target/debug/build/whisper-rs-sys/ad9a2ed7a1eac6d5/out/whisper.cpp/CMakeLists.txt
[INFO] [stderr]                   [2]	/usr/share/cmake-4.2/Modules/CMakeTestCCompiler.cmake
[INFO] [stderr]                   [1]	/usr/share/cmake-4.2/Modules/CMakeDetermineCompilerSupport.cmake
[INFO] [stderr]   -- Detecting C compile features - done
[INFO] [stderr]      Called from: [3]	/opt/rustwide/target/debug/build/whisper-rs-sys/ad9a2ed7a1eac6d5/out/whisper.cpp/CMakeLists.txt
[INFO] [stderr]                   [2]	/usr/share/cmake-4.2/Modules/CMakeTestCCompiler.cmake
[INFO] [stderr]                   [1]	/usr/share/cmake-4.2/Modules/CMakeDetermineCompilerSupport.cmake
[INFO] [stderr]   -- Detecting CXX compiler ABI info
[INFO] [stderr]      Called from: [3]	/opt/rustwide/target/debug/build/whisper-rs-sys/ad9a2ed7a1eac6d5/out/whisper.cpp/CMakeLists.txt
[INFO] [stderr]                   [2]	/usr/share/cmake-4.2/Modules/CMakeTestCXXCompiler.cmake
[INFO] [stderr]                   [1]	/usr/share/cmake-4.2/Modules/CMakeDetermineCompilerABI.cmake
[INFO] [stderr]   -- Detecting CXX compiler ABI info - done
[INFO] [stderr]      Called from: [3]	/opt/rustwide/target/debug/build/whisper-rs-sys/ad9a2ed7a1eac6d5/out/whisper.cpp/CMakeLists.txt
[INFO] [stderr]                   [2]	/usr/share/cmake-4.2/Modules/CMakeTestCXXCompiler.cmake
[INFO] [stderr]                   [1]	/usr/share/cmake-4.2/Modules/CMakeDetermineCompilerABI.cmake
[INFO] [stderr]   -- Check for working CXX compiler: /usr/bin/c++ - skipped
[INFO] [stderr]      Called from: [2]	/opt/rustwide/target/debug/build/whisper-rs-sys/ad9a2ed7a1eac6d5/out/whisper.cpp/CMakeLists.txt
[INFO] [stderr]                   [1]	/usr/share/cmake-4.2/Modules/CMakeTestCXXCompiler.cmake
[INFO] [stderr]   -- Detecting CXX compile features
[INFO] [stderr]      Called from: [3]	/opt/rustwide/target/debug/build/whisper-rs-sys/ad9a2ed7a1eac6d5/out/whisper.cpp/CMakeLists.txt
[INFO] [stderr]                   [2]	/usr/share/cmake-4.2/Modules/CMakeTestCXXCompiler.cmake
[INFO] [stderr]                   [1]	/usr/share/cmake-4.2/Modules/CMakeDetermineCompilerSupport.cmake
[INFO] [stderr]   -- Detecting CXX compile features - done
[INFO] [stderr]      Called from: [3]	/opt/rustwide/target/debug/build/whisper-rs-sys/ad9a2ed7a1eac6d5/out/whisper.cpp/CMakeLists.txt
[INFO] [stderr]                   [2]	/usr/share/cmake-4.2/Modules/CMakeTestCXXCompiler.cmake
[INFO] [stderr]                   [1]	/usr/share/cmake-4.2/Modules/CMakeDetermineCompilerSupport.cmake
[INFO] [stderr]   -- Found Git: /usr/bin/git (found version "2.53.0")
[INFO] [stderr]      Called from: [5]	/opt/rustwide/target/debug/build/whisper-rs-sys/ad9a2ed7a1eac6d5/out/whisper.cpp/CMakeLists.txt
[INFO] [stderr]                   [4]	/opt/rustwide/target/debug/build/whisper-rs-sys/ad9a2ed7a1eac6d5/out/whisper.cpp/cmake/git-vars.cmake
[INFO] [stderr]                   [3]	/usr/share/cmake-4.2/Modules/FindGit.cmake
[INFO] [stderr]                   [2]	/usr/share/cmake-4.2/Modules/FindPackageHandleStandardArgs.cmake
[INFO] [stderr]                   [1]	/usr/share/cmake-4.2/Modules/FindPackageMessage.cmake
[INFO] [stderr]   -- Performing Test CMAKE_HAVE_LIBC_PTHREAD
[INFO] [stderr]      Called from: [5]	/opt/rustwide/target/debug/build/whisper-rs-sys/ad9a2ed7a1eac6d5/out/whisper.cpp/ggml/CMakeLists.txt
[INFO] [stderr]                   [4]	/usr/share/cmake-4.2/Modules/FindThreads.cmake
[INFO] [stderr]                   [3]	/usr/share/cmake-4.2/Modules/FindThreads.cmake
[INFO] [stderr]                   [2]	/usr/share/cmake-4.2/Modules/CheckCSourceCompiles.cmake
[INFO] [stderr]                   [1]	/usr/share/cmake-4.2/Modules/Internal/CheckSourceCompiles.cmake
[INFO] [stderr]   -- Performing Test CMAKE_HAVE_LIBC_PTHREAD - Success
[INFO] [stderr]      Called from: [5]	/opt/rustwide/target/debug/build/whisper-rs-sys/ad9a2ed7a1eac6d5/out/whisper.cpp/ggml/CMakeLists.txt
[INFO] [stderr]                   [4]	/usr/share/cmake-4.2/Modules/FindThreads.cmake
[INFO] [stderr]                   [3]	/usr/share/cmake-4.2/Modules/FindThreads.cmake
[INFO] [stderr]                   [2]	/usr/share/cmake-4.2/Modules/CheckCSourceCompiles.cmake
[INFO] [stderr]                   [1]	/usr/share/cmake-4.2/Modules/Internal/CheckSourceCompiles.cmake
[INFO] [stderr]   -- Found Threads: TRUE
[INFO] [stderr]      Called from: [4]	/opt/rustwide/target/debug/build/whisper-rs-sys/ad9a2ed7a1eac6d5/out/whisper.cpp/ggml/CMakeLists.txt
[INFO] [stderr]                   [3]	/usr/share/cmake-4.2/Modules/FindThreads.cmake
[INFO] [stderr]                   [2]	/usr/share/cmake-4.2/Modules/FindPackageHandleStandardArgs.cmake
[INFO] [stderr]                   [1]	/usr/share/cmake-4.2/Modules/FindPackageMessage.cmake
[INFO] [stderr]   -- Configuring incomplete, errors occurred!
[INFO] [stderr] 
[INFO] [stderr]   --- stderr
[INFO] [stderr]   error: 'rustfmt' is not installed for the custom toolchain '895980e0290783bb09b1ccf1b11f14eb09b10430'.
[INFO] [stderr]   note: this is a custom toolchain, which cannot use `rustup component add`
[INFO] [stderr]   help: if you built this toolchain from source, and used `rustup toolchain link`, then you may be able to build the component with `x.py`
[INFO] [stderr]   Failed to run rustfmt: Internal rustfmt error (non-fatal, continuing)
[INFO] [stderr]   running: cd "/opt/rustwide/target/debug/build/whisper-rs-sys/ad9a2ed7a1eac6d5/out/build" && CMAKE_PREFIX_PATH="" LC_ALL="C" "cmake" "-Wdev" "--debug-output" "/opt/rustwide/target/debug/build/whisper-rs-sys/ad9a2ed7a1eac6d5/out/whisper.cpp/" "-B" "/opt/rustwide/target/debug/build/whisper-rs-sys/ad9a2ed7a1eac6d5/out/build" "-DBUILD_SHARED_LIBS=OFF" "-DWHISPER_ALL_WARNINGS=OFF" "-DWHISPER_ALL_WARNINGS_3RD_PARTY=OFF" "-DWHISPER_BUILD_TESTS=OFF" "-DWHISPER_BUILD_EXAMPLES=OFF" "-DGGML_VULKAN=ON" "-DGGML_METAL=OFF" "-DCMAKE_BUILD_TYPE=RelWithDebInfo" "-DGGML_OPENMP=OFF" "-DCMAKE_INSTALL_PREFIX=/opt/rustwide/target/debug/build/whisper-rs-sys/ad9a2ed7a1eac6d5/out" "-DCMAKE_C_FLAGS= -ffunction-sections -fdata-sections -fPIC -m64 -w" "-DCMAKE_C_COMPILER=/usr/bin/cc" "-DCMAKE_CXX_FLAGS= -DWHISPER_DEBUG -ffunction-sections -fdata-sections -fPIC -m64 -w" "-DCMAKE_CXX_COMPILER=/usr/bin/c++" "-DCMAKE_ASM_FLAGS= -ffunction-sections -fdata-sections -fPIC -m64 -w" "-DCMAKE_ASM_COMPILER=/usr/bin/cc" "-DCMAKE_VERBOSE_MAKEFILE:BOOL=ON"
[INFO] [stderr]   CMake Deprecation Warning at CMakeLists.txt:1 (cmake_minimum_required):
[INFO] [stderr]     Compatibility with CMake < 3.10 will be removed from a future version of
[INFO] [stderr]     CMake.
[INFO] [stderr] 
[INFO] [stderr]     Update the VERSION argument <min> value.  Or, use the <min>...<max> syntax
[INFO] [stderr]     to tell CMake that the project requires at least <min> but has been updated
[INFO] [stderr]     to work with policies introduced by <max> or earlier.
[INFO] [stderr] 
[INFO] [stderr] 
[INFO] [stderr]      Called from: [1]	/opt/rustwide/target/debug/build/whisper-rs-sys/ad9a2ed7a1eac6d5/out/whisper.cpp/CMakeLists.txt
[INFO] [stderr]   CMake Warning (dev) at /usr/share/cmake-4.2/Modules/CMakeDetermineCompiler.cmake:128 (set):
[INFO] [stderr]     Policy CMP0126 is not set: set(CACHE) does not remove a normal variable of
[INFO] [stderr]     the same name.  Run "cmake --help-policy CMP0126" for policy details.  Use
[INFO] [stderr]     the cmake_policy command to set the policy and suppress this warning.
[INFO] [stderr] 
[INFO] [stderr]     For compatibility with older versions of CMake, normal variable
[INFO] [stderr]     "CMAKE_C_COMPILER" will be removed from the current scope.
[INFO] [stderr]   Call Stack (most recent call first):
[INFO] [stderr]     /usr/share/cmake-4.2/Modules/CMakeDetermineCCompiler.cmake:67 (_cmake_find_compiler_path)
[INFO] [stderr]     CMakeLists.txt:2 (project)
[INFO] [stderr]   This warning is for project developers.  Use -Wno-dev to suppress it.
[INFO] [stderr] 
[INFO] [stderr]      Called from: [3]	/opt/rustwide/target/debug/build/whisper-rs-sys/ad9a2ed7a1eac6d5/out/whisper.cpp/CMakeLists.txt
[INFO] [stderr]                   [2]	/usr/share/cmake-4.2/Modules/CMakeDetermineCCompiler.cmake
[INFO] [stderr]                   [1]	/usr/share/cmake-4.2/Modules/CMakeDetermineCompiler.cmake
[INFO] [stderr]   CMake Warning (dev) at /usr/share/cmake-4.2/Modules/CMakeDetermineCompiler.cmake:128 (set):
[INFO] [stderr]     Policy CMP0126 is not set: set(CACHE) does not remove a normal variable of
[INFO] [stderr]     the same name.  Run "cmake --help-policy CMP0126" for policy details.  Use
[INFO] [stderr]     the cmake_policy command to set the policy and suppress this warning.
[INFO] [stderr] 
[INFO] [stderr]     For compatibility with older versions of CMake, normal variable
[INFO] [stderr]     "CMAKE_CXX_COMPILER" will be removed from the current scope.
[INFO] [stderr]   Call Stack (most recent call first):
[INFO] [stderr]     /usr/share/cmake-4.2/Modules/CMakeDetermineCXXCompiler.cmake:71 (_cmake_find_compiler_path)
[INFO] [stderr]     CMakeLists.txt:2 (project)
[INFO] [stderr]   This warning is for project developers.  Use -Wno-dev to suppress it.
[INFO] [stderr] 
[INFO] [stderr]      Called from: [3]	/opt/rustwide/target/debug/build/whisper-rs-sys/ad9a2ed7a1eac6d5/out/whisper.cpp/CMakeLists.txt
[INFO] [stderr]                   [2]	/usr/share/cmake-4.2/Modules/CMakeDetermineCXXCompiler.cmake
[INFO] [stderr]                   [1]	/usr/share/cmake-4.2/Modules/CMakeDetermineCompiler.cmake
[INFO] [stderr]   CMake Warning (dev) at /usr/share/cmake-4.2/Modules/CMakeFindBinUtils.cmake:243 (find_program):
[INFO] [stderr]     Policy CMP0126 is not set: set(CACHE) does not remove a normal variable of
[INFO] [stderr]     the same name.  Run "cmake --help-policy CMP0126" for policy details.  Use
[INFO] [stderr]     the cmake_policy command to set the policy and suppress this warning.
[INFO] [stderr] 
[INFO] [stderr]     For compatibility with older versions of CMake, normal variable
[INFO] [stderr]     "CMAKE_TAPI" will be removed from the current scope.
[INFO] [stderr]   Call Stack (most recent call first):
[INFO] [stderr]     /usr/share/cmake-4.2/Modules/CMakeDetermineCXXCompiler.cmake:206 (include)
[INFO] [stderr]     CMakeLists.txt:2 (project)
[INFO] [stderr]   This warning is for project developers.  Use -Wno-dev to suppress it.
[INFO] [stderr] 
[INFO] [stderr]      Called from: [3]	/opt/rustwide/target/debug/build/whisper-rs-sys/ad9a2ed7a1eac6d5/out/whisper.cpp/CMakeLists.txt
[INFO] [stderr]                   [2]	/usr/share/cmake-4.2/Modules/CMakeDetermineCXXCompiler.cmake
[INFO] [stderr]                   [1]	/usr/share/cmake-4.2/Modules/CMakeFindBinUtils.cmake
[INFO] [stderr]   CMake Warning (dev) at /usr/share/cmake-4.2/Modules/CMakeDetermineCompilerABI.cmake:83 (try_compile):
[INFO] [stderr]     Policy CMP0066 is not set: Honor per-config flags in try_compile()
[INFO] [stderr]     source-file signature.  Run "cmake --help-policy CMP0066" for policy
[INFO] [stderr]     details.  Use the cmake_policy command to set the policy and suppress this
[INFO] [stderr]     warning.
[INFO] [stderr] 
[INFO] [stderr]     For compatibility with older versions of CMake, try_compile is not honoring
[INFO] [stderr]     caller config-specific compiler flags (e.g.  CMAKE_C_FLAGS_DEBUG) in the
[INFO] [stderr]     test project.
[INFO] [stderr]   Call Stack (most recent call first):
[INFO] [stderr]     /usr/share/cmake-4.2/Modules/CMakeTestCCompiler.cmake:26 (CMAKE_DETERMINE_COMPILER_ABI)
[INFO] [stderr]     CMakeLists.txt:2 (project)
[INFO] [stderr]   This warning is for project developers.  Use -Wno-dev to suppress it.
[INFO] [stderr] 
[INFO] [stderr]      Called from: [3]	/opt/rustwide/target/debug/build/whisper-rs-sys/ad9a2ed7a1eac6d5/out/whisper.cpp/CMakeLists.txt
[INFO] [stderr]                   [2]	/usr/share/cmake-4.2/Modules/CMakeTestCCompiler.cmake
[INFO] [stderr]                   [1]	/usr/share/cmake-4.2/Modules/CMakeDetermineCompilerABI.cmake
[INFO] [stderr]   CMake Warning (dev) at /usr/share/cmake-4.2/Modules/CMakeDetermineCompilerABI.cmake:83 (try_compile):
[INFO] [stderr]     Policy CMP0066 is not set: Honor per-config flags in try_compile()
[INFO] [stderr]     source-file signature.  Run "cmake --help-policy CMP0066" for policy
[INFO] [stderr]     details.  Use the cmake_policy command to set the policy and suppress this
[INFO] [stderr]     warning.
[INFO] [stderr] 
[INFO] [stderr]     For compatibility with older versions of CMake, try_compile is not honoring
[INFO] [stderr]     caller config-specific compiler flags (e.g.  CMAKE_C_FLAGS_DEBUG) in the
[INFO] [stderr]     test project.
[INFO] [stderr]   Call Stack (most recent call first):
[INFO] [stderr]     /usr/share/cmake-4.2/Modules/CMakeTestCXXCompiler.cmake:26 (CMAKE_DETERMINE_COMPILER_ABI)
[INFO] [stderr]     CMakeLists.txt:2 (project)
[INFO] [stderr]   This warning is for project developers.  Use -Wno-dev to suppress it.
[INFO] [stderr] 
[INFO] [stderr]      Called from: [3]	/opt/rustwide/target/debug/build/whisper-rs-sys/ad9a2ed7a1eac6d5/out/whisper.cpp/CMakeLists.txt
[INFO] [stderr]                   [2]	/usr/share/cmake-4.2/Modules/CMakeTestCXXCompiler.cmake
[INFO] [stderr]                   [1]	/usr/share/cmake-4.2/Modules/CMakeDetermineCompilerABI.cmake
[INFO] [stderr]   fatal: not a git repository (or any parent up to mount point /opt/rustwide)
[INFO] [stderr]   Stopping at filesystem boundary (GIT_DISCOVERY_ACROSS_FILESYSTEM not set).
[INFO] [stderr]   fatal: not a git repository (or any parent up to mount point /opt/rustwide)
[INFO] [stderr]   Stopping at filesystem boundary (GIT_DISCOVERY_ACROSS_FILESYSTEM not set).
[INFO] [stderr]      Entering             /opt/rustwide/target/debug/build/whisper-rs-sys/ad9a2ed7a1eac6d5/out/whisper.cpp/ggml
[INFO] [stderr]      Called from: [1]	/opt/rustwide/target/debug/build/whisper-rs-sys/ad9a2ed7a1eac6d5/out/whisper.cpp/CMakeLists.txt
[INFO] [stderr]      Entering             /opt/rustwide/target/debug/build/whisper-rs-sys/ad9a2ed7a1eac6d5/out/whisper.cpp/ggml/src
[INFO] [stderr]      Called from: [1]	/opt/rustwide/target/debug/build/whisper-rs-sys/ad9a2ed7a1eac6d5/out/whisper.cpp/ggml/CMakeLists.txt
[INFO] [stderr]   CMake Error at /usr/share/cmake-4.2/Modules/FindPackageHandleStandardArgs.cmake:290 (message):
[INFO] [stderr]     Could NOT find Vulkan (missing: glslc) (found version "1.4.341")
[INFO] [stderr]   Call Stack (most recent call first):
[INFO] [stderr]     /usr/share/cmake-4.2/Modules/FindPackageHandleStandardArgs.cmake:654 (_FPHSA_FAILURE_MESSAGE)
[INFO] [stderr]     /usr/share/cmake-4.2/Modules/FindVulkan.cmake:694 (find_package_handle_standard_args)
[INFO] [stderr]     ggml/src/CMakeLists.txt:634 (find_package)
[INFO] [stderr] 
[INFO] [stderr] 
[INFO] [stderr]      Called from: [4]	/opt/rustwide/target/debug/build/whisper-rs-sys/ad9a2ed7a1eac6d5/out/whisper.cpp/ggml/src/CMakeLists.txt
[INFO] [stderr]                   [3]	/usr/share/cmake-4.2/Modules/FindVulkan.cmake
[INFO] [stderr]                   [2]	/usr/share/cmake-4.2/Modules/FindPackageHandleStandardArgs.cmake
[INFO] [stderr]                   [1]	/usr/share/cmake-4.2/Modules/FindPackageHandleStandardArgs.cmake
[INFO] [stderr]      Returning to         /opt/rustwide/target/debug/build/whisper-rs-sys/ad9a2ed7a1eac6d5/out/whisper.cpp/ggml
[INFO] [stderr]      Called from: [1]	/opt/rustwide/target/debug/build/whisper-rs-sys/ad9a2ed7a1eac6d5/out/whisper.cpp/ggml/CMakeLists.txt
[INFO] [stderr]      Returning to         /opt/rustwide/target/debug/build/whisper-rs-sys/ad9a2ed7a1eac6d5/out/whisper.cpp
[INFO] [stderr]      Called from: [1]	/opt/rustwide/target/debug/build/whisper-rs-sys/ad9a2ed7a1eac6d5/out/whisper.cpp/CMakeLists.txt
[INFO] [stderr] 
[INFO] [stderr]   thread 'main' (1590) panicked at /opt/rustwide/cargo-home/registry/src/index.crates.io-1949cf8c6b5b557f/cmake-0.1.57/src/lib.rs:1132:5:
[INFO] [stderr] 
[INFO] [stderr]   command did not execute successfully, got: exit status: 1
[INFO] [stderr] 
[INFO] [stderr]   build script failed, must exit now
[INFO] [stderr]   stack backtrace:
[INFO] [stderr]      0:     0x6355ca6b5e91 - std[199b7d4623cde377]::backtrace_rs::backtrace::libunwind::trace
[INFO] [stderr]                                  at /rustc/895980e0290783bb09b1ccf1b11f14eb09b10430/library/std/src/../../backtrace/src/backtrace/libunwind.rs:117:9
[INFO] [stderr]      1:     0x6355ca6b5e91 - std[199b7d4623cde377]::backtrace_rs::backtrace::trace_unsynchronized::<std[199b7d4623cde377]::sys::backtrace::_print_fmt::{closure#1}>
[INFO] [stderr]                                  at /rustc/895980e0290783bb09b1ccf1b11f14eb09b10430/library/std/src/../../backtrace/src/backtrace/mod.rs:66:14
[INFO] [stderr]      2:     0x6355ca6b5e91 - std[199b7d4623cde377]::sys::backtrace::_print_fmt
[INFO] [stderr]                                  at /rustc/895980e0290783bb09b1ccf1b11f14eb09b10430/library/std/src/sys/backtrace.rs:74:9
[INFO] [stderr]      3:     0x6355ca6b5e91 - <<std[199b7d4623cde377]::sys::backtrace::BacktraceLock>::print::DisplayBacktrace as core[56f95fd562b2fc85]::fmt::Display>::fmt
[INFO] [stderr]                                  at /rustc/895980e0290783bb09b1ccf1b11f14eb09b10430/library/std/src/sys/backtrace.rs:44:26
[INFO] [stderr]      4:     0x6355ca6cdf2a - <core[56f95fd562b2fc85]::fmt::rt::Argument>::fmt
[INFO] [stderr]                                  at /rustc/895980e0290783bb09b1ccf1b11f14eb09b10430/library/core/src/fmt/rt.rs:152:76
[INFO] [stderr]      5:     0x6355ca6cdf2a - core[56f95fd562b2fc85]::fmt::write
[INFO] [stderr]      6:     0x6355ca6bc2dc - core[56f95fd562b2fc85]::io::write::default_write_fmt::<std[199b7d4623cde377]::sys::stdio::unix::Stderr>
[INFO] [stderr]                                  at /rustc/895980e0290783bb09b1ccf1b11f14eb09b10430/library/core/src/io/write.rs:402:11
[INFO] [stderr]      7:     0x6355ca6bc2dc - <std[199b7d4623cde377]::sys::stdio::unix::Stderr as core[56f95fd562b2fc85]::io::write::Write>::write_fmt
[INFO] [stderr]                                  at /rustc/895980e0290783bb09b1ccf1b11f14eb09b10430/library/core/src/io/write.rs:335:13
[INFO] [stderr]      8:     0x6355ca691d76 - <std[199b7d4623cde377]::sys::backtrace::BacktraceLock>::print
[INFO] [stderr]                                  at /rustc/895980e0290783bb09b1ccf1b11f14eb09b10430/library/std/src/sys/backtrace.rs:47:9
[INFO] [stderr]      9:     0x6355ca691d76 - std[199b7d4623cde377]::panicking::default_hook::{closure#0}
[INFO] [stderr]                                  at /rustc/895980e0290783bb09b1ccf1b11f14eb09b10430/library/std/src/panicking.rs:289:27
[INFO] [stderr]     10:     0x6355ca6aee71 - std[199b7d4623cde377]::panicking::default_hook
[INFO] [stderr]                                  at /rustc/895980e0290783bb09b1ccf1b11f14eb09b10430/library/std/src/panicking.rs:316:9
[INFO] [stderr]     11:     0x6355ca6af19b - std[199b7d4623cde377]::panicking::panic_with_hook
[INFO] [stderr]                                  at /rustc/895980e0290783bb09b1ccf1b11f14eb09b10430/library/std/src/panicking.rs:811:13
[INFO] [stderr]     12:     0x6355ca691e22 - std[199b7d4623cde377]::panicking::panic_handler::{closure#0}
[INFO] [stderr]                                  at /rustc/895980e0290783bb09b1ccf1b11f14eb09b10430/library/std/src/panicking.rs:685:13
[INFO] [stderr]     13:     0x6355ca68a569 - std[199b7d4623cde377]::sys::backtrace::__rust_end_short_backtrace::<std[199b7d4623cde377]::panicking::panic_handler::{closure#0}, !>
[INFO] [stderr]                                  at /rustc/895980e0290783bb09b1ccf1b11f14eb09b10430/library/std/src/sys/backtrace.rs:182:18
[INFO] [stderr]     14:     0x6355ca69265d - __rustc[9091a1772f8167df]::rust_begin_unwind
[INFO] [stderr]                                  at /rustc/895980e0290783bb09b1ccf1b11f14eb09b10430/library/std/src/panicking.rs:676:5
[INFO] [stderr]     15:     0x6355ca6ce7cc - core[56f95fd562b2fc85]::panicking::panic_fmt
[INFO] [stderr]                                  at /rustc/895980e0290783bb09b1ccf1b11f14eb09b10430/library/core/src/panicking.rs:80:14
[INFO] [stderr]     16:     0x6355ca12b017 - cmake[93f6bbddb0b0e336]::fail
[INFO] [stderr]     17:     0x6355ca12aca3 - cmake[93f6bbddb0b0e336]::run
[INFO] [stderr]     18:     0x6355ca130592 - <cmake[93f6bbddb0b0e336]::Config>::build
[INFO] [stderr]     19:     0x6355ca1185f9 - build_script_build[f7edf48ff38e7435]::main
[INFO] [stderr]     20:     0x6355ca11bb13 - <fn() as core[56f95fd562b2fc85]::ops::function::FnOnce<()>>::call_once
[INFO] [stderr]     21:     0x6355ca1162de - std[199b7d4623cde377]::sys::backtrace::__rust_begin_short_backtrace::<fn(), ()>
[INFO] [stderr]     22:     0x6355ca116839 - std[199b7d4623cde377]::rt::lang_start::<()>::{closure#0}
[INFO] [stderr]     23:     0x6355ca6adf38 - <&dyn core[56f95fd562b2fc85]::ops::function::Fn<(), Output = i32> + core[56f95fd562b2fc85]::panic::unwind_safe::RefUnwindSafe + core[56f95fd562b2fc85]::marker::Sync as core[56f95fd562b2fc85]::ops::function::FnOnce<()>>::call_once
[INFO] [stderr]                                  at /rustc/895980e0290783bb09b1ccf1b11f14eb09b10430/library/core/src/ops/function.rs:287:21
[INFO] [stderr]     24:     0x6355ca6adf38 - std[199b7d4623cde377]::panicking::catch_unwind::do_call::<&dyn core[56f95fd562b2fc85]::ops::function::Fn<(), Output = i32> + core[56f95fd562b2fc85]::panic::unwind_safe::RefUnwindSafe + core[56f95fd562b2fc85]::marker::Sync, i32>
[INFO] [stderr]                                  at /rustc/895980e0290783bb09b1ccf1b11f14eb09b10430/library/std/src/panicking.rs:573:43
[INFO] [stderr]     25:     0x6355ca6adf38 - std[199b7d4623cde377]::panicking::catch_unwind::<i32, &dyn core[56f95fd562b2fc85]::ops::function::Fn<(), Output = i32> + core[56f95fd562b2fc85]::panic::unwind_safe::RefUnwindSafe + core[56f95fd562b2fc85]::marker::Sync>
[INFO] [stderr]                                  at /rustc/895980e0290783bb09b1ccf1b11f14eb09b10430/library/std/src/panicking.rs:541:19
[INFO] [stderr]     26:     0x6355ca6adf38 - std[199b7d4623cde377]::panic::catch_unwind::<&dyn core[56f95fd562b2fc85]::ops::function::Fn<(), Output = i32> + core[56f95fd562b2fc85]::panic::unwind_safe::RefUnwindSafe + core[56f95fd562b2fc85]::marker::Sync, i32>
[INFO] [stderr]                                  at /rustc/895980e0290783bb09b1ccf1b11f14eb09b10430/library/std/src/panic.rs:359:14
[INFO] [stderr]     27:     0x6355ca6adf38 - std[199b7d4623cde377]::rt::lang_start_internal::{closure#0}
[INFO] [stderr]                                  at /rustc/895980e0290783bb09b1ccf1b11f14eb09b10430/library/std/src/rt.rs:175:24
[INFO] [stderr]     28:     0x6355ca6adf38 - std[199b7d4623cde377]::panicking::catch_unwind::do_call::<std[199b7d4623cde377]::rt::lang_start_internal::{closure#0}, isize>
[INFO] [stderr]                                  at /rustc/895980e0290783bb09b1ccf1b11f14eb09b10430/library/std/src/panicking.rs:573:43
[INFO] [stderr]     29:     0x6355ca6adf38 - std[199b7d4623cde377]::panicking::catch_unwind::<isize, std[199b7d4623cde377]::rt::lang_start_internal::{closure#0}>
[INFO] [stderr]                                  at /rustc/895980e0290783bb09b1ccf1b11f14eb09b10430/library/std/src/panicking.rs:541:19
[INFO] [stderr]     30:     0x6355ca6adf38 - std[199b7d4623cde377]::panic::catch_unwind::<std[199b7d4623cde377]::rt::lang_start_internal::{closure#0}, isize>
[INFO] [stderr]                                  at /rustc/895980e0290783bb09b1ccf1b11f14eb09b10430/library/std/src/panic.rs:359:14
[INFO] [stderr]     31:     0x6355ca6adf38 - std[199b7d4623cde377]::rt::lang_start_internal
[INFO] [stderr]                                  at /rustc/895980e0290783bb09b1ccf1b11f14eb09b10430/library/std/src/rt.rs:171:5
[INFO] [stderr]     32:     0x6355ca115b81 - std[199b7d4623cde377]::rt::lang_start::<()>
[INFO] [stderr]     33:     0x6355ca11be15 - main
[INFO] [stderr]     34:     0x76cc49300601 - <unknown>
[INFO] [stderr]     35:     0x76cc49300718 - __libc_start_main
[INFO] [stderr]     36:     0x6355ca110275 - _start
[INFO] [stderr]     37:                0x0 - <unknown>
[INFO] running `Command { std: "docker" "inspect" "b245a625b15353a5d51bbf991b10b97e71bdd23e667430229001b2fe36f11b65", kill_on_drop: false }`
[INFO] running `Command { std: "docker" "rm" "-f" "b245a625b15353a5d51bbf991b10b97e71bdd23e667430229001b2fe36f11b65", kill_on_drop: false }`
[INFO] [stdout] b245a625b15353a5d51bbf991b10b97e71bdd23e667430229001b2fe36f11b65
