[INFO] cloning repository https://github.com/sinjs/valthrun-loader
[INFO] running `Command { std: "git" "-c" "credential.helper=" "-c" "credential.helper=/workspace/cargo-home/bin/git-credential-null" "clone" "--bare" "https://github.com/sinjs/valthrun-loader" "/workspace/cache/git-repos/https%3A%2F%2Fgithub.com%2Fsinjs%2Fvalthrun-loader", kill_on_drop: false }`
[INFO] [stderr] Cloning into bare repository '/workspace/cache/git-repos/https%3A%2F%2Fgithub.com%2Fsinjs%2Fvalthrun-loader'...
[INFO] running `Command { std: "git" "rev-parse" "HEAD", kill_on_drop: false }`
[INFO] [stdout] 6a159406c3f1ad82b990645259abe41f477570d3
[INFO] checking sinjs/valthrun-loader against 5c543b0b8c73c7b72bc8284ced4fb22ead15734d for pr-160186
[INFO] running `Command { std: "git" "clone" "/workspace/cache/git-repos/https%3A%2F%2Fgithub.com%2Fsinjs%2Fvalthrun-loader" "/workspace/builds/worker-2-tc1/source", kill_on_drop: false }`
[INFO] [stderr] Cloning into '/workspace/builds/worker-2-tc1/source'...
[INFO] [stderr] done.
[INFO] removed /workspace/builds/worker-2-tc1/source/.cargo/config.toml
[INFO] started tweaking git repo https://github.com/sinjs/valthrun-loader
[INFO] finished tweaking git repo https://github.com/sinjs/valthrun-loader
[INFO] tweaked toml for git repo https://github.com/sinjs/valthrun-loader written to /workspace/builds/worker-2-tc1/source/Cargo.toml
[INFO] validating manifest of git repo https://github.com/sinjs/valthrun-loader on toolchain 5c543b0b8c73c7b72bc8284ced4fb22ead15734d
[INFO] running `Command { std: CARGO_HOME="/workspace/cargo-home" RUSTUP_HOME="/workspace/rustup-home" "/workspace/cargo-home/bin/cargo" "+5c543b0b8c73c7b72bc8284ced4fb22ead15734d" "metadata" "--manifest-path" "Cargo.toml" "--no-deps", kill_on_drop: false }`
[INFO] crate git repo https://github.com/sinjs/valthrun-loader already has a lockfile, it will not be regenerated
[INFO] running `Command { std: CARGO_HOME="/workspace/cargo-home" RUSTUP_HOME="/workspace/rustup-home" "/workspace/cargo-home/bin/cargo" "+5c543b0b8c73c7b72bc8284ced4fb22ead15734d" "fetch" "--manifest-path" "Cargo.toml", kill_on_drop: false }`
[INFO] [stderr]     Updating crates.io index
[INFO] [stderr]     Updating git repository `https://github.com/Valthrun/valthrun-driver`
[INFO] [stderr]  Downloading crates ...
[INFO] [stderr]   Downloaded ureq-proto v0.5.2
[INFO] [stderr]   Downloaded obfstr v0.4.4
[INFO] [stderr]   Downloaded autocfg v0.1.8
[INFO] [stderr]   Downloaded signal-hook-mio v0.2.4
[INFO] [stderr]   Downloaded base64ct v1.8.0
[INFO] [stderr]   Downloaded self-replace v1.5.0
[INFO] [stderr]   Downloaded embed-manifest v1.4.0
[INFO] [stderr]   Downloaded winres v0.1.12
[INFO] [stderr]   Downloaded cookie_store v0.22.0
[INFO] [stderr]   Downloaded clap_derive v4.5.41
[INFO] [stderr]   Downloaded icu_properties v2.0.0
[INFO] [stderr]   Downloaded toml v0.5.11
[INFO] [stderr]   Downloaded zerocopy-derive v0.8.27
[INFO] [stderr]   Downloaded hyper-util v0.1.11
[INFO] [stderr]   Downloaded cc v1.2.23
[INFO] [stderr]   Downloaded rand v0.6.4
[INFO] [stderr]   Downloaded clap v4.5.41
[INFO] [stderr]   Downloaded num-bigint-dig v0.8.5
[INFO] [stderr]   Downloaded icu_properties_data v2.0.0
[INFO] [stderr]   Downloaded ureq v3.1.2
[INFO] [stderr]   Downloaded clap_builder v4.5.41
[INFO] [stderr]   Downloaded zerocopy v0.8.27
[INFO] [stderr]   Downloaded tokio v1.45.0
[INFO] running `Command { std: "docker" "create" "-v" "/var/lib/crater-agent-workspace/builds/worker-2-tc1/source:/opt/rustwide/workdir:ro,Z" "-v" "/var/lib/crater-agent-workspace/builds/worker-2-tc1/target:/opt/rustwide/target:rw,Z" "-v" "/var/lib/crater-agent-workspace/cargo-home:/opt/rustwide/cargo-home:ro,Z" "-v" "/var/lib/crater-agent-workspace/rustup-home:/opt/rustwide/rustup-home:ro,Z" "-m" "1610612736" "--network" "none" "ghcr.io/rust-lang/crates-build-env/linux@sha256:77db811e55d90add9212f6832c23229e3de5f1c1f9905e8cb07319ea15df73ac" "sleep" "infinity", kill_on_drop: false }`
[INFO] [stdout] 3ee5d279ac2113d04e8ad41eb35d25c7ed9a02de65d0768a21773ab0786e8416
[INFO] running `Command { std: "docker" "start" "3ee5d279ac2113d04e8ad41eb35d25c7ed9a02de65d0768a21773ab0786e8416", kill_on_drop: false }`
[INFO] running `Command { std: "docker" "inspect" "3ee5d279ac2113d04e8ad41eb35d25c7ed9a02de65d0768a21773ab0786e8416", kill_on_drop: false }`
[INFO] running `Command { std: "docker" "exec" "-e" "SOURCE_DIR=/opt/rustwide/workdir" "-e" "CARGO_HOME=/opt/rustwide/cargo-home" "-e" "RUSTUP_HOME=/opt/rustwide/rustup-home" "-e" "CARGO_TARGET_DIR=/opt/rustwide/target" "-w" "/opt/rustwide/workdir" "--user" "0:0" "3ee5d279ac2113d04e8ad41eb35d25c7ed9a02de65d0768a21773ab0786e8416" "/opt/rustwide/cargo-home/bin/cargo" "+5c543b0b8c73c7b72bc8284ced4fb22ead15734d" "metadata" "--no-deps" "--format-version=1", kill_on_drop: false }`
[INFO] running `Command { std: "docker" "inspect" "3ee5d279ac2113d04e8ad41eb35d25c7ed9a02de65d0768a21773ab0786e8416", kill_on_drop: false }`
[INFO] running `Command { std: "docker" "exec" "-e" "SOURCE_DIR=/opt/rustwide/workdir" "-e" "CARGO_HOME=/opt/rustwide/cargo-home" "-e" "RUSTUP_HOME=/opt/rustwide/rustup-home" "-e" "CARGO_TARGET_DIR=/opt/rustwide/target" "-e" "CARGO_INCREMENTAL=0" "-e" "RUST_BACKTRACE=full" "-e" "RUSTFLAGS=--cap-lints=forbid" "-e" "RUSTDOCFLAGS=--cap-lints=forbid" "-w" "/opt/rustwide/workdir" "--user" "0:0" "3ee5d279ac2113d04e8ad41eb35d25c7ed9a02de65d0768a21773ab0786e8416" "/opt/rustwide/cargo-home/bin/cargo" "+5c543b0b8c73c7b72bc8284ced4fb22ead15734d" "check" "--frozen" "--all" "--all-targets" "--message-format=json", kill_on_drop: false }`
[INFO] [stderr]    Compiling libc v0.2.177
[INFO] [stderr]    Compiling autocfg v1.4.0
[INFO] [stderr]     Checking smallvec v1.15.0
[INFO] [stderr]    Compiling generic-array v0.14.9
[INFO] [stderr]    Compiling cc v1.2.23
[INFO] [stderr]    Compiling syn v2.0.101
[INFO] [stderr]     Checking stable_deref_trait v1.2.0
[INFO] [stderr]     Checking log v0.4.27
[INFO] [stderr]     Checking zeroize v1.8.1
[INFO] [stderr]     Checking itoa v1.0.15
[INFO] [stderr]     Checking rand_core v0.4.2
[INFO] [stderr]    Compiling autocfg v0.1.8
[INFO] [stderr]     Checking windows-link v0.1.3
[INFO] [stderr]     Checking const-oid v0.9.6
[INFO] [stderr]     Checking futures-channel v0.3.31
[INFO] [stderr]     Checking http v1.3.1
[INFO] [stderr]    Compiling lock_api v0.4.12
[INFO] [stderr]    Compiling slab v0.4.9
[INFO] [stderr]    Compiling num-traits v0.2.19
[INFO] [stderr]     Checking litemap v0.8.0
[INFO] [stderr]    Compiling zerocopy v0.8.27
[INFO] [stderr]     Checking writeable v0.6.1
[INFO] [stderr]     Checking rustls-pki-types v1.12.0
[INFO] [stderr]    Compiling icu_properties_data v2.0.0
[INFO] [stderr]    Compiling icu_normalizer_data v2.0.0
[INFO] [stderr]     Checking base64ct v1.8.0
[INFO] [stderr]     Checking windows-result v0.3.4
[INFO] [stderr]     Checking pem-rfc7468 v0.7.0
[INFO] [stderr]     Checking windows-strings v0.4.2
[INFO] [stderr]     Checking rand_core v0.3.1
[INFO] [stderr]     Checking tracing-core v0.1.33
[INFO] [stderr]    Compiling serde v1.0.228
[INFO] [stderr]    Compiling openssl v0.10.72
[INFO] [stderr]     Checking getrandom v0.2.16
[INFO] [stderr]     Checking signal-hook-registry v1.4.5
[INFO] [stderr]     Checking parking_lot_core v0.9.10
[INFO] [stderr]     Checking mio v1.0.3
[INFO] [stderr]     Checking rand_core v0.6.4
[INFO] [stderr]     Checking crypto-common v0.1.6
[INFO] [stderr]     Checking socket2 v0.5.9
[INFO] [stderr]     Checking parking_lot v0.12.3
[INFO] [stderr]     Checking hashbrown v0.15.3
[INFO] [stderr]    Compiling openssl-sys v0.9.108
[INFO] [stderr]    Compiling ring v0.17.14
[INFO] [stderr]     Checking tracing v0.1.41
[INFO] [stderr]     Checking http-body v1.0.1
[INFO] [stderr]     Checking der v0.7.10
[INFO] [stderr]     Checking block-buffer v0.10.4
[INFO] [stderr]     Checking inout v0.1.4
[INFO] [stderr]    Compiling serde_json v1.0.145
[INFO] [stderr]    Compiling native-tls v0.2.14
[INFO] [stderr]     Checking ryu v1.0.20
[INFO] [stderr]     Checking indexmap v2.9.0
[INFO] [stderr]     Checking cipher v0.4.4
[INFO] [stderr]     Checking digest v0.10.7
[INFO] [stderr]     Checking num-integer v0.1.46
[INFO] [stderr]     Checking spki v0.7.3
[INFO] [stderr]     Checking ppv-lite86 v0.2.21
[INFO] [stderr]     Checking universal-hash v0.5.1
[INFO] [stderr]    Compiling rand_chacha v0.1.1
[INFO] [stderr]    Compiling rand_pcg v0.1.2
[INFO] [stderr]     Checking aho-corasick v1.1.3
[INFO] [stderr]     Checking anstyle-query v1.1.3
[INFO] [stderr]    Compiling getrandom v0.3.3
[INFO] [stderr]     Checking spin v0.9.8
[INFO] [stderr]    Compiling num-bigint-dig v0.8.5
[INFO] [stderr]     Checking is_terminal_polyfill v1.70.1
[INFO] [stderr]     Checking openssl-probe v0.1.6
[INFO] [stderr]    Compiling rustix v1.0.7
[INFO] [stderr]     Checking adler2 v2.0.0
[INFO] [stderr]     Checking regex-syntax v0.8.5
[INFO] [stderr]     Checking anstyle v1.0.11
[INFO] [stderr]    Compiling rustls v0.23.27
[INFO] [stderr]     Checking rand_chacha v0.3.1
[INFO] [stderr]     Checking simd-adler32 v0.3.7
[INFO] [stderr]     Checking anstream v0.6.19
[INFO] [stderr]     Checking polyval v0.6.2
[INFO] [stderr]     Checking rand v0.8.5
[INFO] [stderr]     Checking miniz_oxide v0.8.8
[INFO] [stderr]     Checking lazy_static v1.5.0
[INFO] [stderr]     Checking num-iter v0.1.45
[INFO] [stderr]     Checking pkcs8 v0.10.2
[INFO] [stderr]    Compiling toml v0.5.11
[INFO] [stderr]     Checking crc32fast v1.5.0
[INFO] [stderr]     Checking signal-hook v0.3.18
[INFO] [stderr]     Checking mio v0.8.11
[INFO] [stderr]     Checking rustls-pemfile v2.2.0
[INFO] [stderr]     Checking regex-automata v0.4.9
[INFO] [stderr]    Compiling rand v0.6.4
[INFO] [stderr]    Compiling iana-time-zone v0.1.63
[INFO] [stderr]     Checking linux-raw-sys v0.9.4
[INFO] [stderr]    Compiling chrono v0.4.41
[INFO] [stderr]     Checking signal-hook-mio v0.2.4
[INFO] [stderr]     Checking flate2 v1.1.5
[INFO] [stderr]    Compiling synstructure v0.13.2
[INFO] [stderr]    Compiling winres v0.1.12
[INFO] [stderr]     Checking pkcs1 v0.7.5
[INFO] [stderr]     Checking ghash v0.5.1
[INFO] [stderr]     Checking ureq-proto v0.5.2
[INFO] [stderr]     Checking signature v2.2.0
[INFO] [stderr]     Checking aes v0.8.4
[INFO] [stderr]     Checking ctr v0.9.2
[INFO] [stderr]     Checking http-body-util v0.1.3
[INFO] [stderr]     Checking rustls-webpki v0.103.3
[INFO] [stderr]     Checking aead v0.5.2
[INFO] [stderr]     Checking rand_os v0.1.3
[INFO] [stderr]     Checking rand_isaac v0.1.1
[INFO] [stderr]     Checking rand_hc v0.1.0
[INFO] [stderr]     Checking rand_xorshift v0.1.1
[INFO] [stderr]     Checking webpki-roots v1.0.4
[INFO] [stderr]     Checking windows-threading v0.1.0
[INFO] [stderr]     Checking sync_wrapper v1.0.2
[INFO] [stderr]     Checking thread_local v1.1.9
[INFO] [stderr]     Checking clap_lex v0.7.5
[INFO] [stderr]    Compiling embed-manifest v1.4.0
[INFO] [stderr]    Compiling anyhow v1.0.98
[INFO] [stderr]     Checking fuzzy-matcher v0.3.7
[INFO] [stderr]     Checking tempfile v3.20.0
[INFO] [stderr]     Checking clap_builder v4.5.41
[INFO] [stderr]     Checking regex v1.11.1
[INFO] [stderr]    Compiling zerofrom-derive v0.1.6
[INFO] [stderr]    Compiling yoke-derive v0.8.0
[INFO] [stderr]    Compiling zerovec-derive v0.11.1
[INFO] [stderr]    Compiling displaydoc v0.2.5
[INFO] [stderr]    Compiling tokio-macros v2.5.0
[INFO] [stderr]    Compiling futures-macro v0.3.31
[INFO] [stderr]    Compiling serde_derive v1.0.228
[INFO] [stderr]     Checking tokio v1.45.0
[INFO] [stderr]    Compiling openssl-macros v0.1.1
[INFO] [stderr]    Compiling windows-interface v0.59.3
[INFO] [stderr]     Checking futures-util v0.3.31
[INFO] [stderr]    Compiling windows-implement v0.60.2
[INFO] [stderr]     Checking zerofrom v0.1.6
[INFO] [stderr]     Checking yoke v0.8.0
[INFO] [stderr]     Checking windows-core v0.61.2
[INFO] [stderr]     Checking zerovec v0.11.2
[INFO] [stderr]     Checking zerotrie v0.2.2
[INFO] [stderr]    Compiling thiserror-impl v2.0.17
[INFO] [stderr]     Checking windows-collections v0.2.0
[INFO] [stderr]     Checking windows-numerics v0.2.0
[INFO] [stderr]     Checking windows-future v0.2.1
[INFO] [stdout] error[E0425]: cannot find type `IMarshal` in module `windows_core::imp`
[INFO] [stdout]   --> /opt/rustwide/cargo-home/registry/src/index.crates.io-1949cf8c6b5b557f/windows-future-0.2.1/src/bindings.rs:89:51
[INFO] [stdout]    |
[INFO] [stdout] 89 |             } else if *iid == <windows_core::imp::IMarshal as windows_core::Interface>::IID {
[INFO] [stdout]    |                                                   ^^^^^^^^ not found in `windows_core::imp`
[INFO] [stdout] 
[INFO] [stdout] 
[INFO] [stdout] error[E0425]: cannot find function `marshaler` in module `windows_core::imp`
[INFO] [stdout]   --> /opt/rustwide/cargo-home/registry/src/index.crates.io-1949cf8c6b5b557f/windows-future-0.2.1/src/bindings.rs:91:43
[INFO] [stdout]    |
[INFO] [stdout] 91 |                 return windows_core::imp::marshaler(
[INFO] [stdout]    |                                           ^^^^^^^^^ not found in `windows_core::imp`
[INFO] [stdout] 
[INFO] [stdout] 
[INFO] [stdout] error[E0425]: cannot find type `IMarshal` in module `windows_core::imp`
[INFO] [stdout]    --> /opt/rustwide/cargo-home/registry/src/index.crates.io-1949cf8c6b5b557f/windows-future-0.2.1/src/bindings.rs:257:51
[INFO] [stdout]     |
[INFO] [stdout] 257 |             } else if *iid == <windows_core::imp::IMarshal as windows_core::Interface>::IID {
[INFO] [stdout]     |                                                   ^^^^^^^^ not found in `windows_core::imp`
[INFO] [stdout] 
[INFO] [stdout] 
[INFO] [stdout] error[E0425]: cannot find function `marshaler` in module `windows_core::imp`
[INFO] [stdout]    --> /opt/rustwide/cargo-home/registry/src/index.crates.io-1949cf8c6b5b557f/windows-future-0.2.1/src/bindings.rs:259:43
[INFO] [stdout]     |
[INFO] [stdout] 259 |                 return windows_core::imp::marshaler(
[INFO] [stdout]     |                                           ^^^^^^^^^ not found in `windows_core::imp`
[INFO] [stdout] 
[INFO] [stdout] 
[INFO] [stdout] error[E0425]: cannot find type `IMarshal` in module `windows_core::imp`
[INFO] [stdout]    --> /opt/rustwide/cargo-home/registry/src/index.crates.io-1949cf8c6b5b557f/windows-future-0.2.1/src/bindings.rs:424:364
[INFO] [stdout]     |
[INFO] [stdout] 424 | ... _ } else if * iid == < windows_core::imp::IMarshal as windows_core::Interface >::IID { ( * this ) . count . add_ref ( ) ; retur...
[INFO] [stdout]     |                                               ^^^^^^^^ not found in `windows_core::imp`
[INFO] [stdout] 
[INFO] [stdout] 
[INFO] [stdout] error[E0425]: cannot find function `marshaler` in module `windows_core::imp`
[INFO] [stdout]    --> /opt/rustwide/cargo-home/registry/src/index.crates.io-1949cf8c6b5b557f/windows-future-0.2.1/src/bindings.rs:424:470
[INFO] [stdout]     |
[INFO] [stdout] 424 | ... . add_ref ( ) ; return windows_core::imp::marshaler ( core::mem::transmute ( & mut ( * this ) . vtable as * mut _ as * mut core...
[INFO] [stdout]     |                                               ^^^^^^^^^ not found in `windows_core::imp`
[INFO] [stdout] 
[INFO] [stdout] 
[INFO] [stdout] error[E0425]: cannot find type `IMarshal` in module `windows_core::imp`
[INFO] [stdout]    --> /opt/rustwide/cargo-home/registry/src/index.crates.io-1949cf8c6b5b557f/windows-future-0.2.1/src/bindings.rs:583:51
[INFO] [stdout]     |
[INFO] [stdout] 583 |             } else if *iid == <windows_core::imp::IMarshal as windows_core::Interface>::IID {
[INFO] [stdout]     |                                                   ^^^^^^^^ not found in `windows_core::imp`
[INFO] [stdout] 
[INFO] [stdout] 
[INFO] [stdout] error[E0425]: cannot find function `marshaler` in module `windows_core::imp`
[INFO] [stdout]    --> /opt/rustwide/cargo-home/registry/src/index.crates.io-1949cf8c6b5b557f/windows-future-0.2.1/src/bindings.rs:585:43
[INFO] [stdout]     |
[INFO] [stdout] 585 |                 return windows_core::imp::marshaler(
[INFO] [stdout]     |                                           ^^^^^^^^^ not found in `windows_core::imp`
[INFO] [stdout] 
[INFO] [stdout] 
[INFO] [stdout] error[E0425]: cannot find type `IMarshal` in module `windows_core::imp`
[INFO] [stdout]    --> /opt/rustwide/cargo-home/registry/src/index.crates.io-1949cf8c6b5b557f/windows-future-0.2.1/src/bindings.rs:763:364
[INFO] [stdout]     |
[INFO] [stdout] 763 | ... _ } else if * iid == < windows_core::imp::IMarshal as windows_core::Interface >::IID { ( * this ) . count . add_ref ( ) ; retur...
[INFO] [stdout]     |                                               ^^^^^^^^ not found in `windows_core::imp`
[INFO] [stdout] 
[INFO] [stdout] 
[INFO] [stdout] error[E0425]: cannot find function `marshaler` in module `windows_core::imp`
[INFO] [stdout]    --> /opt/rustwide/cargo-home/registry/src/index.crates.io-1949cf8c6b5b557f/windows-future-0.2.1/src/bindings.rs:763:470
[INFO] [stdout]     |
[INFO] [stdout] 763 | ... . add_ref ( ) ; return windows_core::imp::marshaler ( core::mem::transmute ( & mut ( * this ) . vtable as * mut _ as * mut core...
[INFO] [stdout]     |                                               ^^^^^^^^^ not found in `windows_core::imp`
[INFO] [stdout] 
[INFO] [stdout] 
[INFO] [stdout] error[E0425]: cannot find type `IMarshal` in module `windows_core::imp`
[INFO] [stdout]    --> /opt/rustwide/cargo-home/registry/src/index.crates.io-1949cf8c6b5b557f/windows-future-0.2.1/src/bindings.rs:938:377
[INFO] [stdout]     |
[INFO] [stdout] 938 | ... _ } else if * iid == < windows_core::imp::IMarshal as windows_core::Interface >::IID { ( * this ) . count . add_ref ( ) ; retur...
[INFO] [stdout]     |                                               ^^^^^^^^ not found in `windows_core::imp`
[INFO] [stdout] 
[INFO] [stdout] 
[INFO] [stdout] error[E0425]: cannot find function `marshaler` in module `windows_core::imp`
[INFO] [stdout]    --> /opt/rustwide/cargo-home/registry/src/index.crates.io-1949cf8c6b5b557f/windows-future-0.2.1/src/bindings.rs:938:483
[INFO] [stdout]     |
[INFO] [stdout] 938 | ... . add_ref ( ) ; return windows_core::imp::marshaler ( core::mem::transmute ( & mut ( * this ) . vtable as * mut _ as * mut core...
[INFO] [stdout]     |                                               ^^^^^^^^^ not found in `windows_core::imp`
[INFO] [stdout] 
[INFO] [stdout] 
[INFO] [stdout] For more information about this error, try `rustc --explain E0425`.
[INFO] [stdout] 
[INFO] [stderr] error: could not compile `windows-future` (lib) due to 12 previous errors
[INFO] [stderr] warning: build failed, waiting for other jobs to finish...
[INFO] running `Command { std: "docker" "inspect" "3ee5d279ac2113d04e8ad41eb35d25c7ed9a02de65d0768a21773ab0786e8416", kill_on_drop: false }`
[INFO] running `Command { std: "docker" "rm" "-f" "3ee5d279ac2113d04e8ad41eb35d25c7ed9a02de65d0768a21773ab0786e8416", kill_on_drop: false }`
[INFO] [stdout] 3ee5d279ac2113d04e8ad41eb35d25c7ed9a02de65d0768a21773ab0786e8416
