[INFO] cloning repository https://github.com/rasmushgrd/exercism_solutions
[INFO] running `Command { std: "git" "-c" "credential.helper=" "-c" "credential.helper=/workspace/cargo-home/bin/git-credential-null" "clone" "--bare" "https://github.com/rasmushgrd/exercism_solutions" "/workspace/cache/git-repos/https%3A%2F%2Fgithub.com%2Frasmushgrd%2Fexercism_solutions", kill_on_drop: false }`
[INFO] [stderr] Cloning into bare repository '/workspace/cache/git-repos/https%3A%2F%2Fgithub.com%2Frasmushgrd%2Fexercism_solutions'...
[INFO] running `Command { std: "git" "rev-parse" "HEAD", kill_on_drop: false }`
[INFO] [stdout] 19a6cc3a504a256651de5875371010905b29ed47
[INFO] checking rasmushgrd/exercism_solutions against 5c543b0b8c73c7b72bc8284ced4fb22ead15734d for pr-160186
[INFO] running `Command { std: "git" "clone" "/workspace/cache/git-repos/https%3A%2F%2Fgithub.com%2Frasmushgrd%2Fexercism_solutions" "/workspace/builds/worker-2-tc1/source", kill_on_drop: false }`
[INFO] [stderr] Cloning into '/workspace/builds/worker-2-tc1/source'...
[INFO] [stderr] done.
[INFO] started tweaking git repo https://github.com/rasmushgrd/exercism_solutions
[INFO] finished tweaking git repo https://github.com/rasmushgrd/exercism_solutions
[INFO] tweaked toml for git repo https://github.com/rasmushgrd/exercism_solutions written to /workspace/builds/worker-2-tc1/source/Cargo.toml
[INFO] validating manifest of git repo https://github.com/rasmushgrd/exercism_solutions on toolchain 5c543b0b8c73c7b72bc8284ced4fb22ead15734d
[INFO] running `Command { std: CARGO_HOME="/workspace/cargo-home" RUSTUP_HOME="/workspace/rustup-home" "/workspace/cargo-home/bin/cargo" "+5c543b0b8c73c7b72bc8284ced4fb22ead15734d" "metadata" "--manifest-path" "Cargo.toml" "--no-deps", kill_on_drop: false }`
[INFO] crate git repo https://github.com/rasmushgrd/exercism_solutions already has a lockfile, it will not be regenerated
[INFO] running `Command { std: CARGO_HOME="/workspace/cargo-home" RUSTUP_HOME="/workspace/rustup-home" "/workspace/cargo-home/bin/cargo" "+5c543b0b8c73c7b72bc8284ced4fb22ead15734d" "fetch" "--manifest-path" "Cargo.toml", kill_on_drop: false }`
[INFO] running `Command { std: "docker" "create" "-v" "/var/lib/crater-agent-workspace/builds/worker-2-tc1/source:/opt/rustwide/workdir:ro,Z" "-v" "/var/lib/crater-agent-workspace/builds/worker-2-tc1/target:/opt/rustwide/target:rw,Z" "-v" "/var/lib/crater-agent-workspace/cargo-home:/opt/rustwide/cargo-home:ro,Z" "-v" "/var/lib/crater-agent-workspace/rustup-home:/opt/rustwide/rustup-home:ro,Z" "-m" "1610612736" "--network" "none" "ghcr.io/rust-lang/crates-build-env/linux@sha256:77db811e55d90add9212f6832c23229e3de5f1c1f9905e8cb07319ea15df73ac" "sleep" "infinity", kill_on_drop: false }`
[INFO] [stdout] c35f29b68288f2aa84e851c7939c3d4d3c69df4e915c18b54f8e2a90aa5bc9fe
[INFO] running `Command { std: "docker" "start" "c35f29b68288f2aa84e851c7939c3d4d3c69df4e915c18b54f8e2a90aa5bc9fe", kill_on_drop: false }`
[INFO] running `Command { std: "docker" "inspect" "c35f29b68288f2aa84e851c7939c3d4d3c69df4e915c18b54f8e2a90aa5bc9fe", kill_on_drop: false }`
[INFO] running `Command { std: "docker" "exec" "-e" "SOURCE_DIR=/opt/rustwide/workdir" "-e" "CARGO_HOME=/opt/rustwide/cargo-home" "-e" "RUSTUP_HOME=/opt/rustwide/rustup-home" "-e" "CARGO_TARGET_DIR=/opt/rustwide/target" "-w" "/opt/rustwide/workdir" "--user" "0:0" "c35f29b68288f2aa84e851c7939c3d4d3c69df4e915c18b54f8e2a90aa5bc9fe" "/opt/rustwide/cargo-home/bin/cargo" "+5c543b0b8c73c7b72bc8284ced4fb22ead15734d" "metadata" "--no-deps" "--format-version=1", kill_on_drop: false }`
[INFO] running `Command { std: "docker" "inspect" "c35f29b68288f2aa84e851c7939c3d4d3c69df4e915c18b54f8e2a90aa5bc9fe", kill_on_drop: false }`
[INFO] running `Command { std: "docker" "exec" "-e" "SOURCE_DIR=/opt/rustwide/workdir" "-e" "CARGO_HOME=/opt/rustwide/cargo-home" "-e" "RUSTUP_HOME=/opt/rustwide/rustup-home" "-e" "CARGO_TARGET_DIR=/opt/rustwide/target" "-e" "CARGO_INCREMENTAL=0" "-e" "RUST_BACKTRACE=full" "-e" "RUSTFLAGS=--cap-lints=forbid" "-e" "RUSTDOCFLAGS=--cap-lints=forbid" "-w" "/opt/rustwide/workdir" "--user" "0:0" "c35f29b68288f2aa84e851c7939c3d4d3c69df4e915c18b54f8e2a90aa5bc9fe" "/opt/rustwide/cargo-home/bin/cargo" "+5c543b0b8c73c7b72bc8284ced4fb22ead15734d" "check" "--frozen" "--all" "--all-targets" "--message-format=json", kill_on_drop: false }`
[INFO] [stderr]     Checking deranged v0.5.5
[INFO] [stderr]     Checking time-core v0.1.6
[INFO] [stderr]     Checking diff v0.1.13
[INFO] [stderr]     Checking yansi v1.0.1
[INFO] [stderr]     Checking prime_factors v0.1.0 (/opt/rustwide/workdir/src/prime_factors)
[INFO] [stderr]     Checking proverb v0.1.0 (/opt/rustwide/workdir/src/proverb)
[INFO] [stderr]     Checking difference_of_squares v0.1.0 (/opt/rustwide/workdir/src/difference_of_squares)
[INFO] [stderr]     Checking eliuds_eggs v0.1.0 (/opt/rustwide/workdir/src/eliuds_eggs)
[INFO] [stderr]     Checking exercism v0.1.0 (/opt/rustwide/workdir)
[INFO] [stderr]     Checking high_scores v0.1.0 (/opt/rustwide/workdir/src/high_scores)
[INFO] [stderr]     Checking flower_field v0.1.0 (/opt/rustwide/workdir/src/flower_field)
[INFO] [stderr]     Checking kindergarten_garden v0.1.0 (/opt/rustwide/workdir/src/kindergarten_garden)
[INFO] [stderr]     Checking anagram v0.1.0 (/opt/rustwide/workdir/src/anagram)
[INFO] [stderr]     Checking leap v0.1.0 (/opt/rustwide/workdir/src/leap)
[INFO] [stderr]     Checking armstrong_number v0.1.0 (/opt/rustwide/workdir/src/armstrong_number)
[INFO] [stderr]     Checking reverse_string v0.1.0 (/opt/rustwide/workdir/src/reverse_string)
[INFO] [stderr]     Checking raindrops v0.1.0 (/opt/rustwide/workdir/src/raindrops)
[INFO] [stderr]     Checking luhn v0.1.0 (/opt/rustwide/workdir/src/luhn)
[INFO] [stderr]     Checking bob v0.1.0 (/opt/rustwide/workdir/src/bob)
[INFO] [stdout] error[E0308]: mismatched types
[INFO] [stdout]  --> src/prime_factors/src/lib.rs:1:27
[INFO] [stdout]   |
[INFO] [stdout] 1 | pub fn factors(n: u64) -> Vec<u64> {}
[INFO] [stdout]   |        -------            ^^^^^^^^ expected `Vec<u64>`, found `()`
[INFO] [stdout]   |        |
[INFO] [stdout]   |        implicitly returns `()` as its body has no tail or `return` expression
[INFO] [stdout]   |
[INFO] [stdout]   = note: expected struct `Vec<u64>`
[INFO] [stdout]           found unit type `()`
[INFO] [stdout] 
[INFO] [stdout] 
[INFO] [stderr]     Checking matching_brackets v0.1.0 (/opt/rustwide/workdir/src/matching_brackets)
[INFO] [stderr]     Checking space_age v0.1.0 (/opt/rustwide/workdir/src/space_age)
[INFO] [stderr]     Checking series v0.1.0 (/opt/rustwide/workdir/src/series)
[INFO] [stderr]     Checking nth_prime v0.1.0 (/opt/rustwide/workdir/src/nth_prime)
[INFO] [stderr]     Checking sublist v0.1.0 (/opt/rustwide/workdir/src/sublist)
[INFO] [stderr]     Checking clock v0.1.0 (/opt/rustwide/workdir/src/clock)
[INFO] [stderr]     Checking poker v0.1.0 (/opt/rustwide/workdir/src/poker)
[INFO] [stderr]     Checking sum_of_multiples v0.1.0 (/opt/rustwide/workdir/src/sum_of_multiples)
[INFO] [stderr]     Checking collatz_conjecture v0.1.0 (/opt/rustwide/workdir/src/collatz_conjecture)
[INFO] [stderr] error: could not compile `prime_factors` (lib test) due to 1 previous error
[INFO] [stdout] For more information about this error, try `rustc --explain E0308`.
[INFO] [stdout] 
[INFO] [stderr] warning: build failed, waiting for other jobs to finish...
[INFO] [stdout] error: expected `;`, found `}`
[INFO] [stdout]   --> src/poker/src/lib.rs:76:10
[INFO] [stdout]    |
[INFO] [stdout] 76 |         }
[INFO] [stdout]    |          ^ help: add `;` here
[INFO] [stdout] 77 |     }
[INFO] [stdout]    |     - unexpected token
[INFO] [stdout] 
[INFO] [stdout] 
[INFO] [stdout] error[E0308]: mismatched types
[INFO] [stdout]  --> src/prime_factors/src/lib.rs:1:27
[INFO] [stdout]   |
[INFO] [stdout] 1 | pub fn factors(n: u64) -> Vec<u64> {}
[INFO] [stdout]   |        -------            ^^^^^^^^ expected `Vec<u64>`, found `()`
[INFO] [stdout]   |        |
[INFO] [stdout]   |        implicitly returns `()` as its body has no tail or `return` expression
[INFO] [stdout]   |
[INFO] [stdout]   = note: expected struct `Vec<u64>`
[INFO] [stdout]           found unit type `()`
[INFO] [stdout] 
[INFO] [stdout] 
[INFO] [stdout] For more information about this error, try `rustc --explain E0308`.
[INFO] [stdout] 
[INFO] [stderr] error: could not compile `prime_factors` (lib) due to 1 previous error
[INFO] [stdout] error[E0308]: mismatched types
[INFO] [stdout]   --> src/poker/src/lib.rs:75:13
[INFO] [stdout]    |
[INFO] [stdout] 75 |             card.rank
[INFO] [stdout]    |             ^^^^^^^^^ expected `()`, found `u8`
[INFO] [stdout]    |
[INFO] [stdout] help: you might have meant to return this value
[INFO] [stdout]    |
[INFO] [stdout] 75 |             return card.rank
[INFO] [stdout]    |             ++++++
[INFO] [stdout] 
[INFO] [stdout] 
[INFO] [stdout] error[E0308]: mismatched types
[INFO] [stdout]   --> src/poker/src/lib.rs:72:27
[INFO] [stdout]    |
[INFO] [stdout] 72 |     fn get_rank(&self) -> u8 {
[INFO] [stdout]    |        --------           ^^ expected `u8`, found `()`
[INFO] [stdout]    |        |
[INFO] [stdout]    |        implicitly returns `()` as its body has no tail or `return` expression
[INFO] [stdout] 
[INFO] [stdout] 
[INFO] [stdout] warning: unused variable: `hands`
[INFO] [stdout]   --> src/poker/src/lib.rs:84:26
[INFO] [stdout]    |
[INFO] [stdout] 84 | pub fn winning_hands<'a>(hands: &[&'a str]) -> Vec<&'a str> {
[INFO] [stdout]    |                          ^^^^^ help: if this is intentional, prefix it with an underscore: `_hands`
[INFO] [stdout]    |
[INFO] [stdout]    = note: `#[warn(unused_variables)]` (part of `#[warn(unused)]`) on by default
[INFO] [stdout] 
[INFO] [stdout] 
[INFO] [stdout] For more information about this error, try `rustc --explain E0308`.
[INFO] [stdout] 
[INFO] [stderr] error: could not compile `poker` (lib) due to 3 previous errors; 1 warning emitted
[INFO] running `Command { std: "docker" "inspect" "c35f29b68288f2aa84e851c7939c3d4d3c69df4e915c18b54f8e2a90aa5bc9fe", kill_on_drop: false }`
[INFO] running `Command { std: "docker" "rm" "-f" "c35f29b68288f2aa84e851c7939c3d4d3c69df4e915c18b54f8e2a90aa5bc9fe", kill_on_drop: false }`
[INFO] [stdout] c35f29b68288f2aa84e851c7939c3d4d3c69df4e915c18b54f8e2a90aa5bc9fe
