[INFO] cloning repository https://github.com/podic-dictionary/podic
[INFO] running `Command { std: "git" "-c" "credential.helper=" "-c" "credential.helper=/workspace/cargo-home/bin/git-credential-null" "clone" "--bare" "https://github.com/podic-dictionary/podic" "/workspace/cache/git-repos/https%3A%2F%2Fgithub.com%2Fpodic-dictionary%2Fpodic", kill_on_drop: false }`
[INFO] [stderr] Cloning into bare repository '/workspace/cache/git-repos/https%3A%2F%2Fgithub.com%2Fpodic-dictionary%2Fpodic'...
[INFO] running `Command { std: "git" "rev-parse" "HEAD", kill_on_drop: false }`
[INFO] [stdout] cc6ab8ab695bb7d50197fec12e7488e75a4b2151
[INFO] checking podic-dictionary/podic against 5c543b0b8c73c7b72bc8284ced4fb22ead15734d for pr-160186
[INFO] running `Command { std: "git" "clone" "/workspace/cache/git-repos/https%3A%2F%2Fgithub.com%2Fpodic-dictionary%2Fpodic" "/workspace/builds/worker-5-tc1/source", kill_on_drop: false }`
[INFO] [stderr] Cloning into '/workspace/builds/worker-5-tc1/source'...
[INFO] [stderr] done.
[INFO] started tweaking git repo https://github.com/podic-dictionary/podic
[INFO] finished tweaking git repo https://github.com/podic-dictionary/podic
[INFO] tweaked toml for git repo https://github.com/podic-dictionary/podic written to /workspace/builds/worker-5-tc1/source/Cargo.toml
[INFO] validating manifest of git repo https://github.com/podic-dictionary/podic on toolchain 5c543b0b8c73c7b72bc8284ced4fb22ead15734d
[INFO] running `Command { std: CARGO_HOME="/workspace/cargo-home" RUSTUP_HOME="/workspace/rustup-home" "/workspace/cargo-home/bin/cargo" "+5c543b0b8c73c7b72bc8284ced4fb22ead15734d" "metadata" "--manifest-path" "Cargo.toml" "--no-deps", kill_on_drop: false }`
[INFO] crate git repo https://github.com/podic-dictionary/podic already has a lockfile, it will not be regenerated
[INFO] running `Command { std: CARGO_HOME="/workspace/cargo-home" RUSTUP_HOME="/workspace/rustup-home" "/workspace/cargo-home/bin/cargo" "+5c543b0b8c73c7b72bc8284ced4fb22ead15734d" "fetch" "--manifest-path" "Cargo.toml", kill_on_drop: false }`
[INFO] [stderr]     Updating crates.io index
[INFO] [stderr]  Downloading crates ...
[INFO] [stderr]   Downloaded html-escape v0.2.15
[INFO] [stderr]   Downloaded dom_query v0.28.0
[INFO] [stderr]   Downloaded napi-build-ohos v1.2.0
[INFO] [stderr]   Downloaded napi-sys-ohos v1.2.0
[INFO] [stderr]   Downloaded cssparser-macros v0.7.1
[INFO] [stderr]   Downloaded dom_smoothie v0.18.2
[INFO] [stderr]   Downloaded napi-derive-ohos v1.2.0
[INFO] [stderr]   Downloaded napi-derive-backend-ohos v1.2.0
[INFO] [stderr]   Downloaded cssparser v0.37.0
[INFO] [stderr]   Downloaded selectors v0.38.0
[INFO] [stderr]   Downloaded napi-ohos v1.2.0
[INFO] [stderr]   Downloaded quinn-proto v0.11.18
[INFO] [stderr]   Downloaded gjson v0.8.1
[INFO] running `Command { std: "docker" "create" "-v" "/var/lib/crater-agent-workspace/builds/worker-5-tc1/source:/opt/rustwide/workdir:ro,Z" "-v" "/var/lib/crater-agent-workspace/builds/worker-5-tc1/target:/opt/rustwide/target:rw,Z" "-v" "/var/lib/crater-agent-workspace/cargo-home:/opt/rustwide/cargo-home:ro,Z" "-v" "/var/lib/crater-agent-workspace/rustup-home:/opt/rustwide/rustup-home:ro,Z" "-m" "1610612736" "--network" "none" "ghcr.io/rust-lang/crates-build-env/linux@sha256:77db811e55d90add9212f6832c23229e3de5f1c1f9905e8cb07319ea15df73ac" "sleep" "infinity", kill_on_drop: false }`
[INFO] [stdout] bea5626a927de8737c6a11c8ebf94e174ab1e897b012ed39cad642f0ef452d2a
[INFO] running `Command { std: "docker" "start" "bea5626a927de8737c6a11c8ebf94e174ab1e897b012ed39cad642f0ef452d2a", kill_on_drop: false }`
[INFO] running `Command { std: "docker" "inspect" "bea5626a927de8737c6a11c8ebf94e174ab1e897b012ed39cad642f0ef452d2a", kill_on_drop: false }`
[INFO] running `Command { std: "docker" "exec" "-e" "SOURCE_DIR=/opt/rustwide/workdir" "-e" "CARGO_HOME=/opt/rustwide/cargo-home" "-e" "RUSTUP_HOME=/opt/rustwide/rustup-home" "-e" "CARGO_TARGET_DIR=/opt/rustwide/target" "-w" "/opt/rustwide/workdir" "--user" "0:0" "bea5626a927de8737c6a11c8ebf94e174ab1e897b012ed39cad642f0ef452d2a" "/opt/rustwide/cargo-home/bin/cargo" "+5c543b0b8c73c7b72bc8284ced4fb22ead15734d" "metadata" "--no-deps" "--format-version=1", kill_on_drop: false }`
[INFO] running `Command { std: "docker" "inspect" "bea5626a927de8737c6a11c8ebf94e174ab1e897b012ed39cad642f0ef452d2a", kill_on_drop: false }`
[INFO] running `Command { std: "docker" "exec" "-e" "SOURCE_DIR=/opt/rustwide/workdir" "-e" "CARGO_HOME=/opt/rustwide/cargo-home" "-e" "RUSTUP_HOME=/opt/rustwide/rustup-home" "-e" "CARGO_TARGET_DIR=/opt/rustwide/target" "-e" "CARGO_INCREMENTAL=0" "-e" "RUST_BACKTRACE=full" "-e" "RUSTFLAGS=--cap-lints=forbid" "-e" "RUSTDOCFLAGS=--cap-lints=forbid" "-w" "/opt/rustwide/workdir" "--user" "0:0" "bea5626a927de8737c6a11c8ebf94e174ab1e897b012ed39cad642f0ef452d2a" "/opt/rustwide/cargo-home/bin/cargo" "+5c543b0b8c73c7b72bc8284ced4fb22ead15734d" "check" "--frozen" "--all" "--all-targets" "--message-format=json", kill_on_drop: false }`
[INFO] [stderr]    Compiling proc-macro2 v1.0.107
[INFO] [stderr]    Compiling unicode-ident v1.0.26
[INFO] [stderr]    Compiling quote v1.0.47
[INFO] [stderr]    Compiling libc v0.2.189
[INFO] [stderr]     Checking smallvec v1.16.1
[INFO] [stderr]     Checking bytes v1.12.1
[INFO] [stderr]     Checking stable_deref_trait v1.2.1
[INFO] [stderr]     Checking log v0.4.34
[INFO] [stderr]    Compiling fastrand v2.5.0
[INFO] [stderr]    Compiling find-msvc-tools v0.1.12
[INFO] [stderr]     Checking foldhash v0.2.0
[INFO] [stderr]     Checking tracing-core v0.1.36
[INFO] [stderr]     Checking litemap v0.8.3
[INFO] [stderr]     Checking writeable v0.6.4
[INFO] [stderr]     Checking memchr v2.8.3
[INFO] [stderr]    Compiling icu_normalizer_data v2.3.0
[INFO] [stderr]     Checking futures-task v0.3.34
[INFO] [stderr]     Checking siphasher v1.0.3
[INFO] [stderr]    Compiling icu_properties_data v2.3.0
[INFO] [stderr]     Checking futures-util v0.3.34
[INFO] [stderr]    Compiling phf_generator v0.13.1
[INFO] [stderr]    Compiling cc v1.4.6
[INFO] [stderr]     Checking hashbrown v0.17.1
[INFO] [stderr]    Compiling rustversion v1.0.23
[INFO] [stderr]     Checking zeroize v1.9.0
[INFO] [stderr]     Checking new_debug_unreachable v1.0.6
[INFO] [stderr]     Checking bitflags v2.13.2
[INFO] [stderr]     Checking sync_wrapper v1.0.2
[INFO] [stderr]     Checking futures-channel v0.3.34
[INFO] [stderr]     Checking rustls-pki-types v1.15.1
[INFO] [stderr]     Checking tracing v0.1.44
[INFO] [stderr]    Compiling serde v1.0.229
[INFO] [stderr]    Compiling phf_codegen v0.13.1
[INFO] [stderr]     Checking phf_shared v0.13.1
[INFO] [stderr]    Compiling zmij v1.0.23
[INFO] [stderr]     Checking precomputed-hash v0.1.1
[INFO] [stderr]     Checking typenum v1.20.1
[INFO] [stderr]    Compiling rustls v0.23.45
[INFO] [stderr]    Compiling mime_guess v2.0.5
[INFO] [stderr]    Compiling pkg-config v0.3.34
[INFO] [stderr]     Checking ipnet v2.12.2
[INFO] [stderr]    Compiling serde_json v1.0.151
[INFO] [stderr]    Compiling thiserror v2.0.20
[INFO] [stderr]     Checking dtoa v1.0.11
[INFO] [stderr]     Checking indexmap v2.14.2
[INFO] [stderr]     Checking http v1.5.0
[INFO] [stderr]    Compiling crc32fast v1.5.2
[INFO] [stderr]    Compiling selectors v0.38.0
[INFO] [stderr]     Checking webpki-roots v1.0.9
[INFO] [stderr]     Checking tendril v0.5.1
[INFO] [stderr]     Checking dtoa-short v0.3.5
[INFO] [stderr]     Checking simd-adler32 v0.3.10
[INFO] [stderr]    Compiling encoding_rs v0.8.41
[INFO] [stderr]     Checking hashlink v0.12.2
[INFO] [stderr]     Checking servo_arc v0.4.3
[INFO] [stderr]     Checking miniz_oxide v0.9.1
[INFO] [stderr]     Checking bit-vec v0.8.0
[INFO] [stderr]     Checking tinyvec v1.13.3
[INFO] [stderr]     Checking core_detect v1.0.0
[INFO] [stderr]     Checking rustc-hash v2.1.3
[INFO] [stderr]     Checking simdutf8 v0.1.5
[INFO] [stderr]     Checking fallible-iterator v0.3.0
[INFO] [stderr]    Compiling multiversion_no_op v1.0.0
[INFO] [stderr]    Compiling syn v3.0.6
[INFO] [stderr]    Compiling syn v2.0.119
[INFO] [stderr]    Compiling string_cache_codegen v0.6.1
[INFO] [stderr]     Checking fallible-streaming-iterator v0.1.9
[INFO] [stderr]     Checking bit-set v0.8.0
[INFO] [stderr]     Checking nom v8.0.0
[INFO] [stderr]     Checking spin v0.9.9
[INFO] [stderr]     Checking serde_path_to_error v0.1.20
[INFO] [stderr]     Checking gjson v0.8.1
[INFO] [stderr]    Compiling web_atoms v0.2.6
[INFO] [stderr]     Checking flate2 v1.1.10
[INFO] [stderr]     Checking flagset v0.4.7
[INFO] [stderr]     Checking unicode-normalization v0.1.25
[INFO] [stderr]     Checking html-escape v0.2.15
[INFO] [stderr]     Checking unicode-segmentation v1.13.3
[INFO] [stderr]    Compiling jni-sys v0.3.1
[INFO] [stderr]    Compiling napi-build-ohos v1.2.0
[INFO] [stderr]     Checking http-body v1.1.0
[INFO] [stderr]     Checking combine v4.6.8
[INFO] [stderr]     Checking cesu8 v1.1.0
[INFO] [stderr]     Checking http-body-util v0.1.5
[INFO] [stderr]    Compiling ring v0.17.14
[INFO] [stderr]    Compiling libsqlite3-sys v0.38.2
[INFO] [stderr]    Compiling podic-ohos v0.1.0 (/opt/rustwide/workdir/crates/podic-ohos)
[INFO] [stderr]     Checking parking_lot_core v0.9.12
[INFO] [stderr]     Checking errno v0.3.14
[INFO] [stderr]     Checking mio v1.2.3
[INFO] [stderr]     Checking signal-hook-registry v1.4.8
[INFO] [stderr]     Checking parking_lot v0.12.5
[INFO] [stderr]     Checking socket2 v0.6.5
[INFO] [stderr]     Checking getrandom v0.2.17
[INFO] [stderr]     Checking generic-array v0.14.7
[INFO] [stderr]     Checking axum-core v0.5.6
[INFO] [stderr]     Checking string_cache v0.9.0
[INFO] [stderr]     Checking crypto-common v0.1.7
[INFO] [stderr]     Checking block-buffer v0.10.4
[INFO] [stderr]     Checking digest v0.10.7
[INFO] [stderr]     Checking sha2 v0.10.9
[INFO] [stderr]     Checking rustls-webpki v0.103.15
[INFO] [stderr]    Compiling phf_macros v0.13.1
[INFO] [stderr]    Compiling derive_more-impl v2.1.1
[INFO] [stderr]    Compiling jni-sys-macros v0.4.1
[INFO] [stderr]    Compiling thiserror-impl v1.0.69
[INFO] [stderr]    Compiling synstructure v0.14.0
[INFO] [stderr]     Checking jni-sys v0.4.1
[INFO] [stderr]     Checking phf v0.13.1
[INFO] [stderr]    Compiling zerovec-derive v0.11.6
[INFO] [stderr]    Compiling tokio-macros v2.7.2
[INFO] [stderr]    Compiling displaydoc v0.2.7
[INFO] [stderr]    Compiling serde_derive v1.0.229
[INFO] [stderr]    Compiling multiversion-macros v0.9.0
[INFO] [stderr]    Compiling thiserror-impl v2.0.20
[INFO] [stderr]    Compiling cssparser-macros v0.7.1
[INFO] [stderr]     Checking cssparser v0.37.0
[INFO] [stderr]    Compiling zerofrom-derive v0.1.8
[INFO] [stderr]    Compiling yoke-derive v0.8.3
[INFO] [stderr]     Checking derive_more v2.1.1
[INFO] [stderr]     Checking thiserror v1.0.69
[INFO] [stderr]     Checking tokio v1.53.1
[INFO] [stderr]     Checking multiversion v0.9.0
[INFO] [stderr]     Checking jni v0.21.1
[INFO] [stderr]     Checking markup5ever v0.39.0
[INFO] [stderr]     Checking zerofrom v0.1.8
[INFO] [stderr]     Checking yoke v0.8.3
[INFO] [stderr]     Checking html5ever v0.39.0
[INFO] [stderr]     Checking zerotrie v0.2.5
[INFO] [stderr]     Checking zerovec v0.11.8
[INFO] [stderr]     Checking tinystr v0.8.4
[INFO] [stderr]     Checking potential_utf v0.1.6
[INFO] [stderr]     Checking icu_collections v2.3.0
[INFO] [stderr]     Checking icu_locale_core v2.3.0
[INFO] [stderr]     Checking multer v3.1.0
[INFO] [stderr]     Checking dom_query v0.28.0
[INFO] [stderr]     Checking icu_provider v2.3.1
[INFO] [stderr]     Checking dom_smoothie v0.18.2
[INFO] [stderr]     Checking icu_normalizer v2.3.0
[INFO] [stderr]     Checking icu_properties v2.3.0
[INFO] [stderr]     Checking serde_urlencoded v0.7.1
[INFO] [stderr]     Checking idna_adapter v1.2.2
[INFO] [stderr]     Checking idna v1.1.0
[INFO] [stderr]     Checking url v2.5.8
[INFO] [stderr]     Checking rusqlite v0.40.2
[INFO] [stderr]     Checking tokio-util v0.7.19
[INFO] [stderr]     Checking tower v0.5.3
[INFO] [stderr]     Checking tokio-rustls v0.26.5
[INFO] [stderr]     Checking tokio-stream v0.1.19
[INFO] [stderr]     Checking h2 v0.4.19
[INFO] [stderr]     Checking tower-http v0.6.11
[INFO] [stderr]     Checking hyper v1.11.1
[INFO] [stderr]     Checking hyper-util v0.1.20
[INFO] [stderr]     Checking hyper-rustls v0.27.9
[INFO] [stderr]     Checking axum v0.8.9
[INFO] [stderr]     Checking reqwest v0.12.28
[INFO] [stderr]     Checking podic-core v0.1.0 (/opt/rustwide/workdir/crates/podic-core)
[INFO] [stdout] warning: unused import: `Usage`
[INFO] [stdout]  --> crates/podic-core/src/ai/anthropic.rs:5:41
[INFO] [stdout]   |
[INFO] [stdout] 5 | use super::{ChatRequest, StreamOutcome, Usage};
[INFO] [stdout]   |                                         ^^^^^
[INFO] [stdout]   |
[INFO] [stdout]   = note: `#[warn(unused_imports)]` (part of `#[warn(unused)]`) on by default
[INFO] [stdout] 
[INFO] [stdout] 
[INFO] [stdout] warning: unused import: `Usage`
[INFO] [stdout]  --> crates/podic-core/src/ai/anthropic.rs:5:41
[INFO] [stdout]   |
[INFO] [stdout] 5 | use super::{ChatRequest, StreamOutcome, Usage};
[INFO] [stdout]   |                                         ^^^^^
[INFO] [stdout]   |
[INFO] [stdout]   = note: `#[warn(unused_imports)]` (part of `#[warn(unused)]`) on by default
[INFO] [stdout] 
[INFO] [stdout] 
[INFO] [stdout] warning: variable does not need to be mutable
[INFO] [stdout]    --> crates/podic-core/src/ai/anthropic.rs:108:17
[INFO] [stdout]     |
[INFO] [stdout] 108 |             let mut retry = Self {
[INFO] [stdout]     |                 ----^^^^^
[INFO] [stdout]     |                 |
[INFO] [stdout]     |                 help: remove this `mut`
[INFO] [stdout]     |
[INFO] [stdout]     = note: `#[warn(unused_mut)]` (part of `#[warn(unused)]`) on by default
[INFO] [stdout] 
[INFO] [stdout] 
[INFO] [stdout] error[E0061]: this function takes 6 arguments but 5 arguments were supplied
[INFO] [stdout]    --> crates/podic-core/src/lookup.rs:435:21
[INFO] [stdout]     |
[INFO] [stdout] 435 |         let items = lookup(&conn, &["en".to_string()], &langs, "blorp", 20).unwrap();
[INFO] [stdout]     |                     ^^^^^^------------------------------------------------- argument #6 of type `bool` is missing
[INFO] [stdout]     |
[INFO] [stdout] note: function defined here
[INFO] [stdout]    --> crates/podic-core/src/lookup.rs:110:8
[INFO] [stdout]     |
[INFO] [stdout] 110 | pub fn lookup(
[INFO] [stdout]     |        ^^^^^^
[INFO] [stdout] ...
[INFO] [stdout] 116 |     exact_only: bool,
[INFO] [stdout]     |     ----------------
[INFO] [stdout] help: provide the argument
[INFO] [stdout]     |
[INFO] [stdout] 435 |         let items = lookup(&conn, &["en".to_string()], &langs, "blorp", 20, /* bool */).unwrap();
[INFO] [stdout]     |                                                                           ++++++++++++
[INFO] [stdout] 
[INFO] [stdout] 
[INFO] [stdout] error[E0061]: this function takes 6 arguments but 5 arguments were supplied
[INFO] [stdout]    --> crates/podic-core/src/lookup.rs:455:21
[INFO] [stdout]     |
[INFO] [stdout] 455 |         let items = lookup(&conn, &["en".to_string()], &langs, "manger", 20).unwrap();
[INFO] [stdout]     |                     ^^^^^^-------------------------------------------------- argument #6 of type `bool` is missing
[INFO] [stdout]     |
[INFO] [stdout] note: function defined here
[INFO] [stdout]    --> crates/podic-core/src/lookup.rs:110:8
[INFO] [stdout]     |
[INFO] [stdout] 110 | pub fn lookup(
[INFO] [stdout]     |        ^^^^^^
[INFO] [stdout] ...
[INFO] [stdout] 116 |     exact_only: bool,
[INFO] [stdout]     |     ----------------
[INFO] [stdout] help: provide the argument
[INFO] [stdout]     |
[INFO] [stdout] 455 |         let items = lookup(&conn, &["en".to_string()], &langs, "manger", 20, /* bool */).unwrap();
[INFO] [stdout]     |                                                                            ++++++++++++
[INFO] [stdout] 
[INFO] [stdout] 
[INFO] [stdout] error[E0061]: this function takes 6 arguments but 5 arguments were supplied
[INFO] [stdout]    --> crates/podic-core/src/lookup.rs:460:21
[INFO] [stdout]     |
[INFO] [stdout] 460 |         let items = lookup(&conn, &["en".to_string()], &langs, "mangeait", 20).unwrap();
[INFO] [stdout]     |                     ^^^^^^---------------------------------------------------- argument #6 of type `bool` is missing
[INFO] [stdout]     |
[INFO] [stdout] note: function defined here
[INFO] [stdout]    --> crates/podic-core/src/lookup.rs:110:8
[INFO] [stdout]     |
[INFO] [stdout] 110 | pub fn lookup(
[INFO] [stdout]     |        ^^^^^^
[INFO] [stdout] ...
[INFO] [stdout] 116 |     exact_only: bool,
[INFO] [stdout]     |     ----------------
[INFO] [stdout] help: provide the argument
[INFO] [stdout]     |
[INFO] [stdout] 460 |         let items = lookup(&conn, &["en".to_string()], &langs, "mangeait", 20, /* bool */).unwrap();
[INFO] [stdout]     |                                                                              ++++++++++++
[INFO] [stdout] 
[INFO] [stdout] 
[INFO] [stdout] error[E0061]: this function takes 6 arguments but 5 arguments were supplied
[INFO] [stdout]    --> crates/podic-core/src/lookup.rs:468:21
[INFO] [stdout]     |
[INFO] [stdout] 468 |         let items = lookup(&conn, &["en".to_string()], &langs, "mangeait", 20).unwrap();
[INFO] [stdout]     |                     ^^^^^^---------------------------------------------------- argument #6 of type `bool` is missing
[INFO] [stdout]     |
[INFO] [stdout] note: function defined here
[INFO] [stdout]    --> crates/podic-core/src/lookup.rs:110:8
[INFO] [stdout]     |
[INFO] [stdout] 110 | pub fn lookup(
[INFO] [stdout]     |        ^^^^^^
[INFO] [stdout] ...
[INFO] [stdout] 116 |     exact_only: bool,
[INFO] [stdout]     |     ----------------
[INFO] [stdout] help: provide the argument
[INFO] [stdout]     |
[INFO] [stdout] 468 |         let items = lookup(&conn, &["en".to_string()], &langs, "mangeait", 20, /* bool */).unwrap();
[INFO] [stdout]     |                                                                              ++++++++++++
[INFO] [stdout] 
[INFO] [stdout] 
[INFO] [stdout] error[E0061]: this function takes 6 arguments but 5 arguments were supplied
[INFO] [stdout]    --> crates/podic-core/src/lookup.rs:486:21
[INFO] [stdout]     |
[INFO] [stdout] 486 |         let items = lookup(&conn, &installed, &langs, "Haus", 20).unwrap();
[INFO] [stdout]     |                     ^^^^^^--------------------------------------- argument #6 of type `bool` is missing
[INFO] [stdout]     |
[INFO] [stdout] note: function defined here
[INFO] [stdout]    --> crates/podic-core/src/lookup.rs:110:8
[INFO] [stdout]     |
[INFO] [stdout] 110 | pub fn lookup(
[INFO] [stdout]     |        ^^^^^^
[INFO] [stdout] ...
[INFO] [stdout] 116 |     exact_only: bool,
[INFO] [stdout]     |     ----------------
[INFO] [stdout] help: provide the argument
[INFO] [stdout]     |
[INFO] [stdout] 486 |         let items = lookup(&conn, &installed, &langs, "Haus", 20, /* bool */).unwrap();
[INFO] [stdout]     |                                                                 ++++++++++++
[INFO] [stdout] 
[INFO] [stdout] 
[INFO] [stdout] error[E0061]: this function takes 6 arguments but 5 arguments were supplied
[INFO] [stdout]    --> crates/podic-core/src/lookup.rs:500:17
[INFO] [stdout]     |
[INFO] [stdout] 500 |         assert!(lookup(&conn, &installed, &langs, "nichtda", 20).unwrap().is_empty());
[INFO] [stdout]     |                 ^^^^^^------------------------------------------ argument #6 of type `bool` is missing
[INFO] [stdout]     |
[INFO] [stdout] note: function defined here
[INFO] [stdout]    --> crates/podic-core/src/lookup.rs:110:8
[INFO] [stdout]     |
[INFO] [stdout] 110 | pub fn lookup(
[INFO] [stdout]     |        ^^^^^^
[INFO] [stdout] ...
[INFO] [stdout] 116 |     exact_only: bool,
[INFO] [stdout]     |     ----------------
[INFO] [stdout] help: provide the argument
[INFO] [stdout]     |
[INFO] [stdout] 500 |         assert!(lookup(&conn, &installed, &langs, "nichtda", 20, /* bool */).unwrap().is_empty());
[INFO] [stdout]     |                                                                ++++++++++++
[INFO] [stdout] 
[INFO] [stdout] 
[INFO] [stdout] error[E0061]: this function takes 6 arguments but 5 arguments were supplied
[INFO] [stdout]    --> crates/podic-core/src/lookup.rs:518:21
[INFO] [stdout]     |
[INFO] [stdout] 518 |         let items = lookup(&conn, &installed, &installed, "hús", 20).unwrap();
[INFO] [stdout]     |                     ^^^^^^------------------------------------------ argument #6 of type `bool` is missing
[INFO] [stdout]     |
[INFO] [stdout] note: function defined here
[INFO] [stdout]    --> crates/podic-core/src/lookup.rs:110:8
[INFO] [stdout]     |
[INFO] [stdout] 110 | pub fn lookup(
[INFO] [stdout]     |        ^^^^^^
[INFO] [stdout] ...
[INFO] [stdout] 116 |     exact_only: bool,
[INFO] [stdout]     |     ----------------
[INFO] [stdout] help: provide the argument
[INFO] [stdout]     |
[INFO] [stdout] 518 |         let items = lookup(&conn, &installed, &installed, "hús", 20, /* bool */).unwrap();
[INFO] [stdout]     |                                                                    ++++++++++++
[INFO] [stdout] 
[INFO] [stdout] 
[INFO] [stdout] warning: variable does not need to be mutable
[INFO] [stdout]    --> crates/podic-core/src/ai/anthropic.rs:108:17
[INFO] [stdout]     |
[INFO] [stdout] 108 |             let mut retry = Self {
[INFO] [stdout]     |                 ----^^^^^
[INFO] [stdout]     |                 |
[INFO] [stdout]     |                 help: remove this `mut`
[INFO] [stdout]     |
[INFO] [stdout]     = note: `#[warn(unused_mut)]` (part of `#[warn(unused)]`) on by default
[INFO] [stdout] 
[INFO] [stdout] 
[INFO] [stdout] For more information about this error, try `rustc --explain E0061`.
[INFO] [stdout] 
[INFO] [stderr] error: could not compile `podic-core` (lib test) due to 7 previous errors; 2 warnings emitted
[INFO] [stderr] warning: build failed, waiting for other jobs to finish...
[INFO] [stdout] warning: field `history` is never read
[INFO] [stdout]   --> crates/podic-core/src/update.rs:63:5
[INFO] [stdout]    |
[INFO] [stdout] 49 | struct ManifestPack {
[INFO] [stdout]    |        ------------ field in this struct
[INFO] [stdout] ...
[INFO] [stdout] 63 |     history: Vec<HistoryEntry>,
[INFO] [stdout]    |     ^^^^^^^
[INFO] [stdout]    |
[INFO] [stdout]    = note: `ManifestPack` has a derived impl for the trait `Debug`, but this is intentionally ignored during dead code analysis
[INFO] [stdout]    = note: `#[warn(dead_code)]` (part of `#[warn(unused)]`) on by default
[INFO] [stdout] 
[INFO] [stdout] 
[INFO] running `Command { std: "docker" "inspect" "bea5626a927de8737c6a11c8ebf94e174ab1e897b012ed39cad642f0ef452d2a", kill_on_drop: false }`
[INFO] running `Command { std: "docker" "rm" "-f" "bea5626a927de8737c6a11c8ebf94e174ab1e897b012ed39cad642f0ef452d2a", kill_on_drop: false }`
[INFO] [stdout] bea5626a927de8737c6a11c8ebf94e174ab1e897b012ed39cad642f0ef452d2a
