[INFO] cloning repository https://github.com/ompugao/envchain-rs
[INFO] running `Command { std: "git" "-c" "credential.helper=" "-c" "credential.helper=/workspace/cargo-home/bin/git-credential-null" "clone" "--bare" "https://github.com/ompugao/envchain-rs" "/workspace/cache/git-repos/https%3A%2F%2Fgithub.com%2Fompugao%2Fenvchain-rs", kill_on_drop: false }`
[INFO] [stderr] Cloning into bare repository '/workspace/cache/git-repos/https%3A%2F%2Fgithub.com%2Fompugao%2Fenvchain-rs'...
[INFO] running `Command { std: "git" "rev-parse" "HEAD", kill_on_drop: false }`
[INFO] [stdout] 7c803348600d778f87aa4dae8159783124a28455
[INFO] checking ompugao/envchain-rs against 895980e0290783bb09b1ccf1b11f14eb09b10430 for pr-160186
[INFO] running `Command { std: "git" "clone" "/workspace/cache/git-repos/https%3A%2F%2Fgithub.com%2Fompugao%2Fenvchain-rs" "/workspace/builds/worker-6-tc2/source", kill_on_drop: false }`
[INFO] [stderr] Cloning into '/workspace/builds/worker-6-tc2/source'...
[INFO] [stderr] done.
[INFO] started tweaking git repo https://github.com/ompugao/envchain-rs
[INFO] finished tweaking git repo https://github.com/ompugao/envchain-rs
[INFO] tweaked toml for git repo https://github.com/ompugao/envchain-rs written to /workspace/builds/worker-6-tc2/source/Cargo.toml
[INFO] validating manifest of git repo https://github.com/ompugao/envchain-rs on toolchain 895980e0290783bb09b1ccf1b11f14eb09b10430
[INFO] running `Command { std: CARGO_HOME="/workspace/cargo-home" RUSTUP_HOME="/workspace/rustup-home" "/workspace/cargo-home/bin/cargo" "+895980e0290783bb09b1ccf1b11f14eb09b10430" "metadata" "--manifest-path" "Cargo.toml" "--no-deps", kill_on_drop: false }`
[INFO] crate git repo https://github.com/ompugao/envchain-rs already has a lockfile, it will not be regenerated
[INFO] running `Command { std: CARGO_HOME="/workspace/cargo-home" RUSTUP_HOME="/workspace/rustup-home" "/workspace/cargo-home/bin/cargo" "+895980e0290783bb09b1ccf1b11f14eb09b10430" "fetch" "--manifest-path" "Cargo.toml", kill_on_drop: false }`
[INFO] [stderr]     Blocking waiting for file lock on package cache
[INFO] [stderr]     Updating crates.io index
[INFO] [stderr]     Blocking waiting for file lock on package cache
[ERROR] error running command: no output for 300 seconds
[INFO] checking ompugao/envchain-rs against 895980e0290783bb09b1ccf1b11f14eb09b10430 for pr-160186
[INFO] running `Command { std: "git" "clone" "/workspace/cache/git-repos/https%3A%2F%2Fgithub.com%2Fompugao%2Fenvchain-rs" "/workspace/builds/worker-6-tc2/source", kill_on_drop: false }`
[INFO] [stderr] Cloning into '/workspace/builds/worker-6-tc2/source'...
[INFO] [stderr] done.
[INFO] started tweaking git repo https://github.com/ompugao/envchain-rs
[INFO] finished tweaking git repo https://github.com/ompugao/envchain-rs
[INFO] tweaked toml for git repo https://github.com/ompugao/envchain-rs written to /workspace/builds/worker-6-tc2/source/Cargo.toml
[INFO] validating manifest of git repo https://github.com/ompugao/envchain-rs on toolchain 895980e0290783bb09b1ccf1b11f14eb09b10430
[INFO] running `Command { std: CARGO_HOME="/workspace/cargo-home" RUSTUP_HOME="/workspace/rustup-home" "/workspace/cargo-home/bin/cargo" "+895980e0290783bb09b1ccf1b11f14eb09b10430" "metadata" "--manifest-path" "Cargo.toml" "--no-deps", kill_on_drop: false }`
[INFO] crate git repo https://github.com/ompugao/envchain-rs already has a lockfile, it will not be regenerated
[INFO] running `Command { std: CARGO_HOME="/workspace/cargo-home" RUSTUP_HOME="/workspace/rustup-home" "/workspace/cargo-home/bin/cargo" "+895980e0290783bb09b1ccf1b11f14eb09b10430" "fetch" "--manifest-path" "Cargo.toml", kill_on_drop: false }`
[INFO] [stderr]     Blocking waiting for file lock on package cache
[INFO] [stderr]     Blocking waiting for file lock on package cache
[ERROR] error running command: no output for 300 seconds
[INFO] checking ompugao/envchain-rs against 895980e0290783bb09b1ccf1b11f14eb09b10430 for pr-160186
[INFO] running `Command { std: "git" "clone" "/workspace/cache/git-repos/https%3A%2F%2Fgithub.com%2Fompugao%2Fenvchain-rs" "/workspace/builds/worker-6-tc2/source", kill_on_drop: false }`
[INFO] [stderr] Cloning into '/workspace/builds/worker-6-tc2/source'...
[INFO] [stderr] done.
[INFO] started tweaking git repo https://github.com/ompugao/envchain-rs
[INFO] finished tweaking git repo https://github.com/ompugao/envchain-rs
[INFO] tweaked toml for git repo https://github.com/ompugao/envchain-rs written to /workspace/builds/worker-6-tc2/source/Cargo.toml
[INFO] validating manifest of git repo https://github.com/ompugao/envchain-rs on toolchain 895980e0290783bb09b1ccf1b11f14eb09b10430
[INFO] running `Command { std: CARGO_HOME="/workspace/cargo-home" RUSTUP_HOME="/workspace/rustup-home" "/workspace/cargo-home/bin/cargo" "+895980e0290783bb09b1ccf1b11f14eb09b10430" "metadata" "--manifest-path" "Cargo.toml" "--no-deps", kill_on_drop: false }`
[INFO] crate git repo https://github.com/ompugao/envchain-rs already has a lockfile, it will not be regenerated
[INFO] running `Command { std: CARGO_HOME="/workspace/cargo-home" RUSTUP_HOME="/workspace/rustup-home" "/workspace/cargo-home/bin/cargo" "+895980e0290783bb09b1ccf1b11f14eb09b10430" "fetch" "--manifest-path" "Cargo.toml", kill_on_drop: false }`
[INFO] [stderr]     Blocking waiting for file lock on package cache
[INFO] [stderr]     Blocking waiting for file lock on package cache
[ERROR] error running command: no output for 300 seconds
[INFO] checking ompugao/envchain-rs against 895980e0290783bb09b1ccf1b11f14eb09b10430 for pr-160186
[INFO] running `Command { std: "git" "clone" "/workspace/cache/git-repos/https%3A%2F%2Fgithub.com%2Fompugao%2Fenvchain-rs" "/workspace/builds/worker-6-tc2/source", kill_on_drop: false }`
[INFO] [stderr] Cloning into '/workspace/builds/worker-6-tc2/source'...
[INFO] [stderr] done.
[INFO] started tweaking git repo https://github.com/ompugao/envchain-rs
[INFO] finished tweaking git repo https://github.com/ompugao/envchain-rs
[INFO] tweaked toml for git repo https://github.com/ompugao/envchain-rs written to /workspace/builds/worker-6-tc2/source/Cargo.toml
[INFO] validating manifest of git repo https://github.com/ompugao/envchain-rs on toolchain 895980e0290783bb09b1ccf1b11f14eb09b10430
[INFO] running `Command { std: CARGO_HOME="/workspace/cargo-home" RUSTUP_HOME="/workspace/rustup-home" "/workspace/cargo-home/bin/cargo" "+895980e0290783bb09b1ccf1b11f14eb09b10430" "metadata" "--manifest-path" "Cargo.toml" "--no-deps", kill_on_drop: false }`
[INFO] crate git repo https://github.com/ompugao/envchain-rs already has a lockfile, it will not be regenerated
[INFO] running `Command { std: CARGO_HOME="/workspace/cargo-home" RUSTUP_HOME="/workspace/rustup-home" "/workspace/cargo-home/bin/cargo" "+895980e0290783bb09b1ccf1b11f14eb09b10430" "fetch" "--manifest-path" "Cargo.toml", kill_on_drop: false }`
[INFO] [stderr]     Blocking waiting for file lock on package cache
[INFO] [stderr]     Blocking waiting for file lock on package cache
[INFO] [stderr]  Downloading crates ...
[INFO] [stderr]   Downloaded windows-native-keyring-store v0.5.1
[INFO] [stderr]   Downloaded keyring-core v0.7.4
[INFO] [stderr]   Downloaded secret-service v3.1.0
[INFO] [stderr]   Downloaded bitflags v2.12.1
[INFO] [stderr]   Downloaded rust-embed-impl v8.11.0
[INFO] [stderr]   Downloaded log v0.4.31
[INFO] [stderr]   Downloaded i18n-config v0.4.8
[INFO] [stderr]   Downloaded zbus_names v2.6.1
[INFO] [stderr]   Downloaded event-listener v3.1.0
[INFO] [stderr]   Downloaded io_tee v0.1.1
[INFO] [stderr]   Downloaded zvariant_derive v3.15.2
[INFO] [stderr]   Downloaded salsa20 v0.10.2
[INFO] [stderr]   Downloaded rust-embed-utils v8.11.0
[INFO] [stderr]   Downloaded zbus v3.15.2
[INFO] [stderr]   Downloaded zvariant_utils v1.0.1
[INFO] [stderr]   Downloaded intl_pluralrules v7.0.2
[INFO] [stderr]   Downloaded block-padding v0.3.3
[INFO] [stderr]   Downloaded i18n-embed-fl v0.9.4
[INFO] [stderr]   Downloaded unic-langid v0.9.6
[INFO] [stderr]   Downloaded fluent-langneg v0.13.1
[INFO] [stderr]   Downloaded proc-macro-error-attr2 v2.0.0
[INFO] [stderr]   Downloaded intl-memoizer v0.5.3
[INFO] [stderr]   Downloaded fluent v0.16.1
[INFO] [stderr]   Downloaded rpassword v7.5.4
[INFO] [stderr]   Downloaded age-core v0.11.0
[INFO] [stderr]   Downloaded self_cell v0.10.3
[INFO] [stderr]   Downloaded find-crate v0.6.3
[INFO] [stderr]   Downloaded async-process v1.8.1
[INFO] [stderr]   Downloaded rtoolbox v0.0.5
[INFO] [stderr]   Downloaded i18n-embed v0.15.4
[INFO] [stderr]   Downloaded scrypt v0.11.0
[INFO] [stderr]   Downloaded derivative v2.2.0
[INFO] [stderr]   Downloaded pbkdf2 v0.12.2
[INFO] [stderr]   Downloaded i18n-embed-impl v0.8.4
[INFO] [stderr]   Downloaded bech32 v0.9.1
[INFO] [stderr]   Downloaded bcrypt-pbkdf v0.10.0
[INFO] [stderr]   Downloaded async-broadcast v0.5.1
[INFO] [stderr]   Downloaded cbc v0.1.2
[INFO] [stderr]   Downloaded cookie-factory v0.3.3
[INFO] [stderr]   Downloaded async-io v1.13.0
[INFO] [stderr]   Downloaded socket2 v0.4.10
[INFO] [stderr]   Downloaded polling v2.8.0
[INFO] [stderr]   Downloaded async-fs v1.6.0
[INFO] [stderr]   Downloaded proc-macro-error2 v2.0.1
[INFO] [stderr]   Downloaded fluent-syntax v0.11.1
[INFO] [stderr]   Downloaded zbus_macros v3.15.2
[INFO] [stderr]   Downloaded io-lifetimes v1.0.11
[INFO] [stderr]   Downloaded clap_complete v4.6.5
[INFO] [stderr]   Downloaded basic-toml v0.1.10
[INFO] [stderr]   Downloaded fluent-bundle v0.15.3
[INFO] [stderr]   Downloaded x25519-dalek v2.0.1
[INFO] [stderr]   Downloaded zvariant v3.15.2
[INFO] [stderr]   Downloaded unic-langid-impl v0.9.6
[INFO] [stderr]   Downloaded rustix v0.37.28
[INFO] [stderr]   Downloaded rust-embed v8.11.0
[INFO] [stderr]   Downloaded linux-raw-sys v0.3.8
[INFO] [stderr]   Downloaded age v0.11.3
[INFO] running `Command { std: "docker" "create" "-v" "/var/lib/crater-agent-workspace/builds/worker-6-tc2/source:/opt/rustwide/workdir:ro,Z" "-v" "/var/lib/crater-agent-workspace/builds/worker-6-tc2/target:/opt/rustwide/target:rw,Z" "-v" "/var/lib/crater-agent-workspace/cargo-home:/opt/rustwide/cargo-home:ro,Z" "-v" "/var/lib/crater-agent-workspace/rustup-home:/opt/rustwide/rustup-home:ro,Z" "-m" "1610612736" "--network" "none" "ghcr.io/rust-lang/crates-build-env/linux@sha256:77db811e55d90add9212f6832c23229e3de5f1c1f9905e8cb07319ea15df73ac" "sleep" "infinity", kill_on_drop: false }`
[INFO] [stdout] d504dc4d0f364261c99795a79501ca394d01c4b5e82b5cefd7ae65ced0f69656
[INFO] running `Command { std: "docker" "start" "d504dc4d0f364261c99795a79501ca394d01c4b5e82b5cefd7ae65ced0f69656", kill_on_drop: false }`
[INFO] running `Command { std: "docker" "inspect" "d504dc4d0f364261c99795a79501ca394d01c4b5e82b5cefd7ae65ced0f69656", kill_on_drop: false }`
[INFO] running `Command { std: "docker" "exec" "-e" "SOURCE_DIR=/opt/rustwide/workdir" "-e" "CARGO_HOME=/opt/rustwide/cargo-home" "-e" "RUSTUP_HOME=/opt/rustwide/rustup-home" "-e" "CARGO_TARGET_DIR=/opt/rustwide/target" "-w" "/opt/rustwide/workdir" "--user" "0:0" "d504dc4d0f364261c99795a79501ca394d01c4b5e82b5cefd7ae65ced0f69656" "/opt/rustwide/cargo-home/bin/cargo" "+895980e0290783bb09b1ccf1b11f14eb09b10430" "metadata" "--no-deps" "--format-version=1", kill_on_drop: false }`
[INFO] running `Command { std: "docker" "inspect" "d504dc4d0f364261c99795a79501ca394d01c4b5e82b5cefd7ae65ced0f69656", kill_on_drop: false }`
[INFO] running `Command { std: "docker" "exec" "-e" "SOURCE_DIR=/opt/rustwide/workdir" "-e" "CARGO_HOME=/opt/rustwide/cargo-home" "-e" "RUSTUP_HOME=/opt/rustwide/rustup-home" "-e" "CARGO_TARGET_DIR=/opt/rustwide/target" "-e" "CARGO_INCREMENTAL=0" "-e" "RUST_BACKTRACE=full" "-e" "RUSTFLAGS=--cap-lints=forbid" "-e" "RUSTDOCFLAGS=--cap-lints=forbid" "-w" "/opt/rustwide/workdir" "--user" "0:0" "d504dc4d0f364261c99795a79501ca394d01c4b5e82b5cefd7ae65ced0f69656" "/opt/rustwide/cargo-home/bin/cargo" "+895980e0290783bb09b1ccf1b11f14eb09b10430" "check" "--frozen" "--all" "--all-targets" "--message-format=json", kill_on_drop: false }`
[INFO] [stderr]    Compiling libc v0.2.186
[INFO] [stderr]     Checking typenum v1.20.1
[INFO] [stderr]     Checking subtle v2.6.1
[INFO] [stderr]     Checking const-oid v0.9.6
[INFO] [stderr]    Compiling syn v2.0.117
[INFO] [stderr]    Compiling thiserror v1.0.69
[INFO] [stderr]     Checking futures-io v0.3.32
[INFO] [stderr]     Checking memchr v2.8.1
[INFO] [stderr]    Compiling num-traits v0.2.19
[INFO] [stderr]    Compiling crossbeam-utils v0.8.21
[INFO] [stderr]    Compiling zerocopy v0.8.50
[INFO] [stderr]    Compiling syn v1.0.109
[INFO] [stderr]     Checking concurrent-queue v2.5.0
[INFO] [stderr]    Compiling hashbrown v0.17.1
[INFO] [stderr]    Compiling same-file v1.0.6
[INFO] [stderr]    Compiling generic-array v0.14.7
[INFO] [stderr]    Compiling cpufeatures v0.2.17
[INFO] [stderr]    Compiling walkdir v2.5.0
[INFO] [stderr]     Checking num-integer v0.1.46
[INFO] [stderr]     Checking futures-channel v0.3.32
[INFO] [stderr]    Compiling crypto-common v0.1.7
[INFO] [stderr]    Compiling block-buffer v0.10.4
[INFO] [stderr]    Compiling winnow v0.5.40
[INFO] [stderr]    Compiling digest v0.10.7
[INFO] [stderr]    Compiling indexmap v2.14.0
[INFO] [stderr]    Compiling sha2 v0.10.9
[INFO] [stderr]     Checking block-padding v0.3.3
[INFO] [stderr]     Checking smallvec v1.15.1
[INFO] [stderr]     Checking inout v0.1.4
[INFO] [stderr]    Compiling toml_datetime v0.6.11
[INFO] [stderr]    Compiling rust-embed-utils v8.11.0
[INFO] [stderr]     Checking fastrand v2.4.1
[INFO] [stderr]    Compiling once_cell v1.21.4
[INFO] [stderr]     Checking getrandom v0.2.17
[INFO] [stderr]    Compiling rustc-hash v2.1.2
[INFO] [stderr]     Checking rand_core v0.6.4
[INFO] [stderr]     Checking opaque-debug v0.3.1
[INFO] [stderr]    Compiling type-map v0.5.1
[INFO] [stderr]     Checking event-listener v5.4.1
[INFO] [stderr]     Checking universal-hash v0.5.1
[INFO] [stderr]     Checking log v0.4.31
[INFO] [stderr]    Compiling semver v1.0.28
[INFO] [stderr]     Checking hmac v0.12.1
[INFO] [stderr]    Compiling io-lifetimes v1.0.11
[INFO] [stderr]    Compiling self_cell v1.2.2
[INFO] [stderr]     Checking event-listener v2.5.3
[INFO] [stderr]    Compiling self_cell v0.10.3
[INFO] [stderr]    Compiling rustc_version v0.4.1
[INFO] [stderr]     Checking event-listener-strategy v0.5.4
[INFO] [stderr]     Checking num-iter v0.1.45
[INFO] [stderr]     Checking futures-lite v2.6.1
[INFO] [stderr]    Compiling memoffset v0.7.1
[INFO] [stderr]    Compiling aho-corasick v1.1.4
[INFO] [stderr]    Compiling polling v2.8.0
[INFO] [stderr]    Compiling rustc-hash v1.1.0
[INFO] [stderr]    Compiling regex-syntax v0.8.10
[INFO] [stderr]    Compiling toml_edit v0.19.15
[INFO] [stderr]     Checking bitflags v1.3.2
[INFO] [stderr]     Checking fastrand v1.9.0
[INFO] [stderr]     Checking waker-fn v1.2.0
[INFO] [stderr]    Compiling rustix v0.37.28
[INFO] [stderr]    Compiling scopeguard v1.2.0
[INFO] [stderr]     Checking piper v0.2.5
[INFO] [stderr]    Compiling lock_api v0.4.14
[INFO] [stderr]     Checking futures-lite v1.13.0
[INFO] [stderr]    Compiling parking_lot_core v0.9.12
[INFO] [stderr]     Checking anstyle-parse v1.0.0
[INFO] [stderr]    Compiling curve25519-dalek v4.1.3
[INFO] [stderr]     Checking async-channel v2.5.0
[INFO] [stderr]     Checking async-lock v2.8.0
[INFO] [stderr]    Compiling zeroize_derive v1.4.3
[INFO] [stderr]    Compiling serde_derive v1.0.228
[INFO] [stderr]    Compiling displaydoc v0.2.6
[INFO] [stderr]    Compiling thiserror-impl v1.0.69
[INFO] [stderr]     Checking zeroize v1.8.2
[INFO] [stderr]     Checking cipher v0.4.4
[INFO] [stderr]    Compiling futures-macro v0.3.32
[INFO] [stderr]    Compiling tinystr v0.8.3
[INFO] [stderr]     Checking ppv-lite86 v0.2.21
[INFO] [stderr]     Checking unic-langid-impl v0.9.6
[INFO] [stderr]     Checking futures-util v0.3.32
[INFO] [stderr]     Checking unic-langid v0.9.6
[INFO] [stderr]    Compiling proc-macro-crate v1.3.1
[INFO] [stderr]     Checking rand_chacha v0.3.1
[INFO] [stderr]    Compiling zvariant_utils v1.0.1
[INFO] [stderr]    Compiling rust-embed-impl v8.11.0
[INFO] [stderr]     Checking rand v0.8.6
[INFO] [stderr]    Compiling fluent-syntax v0.11.1
[INFO] [stderr]     Checking der v0.7.10
[INFO] [stderr]    Compiling enumflags2_derive v0.7.12
[INFO] [stderr]    Compiling zvariant_derive v3.15.2
[INFO] [stderr]     Checking intl_pluralrules v7.0.2
[INFO] [stderr]     Checking intl-memoizer v0.5.3
[INFO] [stderr]     Checking fluent-langneg v0.13.1
[INFO] [stderr]    Compiling regex-automata v0.4.14
[INFO] [stderr]     Checking aead v0.5.2
[INFO] [stderr]    Compiling async-fs v1.6.0
[INFO] [stderr]    Compiling async-io v1.13.0
[INFO] [stderr]    Compiling num-bigint-dig v0.8.6
[INFO] [stderr]     Checking linux-raw-sys v0.3.8
[INFO] [stderr]     Checking is_terminal_polyfill v1.70.2
[INFO] [stderr]     Checking anstyle v1.0.14
[INFO] [stderr]     Checking anstyle-query v1.1.5
[INFO] [stderr]     Checking colorchoice v1.0.5
[INFO] [stderr]     Checking fluent-bundle v0.15.3
[INFO] [stderr]     Checking anstream v1.0.0
[INFO] [stderr]     Checking spki v0.7.3
[INFO] [stderr]     Checking pkcs8 v0.10.2
[INFO] [stderr]    Compiling rust-embed v8.11.0
[INFO] [stderr]     Checking aes v0.8.4
[INFO] [stderr]     Checking chacha20 v0.9.1
[INFO] [stderr]     Checking blocking v1.6.2
[INFO] [stderr]    Compiling tracing-attributes v0.1.31
[INFO] [stderr]    Compiling curve25519-dalek-derive v0.1.1
[INFO] [stdout] error: attributes starting with `rustc` are reserved for use by the `rustc` compiler
[INFO] [stdout]   --> /opt/rustwide/cargo-home/registry/src/index.crates.io-1949cf8c6b5b557f/rustix-0.37.28/src/backend/linux_raw/io/errno.rs:28:25
[INFO] [stdout]    |
[INFO] [stdout] 28 | #[cfg_attr(rustc_attrs, rustc_layout_scalar_valid_range_start(0xf001))]
[INFO] [stdout]    |                         ^^^^^^^^^^^^^^^^^^^^^^^^^^^^^^^^^^^^^
[INFO] [stdout] 
[INFO] [stdout] 
[INFO] [stdout] error: attributes starting with `rustc` are reserved for use by the `rustc` compiler
[INFO] [stdout]   --> /opt/rustwide/cargo-home/registry/src/index.crates.io-1949cf8c6b5b557f/rustix-0.37.28/src/backend/linux_raw/io/errno.rs:29:25
[INFO] [stdout]    |
[INFO] [stdout] 29 | #[cfg_attr(rustc_attrs, rustc_layout_scalar_valid_range_end(0xffff))]
[INFO] [stdout]    |                         ^^^^^^^^^^^^^^^^^^^^^^^^^^^^^^^^^^^
[INFO] [stdout] 
[INFO] [stdout] 
[INFO] [stdout] error: cannot find attribute `rustc_layout_scalar_valid_range_start` in this scope
[INFO] [stdout]   --> /opt/rustwide/cargo-home/registry/src/index.crates.io-1949cf8c6b5b557f/rustix-0.37.28/src/backend/linux_raw/io/errno.rs:28:25
[INFO] [stdout]    |
[INFO] [stdout] 28 | #[cfg_attr(rustc_attrs, rustc_layout_scalar_valid_range_start(0xf001))]
[INFO] [stdout]    |                         ^^^^^^^^^^^^^^^^^^^^^^^^^^^^^^^^^^^^^
[INFO] [stdout] 
[INFO] [stdout] 
[INFO] [stdout] error: cannot find attribute `rustc_layout_scalar_valid_range_end` in this scope
[INFO] [stdout]   --> /opt/rustwide/cargo-home/registry/src/index.crates.io-1949cf8c6b5b557f/rustix-0.37.28/src/backend/linux_raw/io/errno.rs:29:25
[INFO] [stdout]    |
[INFO] [stdout] 29 | #[cfg_attr(rustc_attrs, rustc_layout_scalar_valid_range_end(0xffff))]
[INFO] [stdout]    |                         ^^^^^^^^^^^^^^^^^^^^^^^^^^^^^^^^^^^
[INFO] [stdout] 
[INFO] [stdout] 
[INFO] [stderr]    Compiling parking_lot v0.12.5
[INFO] [stderr]     Checking hkdf v0.12.4
[INFO] [stderr]     Checking pbkdf2 v0.12.2
[INFO] [stderr]     Checking polyval v0.6.2
[INFO] [stderr]     Checking poly1305 v0.8.0
[INFO] [stderr]    Compiling arc-swap v1.9.1
[INFO] [stderr]     Checking socket2 v0.4.10
[INFO] [stderr]     Checking num-bigint v0.4.6
[INFO] [stderr]    Compiling serde v1.0.228
[INFO] [stderr]    Compiling proc-macro-error-attr2 v2.0.0
[INFO] [stderr]     Checking minimal-lexical v0.2.1
[INFO] [stderr]    Compiling rustix v1.1.4
[INFO] [stderr]     Checking clap_lex v1.1.0
[INFO] [stderr]     Checking futures-executor v0.3.32
[INFO] [stderr]     Checking clap_builder v4.6.0
[INFO] [stderr]     Checking futures v0.3.32
[INFO] [stderr]     Checking cookie-factory v0.3.3
[INFO] [stderr]    Compiling basic-toml v0.1.10
[INFO] [stderr]    Compiling toml v0.5.11
[INFO] [stderr] error: could not compile `rustix` (lib) due to 4 previous errors
[INFO] [stderr] warning: build failed, waiting for other jobs to finish...
[INFO] running `Command { std: "docker" "inspect" "d504dc4d0f364261c99795a79501ca394d01c4b5e82b5cefd7ae65ced0f69656", kill_on_drop: false }`
[INFO] running `Command { std: "docker" "rm" "-f" "d504dc4d0f364261c99795a79501ca394d01c4b5e82b5cefd7ae65ced0f69656", kill_on_drop: false }`
[INFO] [stdout] d504dc4d0f364261c99795a79501ca394d01c4b5e82b5cefd7ae65ced0f69656
