[INFO] cloning repository https://github.com/levidavidmurray/nfs-watcher
[INFO] running `Command { std: "git" "-c" "credential.helper=" "-c" "credential.helper=/workspace/cargo-home/bin/git-credential-null" "clone" "--bare" "https://github.com/levidavidmurray/nfs-watcher" "/workspace/cache/git-repos/https%3A%2F%2Fgithub.com%2Flevidavidmurray%2Fnfs-watcher", kill_on_drop: false }`
[INFO] [stderr] Cloning into bare repository '/workspace/cache/git-repos/https%3A%2F%2Fgithub.com%2Flevidavidmurray%2Fnfs-watcher'...
[INFO] running `Command { std: "git" "rev-parse" "HEAD", kill_on_drop: false }`
[INFO] [stdout] 9e4ddd8ed54ff94bbfa4b60182be9e1107be4c7f
[INFO] checking levidavidmurray/nfs-watcher against 895980e0290783bb09b1ccf1b11f14eb09b10430 for pr-160186
[INFO] running `Command { std: "git" "clone" "/workspace/cache/git-repos/https%3A%2F%2Fgithub.com%2Flevidavidmurray%2Fnfs-watcher" "/workspace/builds/worker-6-tc2/source", kill_on_drop: false }`
[INFO] [stderr] Cloning into '/workspace/builds/worker-6-tc2/source'...
[INFO] [stderr] done.
[INFO] started tweaking git repo https://github.com/levidavidmurray/nfs-watcher
[INFO] finished tweaking git repo https://github.com/levidavidmurray/nfs-watcher
[INFO] tweaked toml for git repo https://github.com/levidavidmurray/nfs-watcher written to /workspace/builds/worker-6-tc2/source/Cargo.toml
[INFO] validating manifest of git repo https://github.com/levidavidmurray/nfs-watcher on toolchain 895980e0290783bb09b1ccf1b11f14eb09b10430
[INFO] running `Command { std: CARGO_HOME="/workspace/cargo-home" RUSTUP_HOME="/workspace/rustup-home" "/workspace/cargo-home/bin/cargo" "+895980e0290783bb09b1ccf1b11f14eb09b10430" "metadata" "--manifest-path" "Cargo.toml" "--no-deps", kill_on_drop: false }`
[INFO] crate git repo https://github.com/levidavidmurray/nfs-watcher already has a lockfile, it will not be regenerated
[INFO] running `Command { std: CARGO_HOME="/workspace/cargo-home" RUSTUP_HOME="/workspace/rustup-home" "/workspace/cargo-home/bin/cargo" "+895980e0290783bb09b1ccf1b11f14eb09b10430" "fetch" "--manifest-path" "Cargo.toml", kill_on_drop: false }`
[INFO] running `Command { std: "docker" "create" "-v" "/var/lib/crater-agent-workspace/builds/worker-6-tc2/source:/opt/rustwide/workdir:ro,Z" "-v" "/var/lib/crater-agent-workspace/builds/worker-6-tc2/target:/opt/rustwide/target:rw,Z" "-v" "/var/lib/crater-agent-workspace/cargo-home:/opt/rustwide/cargo-home:ro,Z" "-v" "/var/lib/crater-agent-workspace/rustup-home:/opt/rustwide/rustup-home:ro,Z" "-m" "1610612736" "--network" "none" "ghcr.io/rust-lang/crates-build-env/linux@sha256:77db811e55d90add9212f6832c23229e3de5f1c1f9905e8cb07319ea15df73ac" "sleep" "infinity", kill_on_drop: false }`
[INFO] [stdout] 9f169f45549bdf824a70133805bbb0d456495b8207df0f093de9e3547ee12599
[INFO] running `Command { std: "docker" "start" "9f169f45549bdf824a70133805bbb0d456495b8207df0f093de9e3547ee12599", kill_on_drop: false }`
[INFO] running `Command { std: "docker" "inspect" "9f169f45549bdf824a70133805bbb0d456495b8207df0f093de9e3547ee12599", kill_on_drop: false }`
[INFO] running `Command { std: "docker" "exec" "-e" "SOURCE_DIR=/opt/rustwide/workdir" "-e" "CARGO_HOME=/opt/rustwide/cargo-home" "-e" "RUSTUP_HOME=/opt/rustwide/rustup-home" "-e" "CARGO_TARGET_DIR=/opt/rustwide/target" "-w" "/opt/rustwide/workdir" "--user" "0:0" "9f169f45549bdf824a70133805bbb0d456495b8207df0f093de9e3547ee12599" "/opt/rustwide/cargo-home/bin/cargo" "+895980e0290783bb09b1ccf1b11f14eb09b10430" "metadata" "--no-deps" "--format-version=1", kill_on_drop: false }`
[INFO] running `Command { std: "docker" "inspect" "9f169f45549bdf824a70133805bbb0d456495b8207df0f093de9e3547ee12599", kill_on_drop: false }`
[INFO] running `Command { std: "docker" "exec" "-e" "SOURCE_DIR=/opt/rustwide/workdir" "-e" "CARGO_HOME=/opt/rustwide/cargo-home" "-e" "RUSTUP_HOME=/opt/rustwide/rustup-home" "-e" "CARGO_TARGET_DIR=/opt/rustwide/target" "-e" "CARGO_INCREMENTAL=0" "-e" "RUST_BACKTRACE=full" "-e" "RUSTFLAGS=--cap-lints=forbid" "-e" "RUSTDOCFLAGS=--cap-lints=forbid" "-w" "/opt/rustwide/workdir" "--user" "0:0" "9f169f45549bdf824a70133805bbb0d456495b8207df0f093de9e3547ee12599" "/opt/rustwide/cargo-home/bin/cargo" "+895980e0290783bb09b1ccf1b11f14eb09b10430" "check" "--frozen" "--all" "--all-targets" "--message-format=json", kill_on_drop: false }`
[INFO] [stderr]    Compiling libc v0.2.68
[INFO] [stderr]    Compiling autocfg v1.0.0
[INFO] [stderr]    Compiling cc v1.0.50
[INFO] [stderr]    Compiling pkg-config v0.3.17
[INFO] [stderr]    Compiling maybe-uninit v2.0.0
[INFO] [stderr]    Compiling proc-macro2 v1.0.10
[INFO] [stderr]    Compiling memchr v2.3.3
[INFO] [stderr]    Compiling syn v1.0.17
[INFO] [stderr]    Compiling log v0.4.8
[INFO] [stderr]    Compiling serde v1.0.106
[INFO] [stderr]     Checking stable_deref_trait v1.1.1
[INFO] [stderr]    Compiling ryu v1.0.3
[INFO] [stderr]     Checking regex-syntax v0.6.17
[INFO] [stderr]     Checking thread_local v1.0.1
[INFO] [stderr]     Checking smallvec v1.3.0
[INFO] [stderr]     Checking lock_api v0.3.4
[INFO] [stderr]     Checking owning_ref v0.3.3
[INFO] [stderr]     Checking lazycell v1.2.1
[INFO] [stderr]     Checking smallvec v0.6.13
[INFO] [stderr]     Checking itoa v0.4.5
[INFO] [stderr]     Checking anymap v0.12.1
[INFO] [stderr]     Checking std_prelude v0.2.12
[INFO] [stderr]    Compiling crossbeam-utils v0.7.2
[INFO] [stderr]     Checking aho-corasick v0.7.10
[INFO] [stderr]     Checking crossbeam-channel v0.4.2
[INFO] [stderr]    Compiling quote v1.0.3
[INFO] [stderr]     Checking rand v0.4.6
[INFO] [stderr]     Checking iovec v0.1.4
[INFO] [stderr]     Checking net2 v0.2.33
[INFO] [stderr]     Checking inotify-sys v0.1.3
[INFO] [stderr]     Checking parking_lot_core v0.7.1
[INFO] [stderr]     Checking filetime v0.2.9
[INFO] [stderr]     Checking inotify v0.8.2
[INFO] [stderr]    Compiling libz-sys v1.0.25
[INFO] [stderr]    Compiling openssl-sys v0.9.55
[INFO] [stderr]    Compiling libssh2-sys v0.2.16
[INFO] [stderr]     Checking parking_lot v0.10.2
[INFO] [stderr]     Checking mio v0.6.21
[INFO] [stderr]     Checking parking_lot_core v0.2.14
[INFO] [stderr] warning: openssl-sys@0.9.55: build/expando.c:4:24: error: pasting "RUST_VERSION_OPENSSL_" and "(" does not give a valid preprocessing token
[INFO] [stderr] warning: openssl-sys@0.9.55:     4 | #define VERSION2(n, v) RUST_VERSION_##n##_##v
[INFO] [stderr] warning: openssl-sys@0.9.55:       |                        ^~~~~~~~~~~~~
[INFO] [stderr] warning: openssl-sys@0.9.55: build/expando.c:5:23: note: in expansion of macro 'VERSION2'
[INFO] [stderr] warning: openssl-sys@0.9.55:     5 | #define VERSION(n, v) VERSION2(n, v)
[INFO] [stderr] warning: openssl-sys@0.9.55:       |                       ^~~~~~~~
[INFO] [stderr] warning: openssl-sys@0.9.55: build/expando.c:10:1: note: in expansion of macro 'VERSION'
[INFO] [stderr] warning: openssl-sys@0.9.55:    10 | VERSION(OPENSSL, OPENSSL_VERSION_NUMBER)
[INFO] [stderr] warning: openssl-sys@0.9.55:       | ^~~~~~~
[INFO] [stderr] error: failed to run custom build command for `openssl-sys v0.9.55`
[INFO] [stderr] note: To improve backtraces for build dependencies, set the CARGO_PROFILE_DEV_BUILD_OVERRIDE_DEBUG=true environment variable to enable debug information generation.
[INFO] [stderr] 
[INFO] [stderr] Caused by:
[INFO] [stderr]   process didn't exit successfully: `/opt/rustwide/target/debug/build/openssl-sys/8057f68518060d5e/out/build_script_main` (exit status: 101)
[INFO] [stderr]   --- stdout
[INFO] [stderr]   cargo:rustc-cfg=const_fn
[INFO] [stderr]   cargo:rerun-if-env-changed=X86_64_UNKNOWN_LINUX_GNU_OPENSSL_LIB_DIR
[INFO] [stderr]   X86_64_UNKNOWN_LINUX_GNU_OPENSSL_LIB_DIR unset
[INFO] [stderr]   cargo:rerun-if-env-changed=OPENSSL_LIB_DIR
[INFO] [stderr]   OPENSSL_LIB_DIR unset
[INFO] [stderr]   cargo:rerun-if-env-changed=X86_64_UNKNOWN_LINUX_GNU_OPENSSL_INCLUDE_DIR
[INFO] [stderr]   X86_64_UNKNOWN_LINUX_GNU_OPENSSL_INCLUDE_DIR unset
[INFO] [stderr]   cargo:rerun-if-env-changed=OPENSSL_INCLUDE_DIR
[INFO] [stderr]   OPENSSL_INCLUDE_DIR unset
[INFO] [stderr]   cargo:rerun-if-env-changed=X86_64_UNKNOWN_LINUX_GNU_OPENSSL_DIR
[INFO] [stderr]   X86_64_UNKNOWN_LINUX_GNU_OPENSSL_DIR unset
[INFO] [stderr]   cargo:rerun-if-env-changed=OPENSSL_DIR
[INFO] [stderr]   OPENSSL_DIR unset
[INFO] [stderr]   cargo:rustc-link-lib=ssl
[INFO] [stderr]   cargo:rustc-link-lib=crypto
[INFO] [stderr]   OPT_LEVEL = Some("0")
[INFO] [stderr]   TARGET = Some("x86_64-unknown-linux-gnu")
[INFO] [stderr]   HOST = Some("x86_64-unknown-linux-gnu")
[INFO] [stderr]   CC_x86_64-unknown-linux-gnu = None
[INFO] [stderr]   CC_x86_64_unknown_linux_gnu = None
[INFO] [stderr]   HOST_CC = None
[INFO] [stderr]   CC = None
[INFO] [stderr]   CFLAGS_x86_64-unknown-linux-gnu = None
[INFO] [stderr]   CFLAGS_x86_64_unknown_linux_gnu = None
[INFO] [stderr]   HOST_CFLAGS = None
[INFO] [stderr]   CFLAGS = None
[INFO] [stderr]   CRATE_CC_NO_DEFAULTS = None
[INFO] [stderr]   DEBUG = Some("true")
[INFO] [stderr]   CARGO_CFG_TARGET_FEATURE = Some("fxsr,sse,sse2,x87")
[INFO] [stderr]   running: "cc" "-O0" "-ffunction-sections" "-fdata-sections" "-fPIC" "-g" "-fno-omit-frame-pointer" "-m64" "-I" "/usr/include" "-Wall" "-Wextra" "-E" "build/expando.c"
[INFO] [stderr]   cargo:warning=build/expando.c:4:24: error: pasting "RUST_VERSION_OPENSSL_" and "(" does not give a valid preprocessing token
[INFO] [stderr]   cargo:warning=    4 | #define VERSION2(n, v) RUST_VERSION_##n##_##v
[INFO] [stderr]   cargo:warning=      |                        ^~~~~~~~~~~~~
[INFO] [stderr]   cargo:warning=build/expando.c:5:23: note: in expansion of macro 'VERSION2'
[INFO] [stderr]   cargo:warning=    5 | #define VERSION(n, v) VERSION2(n, v)
[INFO] [stderr]   cargo:warning=      |                       ^~~~~~~~
[INFO] [stderr]   cargo:warning=build/expando.c:10:1: note: in expansion of macro 'VERSION'
[INFO] [stderr]   cargo:warning=   10 | VERSION(OPENSSL, OPENSSL_VERSION_NUMBER)
[INFO] [stderr]   cargo:warning=      | ^~~~~~~
[INFO] [stderr]   exit status: 1
[INFO] [stderr] 
[INFO] [stderr]   --- stderr
[INFO] [stderr] 
[INFO] [stderr]   thread 'main' (615) panicked at /opt/rustwide/cargo-home/registry/src/index.crates.io-1949cf8c6b5b557f/openssl-sys-0.9.55/build/main.rs:138:13:
[INFO] [stderr] 
[INFO] [stderr]   Header expansion error:
[INFO] [stderr]   Error { kind: ToolExecError, message: "Command \"cc\" \"-O0\" \"-ffunction-sections\" \"-fdata-sections\" \"-fPIC\" \"-g\" \"-fno-omit-frame-pointer\" \"-m64\" \"-I\" \"/usr/include\" \"-Wall\" \"-Wextra\" \"-E\" \"build/expando.c\" with args \"cc\" did not execute successfully (status code exit status: 1)." }
[INFO] [stderr] 
[INFO] [stderr]   Failed to find OpenSSL development headers.
[INFO] [stderr] 
[INFO] [stderr]   You can try fixing this setting the `OPENSSL_DIR` environment variable
[INFO] [stderr]   pointing to your OpenSSL installation or installing OpenSSL headers package
[INFO] [stderr]   specific to your distribution:
[INFO] [stderr] 
[INFO] [stderr]       # On Ubuntu
[INFO] [stderr]       sudo apt-get install libssl-dev
[INFO] [stderr]       # On Arch Linux
[INFO] [stderr]       sudo pacman -S openssl
[INFO] [stderr]       # On Fedora
[INFO] [stderr]       sudo dnf install openssl-devel
[INFO] [stderr] 
[INFO] [stderr]   See rust-openssl README for more information:
[INFO] [stderr] 
[INFO] [stderr]       https://github.com/sfackler/rust-openssl#linux
[INFO] [stderr] 
[INFO] [stderr]   stack backtrace:
[INFO] [stderr]      0:     0x56ade2ffaf21 - std[199b7d4623cde377]::backtrace_rs::backtrace::libunwind::trace
[INFO] [stderr]                                  at /rustc/895980e0290783bb09b1ccf1b11f14eb09b10430/library/std/src/../../backtrace/src/backtrace/libunwind.rs:117:9
[INFO] [stderr]      1:     0x56ade2ffaf21 - std[199b7d4623cde377]::backtrace_rs::backtrace::trace_unsynchronized::<std[199b7d4623cde377]::sys::backtrace::_print_fmt::{closure#1}>
[INFO] [stderr]                                  at /rustc/895980e0290783bb09b1ccf1b11f14eb09b10430/library/std/src/../../backtrace/src/backtrace/mod.rs:66:14
[INFO] [stderr]      2:     0x56ade2ffaf21 - std[199b7d4623cde377]::sys::backtrace::_print_fmt
[INFO] [stderr]                                  at /rustc/895980e0290783bb09b1ccf1b11f14eb09b10430/library/std/src/sys/backtrace.rs:74:9
[INFO] [stderr]      3:     0x56ade2ffaf21 - <<std[199b7d4623cde377]::sys::backtrace::BacktraceLock>::print::DisplayBacktrace as core[56f95fd562b2fc85]::fmt::Display>::fmt
[INFO] [stderr]                                  at /rustc/895980e0290783bb09b1ccf1b11f14eb09b10430/library/std/src/sys/backtrace.rs:44:26
[INFO] [stderr]      4:     0x56ade300f53a - <core[56f95fd562b2fc85]::fmt::rt::Argument>::fmt
[INFO] [stderr]                                  at /rustc/895980e0290783bb09b1ccf1b11f14eb09b10430/library/core/src/fmt/rt.rs:152:76
[INFO] [stderr]      5:     0x56ade300f53a - core[56f95fd562b2fc85]::fmt::write
[INFO] [stderr]      6:     0x56ade3000c5c - core[56f95fd562b2fc85]::io::write::default_write_fmt::<std[199b7d4623cde377]::sys::stdio::unix::Stderr>
[INFO] [stderr]                                  at /rustc/895980e0290783bb09b1ccf1b11f14eb09b10430/library/core/src/io/write.rs:402:11
[INFO] [stderr]      7:     0x56ade3000c5c - <std[199b7d4623cde377]::sys::stdio::unix::Stderr as core[56f95fd562b2fc85]::io::write::Write>::write_fmt
[INFO] [stderr]                                  at /rustc/895980e0290783bb09b1ccf1b11f14eb09b10430/library/core/src/io/write.rs:335:13
[INFO] [stderr]      8:     0x56ade2fda436 - <std[199b7d4623cde377]::sys::backtrace::BacktraceLock>::print
[INFO] [stderr]                                  at /rustc/895980e0290783bb09b1ccf1b11f14eb09b10430/library/std/src/sys/backtrace.rs:47:9
[INFO] [stderr]      9:     0x56ade2fda436 - std[199b7d4623cde377]::panicking::default_hook::{closure#0}
[INFO] [stderr]                                  at /rustc/895980e0290783bb09b1ccf1b11f14eb09b10430/library/std/src/panicking.rs:289:27
[INFO] [stderr]     10:     0x56ade2ff5a41 - std[199b7d4623cde377]::panicking::default_hook
[INFO] [stderr]                                  at /rustc/895980e0290783bb09b1ccf1b11f14eb09b10430/library/std/src/panicking.rs:316:9
[INFO] [stderr]     11:     0x56ade2ff5bfb - std[199b7d4623cde377]::panicking::panic_with_hook
[INFO] [stderr]                                  at /rustc/895980e0290783bb09b1ccf1b11f14eb09b10430/library/std/src/panicking.rs:811:13
[INFO] [stderr]     12:     0x56ade2fda4e2 - std[199b7d4623cde377]::panicking::panic_handler::{closure#0}
[INFO] [stderr]                                  at /rustc/895980e0290783bb09b1ccf1b11f14eb09b10430/library/std/src/panicking.rs:685:13
[INFO] [stderr]     13:     0x56ade2fd2b09 - std[199b7d4623cde377]::sys::backtrace::__rust_end_short_backtrace::<std[199b7d4623cde377]::panicking::panic_handler::{closure#0}, !>
[INFO] [stderr]                                  at /rustc/895980e0290783bb09b1ccf1b11f14eb09b10430/library/std/src/sys/backtrace.rs:182:18
[INFO] [stderr]     14:     0x56ade2fdadbd - __rustc[9091a1772f8167df]::rust_begin_unwind
[INFO] [stderr]                                  at /rustc/895980e0290783bb09b1ccf1b11f14eb09b10430/library/std/src/panicking.rs:676:5
[INFO] [stderr]     15:     0x56ade300fd0c - core[56f95fd562b2fc85]::panicking::panic_fmt
[INFO] [stderr]                                  at /rustc/895980e0290783bb09b1ccf1b11f14eb09b10430/library/core/src/panicking.rs:80:14
[INFO] [stderr]     16:     0x56ade2f6c3e6 - build_script_main[4a0032cc1b81bb76]::validate_headers
[INFO] [stderr]     17:     0x56ade2f6f953 - build_script_main[4a0032cc1b81bb76]::find_normal::try_pkg_config
[INFO] [stderr]     18:     0x56ade2f6fd18 - build_script_main[4a0032cc1b81bb76]::find_normal::find_openssl_dir
[INFO] [stderr]     19:     0x56ade2f6a7d7 - build_script_main[4a0032cc1b81bb76]::find_normal::get_openssl::{closure#0}
[INFO] [stderr]     20:     0x56ade2f68bf0 - <core[56f95fd562b2fc85]::option::Option<std[199b7d4623cde377]::ffi::os_str::OsString>>::unwrap_or_else::<build_script_main[4a0032cc1b81bb76]::find_normal::get_openssl::{closure#0}>
[INFO] [stderr]     21:     0x56ade2f6f24f - build_script_main[4a0032cc1b81bb76]::find_normal::get_openssl
[INFO] [stderr]     22:     0x56ade2f6a8ad - build_script_main[4a0032cc1b81bb76]::find_openssl
[INFO] [stderr]     23:     0x56ade2f6c9f9 - build_script_main[4a0032cc1b81bb76]::main
[INFO] [stderr]     24:     0x56ade2f72a93 - <fn() as core[56f95fd562b2fc85]::ops::function::FnOnce<()>>::call_once
[INFO] [stderr]     25:     0x56ade2f694d6 - std[199b7d4623cde377]::sys::backtrace::__rust_begin_short_backtrace::<fn(), ()>
[INFO] [stderr]     26:     0x56ade2f69c09 - std[199b7d4623cde377]::rt::lang_start::<()>::{closure#0}
[INFO] [stderr]     27:     0x56ade2ff4e48 - <&dyn core[56f95fd562b2fc85]::ops::function::Fn<(), Output = i32> + core[56f95fd562b2fc85]::panic::unwind_safe::RefUnwindSafe + core[56f95fd562b2fc85]::marker::Sync as core[56f95fd562b2fc85]::ops::function::FnOnce<()>>::call_once
[INFO] [stderr]                                  at /rustc/895980e0290783bb09b1ccf1b11f14eb09b10430/library/core/src/ops/function.rs:287:21
[INFO] [stderr]     28:     0x56ade2ff4e48 - std[199b7d4623cde377]::panicking::catch_unwind::do_call::<&dyn core[56f95fd562b2fc85]::ops::function::Fn<(), Output = i32> + core[56f95fd562b2fc85]::panic::unwind_safe::RefUnwindSafe + core[56f95fd562b2fc85]::marker::Sync, i32>
[INFO] [stderr]                                  at /rustc/895980e0290783bb09b1ccf1b11f14eb09b10430/library/std/src/panicking.rs:573:43
[INFO] [stderr]     29:     0x56ade2ff4e48 - std[199b7d4623cde377]::panicking::catch_unwind::<i32, &dyn core[56f95fd562b2fc85]::ops::function::Fn<(), Output = i32> + core[56f95fd562b2fc85]::panic::unwind_safe::RefUnwindSafe + core[56f95fd562b2fc85]::marker::Sync>
[INFO] [stderr]                                  at /rustc/895980e0290783bb09b1ccf1b11f14eb09b10430/library/std/src/panicking.rs:541:19
[INFO] [stderr]     30:     0x56ade2ff4e48 - std[199b7d4623cde377]::panic::catch_unwind::<&dyn core[56f95fd562b2fc85]::ops::function::Fn<(), Output = i32> + core[56f95fd562b2fc85]::panic::unwind_safe::RefUnwindSafe + core[56f95fd562b2fc85]::marker::Sync, i32>
[INFO] [stderr]                                  at /rustc/895980e0290783bb09b1ccf1b11f14eb09b10430/library/std/src/panic.rs:359:14
[INFO] [stderr]     31:     0x56ade2ff4e48 - std[199b7d4623cde377]::rt::lang_start_internal::{closure#0}
[INFO] [stderr]                                  at /rustc/895980e0290783bb09b1ccf1b11f14eb09b10430/library/std/src/rt.rs:175:24
[INFO] [stderr]     32:     0x56ade2ff4e48 - std[199b7d4623cde377]::panicking::catch_unwind::do_call::<std[199b7d4623cde377]::rt::lang_start_internal::{closure#0}, isize>
[INFO] [stderr]                                  at /rustc/895980e0290783bb09b1ccf1b11f14eb09b10430/library/std/src/panicking.rs:573:43
[INFO] [stderr]     33:     0x56ade2ff4e48 - std[199b7d4623cde377]::panicking::catch_unwind::<isize, std[199b7d4623cde377]::rt::lang_start_internal::{closure#0}>
[INFO] [stderr]                                  at /rustc/895980e0290783bb09b1ccf1b11f14eb09b10430/library/std/src/panicking.rs:541:19
[INFO] [stderr]     34:     0x56ade2ff4e48 - std[199b7d4623cde377]::panic::catch_unwind::<std[199b7d4623cde377]::rt::lang_start_internal::{closure#0}, isize>
[INFO] [stderr]                                  at /rustc/895980e0290783bb09b1ccf1b11f14eb09b10430/library/std/src/panic.rs:359:14
[INFO] [stderr]     35:     0x56ade2ff4e48 - std[199b7d4623cde377]::rt::lang_start_internal
[INFO] [stderr]                                  at /rustc/895980e0290783bb09b1ccf1b11f14eb09b10430/library/std/src/rt.rs:171:5
[INFO] [stderr]     36:     0x56ade2f691c1 - std[199b7d4623cde377]::rt::lang_start::<()>
[INFO] [stderr]     37:     0x56ade2f72c45 - main
[INFO] [stderr]     38:     0x719021f00601 - <unknown>
[INFO] [stderr]     39:     0x719021f00718 - __libc_start_main
[INFO] [stderr]     40:     0x56ade2f688c5 - _start
[INFO] [stderr]     41:                0x0 - <unknown>
[INFO] [stderr] warning: build failed, waiting for other jobs to finish...
[INFO] running `Command { std: "docker" "inspect" "9f169f45549bdf824a70133805bbb0d456495b8207df0f093de9e3547ee12599", kill_on_drop: false }`
[INFO] running `Command { std: "docker" "rm" "-f" "9f169f45549bdf824a70133805bbb0d456495b8207df0f093de9e3547ee12599", kill_on_drop: false }`
[INFO] [stdout] 9f169f45549bdf824a70133805bbb0d456495b8207df0f093de9e3547ee12599
