[INFO] cloning repository https://github.com/kurimochi/knowledge_graphdb
[INFO] running `Command { std: "git" "-c" "credential.helper=" "-c" "credential.helper=/workspace/cargo-home/bin/git-credential-null" "clone" "--bare" "https://github.com/kurimochi/knowledge_graphdb" "/workspace/cache/git-repos/https%3A%2F%2Fgithub.com%2Fkurimochi%2Fknowledge_graphdb", kill_on_drop: false }`
[INFO] [stderr] Cloning into bare repository '/workspace/cache/git-repos/https%3A%2F%2Fgithub.com%2Fkurimochi%2Fknowledge_graphdb'...
[INFO] running `Command { std: "git" "rev-parse" "HEAD", kill_on_drop: false }`
[INFO] [stdout] d05b2337b38d68f39141aad43bc8c958f1e8475a
[INFO] checking kurimochi/knowledge_graphdb against 895980e0290783bb09b1ccf1b11f14eb09b10430 for pr-160186
[INFO] running `Command { std: "git" "clone" "/workspace/cache/git-repos/https%3A%2F%2Fgithub.com%2Fkurimochi%2Fknowledge_graphdb" "/workspace/builds/worker-3-tc2/source", kill_on_drop: false }`
[INFO] [stderr] Cloning into '/workspace/builds/worker-3-tc2/source'...
[INFO] [stderr] done.
[INFO] started tweaking git repo https://github.com/kurimochi/knowledge_graphdb
[INFO] finished tweaking git repo https://github.com/kurimochi/knowledge_graphdb
[INFO] tweaked toml for git repo https://github.com/kurimochi/knowledge_graphdb written to /workspace/builds/worker-3-tc2/source/Cargo.toml
[INFO] validating manifest of git repo https://github.com/kurimochi/knowledge_graphdb on toolchain 895980e0290783bb09b1ccf1b11f14eb09b10430
[INFO] running `Command { std: CARGO_HOME="/workspace/cargo-home" RUSTUP_HOME="/workspace/rustup-home" "/workspace/cargo-home/bin/cargo" "+895980e0290783bb09b1ccf1b11f14eb09b10430" "metadata" "--manifest-path" "Cargo.toml" "--no-deps", kill_on_drop: false }`
[INFO] crate git repo https://github.com/kurimochi/knowledge_graphdb already has a lockfile, it will not be regenerated
[INFO] running `Command { std: CARGO_HOME="/workspace/cargo-home" RUSTUP_HOME="/workspace/rustup-home" "/workspace/cargo-home/bin/cargo" "+895980e0290783bb09b1ccf1b11f14eb09b10430" "fetch" "--manifest-path" "Cargo.toml", kill_on_drop: false }`
[INFO] running `Command { std: "docker" "create" "-v" "/var/lib/crater-agent-workspace/builds/worker-3-tc2/source:/opt/rustwide/workdir:ro,Z" "-v" "/var/lib/crater-agent-workspace/builds/worker-3-tc2/target:/opt/rustwide/target:rw,Z" "-v" "/var/lib/crater-agent-workspace/cargo-home:/opt/rustwide/cargo-home:ro,Z" "-v" "/var/lib/crater-agent-workspace/rustup-home:/opt/rustwide/rustup-home:ro,Z" "-m" "1610612736" "--network" "none" "ghcr.io/rust-lang/crates-build-env/linux@sha256:77db811e55d90add9212f6832c23229e3de5f1c1f9905e8cb07319ea15df73ac" "sleep" "infinity", kill_on_drop: false }`
[INFO] [stdout] 7d8297052955c8885fb7ab00d8a0b390781a20dc81cc9c1e17c200c00f2ddaf8
[INFO] running `Command { std: "docker" "start" "7d8297052955c8885fb7ab00d8a0b390781a20dc81cc9c1e17c200c00f2ddaf8", kill_on_drop: false }`
[INFO] running `Command { std: "docker" "inspect" "7d8297052955c8885fb7ab00d8a0b390781a20dc81cc9c1e17c200c00f2ddaf8", kill_on_drop: false }`
[INFO] running `Command { std: "docker" "exec" "-e" "SOURCE_DIR=/opt/rustwide/workdir" "-e" "CARGO_HOME=/opt/rustwide/cargo-home" "-e" "RUSTUP_HOME=/opt/rustwide/rustup-home" "-e" "CARGO_TARGET_DIR=/opt/rustwide/target" "-w" "/opt/rustwide/workdir" "--user" "0:0" "7d8297052955c8885fb7ab00d8a0b390781a20dc81cc9c1e17c200c00f2ddaf8" "/opt/rustwide/cargo-home/bin/cargo" "+895980e0290783bb09b1ccf1b11f14eb09b10430" "metadata" "--no-deps" "--format-version=1", kill_on_drop: false }`
[INFO] running `Command { std: "docker" "inspect" "7d8297052955c8885fb7ab00d8a0b390781a20dc81cc9c1e17c200c00f2ddaf8", kill_on_drop: false }`
[INFO] running `Command { std: "docker" "exec" "-e" "SOURCE_DIR=/opt/rustwide/workdir" "-e" "CARGO_HOME=/opt/rustwide/cargo-home" "-e" "RUSTUP_HOME=/opt/rustwide/rustup-home" "-e" "CARGO_TARGET_DIR=/opt/rustwide/target" "-e" "CARGO_INCREMENTAL=0" "-e" "RUST_BACKTRACE=full" "-e" "RUSTFLAGS=--cap-lints=forbid" "-e" "RUSTDOCFLAGS=--cap-lints=forbid" "-w" "/opt/rustwide/workdir" "--user" "0:0" "7d8297052955c8885fb7ab00d8a0b390781a20dc81cc9c1e17c200c00f2ddaf8" "/opt/rustwide/cargo-home/bin/cargo" "+895980e0290783bb09b1ccf1b11f14eb09b10430" "check" "--frozen" "--all" "--all-targets" "--message-format=json", kill_on_drop: false }`
[INFO] [stderr]    Compiling quote v1.0.44
[INFO] [stderr]    Compiling proc-macro2 v1.0.106
[INFO] [stderr]    Compiling libc v0.2.180
[INFO] [stderr]     Checking memchr v2.7.6
[INFO] [stderr]    Compiling typenum v1.19.0
[INFO] [stderr]    Compiling zerocopy v0.8.35
[INFO] [stderr]     Checking smallvec v1.15.1
[INFO] [stderr]     Checking futures-core v0.3.31
[INFO] [stderr]     Checking futures-sink v0.3.31
[INFO] [stderr]     Checking bytes v1.11.0
[INFO] [stderr]    Compiling semver v1.0.27
[INFO] [stderr]    Compiling find-msvc-tools v0.1.6
[INFO] [stderr]     Checking litemap v0.8.1
[INFO] [stderr]     Checking writeable v0.6.2
[INFO] [stderr]    Compiling icu_normalizer_data v2.1.1
[INFO] [stderr]    Compiling icu_properties_data v2.1.2
[INFO] [stderr]     Checking signature v2.2.0
[INFO] [stderr]     Checking futures-channel v0.3.31
[INFO] [stderr]     Checking ed25519 v2.2.3
[INFO] [stderr]     Checking tracing-core v0.1.36
[INFO] [stderr]     Checking bs58 v0.5.1
[INFO] [stderr]    Compiling cc v1.2.51
[INFO] [stderr]     Checking either v1.15.0
[INFO] [stderr]    Compiling data-encoding v2.10.0
[INFO] [stderr]     Checking unsigned-varint v0.8.0
[INFO] [stderr]     Checking quick-protobuf v0.8.1
[INFO] [stderr]     Checking const-str v0.4.3
[INFO] [stderr]     Checking form_urlencoded v1.2.2
[INFO] [stderr]    Compiling rustc_version v0.4.1
[INFO] [stderr]     Checking base-x v0.2.11
[INFO] [stderr]     Checking futures-timer v3.0.3
[INFO] [stderr]     Checking unsigned-varint v0.7.2
[INFO] [stderr]    Compiling time-core v0.1.6
[INFO] [stderr]    Compiling anyhow v1.0.100
[INFO] [stderr]    Compiling num-conv v0.1.0
[INFO] [stderr]     Checking deranged v0.5.5
[INFO] [stderr]     Checking ciborium-io v0.2.2
[INFO] [stderr]    Compiling time-macros v0.2.24
[INFO] [stderr]    Compiling rustls v0.23.35
[INFO] [stderr]     Checking hashbrown v0.15.5
[INFO] [stderr]    Compiling zmij v1.0.17
[INFO] [stderr]    Compiling oid-registry v0.8.1
[INFO] [stderr]     Checking core2 v0.4.0
[INFO] [stderr]     Checking nom v7.1.3
[INFO] [stderr]    Compiling parking_lot_core v0.8.6
[INFO] [stderr]    Compiling curve25519-dalek v4.1.3
[INFO] [stderr]    Compiling quinn-udp v0.5.14
[INFO] [stderr]     Checking multihash v0.19.3
[INFO] [stderr]     Checking concurrent-queue v2.5.0
[INFO] [stderr]     Checking instant v0.1.13
[INFO] [stderr]     Checking bytemuck v1.24.0
[INFO] [stderr]     Checking tinyvec v1.10.0
[INFO] [stderr]     Checking bytestring v1.5.0
[INFO] [stderr]     Checking serde_json v1.0.149
[INFO] [stderr]    Compiling syn v2.0.114
[INFO] [stderr]    Compiling snow v0.9.6
[INFO] [stderr]     Checking aho-corasick v1.1.4
[INFO] [stderr]     Checking pem v3.0.6
[INFO] [stderr]     Checking event-listener v5.4.1
[INFO] [stderr]    Compiling quinn v0.11.9
[INFO] [stderr]     Checking itertools v0.14.0
[INFO] [stderr]     Checking serde_with v3.16.1
[INFO] [stderr]     Checking roaring v0.11.3
[INFO] [stderr]     Checking winnow v0.7.14
[INFO] [stderr]     Checking ipnet v2.11.0
[INFO] [stderr]     Checking hashlink v0.10.0
[INFO] [stderr]     Checking regex-syntax v0.8.8
[INFO] [stderr]     Checking rustc-hash v2.1.1
[INFO] [stderr]     Checking bnum v0.13.0
[INFO] [stderr]     Checking lru-slab v0.1.2
[INFO] [stderr]    Compiling cmake v0.1.57
[INFO] [stderr]     Checking event-listener-strategy v0.5.4
[INFO] [stderr]     Checking generic-array v0.14.7
[INFO] [stderr]     Checking getrandom v0.2.17
[INFO] [stderr]     Checking parking_lot_core v0.9.12
[INFO] [stderr]     Checking num_cpus v1.17.0
[INFO] [stderr]     Checking errno v0.3.14
[INFO] [stderr]     Checking socket2 v0.6.1
[INFO] [stderr]     Checking signal-hook-registry v1.4.8
[INFO] [stderr]     Checking parking_lot v0.12.5
[INFO] [stderr]     Checking rand_core v0.6.4
[INFO] [stderr]    Compiling ring v0.17.14
[INFO] [stderr]     Checking mio v1.1.1
[INFO] [stderr]     Checking getrandom v0.3.4
[INFO] [stderr]     Checking time v0.3.44
[INFO] [stderr]     Checking nix v0.26.4
[INFO] [stderr]     Checking block-buffer v0.10.4
[INFO] [stderr]     Checking crypto-common v0.1.7
[INFO] [stderr]     Checking digest v0.10.7
[INFO] [stderr]     Checking fs2 v0.4.3
[INFO] [stderr]     Checking rand_core v0.9.5
[INFO] [stderr]     Checking crossbeam-epoch v0.9.18
[INFO] [stderr]     Checking sha2 v0.10.9
[INFO] [stderr]     Checking hmac v0.12.1
[INFO] [stderr]     Checking sha3 v0.10.8
[INFO] [stderr]     Checking blake2 v0.10.6
[INFO] [stderr]     Checking hkdf v0.12.4
[INFO] [stderr]     Checking parking_lot v0.11.2
[INFO] [stderr]     Checking fxhash v0.2.1
[INFO] [stderr]    Compiling tiny-keccak v2.0.2
[INFO] [stderr]    Compiling randomx-rs v1.4.1
[INFO] [stderr]     Checking rusticata-macros v4.1.0
[INFO] [stderr]     Checking async-channel v2.5.0
[INFO] [stderr]     Checking socket2 v0.5.10
[INFO] [stderr]     Checking hex_fmt v0.3.0
[INFO] [stderr]     Checking sled v0.34.7
[INFO] [stderr]     Checking rs_merkle v1.5.0
[INFO] [stderr]     Checking regex-automata v0.4.13
[INFO] [stderr]     Checking yasna v0.5.2
[INFO] [stderr] error: could not compile `syn` (lib)
[INFO] [stderr] 
[INFO] [stderr] Caused by:
[INFO] [stderr]   process didn't exit successfully: `/opt/rustwide/rustup-home/toolchains/895980e0290783bb09b1ccf1b11f14eb09b10430/bin/rustc --crate-name syn --edition=2021 /opt/rustwide/cargo-home/registry/src/index.crates.io-1949cf8c6b5b557f/syn-2.0.114/src/lib.rs --error-format=json --json=diagnostic-rendered-ansi,artifacts,future-incompat,unused-externs-silent --crate-type lib --emit=dep-info,metadata,link -Z embed-metadata=no -C embed-bitcode=no --cfg 'feature="clone-impls"' --cfg 'feature="default"' --cfg 'feature="derive"' --cfg 'feature="extra-traits"' --cfg 'feature="fold"' --cfg 'feature="full"' --cfg 'feature="parsing"' --cfg 'feature="printing"' --cfg 'feature="proc-macro"' --cfg 'feature="visit"' --cfg 'feature="visit-mut"' --check-cfg 'cfg(docsrs,test)' --check-cfg 'cfg(feature, values("clone-impls", "default", "derive", "extra-traits", "fold", "full", "parsing", "printing", "proc-macro", "test", "visit", "visit-mut"))' -C metadata=97d7726f98351cb7 -C extra-filename=-c9b48d6183064ef7 --out-dir /opt/rustwide/target/debug/build/syn/c9b48d6183064ef7/out -L dependency=/opt/rustwide/target/debug/build/proc-macro2/fec5599a7f184630/out -L dependency=/opt/rustwide/target/debug/build/unicode-ident/9533002ac35f5809/out --extern proc_macro2=/opt/rustwide/target/debug/build/proc-macro2/fec5599a7f184630/out/libproc_macro2-fec5599a7f184630.rmeta --extern quote=/opt/rustwide/target/debug/build/quote/de2c59b803aecfd0/out/libquote-de2c59b803aecfd0.rmeta --extern unicode_ident=/opt/rustwide/target/debug/build/unicode-ident/9533002ac35f5809/out/libunicode_ident-9533002ac35f5809.rmeta --cap-lints allow --cap-lints=forbid --force-warn=unused_crate_dependencies` (signal: 9, SIGKILL: kill)
[INFO] [stderr] warning: build failed, waiting for other jobs to finish...
[INFO] [stderr] error: could not compile `bnum` (lib)
[INFO] [stderr] 
[INFO] [stderr] Caused by:
[INFO] [stderr]   process didn't exit successfully: `/opt/rustwide/rustup-home/toolchains/895980e0290783bb09b1ccf1b11f14eb09b10430/bin/rustc --crate-name bnum --edition=2021 /opt/rustwide/cargo-home/registry/src/index.crates.io-1949cf8c6b5b557f/bnum-0.13.0/src/lib.rs --error-format=json --json=diagnostic-rendered-ansi,artifacts,future-incompat,unused-externs-silent --crate-type lib --emit=dep-info,metadata -C embed-bitcode=no -C debuginfo=2 --cfg 'feature="default"' --check-cfg 'cfg(docsrs,test)' --check-cfg 'cfg(feature, values("arbitrary", "borsh", "default", "nightly", "num-integer", "num-traits", "numtraits", "quickcheck", "rand", "serde", "serde-big-array", "valuable", "zeroize"))' -C metadata=1a919bc990712e23 -C extra-filename=-e639544597625237 --out-dir /opt/rustwide/target/debug/build/bnum/e639544597625237/out --cap-lints allow --cap-lints=forbid --force-warn=unused_crate_dependencies` (signal: 9, SIGKILL: kill)
[INFO] [stderr] error: could not compile `regex-automata` (lib)
[INFO] [stderr] 
[INFO] [stderr] Caused by:
[INFO] [stderr]   process didn't exit successfully: `/opt/rustwide/rustup-home/toolchains/895980e0290783bb09b1ccf1b11f14eb09b10430/bin/rustc --crate-name regex_automata --edition=2021 /opt/rustwide/cargo-home/registry/src/index.crates.io-1949cf8c6b5b557f/regex-automata-0.4.13/src/lib.rs --error-format=json --json=diagnostic-rendered-ansi,artifacts,future-incompat,unused-externs-silent --crate-type lib --emit=dep-info,metadata -C embed-bitcode=no -C debuginfo=2 --cfg 'feature="alloc"' --cfg 'feature="dfa-onepass"' --cfg 'feature="hybrid"' --cfg 'feature="meta"' --cfg 'feature="nfa-backtrack"' --cfg 'feature="nfa-pikevm"' --cfg 'feature="nfa-thompson"' --cfg 'feature="perf-inline"' --cfg 'feature="perf-literal"' --cfg 'feature="perf-literal-multisubstring"' --cfg 'feature="perf-literal-substring"' --cfg 'feature="std"' --cfg 'feature="syntax"' --cfg 'feature="unicode"' --cfg 'feature="unicode-age"' --cfg 'feature="unicode-bool"' --cfg 'feature="unicode-case"' --cfg 'feature="unicode-gencat"' --cfg 'feature="unicode-perl"' --cfg 'feature="unicode-script"' --cfg 'feature="unicode-segment"' --cfg 'feature="unicode-word-boundary"' --check-cfg 'cfg(docsrs,test)' --check-cfg 'cfg(feature, values("alloc", "default", "dfa", "dfa-build", "dfa-onepass", "dfa-search", "hybrid", "internal-instrument", "internal-instrument-pikevm", "logging", "meta", "nfa", "nfa-backtrack", "nfa-pikevm", "nfa-thompson", "perf", "perf-inline", "perf-literal", "perf-literal-multisubstring", "perf-literal-substring", "std", "syntax", "unicode", "unicode-age", "unicode-bool", "unicode-case", "unicode-gencat", "unicode-perl", "unicode-script", "unicode-segment", "unicode-word-boundary"))' -C metadata=3c54d07e4d26253f -C extra-filename=-2cc48e11edc71c0f --out-dir /opt/rustwide/target/debug/build/regex-automata/2cc48e11edc71c0f/out -L dependency=/opt/rustwide/target/debug/build/memchr/7c3b23e851763d6f/out --extern aho_corasick=/opt/rustwide/target/debug/build/aho-corasick/5453243f3f72bd62/out/libaho_corasick-5453243f3f72bd62.rmeta --extern memchr=/opt/rustwide/target/debug/build/memchr/7c3b23e851763d6f/out/libmemchr-7c3b23e851763d6f.rmeta --extern regex_syntax=/opt/rustwide/target/debug/build/regex-syntax/02f2daf0cc200caa/out/libregex_syntax-02f2daf0cc200caa.rmeta --cap-lints allow --cap-lints=forbid --force-warn=unused_crate_dependencies` (signal: 9, SIGKILL: kill)
[INFO] [stderr] error: failed to run custom build command for `randomx-rs v1.4.1`
[INFO] [stderr] note: To improve backtraces for build dependencies, set the CARGO_PROFILE_DEV_BUILD_OVERRIDE_DEBUG=true environment variable to enable debug information generation.
[INFO] [stderr] 
[INFO] [stderr] Caused by:
[INFO] [stderr]   process didn't exit successfully: `/opt/rustwide/target/debug/build/randomx-rs/59f4cf896c593a73/out/build_script_build` (exit status: 101)
[INFO] [stderr]   --- stdout
[INFO] [stderr]   CMAKE_TOOLCHAIN_FILE_x86_64-unknown-linux-gnu = None
[INFO] [stderr]   CMAKE_TOOLCHAIN_FILE_x86_64_unknown_linux_gnu = None
[INFO] [stderr]   HOST_CMAKE_TOOLCHAIN_FILE = None
[INFO] [stderr]   CMAKE_TOOLCHAIN_FILE = None
[INFO] [stderr]   CMAKE_GENERATOR_x86_64-unknown-linux-gnu = None
[INFO] [stderr]   CMAKE_GENERATOR_x86_64_unknown_linux_gnu = None
[INFO] [stderr]   HOST_CMAKE_GENERATOR = None
[INFO] [stderr]   CMAKE_GENERATOR = None
[INFO] [stderr]   CMAKE_PREFIX_PATH_x86_64-unknown-linux-gnu = None
[INFO] [stderr]   CMAKE_PREFIX_PATH_x86_64_unknown_linux_gnu = None
[INFO] [stderr]   HOST_CMAKE_PREFIX_PATH = None
[INFO] [stderr]   CMAKE_PREFIX_PATH = None
[INFO] [stderr]   CMAKE_x86_64-unknown-linux-gnu = None
[INFO] [stderr]   CMAKE_x86_64_unknown_linux_gnu = None
[INFO] [stderr]   HOST_CMAKE = None
[INFO] [stderr]   CMAKE = None
[INFO] [stderr]   -- The C compiler identification is GNU 15.2.0
[INFO] [stderr]   -- The CXX compiler identification is GNU 15.2.0
[INFO] [stderr]   -- Detecting C compiler ABI info
[INFO] [stderr]   -- Detecting C compiler ABI info - done
[INFO] [stderr]   -- Check for working C compiler: /usr/bin/cc - skipped
[INFO] [stderr]   -- Detecting C compile features
[INFO] [stderr]   -- Detecting C compile features - done
[INFO] [stderr]   -- Detecting CXX compiler ABI info
[INFO] [stderr]   -- Detecting CXX compiler ABI info - done
[INFO] [stderr]   -- Check for working CXX compiler: /usr/bin/c++ - skipped
[INFO] [stderr]   -- Detecting CXX compile features
[INFO] [stderr]   -- Detecting CXX compile features - done
[INFO] [stderr]   -- Performing Test _maes_cxx
[INFO] [stderr]   -- Performing Test _maes_cxx - Success
[INFO] [stderr]   -- Setting CXX flag -maes
[INFO] [stderr]   -- Performing Test _maes_c
[INFO] [stderr]   -- Performing Test _maes_c - Success
[INFO] [stderr]   -- Setting C flag -maes
[INFO] [stderr]   -- Performing Test HAVE_SSSE3
[INFO] [stderr]   -- Performing Test HAVE_SSSE3 - Success
[INFO] [stderr]   -- Performing Test HAVE_AVX2
[INFO] [stderr]   -- Performing Test HAVE_AVX2 - Success
[INFO] [stderr]   -- Performing Test CMAKE_HAVE_LIBC_PTHREAD
[INFO] [stderr]   -- Performing Test CMAKE_HAVE_LIBC_PTHREAD - Success
[INFO] [stderr]   -- Found Threads: TRUE
[INFO] [stderr]   -- Performing Test HAVE_CXX_ATOMICS
[INFO] [stderr]   -- Performing Test HAVE_CXX_ATOMICS - Success
[INFO] [stderr]   -- Configuring done (7.0s)
[INFO] [stderr]   -- Generating done (0.1s)
[INFO] [stderr]   -- Build files have been written to: /opt/rustwide/target/debug/build/randomx-rs/759023790835fce0/out/build
[INFO] [stderr]   [  2%] Building C object CMakeFiles/randomx.dir/src/argon2_avx2.c.o
[INFO] [stderr]   [  5%] Building CXX object CMakeFiles/randomx.dir/src/soft_aes.cpp.o
[INFO] [stderr]   [  8%] Building CXX object CMakeFiles/randomx.dir/src/aes_hash.cpp.o
[INFO] [stderr]   [ 11%] Building CXX object CMakeFiles/randomx.dir/src/vm_interpreted.cpp.o
[INFO] [stderr]   [ 14%] Building CXX object CMakeFiles/randomx.dir/src/bytecode_machine.cpp.o
[INFO] [stderr]   [ 17%] Building C object CMakeFiles/randomx.dir/src/argon2_ssse3.c.o
[INFO] [stderr]   [ 20%] Building CXX object CMakeFiles/randomx.dir/src/dataset.cpp.o
[INFO] [stderr]   [ 23%] Building CXX object CMakeFiles/randomx.dir/src/cpu.cpp.o
[INFO] [stderr]   [ 26%] Building C object CMakeFiles/randomx.dir/src/virtual_memory.c.o
[INFO] [stderr]   [ 29%] Building C object CMakeFiles/randomx.dir/src/argon2_ref.c.o
[INFO] [stderr]   [ 32%] Building CXX object CMakeFiles/randomx.dir/src/allocator.cpp.o
[INFO] [stderr]   [ 35%] Building CXX object CMakeFiles/randomx.dir/src/assembly_generator_x86.cpp.o
[INFO] [stderr]   [ 38%] Building CXX object CMakeFiles/randomx.dir/src/instruction.cpp.o
[INFO] [stderr]   [ 41%] Building CXX object CMakeFiles/randomx.dir/src/randomx.cpp.o
[INFO] [stderr]   [ 44%] Building CXX object CMakeFiles/randomx.dir/src/vm_compiled.cpp.o
[INFO] [stderr]   [ 47%] Building CXX object CMakeFiles/randomx.dir/src/vm_interpreted_light.cpp.o
[INFO] [stderr]   [ 50%] Building CXX object CMakeFiles/randomx.dir/src/superscalar.cpp.o
[INFO] [stderr]   [ 52%] Building C object CMakeFiles/randomx.dir/src/argon2_core.c.o
[INFO] [stderr]   [ 55%] Building CXX object CMakeFiles/randomx.dir/src/blake2_generator.cpp.o
[INFO] [stderr]   [ 58%] Building CXX object CMakeFiles/randomx.dir/src/instructions_portable.cpp.o
[INFO] [stderr]   [ 61%] Building C object CMakeFiles/randomx.dir/src/reciprocal.c.o
[INFO] [stderr]   [ 64%] Building CXX object CMakeFiles/randomx.dir/src/virtual_machine.cpp.o
[INFO] [stderr]   [ 67%] Building CXX object CMakeFiles/randomx.dir/src/vm_compiled_light.cpp.o
[INFO] [stderr]   [ 70%] Building C object CMakeFiles/randomx.dir/src/blake2/blake2b.c.o
[INFO] [stderr]   [ 73%] Building CXX object CMakeFiles/randomx.dir/src/jit_compiler_x86.cpp.o
[INFO] [stderr]   [ 76%] Building C object CMakeFiles/randomx.dir/src/jit_compiler_x86_static.S.o
[INFO] [stderr] 
[INFO] [stderr]   --- stderr
[INFO] [stderr]   running: cd "/opt/rustwide/target/debug/build/randomx-rs/759023790835fce0/out/build" && CMAKE_PREFIX_PATH="" LC_ALL="C" "cmake" "/opt/rustwide/cargo-home/registry/src/index.crates.io-1949cf8c6b5b557f/randomx-rs-1.4.1/RandomX" "-B" "/opt/rustwide/target/debug/build/randomx-rs/759023790835fce0/out/build" "-DDARCH=native" "-DCMAKE_INSTALL_PREFIX=/opt/rustwide/target/debug/build/randomx-rs/759023790835fce0/out" "-DCMAKE_C_FLAGS= -ffunction-sections -fdata-sections -fPIC -m64 -w" "-DCMAKE_C_COMPILER=/usr/bin/cc" "-DCMAKE_CXX_FLAGS= -ffunction-sections -fdata-sections -fPIC -m64 -w" "-DCMAKE_CXX_COMPILER=/usr/bin/c++" "-DCMAKE_ASM_FLAGS= -ffunction-sections -fdata-sections -fPIC -m64 -w" "-DCMAKE_ASM_COMPILER=/usr/bin/cc" "-DCMAKE_BUILD_TYPE=Debug"
[INFO] [stderr]   CMake Deprecation Warning at CMakeLists.txt:29 (cmake_minimum_required):
[INFO] [stderr]     Compatibility with CMake < 3.10 will be removed from a future version of
[INFO] [stderr]     CMake.
[INFO] [stderr] 
[INFO] [stderr]     Update the VERSION argument <min> value.  Or, use the <min>...<max> syntax
[INFO] [stderr]     to tell CMake that the project requires at least <min> but has been updated
[INFO] [stderr]     to work with policies introduced by <max> or earlier.
[INFO] [stderr] 
[INFO] [stderr] 
[INFO] [stderr]   CMake Warning:
[INFO] [stderr]     Manually-specified variables were not used by the project:
[INFO] [stderr] 
[INFO] [stderr]       CMAKE_ASM_COMPILER
[INFO] [stderr]       CMAKE_ASM_FLAGS
[INFO] [stderr]       DARCH
[INFO] [stderr] 
[INFO] [stderr] 
[INFO] [stderr]   running: cd "/opt/rustwide/target/debug/build/randomx-rs/759023790835fce0/out/build" && LC_ALL="C" MAKEFLAGS="-j --jobserver-fds=4,5 --jobserver-auth=4,5" "cmake" "--build" "/opt/rustwide/target/debug/build/randomx-rs/759023790835fce0/out/build" "--target" "install" "--config" "Debug"
[INFO] [stderr]   c++: fatal error: Killed signal terminated program cc1plus
[INFO] [stderr]   compilation terminated.
[INFO] [stderr]   gmake[2]: *** [CMakeFiles/randomx.dir/build.make:135: CMakeFiles/randomx.dir/src/bytecode_machine.cpp.o] Error 1
[INFO] [stderr]   gmake[2]: *** Waiting for unfinished jobs....
[INFO] [stderr]   gmake[1]: *** [CMakeFiles/Makefile2:96: CMakeFiles/randomx.dir/all] Error 2
[INFO] [stderr]   gmake: *** [Makefile:136: all] Error 2
[INFO] [stderr] 
[INFO] [stderr]   thread 'main' (1061) panicked at /opt/rustwide/cargo-home/registry/src/index.crates.io-1949cf8c6b5b557f/cmake-0.1.57/src/lib.rs:1132:5:
[INFO] [stderr] 
[INFO] [stderr]   command did not execute successfully, got: exit status: 2
[INFO] [stderr] 
[INFO] [stderr]   build script failed, must exit now
[INFO] [stderr]   stack backtrace:
[INFO] [stderr]      0:     0x62052f7221e1 - std[199b7d4623cde377]::backtrace_rs::backtrace::libunwind::trace
[INFO] [stderr]                                  at /rustc/895980e0290783bb09b1ccf1b11f14eb09b10430/library/std/src/../../backtrace/src/backtrace/libunwind.rs:117:9
[INFO] [stderr]      1:     0x62052f7221e1 - std[199b7d4623cde377]::backtrace_rs::backtrace::trace_unsynchronized::<std[199b7d4623cde377]::sys::backtrace::_print_fmt::{closure#1}>
[INFO] [stderr]                                  at /rustc/895980e0290783bb09b1ccf1b11f14eb09b10430/library/std/src/../../backtrace/src/backtrace/mod.rs:66:14
[INFO] [stderr]      2:     0x62052f7221e1 - std[199b7d4623cde377]::sys::backtrace::_print_fmt
[INFO] [stderr]                                  at /rustc/895980e0290783bb09b1ccf1b11f14eb09b10430/library/std/src/sys/backtrace.rs:74:9
[INFO] [stderr]      3:     0x62052f7221e1 - <<std[199b7d4623cde377]::sys::backtrace::BacktraceLock>::print::DisplayBacktrace as core[56f95fd562b2fc85]::fmt::Display>::fmt
[INFO] [stderr]                                  at /rustc/895980e0290783bb09b1ccf1b11f14eb09b10430/library/std/src/sys/backtrace.rs:44:26
[INFO] [stderr]      4:     0x62052f7361da - <core[56f95fd562b2fc85]::fmt::rt::Argument>::fmt
[INFO] [stderr]                                  at /rustc/895980e0290783bb09b1ccf1b11f14eb09b10430/library/core/src/fmt/rt.rs:152:76
[INFO] [stderr]      5:     0x62052f7361da - core[56f95fd562b2fc85]::fmt::write
[INFO] [stderr]      6:     0x62052f727a2c - core[56f95fd562b2fc85]::io::write::default_write_fmt::<std[199b7d4623cde377]::sys::stdio::unix::Stderr>
[INFO] [stderr]                                  at /rustc/895980e0290783bb09b1ccf1b11f14eb09b10430/library/core/src/io/write.rs:402:11
[INFO] [stderr]      7:     0x62052f727a2c - <std[199b7d4623cde377]::sys::stdio::unix::Stderr as core[56f95fd562b2fc85]::io::write::Write>::write_fmt
[INFO] [stderr]                                  at /rustc/895980e0290783bb09b1ccf1b11f14eb09b10430/library/core/src/io/write.rs:335:13
[INFO] [stderr]      8:     0x62052f701766 - <std[199b7d4623cde377]::sys::backtrace::BacktraceLock>::print
[INFO] [stderr]                                  at /rustc/895980e0290783bb09b1ccf1b11f14eb09b10430/library/std/src/sys/backtrace.rs:47:9
[INFO] [stderr]      9:     0x62052f701766 - std[199b7d4623cde377]::panicking::default_hook::{closure#0}
[INFO] [stderr]                                  at /rustc/895980e0290783bb09b1ccf1b11f14eb09b10430/library/std/src/panicking.rs:289:27
[INFO] [stderr]     10:     0x62052f71ceb1 - std[199b7d4623cde377]::panicking::default_hook
[INFO] [stderr]                                  at /rustc/895980e0290783bb09b1ccf1b11f14eb09b10430/library/std/src/panicking.rs:316:9
[INFO] [stderr]     11:     0x62052f71d06b - std[199b7d4623cde377]::panicking::panic_with_hook
[INFO] [stderr]                                  at /rustc/895980e0290783bb09b1ccf1b11f14eb09b10430/library/std/src/panicking.rs:811:13
[INFO] [stderr]     12:     0x62052f701812 - std[199b7d4623cde377]::panicking::panic_handler::{closure#0}
[INFO] [stderr]                                  at /rustc/895980e0290783bb09b1ccf1b11f14eb09b10430/library/std/src/panicking.rs:685:13
[INFO] [stderr]     13:     0x62052f6fa0a9 - std[199b7d4623cde377]::sys::backtrace::__rust_end_short_backtrace::<std[199b7d4623cde377]::panicking::panic_handler::{closure#0}, !>
[INFO] [stderr]                                  at /rustc/895980e0290783bb09b1ccf1b11f14eb09b10430/library/std/src/sys/backtrace.rs:182:18
[INFO] [stderr]     14:     0x62052f701ffd - __rustc[9091a1772f8167df]::rust_begin_unwind
[INFO] [stderr]                                  at /rustc/895980e0290783bb09b1ccf1b11f14eb09b10430/library/std/src/panicking.rs:676:5
[INFO] [stderr]     15:     0x62052f7369cc - core[56f95fd562b2fc85]::panicking::panic_fmt
[INFO] [stderr]                                  at /rustc/895980e0290783bb09b1ccf1b11f14eb09b10430/library/core/src/panicking.rs:80:14
[INFO] [stderr]     16:     0x62052f68ba27 - cmake[72667ab1a734885f]::fail
[INFO] [stderr]     17:     0x62052f68b6b3 - cmake[72667ab1a734885f]::run
[INFO] [stderr]     18:     0x62052f691685 - <cmake[72667ab1a734885f]::Config>::build
[INFO] [stderr]     19:     0x62052f67d7ea - build_script_build[41aee5fbebbbad13]::main
[INFO] [stderr]     20:     0x62052f67e203 - <fn() as core[56f95fd562b2fc85]::ops::function::FnOnce<()>>::call_once
[INFO] [stderr]     21:     0x62052f67d656 - std[199b7d4623cde377]::sys::backtrace::__rust_begin_short_backtrace::<fn(), ()>
[INFO] [stderr]     22:     0x62052f67d669 - std[199b7d4623cde377]::rt::lang_start::<()>::{closure#0}
[INFO] [stderr]     23:     0x62052f71c1b8 - <&dyn core[56f95fd562b2fc85]::ops::function::Fn<(), Output = i32> + core[56f95fd562b2fc85]::panic::unwind_safe::RefUnwindSafe + core[56f95fd562b2fc85]::marker::Sync as core[56f95fd562b2fc85]::ops::function::FnOnce<()>>::call_once
[INFO] [stderr]                                  at /rustc/895980e0290783bb09b1ccf1b11f14eb09b10430/library/core/src/ops/function.rs:287:21
[INFO] [stderr]     24:     0x62052f71c1b8 - std[199b7d4623cde377]::panicking::catch_unwind::do_call::<&dyn core[56f95fd562b2fc85]::ops::function::Fn<(), Output = i32> + core[56f95fd562b2fc85]::panic::unwind_safe::RefUnwindSafe + core[56f95fd562b2fc85]::marker::Sync, i32>
[INFO] [stderr]                                  at /rustc/895980e0290783bb09b1ccf1b11f14eb09b10430/library/std/src/panicking.rs:573:43
[INFO] [stderr]     25:     0x62052f71c1b8 - std[199b7d4623cde377]::panicking::catch_unwind::<i32, &dyn core[56f95fd562b2fc85]::ops::function::Fn<(), Output = i32> + core[56f95fd562b2fc85]::panic::unwind_safe::RefUnwindSafe + core[56f95fd562b2fc85]::marker::Sync>
[INFO] [stderr]                                  at /rustc/895980e0290783bb09b1ccf1b11f14eb09b10430/library/std/src/panicking.rs:541:19
[INFO] [stderr]     26:     0x62052f71c1b8 - std[199b7d4623cde377]::panic::catch_unwind::<&dyn core[56f95fd562b2fc85]::ops::function::Fn<(), Output = i32> + core[56f95fd562b2fc85]::panic::unwind_safe::RefUnwindSafe + core[56f95fd562b2fc85]::marker::Sync, i32>
[INFO] [stderr]                                  at /rustc/895980e0290783bb09b1ccf1b11f14eb09b10430/library/std/src/panic.rs:359:14
[INFO] [stderr]     27:     0x62052f71c1b8 - std[199b7d4623cde377]::rt::lang_start_internal::{closure#0}
[INFO] [stderr]                                  at /rustc/895980e0290783bb09b1ccf1b11f14eb09b10430/library/std/src/rt.rs:175:24
[INFO] [stderr]     28:     0x62052f71c1b8 - std[199b7d4623cde377]::panicking::catch_unwind::do_call::<std[199b7d4623cde377]::rt::lang_start_internal::{closure#0}, isize>
[INFO] [stderr]                                  at /rustc/895980e0290783bb09b1ccf1b11f14eb09b10430/library/std/src/panicking.rs:573:43
[INFO] [stderr]     29:     0x62052f71c1b8 - std[199b7d4623cde377]::panicking::catch_unwind::<isize, std[199b7d4623cde377]::rt::lang_start_internal::{closure#0}>
[INFO] [stderr]                                  at /rustc/895980e0290783bb09b1ccf1b11f14eb09b10430/library/std/src/panicking.rs:541:19
[INFO] [stderr]     30:     0x62052f71c1b8 - std[199b7d4623cde377]::panic::catch_unwind::<std[199b7d4623cde377]::rt::lang_start_internal::{closure#0}, isize>
[INFO] [stderr]                                  at /rustc/895980e0290783bb09b1ccf1b11f14eb09b10430/library/std/src/panic.rs:359:14
[INFO] [stderr]     31:     0x62052f71c1b8 - std[199b7d4623cde377]::rt::lang_start_internal
[INFO] [stderr]                                  at /rustc/895980e0290783bb09b1ccf1b11f14eb09b10430/library/std/src/rt.rs:171:5
[INFO] [stderr]     32:     0x62052f67d1e1 - std[199b7d4623cde377]::rt::lang_start::<()>
[INFO] [stderr]     33:     0x62052f67e275 - main
[INFO] [stderr]     34:     0x7502753ca601 - <unknown>
[INFO] [stderr]     35:     0x7502753ca718 - __libc_start_main
[INFO] [stderr]     36:     0x62052f67c585 - _start
[INFO] [stderr]     37:                0x0 - <unknown>
[INFO] running `Command { std: "docker" "inspect" "7d8297052955c8885fb7ab00d8a0b390781a20dc81cc9c1e17c200c00f2ddaf8", kill_on_drop: false }`
[INFO] running `Command { std: "docker" "rm" "-f" "7d8297052955c8885fb7ab00d8a0b390781a20dc81cc9c1e17c200c00f2ddaf8", kill_on_drop: false }`
[INFO] [stdout] 7d8297052955c8885fb7ab00d8a0b390781a20dc81cc9c1e17c200c00f2ddaf8
