[INFO] cloning repository https://github.com/kakaomames/deno
[INFO] running `Command { std: "git" "-c" "credential.helper=" "-c" "credential.helper=/workspace/cargo-home/bin/git-credential-null" "clone" "--bare" "https://github.com/kakaomames/deno" "/workspace/cache/git-repos/https%3A%2F%2Fgithub.com%2Fkakaomames%2Fdeno", kill_on_drop: false }`
[INFO] [stderr] Cloning into bare repository '/workspace/cache/git-repos/https%3A%2F%2Fgithub.com%2Fkakaomames%2Fdeno'...
[INFO] running `Command { std: "git" "rev-parse" "HEAD", kill_on_drop: false }`
[INFO] [stdout] 2ec709989cd34f90c309db4e704a1290fb57dcaf
[INFO] checking kakaomames/deno against 5c543b0b8c73c7b72bc8284ced4fb22ead15734d for pr-160186
[INFO] running `Command { std: "git" "clone" "/workspace/cache/git-repos/https%3A%2F%2Fgithub.com%2Fkakaomames%2Fdeno" "/workspace/builds/worker-7-tc1/source", kill_on_drop: false }`
[INFO] [stderr] Cloning into '/workspace/builds/worker-7-tc1/source'...
[INFO] [stderr] done.
[INFO] [stderr] Updating files:  76% (8546/11218)
Updating files:  77% (8638/11218)
Updating files:  78% (8751/11218)
Updating files:  79% (8863/11218)
Updating files:  80% (8975/11218)
Updating files:  81% (9087/11218)
Updating files:  82% (9199/11218)
Updating files:  83% (9311/11218)
Updating files:  84% (9424/11218)
Updating files:  85% (9536/11218)
Updating files:  86% (9648/11218)
Updating files:  87% (9760/11218)
Updating files:  88% (9872/11218)
Updating files:  89% (9985/11218)
Updating files:  90% (10097/11218)
Updating files:  91% (10209/11218)
Updating files:  92% (10321/11218)
Updating files:  93% (10433/11218)
Updating files:  94% (10545/11218)
Updating files:  95% (10658/11218)
Updating files:  96% (10770/11218)
Updating files:  97% (10882/11218)
Updating files:  98% (10994/11218)
Updating files:  99% (11106/11218)
Updating files: 100% (11218/11218)
Updating files: 100% (11218/11218), done.
[INFO] removed /workspace/builds/worker-7-tc1/source/.cargo/config.toml
[INFO] removed /workspace/builds/worker-7-tc1/source/rust-toolchain.toml
[INFO] started tweaking git repo https://github.com/kakaomames/deno
[INFO] finished tweaking git repo https://github.com/kakaomames/deno
[INFO] tweaked toml for git repo https://github.com/kakaomames/deno written to /workspace/builds/worker-7-tc1/source/Cargo.toml
[INFO] validating manifest of git repo https://github.com/kakaomames/deno on toolchain 5c543b0b8c73c7b72bc8284ced4fb22ead15734d
[INFO] running `Command { std: CARGO_HOME="/workspace/cargo-home" RUSTUP_HOME="/workspace/rustup-home" "/workspace/cargo-home/bin/cargo" "+5c543b0b8c73c7b72bc8284ced4fb22ead15734d" "metadata" "--manifest-path" "Cargo.toml" "--no-deps", kill_on_drop: false }`
[INFO] crate git repo https://github.com/kakaomames/deno already has a lockfile, it will not be regenerated
[INFO] running `Command { std: CARGO_HOME="/workspace/cargo-home" RUSTUP_HOME="/workspace/rustup-home" "/workspace/cargo-home/bin/cargo" "+5c543b0b8c73c7b72bc8284ced4fb22ead15734d" "fetch" "--manifest-path" "Cargo.toml", kill_on_drop: false }`
[INFO] [stderr] warning: unused workspace dependency `prost-build`
[INFO] [stderr]    --> Cargo.toml:343:1
[INFO] [stderr]     |
[INFO] [stderr] 343 | prost-build = "0.13"
[INFO] [stderr]     | ^^^^^^^^^^^
[INFO] [stderr]     |
[INFO] [stderr]     = note: `cargo::unused_workspace_dependencies` is set to `warn` by default
[INFO] [stderr] help: consider removing the workspace dependency `prost-build`
[INFO] [stderr] warning: workspace (manifest) generated 1 warning
[INFO] [stderr]     Updating crates.io index
[INFO] [stderr]  Downloading crates ...
[INFO] [stderr]   Downloaded cmake v0.1.50
[INFO] [stderr]   Downloaded zerofrom-derive v0.1.4
[INFO] [stderr]   Downloaded displaydoc v0.2.4
[INFO] [stderr]   Downloaded yoke v0.7.4
[INFO] [stderr]   Downloaded subtle v2.5.0
[INFO] [stderr]   Downloaded vte_generate_state_changes v0.1.1
[INFO] [stderr]   Downloaded os_pipe v1.2.1
[INFO] [stderr]   Downloaded ref-cast v1.0.22
[INFO] [stderr]   Downloaded deno_error v0.7.1
[INFO] [stderr]   Downloaded win32job v2.0.3
[INFO] [stderr]   Downloaded rustversion v1.0.15
[INFO] [stderr]   Downloaded either v1.10.0
[INFO] [stderr]   Downloaded filetime v0.2.23
[INFO] [stderr]   Downloaded winapi-util v0.1.6
[INFO] [stderr]   Downloaded lazy-regex-proc_macros v3.1.0
[INFO] [stderr]   Downloaded junction v1.2.0
[INFO] [stderr]   Downloaded derive-io-macros v0.4.1
[INFO] [stderr]   Downloaded litemap v0.7.3
[INFO] [stderr]   Downloaded file_test_runner v0.12.1
[INFO] [stderr]   Downloaded deno_path_util v0.6.4
[INFO] [stderr]   Downloaded ref-cast-impl v1.0.22
[INFO] [stderr]   Downloaded deno_terminal v0.2.3
[INFO] [stderr]   Downloaded async-stream v0.3.5
[INFO] [stderr]   Downloaded asynchronous-codec v0.7.0
[INFO] [stderr]   Downloaded console_static_text v0.8.3
[INFO] [stderr]   Downloaded semver v1.0.25
[INFO] [stderr]   Downloaded sha1_smol v1.0.0
[INFO] [stderr]   Downloaded zerofrom v0.1.4
[INFO] [stderr]   Downloaded swc_config v3.1.2
[INFO] [stderr]   Downloaded swc_config_macro v1.0.1
[INFO] [stderr]   Downloaded async-stream-impl v0.3.5
[INFO] [stderr]   Downloaded yoke-derive v0.7.4
[INFO] [stderr]   Downloaded napi-sys v2.2.2
[INFO] [stderr]   Downloaded testing_macros v1.0.1
[INFO] [stderr]   Downloaded stacker v0.1.15
[INFO] [stderr]   Downloaded enum-as-inner v0.6.0
[INFO] [stderr]   Downloaded deno-tower-lsp-macros v0.12.0
[INFO] [stderr]   Downloaded base32 v0.5.1
[INFO] [stderr]   Downloaded wasm_dep_analyzer v0.4.0
[INFO] [stderr]   Downloaded diplomat-runtime v0.14.0
[INFO] [stderr]   Downloaded psm v0.1.21
[INFO] [stderr]   Downloaded deno_error_macro v0.7.1
[INFO] [stderr]   Downloaded libloading v0.8.5
[INFO] [stderr]   Downloaded swc_ecma_codegen_macros v2.0.2
[INFO] [stderr]   Downloaded derive-io v0.4.1
[INFO] [stderr]   Downloaded quinn-udp v0.5.9
[INFO] [stderr]   Downloaded deno_unsync v0.4.4
[INFO] [stderr]   Downloaded core_maths v0.1.1
[INFO] [stderr]   Downloaded strck v1.0.0
[INFO] [stderr]   Downloaded auto_impl v1.2.0
[INFO] [stderr]   Downloaded ecow v0.2.3
[INFO] [stderr]   Downloaded target-triple v1.0.0
[INFO] [stderr]   Downloaded syn-match v0.3.1
[INFO] [stderr]   Downloaded jsonc-parser v0.28.0
[INFO] [stderr]   Downloaded clap_builder v4.5.56
[INFO] [stderr]   Downloaded inventory v0.3.21
[INFO] [stderr]   Downloaded wasm-streams v0.4.0
[INFO] [stderr]   Downloaded prost v0.13.3
[INFO] [stderr]   Downloaded stringcase v0.4.0
[INFO] [stderr]   Downloaded which v6.0.1
[INFO] [stderr]   Downloaded swc_graph_analyzer v14.0.1
[INFO] [stderr]   Downloaded is-macro v0.3.5
[INFO] [stderr]   Downloaded crc-catalog v1.1.1
[INFO] [stderr]   Downloaded twox-hash v1.6.3
[INFO] [stderr]   Downloaded twox-hash v2.1.0
[INFO] [stderr]   Downloaded tar v0.4.43
[INFO] [stderr]   Downloaded icu_calendar_data v2.1.1
[INFO] [stderr]   Downloaded gzip-header v1.0.0
[INFO] [stderr]   Downloaded triomphe v0.1.13
[INFO] [stderr]   Downloaded pathdiff v0.2.1
[INFO] [stderr]   Downloaded crc v2.1.0
[INFO] [stderr]   Downloaded path-clean v0.1.0
[INFO] [stderr]   Downloaded debug-ignore v1.0.5
[INFO] [stderr]   Downloaded fd-lock v4.0.2
[INFO] [stderr]   Downloaded sys_traits v0.1.24
[INFO] [stderr]   Downloaded hyper-rustls v0.27.2
[INFO] [stderr]   Downloaded data-encoding v2.5.0
[INFO] [stderr]   Downloaded deno_semver v0.9.1
[INFO] [stderr]   Downloaded data-url v0.3.1
[INFO] [stderr]   Downloaded bencher v0.1.5
[INFO] [stderr]   Downloaded icu_locale v2.1.1
[INFO] [stderr]   Downloaded diplomat v0.14.0
[INFO] [stderr]   Downloaded if_chain v1.0.2
[INFO] [stderr]   Downloaded swc_ecma_transforms_proposal v30.0.0
[INFO] [stderr]   Downloaded swc_ecma_transforms_classes v30.0.0
[INFO] [stderr]   Downloaded swc_ecma_transforms_macros v1.0.1
[INFO] [stderr]   Downloaded terminal_size v0.4.1
[INFO] [stderr]   Downloaded cooked-waker v5.0.0
[INFO] [stderr]   Downloaded fastwebsockets v0.10.0
[INFO] [stderr]   Downloaded dlopen2_derive v0.4.0
[INFO] [stderr]   Downloaded ls-types v0.0.3
[INFO] [stderr]   Downloaded fastwebsockets v0.8.1
[INFO] [stderr]   Downloaded denokv_proto v0.13.0
[INFO] [stderr]   Downloaded zeromq v0.5.0
[INFO] [stderr]   Downloaded sdd v4.6.3
[INFO] [stderr]   Downloaded saa v5.5.0
[INFO] [stderr]   Downloaded deno_tower_lsp v0.5.0
[INFO] [stderr]   Downloaded deno_cache_dir v0.27.0
[INFO] [stderr]   Downloaded trybuild v1.0.115
[INFO] [stderr]   Downloaded toml v0.9.6
[INFO] [stderr]   Downloaded relative-path v1.9.2
[INFO] [stderr]   Downloaded zoneinfo64 v0.2.1
[INFO] [stderr]   Downloaded calendrical_calculations v0.2.3
[INFO] [stderr]   Downloaded ixdtf v0.6.4
[INFO] [stderr]   Downloaded swc_ecma_ast v18.0.0
[INFO] [stderr]   Downloaded swc_ecma_utils v24.0.0
[INFO] [stderr]   Downloaded swc_ecma_transforms_typescript v33.0.0
[INFO] [stderr]   Downloaded swc_ecma_transforms_base v30.0.1
[INFO] [stderr]   Downloaded swc_ecma_loader v17.0.0
[INFO] [stderr]   Downloaded swc_ecma_codegen v20.0.2
[INFO] [stderr]   Downloaded az v1.2.1
[INFO] [stderr]   Downloaded editpe v0.1.0
[INFO] [stderr]   Downloaded import_map v0.25.0
[INFO] [stderr]   Downloaded tokio-metrics v0.3.1
[INFO] [stderr]   Downloaded error-code v3.2.0
[INFO] [stderr]   Downloaded deno_native_certs v0.3.0
[INFO] [stderr]   Downloaded dlopen2 v0.6.1
[INFO] [stderr]   Downloaded which v8.0.0
[INFO] [stderr]   Downloaded fqdn v0.5.2
[INFO] [stderr]   Downloaded tokio-vsock v0.7.1
[INFO] [stderr]   Downloaded nu-ansi-term v0.50.1
[INFO] [stderr]   Downloaded generator v0.8.4
[INFO] [stderr]   Downloaded urlpattern v0.4.2
[INFO] [stderr]   Downloaded dissimilar v1.0.9
[INFO] [stderr]   Downloaded zip v2.4.1
[INFO] [stderr]   Downloaded sys_traits_macros v0.1.0
[INFO] [stderr]   Downloaded vte v0.13.1
[INFO] [stderr]   Downloaded async-compression v0.4.11
[INFO] [stderr]   Downloaded faster-hex v0.10.0
[INFO] [stderr]   Downloaded hickory-server v0.25.2
[INFO] [stderr]   Downloaded prefix-trie v0.7.0
[INFO] [stderr]   Downloaded hipstr v0.6.0
[INFO] [stderr]   Downloaded capacity_builder v0.5.0
[INFO] [stderr]   Downloaded boxed_error v0.2.3
[INFO] [stderr]   Downloaded serde_spanned v1.0.4
[INFO] [stderr]   Downloaded temporal_capi v0.1.2
[INFO] [stderr]   Downloaded timezone_provider v0.1.2
[INFO] [stderr]   Downloaded unicycle v0.10.2
[INFO] [stderr]   Downloaded uniset v0.2.4
[INFO] [stderr]   Downloaded sourcemap v9.2.0
[INFO] [stderr]   Downloaded unicode-id-start v1.2.0
[INFO] [stderr]   Downloaded toml_edit v0.23.5
[INFO] [stderr]   Downloaded swc_sourcemap v9.3.4
[INFO] [stderr]   Downloaded swc_common v17.0.1
[INFO] [stderr]   Downloaded ryu-js v1.0.1
[INFO] [stderr]   Downloaded swc_ecma_transforms_optimization v32.0.0
[INFO] [stderr]   Downloaded swc_bundler v35.0.0
[INFO] [stderr]   Downloaded dprint-swc-ext v0.26.0
[INFO] [stderr]   Downloaded clap v4.5.56
[INFO] [stderr]   Downloaded zune-jpeg v0.4.13
[INFO] [stderr]   Downloaded image-webp v0.2.1
[INFO] [stderr]   Downloaded rustls-native-certs v0.7.0
[INFO] [stderr]   Downloaded web-transport-proto v0.2.7
[INFO] [stderr]   Downloaded fast-socks5 v0.9.6
[INFO] [stderr]   Downloaded wgpu-core-deps-apple v28.0.0
[INFO] [stderr]   Downloaded divan-macros v0.1.21
[INFO] [stderr]   Downloaded netif v0.1.6
[INFO] [stderr]   Downloaded aws-lc-rs v1.13.1
[INFO] [stderr]   Downloaded reqwest v0.12.5
[INFO] [stderr]   Downloaded webpki-roots v0.26.1
[INFO] [stderr]   Downloaded libuv-sys-lite v1.48.3
[INFO] [stderr]   Downloaded scc v3.6.5
[INFO] [stderr]   Downloaded capacity_builder_macros v0.3.0
[INFO] [stderr]   Downloaded icu_locale_data v2.1.1
[INFO] [stderr]   Downloaded icu_calendar v2.1.1
[INFO] [stderr]   Downloaded swc_ecma_parser v27.0.7
[INFO] [stderr]   Downloaded swc_ecma_lexer v26.0.0
[INFO] [stderr]   Downloaded compact_str v0.7.1
[INFO] [stderr]   Downloaded rustyline v17.0.0
[INFO] [stderr]   Downloaded tracing-subscriber v0.3.20
[INFO] [stderr]   Downloaded ipconfig v0.3.2
[INFO] [stderr]   Downloaded tower-http v0.6.1
[INFO] [stderr]   Downloaded opentelemetry v0.27.0
[INFO] [stderr]   Downloaded opentelemetry-semantic-conventions v0.27.0
[INFO] [stderr]   Downloaded condtype v1.3.0
[INFO] [stderr]   Downloaded globset v0.4.14
[INFO] [stderr]   Downloaded image v0.25.4
[INFO] [stderr]   Downloaded vsock v0.5.1
[INFO] [stderr]   Downloaded hickory-resolver v0.25.2
[INFO] [stderr]   Downloaded moka v0.12.10
[INFO] [stderr]   Downloaded deno_tunnel v0.8.1
[INFO] [stderr]   Downloaded wgpu-core-deps-windows-linux-android v28.0.0
[INFO] [stderr]   Downloaded ron v0.12.0
[INFO] [stderr]   Downloaded simd-json v0.14.0
[INFO] [stderr]   Downloaded value-trait v0.10.0
[INFO] [stderr]   Downloaded wgpu-core v28.0.0
[INFO] [stderr]   Downloaded wgpu-hal v28.0.0
[INFO] [stderr]   Downloaded ignore v0.4.20
[INFO] [stderr]   Downloaded halfbrown v0.2.5
[INFO] [stderr]   Downloaded exec v0.3.1
[INFO] [stderr]   Downloaded opentelemetry_sdk v0.27.1
[INFO] [stderr]   Downloaded bstr v1.9.1
[INFO] [stderr]   Downloaded libsui v0.12.6
[INFO] [stderr]   Downloaded cranelift-control v0.116.1
[INFO] [stderr]   Downloaded monch v0.5.0
[INFO] [stderr]   Downloaded resb v0.1.1
[INFO] [stderr]   Downloaded radix_fmt v1.0.0
[INFO] [stderr]   Downloaded opentelemetry-proto v0.27.0
[INFO] [stderr]   Downloaded denokv_sqlite v0.13.0
[INFO] [stderr]   Downloaded prost-derive v0.13.3
[INFO] [stderr]   Downloaded aes v0.8.3
[INFO] [stderr]   Downloaded md4 v0.10.2
[INFO] [stderr]   Downloaded denokv_remote v0.13.0
[INFO] [stderr]   Downloaded shell-escape v0.1.5
[INFO] [stderr]   Downloaded bindgen v0.70.1
[INFO] [stderr]   Downloaded hickory-proto v0.25.2
[INFO] [stderr]   Downloaded outref v0.5.1
[INFO] [stderr]   Downloaded p384 v0.13.0
[INFO] [stderr]   Downloaded p224 v0.13.2
[INFO] [stderr]   Downloaded tokio-eld v0.2.0
[INFO] [stderr]   Downloaded regalloc2 v0.11.1
[INFO] [stderr]   Downloaded cranelift v0.116.1
[INFO] [stderr]   Downloaded serde_repr v0.1.19
[INFO] [stderr]   Downloaded sqlformat v0.3.5
[INFO] [stderr]   Downloaded runtimelib v1.3.0
[INFO] [stderr]   Downloaded strip-ansi-escapes v0.2.0
[INFO] [stderr]   Downloaded vte v0.11.1
[INFO] [stderr]   Downloaded css_dataset v0.4.1
[INFO] [stderr]   Downloaded malva v0.12.1
[INFO] [stderr]   Downloaded dhat v0.3.3
[INFO] [stderr]   Downloaded thousands v0.2.0
[INFO] [stderr]   Downloaded lazy-regex v3.1.0
[INFO] [stderr]   Downloaded cache_control v0.2.0
[INFO] [stderr]   Downloaded sm3 v0.4.2
[INFO] [stderr]   Downloaded rmp v0.8.14
[INFO] [stderr]   Downloaded pretty_yaml v0.5.0
[INFO] [stderr]   Downloaded tiny_pretty v0.2.0
[INFO] [stderr]   Downloaded security-framework v3.3.0
[INFO] [stderr]   Downloaded dyn-clone v1.0.17
[INFO] [stderr]   Downloaded yaml_parser v0.2.1
[INFO] [stderr]   Downloaded rowan v0.15.15
[INFO] [stderr]   Downloaded open v5.1.2
[INFO] [stderr]   Downloaded markup_fmt v0.22.0
[INFO] [stderr]   Downloaded raffia_macro v0.1.1
[INFO] [stderr]   Downloaded servo_arc v0.4.1
[INFO] [stderr]   Downloaded dbus v0.9.7
[INFO] [stderr]   Downloaded swc_ecma_visit v18.0.1
[INFO] [stderr]   Downloaded color-print v0.3.5
[INFO] [stderr]   Downloaded selectors v0.30.0
[INFO] [stderr]   Downloaded deno_whoami v0.1.0
[INFO] [stderr]   Downloaded cranelift-codegen-shared v0.116.1
[INFO] [stderr]   Downloaded weak-table v0.3.2
[INFO] [stderr]   Downloaded caseless v0.2.1
[INFO] [stderr]   Downloaded clap_complete_fig v4.5.2
[INFO] [stderr]   Downloaded cranelift-codegen-meta v0.116.1
[INFO] [stderr]   Downloaded quick-junit v0.3.6
[INFO] [stderr]   Downloaded num v0.4.2
[INFO] [stderr]   Downloaded target-lexicon v0.13.2
[INFO] [stderr]   Downloaded aes-kw v0.2.1
[INFO] [stderr]   Downloaded raffia v0.9.2
[INFO] [stderr]   Downloaded lol_html v2.6.0
[INFO] [stderr]   Downloaded cssparser v0.35.0
[INFO] [stderr]   Downloaded deno_task_shell v0.29.0
[INFO] [stderr]   Downloaded locked-tripwire v0.1.1
[INFO] [stderr]   Downloaded comrak v0.29.0
[INFO] [stderr]   Downloaded typed-arena v2.0.2
[INFO] [stderr]   Downloaded v8_valueserializer v0.1.1
[INFO] [stderr]   Downloaded cranelift-bforest v0.116.1
[INFO] [stderr]   Downloaded saffron v0.1.0
[INFO] [stderr]   Downloaded shellexpand v3.1.0
[INFO] [stderr]   Downloaded dprint-core v0.67.4
[INFO] [stderr]   Downloaded rustls-tokio-stream v0.8.0
[INFO] [stderr]   Downloaded cranelift-native v0.116.1
[INFO] [stderr]   Downloaded cranelift-module v0.116.1
[INFO] [stderr]   Downloaded redox_users v0.4.5
[INFO] [stderr]   Downloaded dprint-plugin-json v0.21.1
[INFO] [stderr]   Downloaded mintex v0.1.3
[INFO] [stderr]   Downloaded xdg v2.5.2
[INFO] [stderr]   Downloaded deno_ast v0.53.1
[INFO] [stderr]   Downloaded cranelift-entity v0.116.1
[INFO] [stderr]   Downloaded serde-wasm-bindgen v0.5.0
[INFO] [stderr]   Downloaded lcms2 v6.1.0
[INFO] [stderr]   Downloaded libffi v5.1.0
[INFO] [stderr]   Downloaded color-print-proc-macro v0.3.5
[INFO] [stderr]   Downloaded esbuild_client v0.7.1
[INFO] [stderr]   Downloaded dprint-core-macros v0.1.0
[INFO] [stderr]   Downloaded plist v1.7.4
[INFO] [stderr]   Downloaded fancy-regex v0.16.2
[INFO] [stderr]   Downloaded slug v0.1.5
[INFO] [stderr]   Downloaded shell-words v1.1.0
[INFO] [stderr]   Downloaded dbus-secret-service v4.0.3
[INFO] [stderr]   Downloaded cranelift-isle v0.116.1
[INFO] [stderr]   Downloaded dprint-plugin-jupyter v0.2.1
[INFO] [stderr]   Downloaded entities v1.0.1
[INFO] [stderr]   Downloaded axum v0.7.5
[INFO] [stderr]   Downloaded k256 v0.13.3
[INFO] [stderr]   Downloaded deno_lint v0.83.0
[INFO] [stderr]   Downloaded opentelemetry-http v0.27.0
[INFO] [stderr]   Downloaded nom v5.1.3
[INFO] [stderr]   Downloaded insta v1.46.3
[INFO] [stderr]   Downloaded deno_core_icudata v0.77.0
[INFO] [stderr]   Downloaded tracing-opentelemetry v0.28.0
[INFO] [stderr]   Downloaded deno_doc v0.190.1
[INFO] [stderr]   Downloaded deno_graph v0.107.0
[INFO] [stderr]   Downloaded onig_sys v69.9.1
[INFO] [stderr]   Downloaded libdbus-sys v0.2.5
[INFO] [stderr]   Downloaded diplomat_core v0.14.0
[INFO] [stderr]   Downloaded webpki-root-certs v0.26.6
[INFO] [stderr]   Downloaded temporal_rs v0.1.2
[INFO] [stderr]   Downloaded pulldown-cmark v0.11.2
[INFO] [stderr]   Downloaded dprint-plugin-typescript v0.95.15
[INFO] [stderr]   Downloaded naga v28.0.0
[INFO] [stderr]   Downloaded hdrhistogram v7.5.4
[INFO] [stderr]   Downloaded lcms2-sys v4.0.5
[INFO] [stderr]   Downloaded ed448-goldilocks v0.8.3
[INFO] [stderr]   Downloaded is_executable v1.0.5
[INFO] [stderr]   Downloaded deno_panic v0.2.0
[INFO] [stderr]   Downloaded wgpu-types v28.0.0
[INFO] [stderr]   Downloaded handlebars v6.1.0
[INFO] [stderr]   Downloaded fiat-crypto v0.1.20
[INFO] [stderr]   Downloaded document-features v0.2.10
[INFO] [stderr]   Downloaded kqueue v1.0.8
[INFO] [stderr]   Downloaded wtf8 v0.1.0
[INFO] [stderr]   Downloaded cranelift-codegen v0.116.1
[INFO] [stderr]   Downloaded aead-gcm-stream v0.4.0
[INFO] [stderr]   Downloaded divan v0.1.21
[INFO] [stderr]   Downloaded cranelift-bitset v0.116.1
[INFO] [stderr]   Downloaded error_reporter v1.0.0
[INFO] [stderr]   Downloaded env_logger v0.11.6
[INFO] [stderr]   Downloaded unicase v2.7.0
[INFO] [stderr]   Downloaded cranelift-frontend v0.116.1
[INFO] [stderr]   Downloaded jupyter-protocol v1.2.1
[INFO] [stderr]   Downloaded dprint-plugin-markdown v0.20.0
[INFO] [stderr]   Downloaded swc_ecma_transforms_react v33.0.0
[INFO] [stderr]   Downloaded jsonc-parser v0.27.1
[INFO] [stderr]   Downloaded metal v0.33.0
[INFO] [stderr]   Downloaded libffi-sys v4.1.0
[INFO] [stderr]   Downloaded onig v6.5.1
[INFO] [stderr]   Downloaded napi-build v1.2.1
[INFO] [stderr]   Downloaded aws-lc-sys v0.29.0
[INFO] [stderr]   Downloaded opentelemetry-otlp v0.27.0
[INFO] [stderr]   Downloaded hstr v3.0.3
[INFO] [stderr]   Downloaded deno_media_type v0.4.0
[INFO] [stderr]   Downloaded clipboard-win v5.3.0
[INFO] [stderr]   Downloaded fiat-crypto v0.2.7
[INFO] [stderr]   Downloaded v8 v146.1.0
[INFO] [stderr]   Downloaded text_lines v0.6.0
[INFO] [stderr]   Downloaded deunicode v1.4.3
[INFO] [stderr]   Downloaded wgpu-core-deps-emscripten v28.0.0
[INFO] [stderr]   Downloaded x509-parser v0.15.1
[INFO] running `Command { std: "docker" "create" "-v" "/var/lib/crater-agent-workspace/builds/worker-7-tc1/source:/opt/rustwide/workdir:ro,Z" "-v" "/var/lib/crater-agent-workspace/builds/worker-7-tc1/target:/opt/rustwide/target:rw,Z" "-v" "/var/lib/crater-agent-workspace/cargo-home:/opt/rustwide/cargo-home:ro,Z" "-v" "/var/lib/crater-agent-workspace/rustup-home:/opt/rustwide/rustup-home:ro,Z" "-m" "1610612736" "--network" "none" "ghcr.io/rust-lang/crates-build-env/linux@sha256:77db811e55d90add9212f6832c23229e3de5f1c1f9905e8cb07319ea15df73ac" "sleep" "infinity", kill_on_drop: false }`
[INFO] [stdout] fe89347bedc00698ea4fb4ad344dc7510c1b1e0f357e7443ac2fc5782ee04a70
[INFO] running `Command { std: "docker" "start" "fe89347bedc00698ea4fb4ad344dc7510c1b1e0f357e7443ac2fc5782ee04a70", kill_on_drop: false }`
[INFO] running `Command { std: "docker" "inspect" "fe89347bedc00698ea4fb4ad344dc7510c1b1e0f357e7443ac2fc5782ee04a70", kill_on_drop: false }`
[INFO] running `Command { std: "docker" "exec" "-e" "SOURCE_DIR=/opt/rustwide/workdir" "-e" "CARGO_HOME=/opt/rustwide/cargo-home" "-e" "RUSTUP_HOME=/opt/rustwide/rustup-home" "-e" "CARGO_TARGET_DIR=/opt/rustwide/target" "-w" "/opt/rustwide/workdir" "--user" "0:0" "fe89347bedc00698ea4fb4ad344dc7510c1b1e0f357e7443ac2fc5782ee04a70" "/opt/rustwide/cargo-home/bin/cargo" "+5c543b0b8c73c7b72bc8284ced4fb22ead15734d" "metadata" "--no-deps" "--format-version=1", kill_on_drop: false }`
[INFO] running `Command { std: "docker" "inspect" "fe89347bedc00698ea4fb4ad344dc7510c1b1e0f357e7443ac2fc5782ee04a70", kill_on_drop: false }`
[INFO] running `Command { std: "docker" "exec" "-e" "SOURCE_DIR=/opt/rustwide/workdir" "-e" "CARGO_HOME=/opt/rustwide/cargo-home" "-e" "RUSTUP_HOME=/opt/rustwide/rustup-home" "-e" "CARGO_TARGET_DIR=/opt/rustwide/target" "-e" "CARGO_INCREMENTAL=0" "-e" "RUST_BACKTRACE=full" "-e" "RUSTFLAGS=--cap-lints=forbid" "-e" "RUSTDOCFLAGS=--cap-lints=forbid" "-w" "/opt/rustwide/workdir" "--user" "0:0" "fe89347bedc00698ea4fb4ad344dc7510c1b1e0f357e7443ac2fc5782ee04a70" "/opt/rustwide/cargo-home/bin/cargo" "+5c543b0b8c73c7b72bc8284ced4fb22ead15734d" "check" "--frozen" "--all" "--all-targets" "--message-format=json", kill_on_drop: false }`
[INFO] [stderr] warning: unused workspace dependency `prost-build`
[INFO] [stderr]    --> Cargo.toml:343:1
[INFO] [stderr]     |
[INFO] [stderr] 343 | prost-build = "0.13"
[INFO] [stderr]     | ^^^^^^^^^^^
[INFO] [stderr]     |
[INFO] [stderr]     = note: `cargo::unused_workspace_dependencies` is set to `warn` by default
[INFO] [stderr] help: consider removing the workspace dependency `prost-build`
[INFO] [stderr] warning: workspace (manifest) generated 1 warning
[INFO] [stderr]    Compiling proc-macro2 v1.0.101
[INFO] [stderr]    Compiling libc v0.2.172
[INFO] [stderr]    Compiling autocfg v1.3.0
[INFO] [stderr]    Compiling cfg-if v1.0.3
[INFO] [stderr]    Compiling portable-atomic v1.10.0
[INFO] [stderr]    Compiling parking_lot_core v0.9.9
[INFO] [stderr]    Compiling libm v0.2.8
[INFO] [stderr]    Compiling serde_json v1.0.140
[INFO] [stderr]    Compiling memchr v2.7.5
[INFO] [stderr]     Checking allocator-api2 v0.2.21
[INFO] [stderr]    Compiling thiserror v2.0.12
[INFO] [stderr]    Compiling lock_api v0.4.11
[INFO] [stderr]    Compiling num-traits v0.2.19
[INFO] [stderr]    Compiling quote v1.0.37
[INFO] [stderr]    Compiling slab v0.4.9
[INFO] [stderr]     Checking hashbrown v0.15.5
[INFO] [stderr]    Compiling log v0.4.28
[INFO] [stderr]     Checking pin-project-lite v0.2.14
[INFO] [stderr]    Compiling syn v2.0.117
[INFO] [stderr]    Compiling anyhow v1.0.98
[INFO] [stderr]    Compiling foldhash v0.1.4
[INFO] [stderr]     Checking stable_deref_trait v1.2.0
[INFO] [stderr]    Compiling equivalent v1.0.1
[INFO] [stderr]    Compiling generic-array v0.14.7
[INFO] [stderr]     Checking critical-section v1.2.0
[INFO] [stderr]     Checking ryu v1.0.17
[INFO] [stderr]     Checking scopeguard v1.2.0
[INFO] [stderr]    Compiling getrandom v0.4.1
[INFO] [stderr]    Compiling aho-corasick v1.1.3
[INFO] [stderr]     Checking once_cell v1.21.3
[INFO] [stderr]    Compiling regex-syntax v0.8.8
[INFO] [stderr]    Compiling either v1.10.0
[INFO] [stderr]    Compiling rustix v0.38.34
[INFO] [stderr]     Checking getrandom v0.2.14
[INFO] [stderr]     Checking signal-hook-registry v1.4.2
[INFO] [stderr]    Compiling jobserver v0.1.32
[INFO] [stderr]     Checking rand_core v0.6.4
[INFO] [stderr]    Compiling cc v1.2.16
[INFO] [stderr]     Checking socket2 v0.6.0
[INFO] [stderr]     Checking litemap v0.7.3
[INFO] [stderr]    Compiling rustc-hash v2.1.1
[INFO] [stderr]    Compiling itertools v0.13.0
[INFO] [stderr]    Compiling rustversion v1.0.15
[INFO] [stderr]    Compiling glob v0.3.1
[INFO] [stderr]    Compiling nom v7.1.3
[INFO] [stderr]    Compiling itoa v1.0.15
[INFO] [stderr]    Compiling libloading v0.8.5
[INFO] [stderr]    Compiling prettyplease v0.2.37
[INFO] [stderr]     Checking futures-io v0.3.31
[INFO] [stderr]    Compiling clang-sys v1.8.1
[INFO] [stderr]    Compiling ahash v0.8.11
[INFO] [stderr]    Compiling ppv-lite86 v0.2.17
[INFO] [stderr]     Checking rand_chacha v0.3.1
[INFO] [stderr]    Compiling bindgen v0.72.1
[INFO] [stderr]    Compiling regex-automata v0.4.13
[INFO] [stderr]     Checking rand v0.8.5
[INFO] [stderr]    Compiling icu_locale_data v2.1.1
[INFO] [stderr]    Compiling crc32fast v1.4.2
[INFO] [stderr]    Compiling adler2 v2.0.0
[INFO] [stderr]    Compiling miniz_oxide v0.8.8
[INFO] [stderr]    Compiling icu_calendar_data v2.1.1
[INFO] [stderr]    Compiling linux-raw-sys v0.4.13
[INFO] [stderr]    Compiling strck v1.0.0
[INFO] [stderr]    Compiling home v0.5.9
[INFO] [stderr]    Compiling gzip-header v1.0.0
[INFO] [stderr]     Checking num-integer v0.1.46
[INFO] [stderr]    Compiling fslock v0.2.1
[INFO] [stderr]    Compiling cexpr v0.6.0
[INFO] [stderr]     Checking subtle v2.5.0
[INFO] [stderr]     Checking sha1_smol v1.0.0
[INFO] [stderr]    Compiling az v1.2.1
[INFO] [stderr]     Checking filetime v0.2.23
[INFO] [stderr]    Compiling stringcase v0.4.0
[INFO] [stderr]     Checking uuid v1.21.0
[INFO] [stderr]    Compiling pkg-config v0.3.30
[INFO] [stderr]    Compiling cmake v0.1.50
[INFO] [stderr]    Compiling synstructure v0.13.1
[INFO] [stderr]     Checking data-encoding v2.5.0
[INFO] [stderr]     Checking sptr v0.3.2
[INFO] [stderr]     Checking outref v0.5.1
[INFO] [stderr]     Checking bitvec v1.0.1
[INFO] [stderr]     Checking base64-simd v0.8.0
[INFO] [stderr]     Checking if_chain v1.0.2
[INFO] [stderr]     Checking unicode-id-start v1.2.0
[INFO] [stderr]    Compiling regex v1.12.2
[INFO] [stderr]    Compiling memoffset v0.9.1
[INFO] [stderr]     Checking writeable v0.6.2
[INFO] [stderr]     Checking tracing-core v0.1.33
[INFO] [stderr]     Checking cpufeatures v0.2.12
[INFO] [stderr]     Checking core_maths v0.1.1
[INFO] [stderr]    Compiling mio v1.0.3
[INFO] [stderr]     Checking inventory v0.3.21
[INFO] [stderr]    Compiling serde_derive v1.0.228
[INFO] [stderr]    Compiling zerofrom-derive v0.1.4
[INFO] [stderr]    Compiling displaydoc v0.2.4
[INFO] [stderr]    Compiling yoke-derive v0.7.4
[INFO] [stderr]    Compiling zerovec-derive v0.10.3
[INFO] [stderr]    Compiling tokio-macros v2.5.0
[INFO] [stderr]    Compiling icu_provider_macros v1.5.0
[INFO] [stderr]    Compiling zeroize_derive v1.4.2
[INFO] [stderr]    Compiling thiserror-impl v2.0.12
[INFO] [stderr]    Compiling futures-macro v0.3.31
[INFO] [stderr]    Compiling deno_error_macro v0.7.1
[INFO] [stderr]     Checking zerofrom v0.1.4
[INFO] [stderr]    Compiling sys_traits_macros v0.1.0
[INFO] [stderr]    Compiling yoke-derive v0.8.0
[INFO] [stderr]     Checking yoke v0.7.4
[INFO] [stderr]    Compiling capacity_builder_macros v0.3.0
[INFO] [stderr]    Compiling zerovec-derive v0.11.1
[INFO] [stderr]    Compiling tracing-attributes v0.1.28
[INFO] [stderr]     Checking zerovec v0.10.4
[INFO] [stderr]    Compiling boxed_error v0.2.3
[INFO] [stderr]     Checking futures-util v0.3.31
[INFO] [stderr]     Checking zeroize v1.8.1
[INFO] [stderr]    Compiling pin-project-internal v1.1.5
[INFO] [stderr]    Compiling strum_macros v0.27.1
[INFO] [stderr]    Compiling syn-match v0.3.1
[INFO] [stderr]    Compiling async-trait v0.1.88
[INFO] [stderr]     Checking tinystr v0.7.6
[INFO] [stderr]     Checking icu_collections v1.5.0
[INFO] [stderr]     Checking icu_locid v1.5.0
[INFO] [stderr]     Checking yoke v0.8.0
[INFO] [stderr]     Checking zerovec v0.11.4
[INFO] [stderr]     Checking zerotrie v0.2.2
[INFO] [stderr]    Compiling zerocopy-derive v0.7.32
[INFO] [stderr]     Checking crypto-common v0.1.6
[INFO] [stderr]     Checking icu_provider v1.5.0
[INFO] [stderr]     Checking block-buffer v0.10.4
[INFO] [stderr]     Checking digest v0.10.7
[INFO] [stderr]     Checking serde v1.0.228
[INFO] [stderr]     Checking icu_locid_transform v1.5.0
[INFO] [stderr]     Checking zerocopy v0.7.32
[INFO] [stderr]     Checking smallvec v1.14.0
[INFO] [stderr]     Checking indexmap v2.9.0
[INFO] [stderr]     Checking bitflags v2.9.3
[INFO] [stderr]     Checking parking_lot v0.12.3
[INFO] [stderr]     Checking icu_properties v1.5.1
[INFO] [stderr]    Compiling diplomat_core v0.14.0
[INFO] [stderr]     Checking num-bigint v0.4.6
[INFO] [stderr]     Checking tokio v1.47.1
[INFO] [stderr]    Compiling strum v0.27.1
[INFO] [stderr]    Compiling deno_ops v0.263.0 (/opt/rustwide/workdir/libs/ops)
[INFO] [stderr]     Checking futures-executor v0.3.31
[INFO] [stderr]     Checking sys_traits v0.1.24
[INFO] [stderr]     Checking icu_normalizer v1.5.0
[INFO] [stderr]     Checking serde_bytes v0.11.14
[INFO] [stderr]     Checking futures v0.3.31
[INFO] [stderr]     Checking hipstr v0.6.0
[INFO] [stderr]     Checking idna_adapter v1.2.0
[INFO] [stderr]     Checking ecow v0.2.3
[INFO] [stderr]     Checking idna v1.1.0
[INFO] [stderr]     Checking debugid v0.8.0
[INFO] [stderr]    Compiling diplomat v0.14.0
[INFO] [stderr]     Checking url v2.5.7
[INFO] [stderr]     Checking capacity_builder v0.5.0
[INFO] [stderr]    Compiling which v6.0.1
[INFO] [stderr]     Checking potential_utf v0.1.3
[INFO] [stderr]     Checking tinystr v0.8.1
[INFO] [stderr]     Checking tracing v0.1.41
[INFO] [stderr]     Checking icu_collections v2.1.1
[INFO] [stderr]     Checking calendrical_calculations v0.2.3
[INFO] [stderr]     Checking resb v0.1.1
[INFO] [stderr]     Checking icu_locale_core v2.1.1
[INFO] [stderr]    Compiling writeable v0.5.5
[INFO] [stderr]     Checking hashbrown v0.14.5
[INFO] [stderr]     Checking pin-project v1.1.5
[INFO] [stderr]    Compiling thiserror-impl v1.0.69
[INFO] [stderr]     Checking icu_provider v2.1.1
[INFO] [stderr]     Checking zoneinfo64 v0.2.1
[INFO] [stderr]     Checking icu_locale v2.1.1
[INFO] [stderr]     Checking timezone_provider v0.1.2
[INFO] [stderr]    Compiling icu_locid_transform_data v1.5.0
[INFO] [stderr]     Checking ixdtf v0.6.4
[INFO] [stderr]     Checking deno_error v0.7.1
[INFO] [stderr]     Checking deno_unsync v0.4.4
[INFO] [stderr]     Checking deno_path_util v0.6.4
[INFO] [stderr]     Checking wasm_dep_analyzer v0.4.0
[INFO] [stderr]     Checking icu_calendar v2.1.1
[INFO] [stderr]     Checking diplomat-runtime v0.14.0
[INFO] [stderr]    Compiling icu_properties_data v1.5.0
[INFO] [stderr]    Compiling utf16_iter v1.0.5
[INFO] [stderr]    Compiling icu_normalizer_data v1.5.0
[INFO] [stderr]    Compiling write16 v1.0.0
[INFO] [stderr]    Compiling nix v0.30.1
[INFO] [stderr]    Compiling siphasher v0.3.11
[INFO] [stderr]     Checking termcolor v1.4.1
[INFO] [stderr]    Compiling form_urlencoded v1.2.2
[INFO] [stderr]    Compiling futures-core v0.3.31
[INFO] [stderr]    Compiling phf_shared v0.11.2
[INFO] [stderr]     Checking bincode v1.3.3
[INFO] [stderr]     Checking deno_terminal v0.2.3
[INFO] [stderr]    Compiling phf_generator v0.11.2
[INFO] [stderr]    Compiling aws-lc-sys v0.29.0
[INFO] [stderr]    Compiling swc_macros_common v1.0.1
[INFO] [stderr]    Compiling futures-sink v0.3.31
[INFO] [stderr]    Compiling phf_macros v0.11.2
[INFO] [stderr]     Checking sourcemap v9.2.0
[INFO] [stderr]     Checking temporal_rs v0.1.2
[INFO] [stderr]     Checking cooked-waker v5.0.0
[INFO] [stderr]     Checking deno_core_icudata v0.77.0
[INFO] [stderr]    Compiling futures-channel v0.3.31
[INFO] [stderr]     Checking chrono v0.4.42
[INFO] [stderr]    Compiling libz-sys v1.1.20
[INFO] [stderr]    Compiling v8 v146.1.0
[INFO] [stderr]    Compiling typenum v1.17.0
[INFO] [stderr]     Checking temporal_capi v0.1.2
[INFO] [stderr]    Compiling pin-utils v0.1.0
[INFO] [stderr]    Compiling futures-task v0.3.31
[INFO] [stderr]    Compiling aws-lc-rs v1.13.1
[INFO] [stderr]    Compiling ast_node v5.0.0
[INFO] [stderr]    Compiling from_variant v3.0.0
[INFO] [stderr]    Compiling swc_eq_ignore_macros v1.0.1
[INFO] [stderr]    Compiling Inflector v0.11.4
[INFO] [stderr]    Compiling is-macro v0.3.5
[INFO] [stderr]    Compiling string_enum v1.0.2
[INFO] [stderr]    Compiling psm v0.1.21
[INFO] [stderr]    Compiling ring v0.17.14
[INFO] [stderr]     Checking sha2 v0.10.8
[INFO] [stderr]    Compiling stacker v0.1.15
[INFO] [stderr]    Compiling smartstring v1.0.1
[INFO] [stderr]    Compiling tap v1.0.1
[INFO] [stderr]    Compiling seq-macro v0.3.6
[INFO] [stderr]    Compiling wyz v0.5.1
[INFO] [stderr]     Checking dashmap v5.5.3
[INFO] [stderr]    Compiling radium v0.7.0
[INFO] [stderr]    Compiling vsimd v0.8.0
[INFO] [stderr]    Compiling funty v2.0.0
[INFO] [stderr]    Compiling const-oid v0.9.6
[INFO] [stderr]    Compiling rustls v0.23.28
[INFO] [stderr] error: failed to run custom build command for `v8 v146.1.0`
[INFO] [stderr] note: To improve backtraces for build dependencies, set the CARGO_PROFILE_DEV_BUILD_OVERRIDE_DEBUG=true environment variable to enable debug information generation.
[INFO] [stderr] 
[INFO] [stderr] Caused by:
[INFO] [stderr]   process didn't exit successfully: `/opt/rustwide/target/debug/build/v8/f03e8e5024e4250b/out/build_script_build` (exit status: 101)
[INFO] [stderr]   --- stdout
[INFO] [stderr]   cargo:rerun-if-changed=.gn
[INFO] [stderr]   cargo:rerun-if-changed=BUILD.gn
[INFO] [stderr]   cargo:rerun-if-changed=src/binding.cc
[INFO] [stderr]   cargo:rerun-if-env-changed=CCACHE
[INFO] [stderr]   cargo:rerun-if-env-changed=CLANG_BASE_PATH
[INFO] [stderr]   cargo:rerun-if-env-changed=CXXSTDLIB
[INFO] [stderr]   cargo:rerun-if-env-changed=DENO_TRYBUILD
[INFO] [stderr]   cargo:rerun-if-env-changed=DOCS_RS
[INFO] [stderr]   cargo:rerun-if-env-changed=GN
[INFO] [stderr]   cargo:rerun-if-env-changed=GN_ARGS
[INFO] [stderr]   cargo:rerun-if-env-changed=HOST
[INFO] [stderr]   cargo:rerun-if-env-changed=NINJA
[INFO] [stderr]   cargo:rerun-if-env-changed=OUT_DIR
[INFO] [stderr]   cargo:rerun-if-env-changed=RUSTY_V8_ARCHIVE
[INFO] [stderr]   cargo:rerun-if-env-changed=RUSTY_V8_MIRROR
[INFO] [stderr]   cargo:rerun-if-env-changed=RUSTY_V8_SRC_BINDING_PATH
[INFO] [stderr]   cargo:rerun-if-env-changed=SCCACHE
[INFO] [stderr]   cargo:rerun-if-env-changed=V8_FORCE_DEBUG
[INFO] [stderr]   cargo:rerun-if-env-changed=V8_FROM_SOURCE
[INFO] [stderr]   cargo:rerun-if-env-changed=PYTHON
[INFO] [stderr]   cargo:rerun-if-env-changed=DISABLE_CLANG
[INFO] [stderr]   cargo:rerun-if-env-changed=EXTRA_GN_ARGS
[INFO] [stderr]   cargo:rerun-if-env-changed=PRINT_GN_ARGS
[INFO] [stderr]   cargo:rerun-if-env-changed=CARGO_ENCODED_RUSTFLAGS
[INFO] [stderr]   cargo:rustc-link-lib=static=rusty_v8
[INFO] [stderr]   lockfile: "/opt/rustwide/target/debug/build/v8/v8.fslock"
[INFO] [stderr]   cargo:rustc-env=RUSTY_V8_SRC_BINDING_PATH=/opt/rustwide/cargo-home/registry/src/index.crates.io-1949cf8c6b5b557f/v8-146.1.0/gen/src_binding_release_x86_64-unknown-linux-gnu.rs
[INFO] [stderr]   static lib URL: https://github.com/denoland/rusty_v8/releases/download/v146.1.0/librusty_v8_release_x86_64-unknown-linux-gnu.a.gz
[INFO] [stderr]   cargo:rustc-link-search=/opt/rustwide/target/debug/build/gn_out/obj
[INFO] [stderr]   Looking for download in '"/opt/rustwide/cargo-home/.rusty_v8/https___github_com_denoland_rusty_v8_releases_download_v146_1_0_librusty_v8_release_x86_64_unknown_linux_gnu_a_gz"'
[INFO] [stderr]   Downloading (using Python) https://github.com/denoland/rusty_v8/releases/download/v146.1.0/librusty_v8_release_x86_64-unknown-linux-gnu.a.gz
[INFO] [stderr]   Downloading https://github.com/denoland/rusty_v8/releases/download/v146.1.0/librusty_v8_release_x86_64-unknown-linux-gnu.a.gz...
[INFO] [stderr]   <urlopen error [Errno -3] Temporary failure in name resolution>
[INFO] [stderr]   Retrying in 5 s ...
[INFO] [stderr]   Downloading https://github.com/denoland/rusty_v8/releases/download/v146.1.0/librusty_v8_release_x86_64-unknown-linux-gnu.a.gz...
[INFO] [stderr]   <urlopen error [Errno -3] Temporary failure in name resolution>
[INFO] [stderr]   Retrying in 10 s ...
[INFO] [stderr]   Downloading https://github.com/denoland/rusty_v8/releases/download/v146.1.0/librusty_v8_release_x86_64-unknown-linux-gnu.a.gz...
[INFO] [stderr]   <urlopen error [Errno -3] Temporary failure in name resolution>
[INFO] [stderr]   Retrying in 20 s ...
[INFO] [stderr]   Downloading https://github.com/denoland/rusty_v8/releases/download/v146.1.0/librusty_v8_release_x86_64-unknown-linux-gnu.a.gz...
[INFO] [stderr]   <urlopen error [Errno -3] Temporary failure in name resolution>
[INFO] [stderr]   Python downloader failed, trying with curl.
[INFO] [stderr] 
[INFO] [stderr]   --- stderr
[INFO] [stderr]   Traceback (most recent call last):
[INFO] [stderr]     File "/usr/lib/python3.14/urllib/request.py", line 1321, in do_open
[INFO] [stderr]       h.request(req.get_method(), req.selector, req.data, headers,
[INFO] [stderr]       ~~~~~~~~~^^^^^^^^^^^^^^^^^^^^^^^^^^^^^^^^^^^^^^^^^^^^^^^^^^^
[INFO] [stderr]                 encode_chunked=req.has_header('Transfer-encoding'))
[INFO] [stderr]                 ^^^^^^^^^^^^^^^^^^^^^^^^^^^^^^^^^^^^^^^^^^^^^^^^^^^
[INFO] [stderr]     File "/usr/lib/python3.14/http/client.py", line 1367, in request
[INFO] [stderr]       self._send_request(method, url, body, headers, encode_chunked)
[INFO] [stderr]       ~~~~~~~~~~~~~~~~~~^^^^^^^^^^^^^^^^^^^^^^^^^^^^^^^^^^^^^^^^^^^^
[INFO] [stderr]     File "/usr/lib/python3.14/http/client.py", line 1413, in _send_request
[INFO] [stderr]       self.endheaders(body, encode_chunked=encode_chunked)
[INFO] [stderr]       ~~~~~~~~~~~~~~~^^^^^^^^^^^^^^^^^^^^^^^^^^^^^^^^^^^^^
[INFO] [stderr]     File "/usr/lib/python3.14/http/client.py", line 1362, in endheaders
[INFO] [stderr]       self._send_output(message_body, encode_chunked=encode_chunked)
[INFO] [stderr]       ~~~~~~~~~~~~~~~~~^^^^^^^^^^^^^^^^^^^^^^^^^^^^^^^^^^^^^^^^^^^^^
[INFO] [stderr]     File "/usr/lib/python3.14/http/client.py", line 1122, in _send_output
[INFO] [stderr]       self.send(msg)
[INFO] [stderr]       ~~~~~~~~~^^^^^
[INFO] [stderr]     File "/usr/lib/python3.14/http/client.py", line 1066, in send
[INFO] [stderr]       self.connect()
[INFO] [stderr]       ~~~~~~~~~~~~^^
[INFO] [stderr]     File "/usr/lib/python3.14/http/client.py", line 1501, in connect
[INFO] [stderr]       super().connect()
[INFO] [stderr]       ~~~~~~~~~~~~~~~^^
[INFO] [stderr]     File "/usr/lib/python3.14/http/client.py", line 1032, in connect
[INFO] [stderr]       self.sock = self._create_connection(
[INFO] [stderr]                   ~~~~~~~~~~~~~~~~~~~~~~~^
[INFO] [stderr]           (self.host,self.port), self.timeout, self.source_address)
[INFO] [stderr]           ^^^^^^^^^^^^^^^^^^^^^^^^^^^^^^^^^^^^^^^^^^^^^^^^^^^^^^^^^
[INFO] [stderr]     File "/usr/lib/python3.14/socket.py", line 846, in create_connection
[INFO] [stderr]       for res in getaddrinfo(host, port, 0, SOCK_STREAM):
[INFO] [stderr]                  ~~~~~~~~~~~^^^^^^^^^^^^^^^^^^^^^^^^^^^^
[INFO] [stderr]     File "/usr/lib/python3.14/socket.py", line 983, in getaddrinfo
[INFO] [stderr]       for res in _socket.getaddrinfo(host, port, family, type, proto, flags):
[INFO] [stderr]                  ~~~~~~~~~~~~~~~~~~~^^^^^^^^^^^^^^^^^^^^^^^^^^^^^^^^^^^^^^^^
[INFO] [stderr]   socket.gaierror: [Errno -3] Temporary failure in name resolution
[INFO] [stderr] 
[INFO] [stderr]   During handling of the above exception, another exception occurred:
[INFO] [stderr] 
[INFO] [stderr]   Traceback (most recent call last):
[INFO] [stderr]     File "/opt/rustwide/cargo-home/registry/src/index.crates.io-1949cf8c6b5b557f/v8-146.1.0/./tools/download_file.py", line 63, in <module>
[INFO] [stderr]       sys.exit(main())
[INFO] [stderr]                ~~~~^^
[INFO] [stderr]     File "/opt/rustwide/cargo-home/registry/src/index.crates.io-1949cf8c6b5b557f/v8-146.1.0/./tools/download_file.py", line 58, in main
[INFO] [stderr]       DownloadUrl(args.url, f)
[INFO] [stderr]       ~~~~~~~~~~~^^^^^^^^^^^^^
[INFO] [stderr]     File "/opt/rustwide/cargo-home/registry/src/index.crates.io-1949cf8c6b5b557f/v8-146.1.0/./tools/download_file.py", line 44, in DownloadUrl
[INFO] [stderr]       raise e
[INFO] [stderr]     File "/opt/rustwide/cargo-home/registry/src/index.crates.io-1949cf8c6b5b557f/v8-146.1.0/./tools/download_file.py", line 28, in DownloadUrl
[INFO] [stderr]       response = urlopen(url)
[INFO] [stderr]     File "/usr/lib/python3.14/urllib/request.py", line 187, in urlopen
[INFO] [stderr]       return opener.open(url, data, timeout)
[INFO] [stderr]              ~~~~~~~~~~~^^^^^^^^^^^^^^^^^^^^
[INFO] [stderr]     File "/usr/lib/python3.14/urllib/request.py", line 487, in open
[INFO] [stderr]       response = self._open(req, data)
[INFO] [stderr]     File "/usr/lib/python3.14/urllib/request.py", line 504, in _open
[INFO] [stderr]       result = self._call_chain(self.handle_open, protocol, protocol +
[INFO] [stderr]                                 '_open', req)
[INFO] [stderr]     File "/usr/lib/python3.14/urllib/request.py", line 464, in _call_chain
[INFO] [stderr]       result = func(*args)
[INFO] [stderr]     File "/usr/lib/python3.14/urllib/request.py", line 1369, in https_open
[INFO] [stderr]       return self.do_open(http.client.HTTPSConnection, req,
[INFO] [stderr]              ~~~~~~~~~~~~^^^^^^^^^^^^^^^^^^^^^^^^^^^^^^^^^^
[INFO] [stderr]                           context=self._context)
[INFO] [stderr]                           ^^^^^^^^^^^^^^^^^^^^^^
[INFO] [stderr]     File "/usr/lib/python3.14/urllib/request.py", line 1324, in do_open
[INFO] [stderr]       raise URLError(err)
[INFO] [stderr]   urllib.error.URLError: <urlopen error [Errno -3] Temporary failure in name resolution>
[INFO] [stderr] 
[INFO] [stderr]   thread 'main' (3041) panicked at /opt/rustwide/cargo-home/registry/src/index.crates.io-1949cf8c6b5b557f/v8-146.1.0/build.rs:671:3:
[INFO] [stderr]   assertion failed: status.success()
[INFO] [stderr]   stack backtrace:
[INFO] [stderr]      0:     0x5a01acb77731 - std[970ebd7dca1e8e9c]::backtrace_rs::backtrace::libunwind::trace
[INFO] [stderr]                                  at /rustc/5c543b0b8c73c7b72bc8284ced4fb22ead15734d/library/std/src/../../backtrace/src/backtrace/libunwind.rs:117:9
[INFO] [stderr]      1:     0x5a01acb77731 - std[970ebd7dca1e8e9c]::backtrace_rs::backtrace::trace_unsynchronized::<std[970ebd7dca1e8e9c]::sys::backtrace::_print_fmt::{closure#1}>
[INFO] [stderr]                                  at /rustc/5c543b0b8c73c7b72bc8284ced4fb22ead15734d/library/std/src/../../backtrace/src/backtrace/mod.rs:66:14
[INFO] [stderr]      2:     0x5a01acb77731 - std[970ebd7dca1e8e9c]::sys::backtrace::_print_fmt
[INFO] [stderr]                                  at /rustc/5c543b0b8c73c7b72bc8284ced4fb22ead15734d/library/std/src/sys/backtrace.rs:74:9
[INFO] [stderr]      3:     0x5a01acb77731 - <<std[970ebd7dca1e8e9c]::sys::backtrace::BacktraceLock>::print::DisplayBacktrace as core[246ef9d645e4a18a]::fmt::Display>::fmt
[INFO] [stderr]                                  at /rustc/5c543b0b8c73c7b72bc8284ced4fb22ead15734d/library/std/src/sys/backtrace.rs:44:26
[INFO] [stderr]      4:     0x5a01acb8dc6a - <core[246ef9d645e4a18a]::fmt::rt::Argument>::fmt
[INFO] [stderr]                                  at /rustc/5c543b0b8c73c7b72bc8284ced4fb22ead15734d/library/core/src/fmt/rt.rs:152:76
[INFO] [stderr]      5:     0x5a01acb8dc6a - core[246ef9d645e4a18a]::fmt::write
[INFO] [stderr]      6:     0x5a01acb7c7bc - core[246ef9d645e4a18a]::io::write::default_write_fmt::<std[970ebd7dca1e8e9c]::sys::stdio::unix::Stderr>
[INFO] [stderr]                                  at /rustc/5c543b0b8c73c7b72bc8284ced4fb22ead15734d/library/core/src/io/write.rs:402:11
[INFO] [stderr]      7:     0x5a01acb7c7bc - <std[970ebd7dca1e8e9c]::sys::stdio::unix::Stderr as core[246ef9d645e4a18a]::io::write::Write>::write_fmt
[INFO] [stderr]                                  at /rustc/5c543b0b8c73c7b72bc8284ced4fb22ead15734d/library/core/src/io/write.rs:335:13
[INFO] [stderr]      8:     0x5a01acb54926 - <std[970ebd7dca1e8e9c]::sys::backtrace::BacktraceLock>::print
[INFO] [stderr]                                  at /rustc/5c543b0b8c73c7b72bc8284ced4fb22ead15734d/library/std/src/sys/backtrace.rs:47:9
[INFO] [stderr]      9:     0x5a01acb54926 - std[970ebd7dca1e8e9c]::panicking::default_hook::{closure#0}
[INFO] [stderr]                                  at /rustc/5c543b0b8c73c7b72bc8284ced4fb22ead15734d/library/std/src/panicking.rs:289:27
[INFO] [stderr]     10:     0x5a01acb71201 - std[970ebd7dca1e8e9c]::panicking::default_hook
[INFO] [stderr]                                  at /rustc/5c543b0b8c73c7b72bc8284ced4fb22ead15734d/library/std/src/panicking.rs:316:9
[INFO] [stderr]     11:     0x5a01acb7152b - std[970ebd7dca1e8e9c]::panicking::panic_with_hook
[INFO] [stderr]                                  at /rustc/5c543b0b8c73c7b72bc8284ced4fb22ead15734d/library/std/src/panicking.rs:811:13
[INFO] [stderr]     12:     0x5a01acb54a04 - std[970ebd7dca1e8e9c]::panicking::panic_handler::{closure#0}
[INFO] [stderr]                                  at /rustc/5c543b0b8c73c7b72bc8284ced4fb22ead15734d/library/std/src/panicking.rs:678:13
[INFO] [stderr]     13:     0x5a01acb4d009 - std[970ebd7dca1e8e9c]::sys::backtrace::__rust_end_short_backtrace::<std[970ebd7dca1e8e9c]::panicking::panic_handler::{closure#0}, !>
[INFO] [stderr]                                  at /rustc/5c543b0b8c73c7b72bc8284ced4fb22ead15734d/library/std/src/sys/backtrace.rs:182:18
[INFO] [stderr]     14:     0x5a01acb5539d - __rustc[3f28edee45324a8d]::rust_begin_unwind
[INFO] [stderr]                                  at /rustc/5c543b0b8c73c7b72bc8284ced4fb22ead15734d/library/std/src/panicking.rs:676:5
[INFO] [stderr]     15:     0x5a01acb8e50c - core[246ef9d645e4a18a]::panicking::panic_fmt
[INFO] [stderr]                                  at /rustc/5c543b0b8c73c7b72bc8284ced4fb22ead15734d/library/core/src/panicking.rs:80:14
[INFO] [stderr]     16:     0x5a01acb8e4d2 - core[246ef9d645e4a18a]::panicking::panic
[INFO] [stderr]                                  at /rustc/5c543b0b8c73c7b72bc8284ced4fb22ead15734d/library/core/src/panicking.rs:150:5
[INFO] [stderr]     17:     0x5a01ac4eea18 - build_script_build[9bb1ed83130364e6]::download_file
[INFO] [stderr]     18:     0x5a01ac4f0fe1 - build_script_build[9bb1ed83130364e6]::main
[INFO] [stderr]     19:     0x5a01ac4fa283 - std[970ebd7dca1e8e9c]::sys::backtrace::__rust_begin_short_backtrace::<fn(), ()>
[INFO] [stderr]     20:     0x5a01ac4fa609 - std[970ebd7dca1e8e9c]::rt::lang_start::<()>::{closure#0}
[INFO] [stderr]     21:     0x5a01acb70338 - <&dyn core[246ef9d645e4a18a]::ops::function::Fn<(), Output = i32> + core[246ef9d645e4a18a]::panic::unwind_safe::RefUnwindSafe + core[246ef9d645e4a18a]::marker::Sync as core[246ef9d645e4a18a]::ops::function::FnOnce<()>>::call_once
[INFO] [stderr]                                  at /rustc/5c543b0b8c73c7b72bc8284ced4fb22ead15734d/library/core/src/ops/function.rs:287:21
[INFO] [stderr]     22:     0x5a01acb70338 - std[970ebd7dca1e8e9c]::panicking::catch_unwind::do_call::<&dyn core[246ef9d645e4a18a]::ops::function::Fn<(), Output = i32> + core[246ef9d645e4a18a]::panic::unwind_safe::RefUnwindSafe + core[246ef9d645e4a18a]::marker::Sync, i32>
[INFO] [stderr]                                  at /rustc/5c543b0b8c73c7b72bc8284ced4fb22ead15734d/library/std/src/panicking.rs:573:43
[INFO] [stderr]     23:     0x5a01acb70338 - std[970ebd7dca1e8e9c]::panicking::catch_unwind::<i32, &dyn core[246ef9d645e4a18a]::ops::function::Fn<(), Output = i32> + core[246ef9d645e4a18a]::panic::unwind_safe::RefUnwindSafe + core[246ef9d645e4a18a]::marker::Sync>
[INFO] [stderr]                                  at /rustc/5c543b0b8c73c7b72bc8284ced4fb22ead15734d/library/std/src/panicking.rs:541:19
[INFO] [stderr]     24:     0x5a01acb70338 - std[970ebd7dca1e8e9c]::panic::catch_unwind::<&dyn core[246ef9d645e4a18a]::ops::function::Fn<(), Output = i32> + core[246ef9d645e4a18a]::panic::unwind_safe::RefUnwindSafe + core[246ef9d645e4a18a]::marker::Sync, i32>
[INFO] [stderr]                                  at /rustc/5c543b0b8c73c7b72bc8284ced4fb22ead15734d/library/std/src/panic.rs:359:14
[INFO] [stderr]     25:     0x5a01acb70338 - std[970ebd7dca1e8e9c]::rt::lang_start_internal::{closure#0}
[INFO] [stderr]                                  at /rustc/5c543b0b8c73c7b72bc8284ced4fb22ead15734d/library/std/src/rt.rs:175:24
[INFO] [stderr]     26:     0x5a01acb70338 - std[970ebd7dca1e8e9c]::panicking::catch_unwind::do_call::<std[970ebd7dca1e8e9c]::rt::lang_start_internal::{closure#0}, isize>
[INFO] [stderr]                                  at /rustc/5c543b0b8c73c7b72bc8284ced4fb22ead15734d/library/std/src/panicking.rs:573:43
[INFO] [stderr]     27:     0x5a01acb70338 - std[970ebd7dca1e8e9c]::panicking::catch_unwind::<isize, std[970ebd7dca1e8e9c]::rt::lang_start_internal::{closure#0}>
[INFO] [stderr]                                  at /rustc/5c543b0b8c73c7b72bc8284ced4fb22ead15734d/library/std/src/panicking.rs:541:19
[INFO] [stderr]     28:     0x5a01acb70338 - std[970ebd7dca1e8e9c]::panic::catch_unwind::<std[970ebd7dca1e8e9c]::rt::lang_start_internal::{closure#0}, isize>
[INFO] [stderr]                                  at /rustc/5c543b0b8c73c7b72bc8284ced4fb22ead15734d/library/std/src/panic.rs:359:14
[INFO] [stderr]     29:     0x5a01acb70338 - std[970ebd7dca1e8e9c]::rt::lang_start_internal
[INFO] [stderr]                                  at /rustc/5c543b0b8c73c7b72bc8284ced4fb22ead15734d/library/std/src/rt.rs:171:5
[INFO] [stderr]     30:     0x5a01ac4f8c05 - main
[INFO] [stderr]     31:     0x7ee80d406601 - <unknown>
[INFO] [stderr]     32:     0x7ee80d406718 - __libc_start_main
[INFO] [stderr]     33:     0x5a01ac4ed475 - _start
[INFO] [stderr]     34:                0x0 - <unknown>
[INFO] [stderr] warning: build failed, waiting for other jobs to finish...
[INFO] running `Command { std: "docker" "inspect" "fe89347bedc00698ea4fb4ad344dc7510c1b1e0f357e7443ac2fc5782ee04a70", kill_on_drop: false }`
[INFO] running `Command { std: "docker" "rm" "-f" "fe89347bedc00698ea4fb4ad344dc7510c1b1e0f357e7443ac2fc5782ee04a70", kill_on_drop: false }`
[INFO] [stdout] fe89347bedc00698ea4fb4ad344dc7510c1b1e0f357e7443ac2fc5782ee04a70
