[INFO] cloning repository https://github.com/hpenney2/tors-backend
[INFO] running `Command { std: "git" "-c" "credential.helper=" "-c" "credential.helper=/workspace/cargo-home/bin/git-credential-null" "clone" "--bare" "https://github.com/hpenney2/tors-backend" "/workspace/cache/git-repos/https%3A%2F%2Fgithub.com%2Fhpenney2%2Ftors-backend", kill_on_drop: false }`
[INFO] [stderr] Cloning into bare repository '/workspace/cache/git-repos/https%3A%2F%2Fgithub.com%2Fhpenney2%2Ftors-backend'...
[INFO] running `Command { std: "git" "rev-parse" "HEAD", kill_on_drop: false }`
[INFO] [stdout] d6cafdbac25f065f500755a1f64ba6ca8bd832fc
[INFO] checking hpenney2/tors-backend against 5c543b0b8c73c7b72bc8284ced4fb22ead15734d for pr-160186
[INFO] running `Command { std: "git" "clone" "/workspace/cache/git-repos/https%3A%2F%2Fgithub.com%2Fhpenney2%2Ftors-backend" "/workspace/builds/worker-2-tc1/source", kill_on_drop: false }`
[INFO] [stderr] Cloning into '/workspace/builds/worker-2-tc1/source'...
[INFO] [stderr] done.
[INFO] started tweaking git repo https://github.com/hpenney2/tors-backend
[INFO] finished tweaking git repo https://github.com/hpenney2/tors-backend
[INFO] tweaked toml for git repo https://github.com/hpenney2/tors-backend written to /workspace/builds/worker-2-tc1/source/Cargo.toml
[INFO] validating manifest of git repo https://github.com/hpenney2/tors-backend on toolchain 5c543b0b8c73c7b72bc8284ced4fb22ead15734d
[INFO] running `Command { std: CARGO_HOME="/workspace/cargo-home" RUSTUP_HOME="/workspace/rustup-home" "/workspace/cargo-home/bin/cargo" "+5c543b0b8c73c7b72bc8284ced4fb22ead15734d" "metadata" "--manifest-path" "Cargo.toml" "--no-deps", kill_on_drop: false }`
[INFO] crate git repo https://github.com/hpenney2/tors-backend already has a lockfile, it will not be regenerated
[INFO] running `Command { std: CARGO_HOME="/workspace/cargo-home" RUSTUP_HOME="/workspace/rustup-home" "/workspace/cargo-home/bin/cargo" "+5c543b0b8c73c7b72bc8284ced4fb22ead15734d" "fetch" "--manifest-path" "Cargo.toml", kill_on_drop: false }`
[INFO] [stderr]     Updating crates.io index
[INFO] [stderr]  Downloading crates ...
[INFO] [stderr]   Downloaded tokio-rusqlite v0.6.0
[INFO] [stderr]   Downloaded hmac-sha256 v1.1.7
[INFO] [stderr]   Downloaded hmac-sha512 v1.1.5
[INFO] [stderr]   Downloaded thiserror-impl v1.0.65
[INFO] [stderr]   Downloaded rfc7239 v0.1.1
[INFO] [stderr]   Downloaded poem-derive v3.1.0
[INFO] [stderr]   Downloaded wildmatch v2.4.0
[INFO] [stderr]   Downloaded ct-codecs v1.1.2
[INFO] [stderr]   Downloaded hmac-sha1-compact v1.1.4
[INFO] [stderr]   Downloaded coarsetime v0.1.34
[INFO] [stderr]   Downloaded priority-queue v2.1.1
[INFO] [stderr]   Downloaded jwt-simple v0.12.10
[INFO] [stderr]   Downloaded ed25519-compact v2.1.1
[INFO] [stderr]   Downloaded cmake v0.1.51
[INFO] [stderr]   Downloaded blake2b_simd v1.0.2
[INFO] [stderr]   Downloaded thiserror v1.0.65
[INFO] [stderr]   Downloaded headers v0.4.0
[INFO] [stderr]   Downloaded cc v1.1.31
[INFO] [stderr]   Downloaded hashbrown v0.15.0
[INFO] [stderr]   Downloaded binstring v0.1.1
[INFO] [stderr]   Downloaded superboring v0.1.3
[INFO] [stderr]   Downloaded boring v4.11.0
[INFO] [stderr]   Downloaded p384 v0.13.0
[INFO] [stderr]   Downloaded syn v2.0.85
[INFO] [stderr]   Downloaded regex-automata v0.4.8
[INFO] [stderr]   Downloaded boring-sys v4.11.0
[INFO] [stderr]   Downloaded poem v3.1.3
[INFO] running `Command { std: "docker" "create" "-v" "/var/lib/crater-agent-workspace/builds/worker-2-tc1/source:/opt/rustwide/workdir:ro,Z" "-v" "/var/lib/crater-agent-workspace/builds/worker-2-tc1/target:/opt/rustwide/target:rw,Z" "-v" "/var/lib/crater-agent-workspace/cargo-home:/opt/rustwide/cargo-home:ro,Z" "-v" "/var/lib/crater-agent-workspace/rustup-home:/opt/rustwide/rustup-home:ro,Z" "-m" "1610612736" "--network" "none" "ghcr.io/rust-lang/crates-build-env/linux@sha256:77db811e55d90add9212f6832c23229e3de5f1c1f9905e8cb07319ea15df73ac" "sleep" "infinity", kill_on_drop: false }`
[INFO] [stdout] ff9db318f67997700a7e861ccf11ddcb29b0f90f10019b4400a48d20b3721dd8
[INFO] running `Command { std: "docker" "start" "ff9db318f67997700a7e861ccf11ddcb29b0f90f10019b4400a48d20b3721dd8", kill_on_drop: false }`
[INFO] running `Command { std: "docker" "inspect" "ff9db318f67997700a7e861ccf11ddcb29b0f90f10019b4400a48d20b3721dd8", kill_on_drop: false }`
[INFO] running `Command { std: "docker" "exec" "-e" "SOURCE_DIR=/opt/rustwide/workdir" "-e" "CARGO_HOME=/opt/rustwide/cargo-home" "-e" "RUSTUP_HOME=/opt/rustwide/rustup-home" "-e" "CARGO_TARGET_DIR=/opt/rustwide/target" "-w" "/opt/rustwide/workdir" "--user" "0:0" "ff9db318f67997700a7e861ccf11ddcb29b0f90f10019b4400a48d20b3721dd8" "/opt/rustwide/cargo-home/bin/cargo" "+5c543b0b8c73c7b72bc8284ced4fb22ead15734d" "metadata" "--no-deps" "--format-version=1", kill_on_drop: false }`
[INFO] running `Command { std: "docker" "inspect" "ff9db318f67997700a7e861ccf11ddcb29b0f90f10019b4400a48d20b3721dd8", kill_on_drop: false }`
[INFO] running `Command { std: "docker" "exec" "-e" "SOURCE_DIR=/opt/rustwide/workdir" "-e" "CARGO_HOME=/opt/rustwide/cargo-home" "-e" "RUSTUP_HOME=/opt/rustwide/rustup-home" "-e" "CARGO_TARGET_DIR=/opt/rustwide/target" "-e" "CARGO_INCREMENTAL=0" "-e" "RUST_BACKTRACE=full" "-e" "RUSTFLAGS=--cap-lints=forbid" "-e" "RUSTDOCFLAGS=--cap-lints=forbid" "-w" "/opt/rustwide/workdir" "--user" "0:0" "ff9db318f67997700a7e861ccf11ddcb29b0f90f10019b4400a48d20b3721dd8" "/opt/rustwide/cargo-home/bin/cargo" "+5c543b0b8c73c7b72bc8284ced4fb22ead15734d" "check" "--frozen" "--all" "--all-targets" "--message-format=json", kill_on_drop: false }`
[INFO] [stderr]    Compiling libc v0.2.161
[INFO] [stderr]    Compiling proc-macro2 v1.0.89
[INFO] [stderr]    Compiling unicode-ident v1.0.13
[INFO] [stderr]     Checking byteorder v1.5.0
[INFO] [stderr]     Checking cpufeatures v0.2.14
[INFO] [stderr]     Checking base64ct v1.6.0
[INFO] [stderr]     Checking bytes v1.8.0
[INFO] [stderr]    Compiling glob v0.3.1
[INFO] [stderr]     Checking generic-array v0.14.7
[INFO] [stderr]    Compiling regex-syntax v0.8.5
[INFO] [stderr]    Compiling minimal-lexical v0.2.1
[INFO] [stderr]    Compiling memchr v2.7.4
[INFO] [stderr]    Compiling libloading v0.8.5
[INFO] [stderr]    Compiling bindgen v0.70.1
[INFO] [stderr]    Compiling either v1.13.0
[INFO] [stderr]    Compiling cc v1.1.31
[INFO] [stderr]    Compiling ahash v0.8.11
[INFO] [stderr]     Checking hashbrown v0.15.0
[INFO] [stderr]    Compiling bitflags v2.6.0
[INFO] [stderr]    Compiling serde v1.0.214
[INFO] [stderr]    Compiling rustc-hash v1.1.0
[INFO] [stderr]     Checking pem-rfc7468 v0.7.0
[INFO] [stderr]    Compiling itertools v0.13.0
[INFO] [stderr]     Checking der v0.7.9
[INFO] [stderr]     Checking tracing-core v0.1.32
[INFO] [stderr]    Compiling clang-sys v1.8.1
[INFO] [stderr]     Checking indexmap v2.6.0
[INFO] [stderr]    Compiling httparse v1.9.5
[INFO] [stderr]    Compiling pkg-config v0.3.31
[INFO] [stderr]    Compiling quote v1.0.37
[INFO] [stderr]     Checking block-buffer v0.10.4
[INFO] [stderr]     Checking http v1.1.0
[INFO] [stderr]     Checking inout v0.1.3
[INFO] [stderr]    Compiling equivalent v1.0.1
[INFO] [stderr]    Compiling uncased v0.9.10
[INFO] [stderr]    Compiling nom v7.1.3
[INFO] [stderr]    Compiling num-traits v0.2.19
[INFO] [stderr]    Compiling serde_json v1.0.132
[INFO] [stderr]    Compiling syn v2.0.85
[INFO] [stderr]    Compiling thiserror v1.0.65
[INFO] [stderr]    Compiling time-core v0.1.2
[INFO] [stderr]    Compiling libsqlite3-sys v0.30.1
[INFO] [stderr]    Compiling fslock v0.2.1
[INFO] [stderr]    Compiling winnow v0.6.20
[INFO] [stderr]    Compiling crossbeam-utils v0.8.20
[INFO] [stderr]     Checking spki v0.7.3
[INFO] [stderr]     Checking deranged v0.3.11
[INFO] [stderr]    Compiling time-macros v0.2.18
[INFO] [stderr]    Compiling nix v0.29.0
[INFO] [stderr]     Checking pkcs8 v0.10.2
[INFO] [stderr]    Compiling cmake v0.1.51
[INFO] [stderr]     Checking sec1 v0.7.3
[INFO] [stderr]     Checking http-body v1.0.1
[INFO] [stderr]     Checking aho-corasick v1.1.3
[INFO] [stderr]    Compiling cookie v0.18.1
[INFO] [stderr]    Compiling anyhow v1.0.92
[INFO] [stderr]     Checking foreign-types-shared v0.3.1
[INFO] [stderr]     Checking headers-core v0.3.0
[INFO] [stderr]     Checking ct-codecs v1.1.2
[INFO] [stderr]     Checking blake2b_simd v1.0.2
[INFO] [stderr]     Checking rfc7239 v0.1.1
[INFO] [stderr]     Checking priority-queue v2.1.1
[INFO] [stderr]     Checking sync_wrapper v1.0.1
[INFO] [stderr]     Checking wildmatch v2.4.0
[INFO] [stderr]     Checking hmac-sha1-compact v1.1.4
[INFO] [stderr]     Checking crossbeam-channel v0.5.13
[INFO] [stderr]     Checking binstring v0.1.1
[INFO] [stderr]    Compiling regex-automata v0.4.8
[INFO] [stderr]     Checking getrandom v0.2.15
[INFO] [stderr]     Checking parking_lot_core v0.9.10
[INFO] [stderr]     Checking mio v1.0.2
[INFO] [stderr]     Checking rand_core v0.6.4
[INFO] [stderr]     Checking signal-hook-registry v1.4.2
[INFO] [stderr]     Checking socket2 v0.5.7
[INFO] [stderr]     Checking time v0.3.36
[INFO] [stderr]     Checking chrono v0.4.38
[INFO] [stderr]     Checking parking_lot v0.12.3
[INFO] [stderr]     Checking ed25519-compact v2.1.1
[INFO] [stderr]     Checking crypto-common v0.1.6
[INFO] [stderr]     Checking digest v0.10.7
[INFO] [stderr]     Checking ff v0.13.0
[INFO] [stderr]     Checking cipher v0.4.4
[INFO] [stderr]     Checking crypto-bigint v0.5.5
[INFO] [stderr]     Checking group v0.13.0
[INFO] [stderr]     Checking universal-hash v0.5.1
[INFO] [stderr]     Checking hmac v0.12.1
[INFO] [stderr]     Checking sha2 v0.10.8
[INFO] [stderr]     Checking signature v2.2.0
[INFO] [stderr]     Checking polyval v0.6.2
[INFO] [stderr]     Checking hkdf v0.12.4
[INFO] [stderr]    Compiling cexpr v0.6.0
[INFO] [stderr]     Checking rfc6979 v0.4.0
[INFO] [stderr]     Checking aead v0.5.2
[INFO] [stderr]     Checking sha1 v0.10.6
[INFO] [stderr]     Checking hmac-sha512 v1.1.5
[INFO] [stderr]     Checking ghash v0.5.1
[INFO] [stderr]     Checking aes v0.8.4
[INFO] [stderr]     Checking ctr v0.9.2
[INFO] [stderr]     Checking headers v0.4.0
[INFO] [stderr]     Checking blowfish v0.9.1
[INFO] [stderr]     Checking hmac-sha256 v1.1.7
[INFO] [stderr]     Checking coarsetime v0.1.34
[INFO] [stderr]     Checking bcrypt v0.15.1
[INFO] [stderr]     Checking uuid v1.11.0
[INFO] [stderr]     Checking aes-gcm v0.10.3
[INFO] [stderr]    Compiling toml_edit v0.22.22
[INFO] [stderr]    Compiling regex v1.11.1
[INFO] [stderr]     Checking elliptic-curve v0.13.8
[INFO] [stderr]     Checking ecdsa v0.16.9
[INFO] [stderr]     Checking primeorder v0.13.6
[INFO] [stderr]    Compiling zerocopy-derive v0.7.35
[INFO] [stderr]    Compiling tokio-macros v2.4.0
[INFO] [stderr]    Compiling futures-macro v0.3.31
[INFO] [stderr]    Compiling tracing-attributes v0.1.27
[INFO] [stderr]    Compiling serde_derive v1.0.214
[INFO] [stderr]    Compiling thiserror-impl v1.0.65
[INFO] [stderr]    Compiling foreign-types-macros v0.2.3
[INFO] [stderr]    Compiling openssl-macros v0.1.1
[INFO] [stderr]     Checking k256 v0.13.4
[INFO] [stderr]     Checking p384 v0.13.0
[INFO] [stderr]     Checking p256 v0.13.2
[INFO] [stderr]     Checking foreign-types v0.5.0
[INFO] [stderr]     Checking tokio v1.41.0
[INFO] [stderr]     Checking futures-util v0.3.31
[INFO] [stderr]    Compiling proc-macro-crate v3.2.0
[INFO] [stderr]     Checking zerocopy v0.7.35
[INFO] [stderr]    Compiling poem-derive v3.1.0
[INFO] [stderr]     Checking tracing v0.1.40
[INFO] [stderr]     Checking ppv-lite86 v0.2.20
[INFO] [stderr]     Checking hashbrown v0.14.5
[INFO] [stderr]     Checking hashlink v0.9.1
[INFO] [stderr]     Checking rand_chacha v0.3.1
[INFO] [stderr]     Checking rand v0.8.5
[INFO] [stderr]     Checking rusqlite v0.32.1
[INFO] [stderr]     Checking http-body-util v0.1.2
[INFO] [stderr]    Compiling boring-sys v4.11.0
[INFO] [stderr]     Checking serde_urlencoded v0.7.1
[INFO] [stderr]     Checking tokio-util v0.7.12
[INFO] [stderr]     Checking tokio-rusqlite v0.6.0
[INFO] [stderr]     Checking h2 v0.4.6
[INFO] [stderr]     Checking hyper v1.5.0
[INFO] [stderr]     Checking hyper-util v0.1.10
[INFO] [stderr]     Checking poem v3.1.3
[INFO] [stderr]     Checking boring v4.11.0
[INFO] [stderr]     Checking jwt-simple v0.12.10
[INFO] [stderr]     Checking tors v0.1.0 (/opt/rustwide/workdir)
[INFO] [stdout] error[E0424]: cannot find value `self` in this scope
[INFO] [stdout]   --> src/main.rs:56:31
[INFO] [stdout]    |
[INFO] [stdout] 45 | async fn main() -> Result<(), std::io::Error> {
[INFO] [stdout]    |          ---- this function can't have a `self` parameter
[INFO] [stdout] ...
[INFO] [stdout] 56 |         ES384KeyPair::key_id(&self)
[INFO] [stdout]    |                               ^^^^ `self` value is a keyword only available in methods with a `self` parameter
[INFO] [stdout]    |
[INFO] [stdout]    = note: a module named `self` exists in another namespace
[INFO] [stdout] 
[INFO] [stdout] 
[INFO] [stdout] error[E0425]: cannot find value `sql` in this scope
[INFO] [stdout]    --> src/main.rs:105:31
[INFO] [stdout]     |
[INFO] [stdout] 105 |         db.query_row_and_then(sql, params, f)
[INFO] [stdout]     |                               ^^^ not found in this scope
[INFO] [stdout] 
[INFO] [stdout] 
[INFO] [stdout] error[E0423]: cannot find value `params` in this scope
[INFO] [stdout]    --> src/main.rs:105:36
[INFO] [stdout]     |
[INFO] [stdout] 105 |         db.query_row_and_then(sql, params, f)
[INFO] [stdout]     |                                    ^^^^^^ not found in this scope
[INFO] [stdout]     |
[INFO] [stdout]     = note: a macro named `params` exists in another namespace
[INFO] [stdout] 
[INFO] [stdout] 
[INFO] [stdout] error[E0425]: cannot find value `f` in this scope
[INFO] [stdout]    --> src/main.rs:105:44
[INFO] [stdout]     |
[INFO] [stdout] 105 |         db.query_row_and_then(sql, params, f)
[INFO] [stdout]     |                                            ^ not found in this scope
[INFO] [stdout] 
[INFO] [stdout] 
[INFO] [stdout] warning: unused imports: `IntoResponse`, `get`, and `web::Path`
[INFO] [stdout]  --> src/main.rs:8:12
[INFO] [stdout]   |
[INFO] [stdout] 8 | use poem::{get, post, handler, listener::TcpListener, web::Path, web::Json, web::Data, IntoResponse, Route, Server, EndpointExt, midd...
[INFO] [stdout]   |            ^^^                                        ^^^^^^^^^                        ^^^^^^^^^^^^
[INFO] [stdout]   |
[INFO] [stdout]   = note: `#[warn(unused_imports)]` (part of `#[warn(unused)]`) on by default
[INFO] [stdout] 
[INFO] [stdout] 
[INFO] [stdout] error[E0424]: cannot find value `self` in this scope
[INFO] [stdout]   --> src/main.rs:56:31
[INFO] [stdout]    |
[INFO] [stdout] 45 | async fn main() -> Result<(), std::io::Error> {
[INFO] [stdout]    |          ---- this function can't have a `self` parameter
[INFO] [stdout] ...
[INFO] [stdout] 56 |         ES384KeyPair::key_id(&self)
[INFO] [stdout]    |                               ^^^^ `self` value is a keyword only available in methods with a `self` parameter
[INFO] [stdout]    |
[INFO] [stdout]    = note: a module named `self` exists in another namespace
[INFO] [stdout] 
[INFO] [stdout] 
[INFO] [stdout] error[E0425]: cannot find value `sql` in this scope
[INFO] [stdout]    --> src/main.rs:105:31
[INFO] [stdout]     |
[INFO] [stdout] 105 |         db.query_row_and_then(sql, params, f)
[INFO] [stdout]     |                               ^^^ not found in this scope
[INFO] [stdout] 
[INFO] [stdout] 
[INFO] [stdout] error[E0423]: cannot find value `params` in this scope
[INFO] [stdout]    --> src/main.rs:105:36
[INFO] [stdout]     |
[INFO] [stdout] 105 |         db.query_row_and_then(sql, params, f)
[INFO] [stdout]     |                                    ^^^^^^ not found in this scope
[INFO] [stdout]     |
[INFO] [stdout]     = note: a macro named `params` exists in another namespace
[INFO] [stdout] 
[INFO] [stdout] 
[INFO] [stdout] error[E0425]: cannot find value `f` in this scope
[INFO] [stdout]    --> src/main.rs:105:44
[INFO] [stdout]     |
[INFO] [stdout] 105 |         db.query_row_and_then(sql, params, f)
[INFO] [stdout]     |                                            ^ not found in this scope
[INFO] [stdout] 
[INFO] [stdout] 
[INFO] [stdout] warning: unused imports: `IntoResponse`, `get`, and `web::Path`
[INFO] [stdout]  --> src/main.rs:8:12
[INFO] [stdout]   |
[INFO] [stdout] 8 | use poem::{get, post, handler, listener::TcpListener, web::Path, web::Json, web::Data, IntoResponse, Route, Server, EndpointExt, midd...
[INFO] [stdout]   |            ^^^                                        ^^^^^^^^^                        ^^^^^^^^^^^^
[INFO] [stdout]   |
[INFO] [stdout]   = note: `#[warn(unused_imports)]` (part of `#[warn(unused)]`) on by default
[INFO] [stdout] 
[INFO] [stdout] 
[INFO] [stdout] error[E0308]: `else` clause of `let...else` does not diverge
[INFO] [stdout]   --> src/main.rs:52:20
[INFO] [stdout]    |
[INFO] [stdout] 52 |        }).await else {
[INFO] [stdout]    |  ____________________^
[INFO] [stdout] 53 | |         // todo: consider not using JWT and just storing sessions like a normal person lol
[INFO] [stdout] 54 | |         // https://www.reddit.com/r/AskProgramming/comments/t8ge7z/what_should_be_an_ideal_database_schemafor_sql/
[INFO] [stdout] 55 | |         let key_pair = ES384KeyPair::generate();
[INFO] [stdout] 56 | |         ES384KeyPair::key_id(&self)
[INFO] [stdout] 57 | |      };
[INFO] [stdout]    | |______^ expected `!`, found `&Option<String>`
[INFO] [stdout]    |
[INFO] [stdout]    = note:   expected type `!`
[INFO] [stdout]            found reference `&std::option::Option<std::string::String>`
[INFO] [stdout]    = help: try adding a diverging expression, such as `return` or `panic!(..)`
[INFO] [stdout]    = help: ...or use `match` instead of `let...else`
[INFO] [stdout] 
[INFO] [stdout] 
[INFO] [stdout] error[E0308]: `else` clause of `let...else` does not diverge
[INFO] [stdout]   --> src/main.rs:52:20
[INFO] [stdout]    |
[INFO] [stdout] 52 |        }).await else {
[INFO] [stdout]    |  ____________________^
[INFO] [stdout] 53 | |         // todo: consider not using JWT and just storing sessions like a normal person lol
[INFO] [stdout] 54 | |         // https://www.reddit.com/r/AskProgramming/comments/t8ge7z/what_should_be_an_ideal_database_schemafor_sql/
[INFO] [stdout] 55 | |         let key_pair = ES384KeyPair::generate();
[INFO] [stdout] 56 | |         ES384KeyPair::key_id(&self)
[INFO] [stdout] 57 | |      };
[INFO] [stdout]    | |______^ expected `!`, found `&Option<String>`
[INFO] [stdout]    |
[INFO] [stdout]    = note:   expected type `!`
[INFO] [stdout]            found reference `&std::option::Option<std::string::String>`
[INFO] [stdout]    = help: try adding a diverging expression, such as `return` or `panic!(..)`
[INFO] [stdout]    = help: ...or use `match` instead of `let...else`
[INFO] [stdout] 
[INFO] [stdout] 
[INFO] [stdout] warning: unused variable: `priv_key`
[INFO] [stdout]    --> src/main.rs:109:24
[INFO] [stdout]     |
[INFO] [stdout] 109 | fn generate_auth_token(priv_key: &str, id: &str) {}
[INFO] [stdout]     |                        ^^^^^^^^ help: if this is intentional, prefix it with an underscore: `_priv_key`
[INFO] [stdout]     |
[INFO] [stdout]     = note: `#[warn(unused_variables)]` (part of `#[warn(unused)]`) on by default
[INFO] [stdout] 
[INFO] [stdout] 
[INFO] [stdout] warning: unused variable: `priv_key`
[INFO] [stdout]    --> src/main.rs:109:24
[INFO] [stdout]     |
[INFO] [stdout] 109 | fn generate_auth_token(priv_key: &str, id: &str) {}
[INFO] [stdout]     |                        ^^^^^^^^ help: if this is intentional, prefix it with an underscore: `_priv_key`
[INFO] [stdout]     |
[INFO] [stdout]     = note: `#[warn(unused_variables)]` (part of `#[warn(unused)]`) on by default
[INFO] [stdout] 
[INFO] [stdout] 
[INFO] [stdout] warning: unused variable: `id`
[INFO] [stdout]    --> src/main.rs:109:40
[INFO] [stdout]     |
[INFO] [stdout] 109 | fn generate_auth_token(priv_key: &str, id: &str) {}
[INFO] [stdout]     |                                        ^^ help: if this is intentional, prefix it with an underscore: `_id`
[INFO] [stdout] 
[INFO] [stdout] 
[INFO] [stdout] warning: unused variable: `id`
[INFO] [stdout]    --> src/main.rs:109:40
[INFO] [stdout]     |
[INFO] [stdout] 109 | fn generate_auth_token(priv_key: &str, id: &str) {}
[INFO] [stdout]     |                                        ^^ help: if this is intentional, prefix it with an underscore: `_id`
[INFO] [stdout] 
[INFO] [stdout] 
[INFO] [stdout] Some errors have detailed explanations: E0308, E0423, E0424, E0425.
[INFO] [stdout] 
[INFO] [stdout] For more information about an error, try `rustc --explain E0308`.
[INFO] [stdout] 
[INFO] [stdout] Some errors have detailed explanations: E0308, E0423, E0424, E0425.
[INFO] [stdout] 
[INFO] [stdout] For more information about an error, try `rustc --explain E0308`.
[INFO] [stdout] 
[INFO] [stderr] error: could not compile `tors` (bin "tors") due to 5 previous errors; 3 warnings emitted
[INFO] [stderr] warning: build failed, waiting for other jobs to finish...
[INFO] [stderr] error: could not compile `tors` (bin "tors" test) due to 5 previous errors; 3 warnings emitted
[INFO] running `Command { std: "docker" "inspect" "ff9db318f67997700a7e861ccf11ddcb29b0f90f10019b4400a48d20b3721dd8", kill_on_drop: false }`
[INFO] running `Command { std: "docker" "rm" "-f" "ff9db318f67997700a7e861ccf11ddcb29b0f90f10019b4400a48d20b3721dd8", kill_on_drop: false }`
[INFO] [stdout] ff9db318f67997700a7e861ccf11ddcb29b0f90f10019b4400a48d20b3721dd8
