[INFO] cloning repository https://github.com/ctaylo21/rust_rogue
[INFO] running `Command { std: "git" "-c" "credential.helper=" "-c" "credential.helper=/workspace/cargo-home/bin/git-credential-null" "clone" "--bare" "https://github.com/ctaylo21/rust_rogue" "/workspace/cache/git-repos/https%3A%2F%2Fgithub.com%2Fctaylo21%2Frust_rogue", kill_on_drop: false }`
[INFO] [stderr] Cloning into bare repository '/workspace/cache/git-repos/https%3A%2F%2Fgithub.com%2Fctaylo21%2Frust_rogue'...
[INFO] running `Command { std: "git" "rev-parse" "HEAD", kill_on_drop: false }`
[INFO] [stdout] 768f71d986ea6bfb43a7ca095e2655924ebeb39c
[INFO] checking ctaylo21/rust_rogue against 5c543b0b8c73c7b72bc8284ced4fb22ead15734d for pr-160186
[INFO] running `Command { std: "git" "clone" "/workspace/cache/git-repos/https%3A%2F%2Fgithub.com%2Fctaylo21%2Frust_rogue" "/workspace/builds/worker-6-tc1/source", kill_on_drop: false }`
[INFO] [stderr] Cloning into '/workspace/builds/worker-6-tc1/source'...
[INFO] [stderr] done.
[INFO] started tweaking git repo https://github.com/ctaylo21/rust_rogue
[INFO] finished tweaking git repo https://github.com/ctaylo21/rust_rogue
[INFO] tweaked toml for git repo https://github.com/ctaylo21/rust_rogue written to /workspace/builds/worker-6-tc1/source/Cargo.toml
[INFO] validating manifest of git repo https://github.com/ctaylo21/rust_rogue on toolchain 5c543b0b8c73c7b72bc8284ced4fb22ead15734d
[INFO] running `Command { std: CARGO_HOME="/workspace/cargo-home" RUSTUP_HOME="/workspace/rustup-home" "/workspace/cargo-home/bin/cargo" "+5c543b0b8c73c7b72bc8284ced4fb22ead15734d" "metadata" "--manifest-path" "Cargo.toml" "--no-deps", kill_on_drop: false }`
[INFO] crate git repo https://github.com/ctaylo21/rust_rogue already has a lockfile, it will not be regenerated
[INFO] running `Command { std: CARGO_HOME="/workspace/cargo-home" RUSTUP_HOME="/workspace/rustup-home" "/workspace/cargo-home/bin/cargo" "+5c543b0b8c73c7b72bc8284ced4fb22ead15734d" "fetch" "--manifest-path" "Cargo.toml", kill_on_drop: false }`
[INFO] [stderr]     Updating crates.io index
[INFO] [stderr]  Downloading crates ...
[INFO] [stderr] warning: spurious network error (3 tries remaining): [16] Error in the HTTP2 framing layer
[INFO] [stderr] warning: spurious network error (3 tries remaining): [16] Error in the HTTP2 framing layer
[INFO] [stderr] warning: spurious network error (3 tries remaining): [16] Error in the HTTP2 framing layer
[INFO] [stderr] warning: spurious network error (3 tries remaining): [16] Error in the HTTP2 framing layer
[INFO] [stderr] warning: spurious network error (3 tries remaining): [16] Error in the HTTP2 framing layer
[INFO] [stderr] warning: spurious network error (3 tries remaining): [16] Error in the HTTP2 framing layer
[INFO] [stderr] warning: spurious network error (3 tries remaining): [16] Error in the HTTP2 framing layer
[INFO] [stderr] warning: spurious network error (3 tries remaining): [16] Error in the HTTP2 framing layer
[INFO] [stderr] warning: spurious network error (3 tries remaining): [16] Error in the HTTP2 framing layer
[INFO] [stderr] warning: spurious network error (3 tries remaining): [16] Error in the HTTP2 framing layer
[INFO] [stderr] warning: spurious network error (3 tries remaining): [16] Error in the HTTP2 framing layer
[INFO] [stderr] warning: spurious network error (3 tries remaining): [16] Error in the HTTP2 framing layer
[INFO] [stderr] warning: spurious network error (3 tries remaining): [16] Error in the HTTP2 framing layer
[INFO] [stderr] warning: spurious network error (3 tries remaining): [16] Error in the HTTP2 framing layer
[INFO] [stderr] warning: spurious network error (3 tries remaining): [16] Error in the HTTP2 framing layer
[INFO] [stderr] warning: spurious network error (3 tries remaining): [16] Error in the HTTP2 framing layer
[INFO] [stderr] warning: spurious network error (3 tries remaining): [16] Error in the HTTP2 framing layer
[INFO] [stderr] warning: spurious network error (3 tries remaining): [16] Error in the HTTP2 framing layer
[INFO] [stderr] warning: spurious network error (3 tries remaining): [16] Error in the HTTP2 framing layer
[INFO] [stderr] warning: spurious network error (3 tries remaining): [16] Error in the HTTP2 framing layer
[INFO] [stderr] warning: spurious network error (3 tries remaining): [16] Error in the HTTP2 framing layer
[INFO] [stderr] warning: spurious network error (3 tries remaining): [16] Error in the HTTP2 framing layer
[INFO] [stderr] warning: spurious network error (3 tries remaining): [16] Error in the HTTP2 framing layer
[INFO] [stderr] warning: spurious network error (3 tries remaining): [16] Error in the HTTP2 framing layer
[INFO] [stderr] warning: spurious network error (3 tries remaining): [16] Error in the HTTP2 framing layer
[INFO] [stderr] warning: spurious network error (3 tries remaining): [16] Error in the HTTP2 framing layer
[INFO] [stderr] warning: spurious network error (3 tries remaining): [16] Error in the HTTP2 framing layer
[INFO] [stderr] warning: spurious network error (3 tries remaining): [16] Error in the HTTP2 framing layer
[INFO] [stderr] warning: spurious network error (3 tries remaining): [16] Error in the HTTP2 framing layer
[INFO] [stderr] warning: spurious network error (3 tries remaining): [16] Error in the HTTP2 framing layer
[INFO] [stderr] warning: spurious network error (3 tries remaining): [16] Error in the HTTP2 framing layer
[INFO] [stderr] warning: spurious network error (3 tries remaining): [16] Error in the HTTP2 framing layer
[INFO] [stderr] warning: spurious network error (3 tries remaining): [16] Error in the HTTP2 framing layer
[INFO] [stderr] warning: spurious network error (3 tries remaining): [16] Error in the HTTP2 framing layer
[INFO] [stderr] warning: spurious network error (3 tries remaining): [16] Error in the HTTP2 framing layer
[INFO] [stderr] warning: spurious network error (3 tries remaining): [16] Error in the HTTP2 framing layer
[INFO] [stderr] warning: spurious network error (3 tries remaining): [16] Error in the HTTP2 framing layer
[INFO] [stderr] warning: spurious network error (3 tries remaining): [16] Error in the HTTP2 framing layer
[INFO] [stderr] warning: spurious network error (3 tries remaining): [16] Error in the HTTP2 framing layer
[INFO] [stderr] warning: spurious network error (3 tries remaining): [16] Error in the HTTP2 framing layer
[INFO] [stderr] warning: spurious network error (3 tries remaining): [16] Error in the HTTP2 framing layer
[INFO] [stderr] warning: spurious network error (3 tries remaining): [16] Error in the HTTP2 framing layer
[INFO] [stderr] warning: spurious network error (3 tries remaining): [16] Error in the HTTP2 framing layer
[INFO] [stderr] warning: spurious network error (3 tries remaining): [16] Error in the HTTP2 framing layer
[INFO] [stderr] warning: spurious network error (3 tries remaining): [16] Error in the HTTP2 framing layer
[INFO] [stderr] warning: spurious network error (3 tries remaining): [16] Error in the HTTP2 framing layer
[INFO] [stderr] warning: spurious network error (3 tries remaining): [16] Error in the HTTP2 framing layer
[INFO] [stderr] warning: spurious network error (3 tries remaining): [16] Error in the HTTP2 framing layer
[INFO] [stderr] warning: spurious network error (3 tries remaining): [16] Error in the HTTP2 framing layer
[INFO] [stderr] warning: spurious network error (3 tries remaining): [16] Error in the HTTP2 framing layer
[INFO] [stderr] warning: spurious network error (3 tries remaining): [16] Error in the HTTP2 framing layer
[INFO] [stderr] warning: spurious network error (3 tries remaining): [16] Error in the HTTP2 framing layer
[INFO] [stderr] warning: spurious network error (3 tries remaining): [16] Error in the HTTP2 framing layer
[INFO] [stderr] warning: spurious network error (3 tries remaining): [16] Error in the HTTP2 framing layer
[INFO] [stderr]   Downloaded adler v0.2.3
[INFO] [stderr]   Downloaded slotmap v0.3.0
[INFO] [stderr]   Downloaded rand_xorshift v0.2.0
[INFO] [stderr]   Downloaded flate2 v1.0.18
[INFO] [stderr]   Downloaded thread_local v1.0.1
[INFO] [stderr]   Downloaded bracket-pathfinding v0.8.1
[INFO] [stderr]   Downloaded bracket-color v0.8.1
[INFO] [stderr]   Downloaded bracket-noise v0.8.1
[INFO] [stderr]   Downloaded bracket-geometry v0.8.1
[INFO] [stderr]   Downloaded bracket-random v0.8.0
[INFO] [stderr]   Downloaded bracket-algorithm-traits v0.8.1
[INFO] [stderr]   Downloaded glow v0.4.0
[INFO] [stderr]   Downloaded miniz_oxide v0.4.3
[INFO] [stderr]   Downloaded aho-corasick v0.7.13
[INFO] [stderr]   Downloaded console_error_panic_hook v0.1.6
[INFO] [stderr]   Downloaded crossbeam v0.7.3
[INFO] [stderr]   Downloaded getrandom v0.1.15
[INFO] [stderr]   Downloaded specs v0.16.1
[INFO] [stderr]   Downloaded wayland-sys v0.23.6
[INFO] [stderr]   Downloaded rusttype v0.8.3
[INFO] [stderr]   Downloaded wasm-timer v0.1.3
[INFO] [stderr]   Downloaded rltk v0.8.1
[INFO] [stderr]   Downloaded futures v0.1.30
[INFO] [stderr]   Downloaded parking_lot_core v0.7.2
[INFO] [stderr]   Downloaded wayland-protocols v0.23.6
[INFO] [stderr]   Downloaded libloading v0.6.4
[INFO] [stderr]   Downloaded pkg-config v0.3.18
[INFO] [stderr]   Downloaded image v0.23.10
[INFO] [stderr]   Downloaded cc v1.0.61
[INFO] [stderr]   Downloaded xml-rs v0.8.3
[INFO] [stderr]   Downloaded tynm v0.1.4
[INFO] [stderr]   Downloaded num-iter v0.1.41
[INFO] [stderr]   Downloaded specs-derive v0.4.1
[INFO] [stderr]   Downloaded bracket-terminal v0.8.1
[INFO] [stderr]   Downloaded wide v0.4.6
[INFO] [stderr]   Downloaded wayland-client v0.23.6
[INFO] [stderr]   Downloaded wayland-commons v0.23.6
[INFO] [stderr]   Downloaded syn v1.0.43
[INFO] [stderr]   Downloaded version_check v0.9.2
[INFO] [stderr]   Downloaded ordered-float v1.1.0
[INFO] [stderr]   Downloaded cocoa v0.20.2
[INFO] [stderr]   Downloaded calloop v0.4.4
[INFO] [stderr]   Downloaded glutin v0.24.1
[INFO] [stderr]   Downloaded num-rational v0.3.0
[INFO] [stderr]   Downloaded bytemuck v1.4.1
[INFO] [stderr]   Downloaded jpeg-decoder v0.1.20
[INFO] [stderr]   Downloaded wayland-scanner v0.23.6
[INFO] [stderr]   Downloaded ultraviolet v0.4.6
[INFO] [stderr]   Downloaded send_wrapper v0.2.0
[INFO] [stderr]   Downloaded atom v0.3.6
[INFO] [stderr]   Downloaded ahash v0.3.8
[INFO] [stderr]   Downloaded parking_lot v0.10.2
[INFO] [stderr]   Downloaded derivative v2.1.1
[INFO] [stderr]   Downloaded ndk-sys v0.1.0
[INFO] [stderr]   Downloaded smithay-client-toolkit v0.6.6
[INFO] [stderr]   Downloaded android_log-sys v0.1.2
[INFO] [stderr]   Downloaded winit v0.22.2
[INFO] [stderr]   Downloaded shred v0.10.2
[INFO] [stderr]   Downloaded ndk v0.1.0
[INFO] [stderr]   Downloaded bracket-lib v0.8.1
[INFO] [stderr]   Downloaded png v0.16.7
[INFO] [stderr]   Downloaded ppv-lite86 v0.2.9
[INFO] [stderr]   Downloaded object-pool v0.4.4
[INFO] [stderr]   Downloaded hibitset v0.6.3
[INFO] [stderr]   Downloaded mio v0.6.22
[INFO] [stderr]   Downloaded toml v0.5.6
[INFO] [stderr]   Downloaded hashbrown v0.7.2
[INFO] [stderr]   Downloaded ndk-glue v0.1.0
[INFO] [stderr]   Downloaded net2 v0.2.35
[INFO] running `Command { std: "docker" "create" "-v" "/var/lib/crater-agent-workspace/builds/worker-6-tc1/source:/opt/rustwide/workdir:ro,Z" "-v" "/var/lib/crater-agent-workspace/builds/worker-6-tc1/target:/opt/rustwide/target:rw,Z" "-v" "/var/lib/crater-agent-workspace/cargo-home:/opt/rustwide/cargo-home:ro,Z" "-v" "/var/lib/crater-agent-workspace/rustup-home:/opt/rustwide/rustup-home:ro,Z" "-m" "1610612736" "--network" "none" "ghcr.io/rust-lang/crates-build-env/linux@sha256:77db811e55d90add9212f6832c23229e3de5f1c1f9905e8cb07319ea15df73ac" "sleep" "infinity", kill_on_drop: false }`
[INFO] [stdout] 0dd8f308d66059eff45aae62b03f8d6a65b5cd40852565c7805503297bf562ae
[INFO] running `Command { std: "docker" "start" "0dd8f308d66059eff45aae62b03f8d6a65b5cd40852565c7805503297bf562ae", kill_on_drop: false }`
[INFO] running `Command { std: "docker" "inspect" "0dd8f308d66059eff45aae62b03f8d6a65b5cd40852565c7805503297bf562ae", kill_on_drop: false }`
[INFO] running `Command { std: "docker" "exec" "-e" "SOURCE_DIR=/opt/rustwide/workdir" "-e" "CARGO_HOME=/opt/rustwide/cargo-home" "-e" "RUSTUP_HOME=/opt/rustwide/rustup-home" "-e" "CARGO_TARGET_DIR=/opt/rustwide/target" "-w" "/opt/rustwide/workdir" "--user" "0:0" "0dd8f308d66059eff45aae62b03f8d6a65b5cd40852565c7805503297bf562ae" "/opt/rustwide/cargo-home/bin/cargo" "+5c543b0b8c73c7b72bc8284ced4fb22ead15734d" "metadata" "--no-deps" "--format-version=1", kill_on_drop: false }`
[INFO] running `Command { std: "docker" "inspect" "0dd8f308d66059eff45aae62b03f8d6a65b5cd40852565c7805503297bf562ae", kill_on_drop: false }`
[INFO] running `Command { std: "docker" "exec" "-e" "SOURCE_DIR=/opt/rustwide/workdir" "-e" "CARGO_HOME=/opt/rustwide/cargo-home" "-e" "RUSTUP_HOME=/opt/rustwide/rustup-home" "-e" "CARGO_TARGET_DIR=/opt/rustwide/target" "-e" "CARGO_INCREMENTAL=0" "-e" "RUST_BACKTRACE=full" "-e" "RUSTFLAGS=--cap-lints=forbid" "-e" "RUSTDOCFLAGS=--cap-lints=forbid" "-w" "/opt/rustwide/workdir" "--user" "0:0" "0dd8f308d66059eff45aae62b03f8d6a65b5cd40852565c7805503297bf562ae" "/opt/rustwide/cargo-home/bin/cargo" "+5c543b0b8c73c7b72bc8284ced4fb22ead15734d" "check" "--frozen" "--all" "--all-targets" "--message-format=json", kill_on_drop: false }`
[INFO] [stderr]    Compiling libc v0.2.79
[INFO] [stderr]    Compiling log v0.4.11
[INFO] [stderr]    Compiling xml-rs v0.8.3
[INFO] [stderr]    Compiling maybe-uninit v2.0.0
[INFO] [stderr]    Compiling proc-macro2 v1.0.24
[INFO] [stderr]    Compiling num-traits v0.2.12
[INFO] [stderr]    Compiling unicode-xid v0.2.1
[INFO] [stderr]     Checking scopeguard v1.1.0
[INFO] [stderr]    Compiling byteorder v1.3.4
[INFO] [stderr]    Compiling syn v1.0.43
[INFO] [stderr]    Compiling crossbeam-utils v0.7.2
[INFO] [stderr]    Compiling proc-macro2 v0.4.30
[INFO] [stderr]    Compiling bitflags v1.2.1
[INFO] [stderr]    Compiling cfg-if v0.1.10
[INFO] [stderr]    Compiling unicode-xid v0.1.0
[INFO] [stderr]    Compiling serde_derive v1.0.116
[INFO] [stderr]    Compiling memoffset v0.5.6
[INFO] [stderr]    Compiling serde v1.0.116
[INFO] [stderr]    Compiling crossbeam-epoch v0.8.2
[INFO] [stderr]    Compiling memchr v2.3.3
[INFO] [stderr]     Checking smallvec v1.4.2
[INFO] [stderr]    Compiling semver-parser v0.7.0
[INFO] [stderr]    Compiling nix v0.14.1
[INFO] [stderr]     Checking libloading v0.6.4
[INFO] [stderr]     Checking slab v0.4.2
[INFO] [stderr]     Checking void v1.0.2
[INFO] [stderr]    Compiling getrandom v0.1.15
[INFO] [stderr]     Checking lock_api v0.3.4
[INFO] [stderr]    Compiling pkg-config v0.3.18
[INFO] [stderr]     Checking bytemuck v1.4.1
[INFO] [stderr]    Compiling wide v0.4.6
[INFO] [stderr]    Compiling num-integer v0.1.43
[INFO] [stderr]     Checking downcast-rs v1.2.0
[INFO] [stderr]    Compiling crc32fast v1.2.0
[INFO] [stderr]     Checking net2 v0.2.35
[INFO] [stderr]     Checking iovec v0.1.4
[INFO] [stderr]    Compiling gl_generator v0.14.0
[INFO] [stderr]     Checking dlib v0.4.2
[INFO] [stderr]    Compiling semver v0.9.0
[INFO] [stderr]     Checking wayland-sys v0.23.6
[INFO] [stderr]     Checking stb_truetype v0.3.1
[INFO] [stderr]    Compiling rustc_version v0.2.3
[INFO] [stderr]     Checking parking_lot_core v0.7.2
[INFO] [stderr]     Checking walkdir v2.3.1
[INFO] [stderr]     Checking mio v0.6.22
[INFO] [stderr]     Checking adler32 v1.2.0
[INFO] [stderr]     Checking rand_core v0.5.1
[INFO] [stdout] error[E0432]: unresolved import `core::intrinsics::exp2f32`
[INFO] [stdout]    --> /opt/rustwide/cargo-home/registry/src/index.crates.io-1949cf8c6b5b557f/wide-0.4.6/src/m_f32x4.rs:341:11
[INFO] [stdout]     |
[INFO] [stdout] 341 |       use core::intrinsics::exp2f32;
[INFO] [stdout]     |           ^^^^^^^^^^^^^^^^^^-------
[INFO] [stdout]     |                             |
[INFO] [stdout]     |                             no `exp2f32` in `intrinsics`
[INFO] [stdout] 
[INFO] [stdout] 
[INFO] [stdout] error[E0432]: unresolved import `core::intrinsics::expf32`
[INFO] [stdout]    --> /opt/rustwide/cargo-home/registry/src/index.crates.io-1949cf8c6b5b557f/wide-0.4.6/src/m_f32x4.rs:356:11
[INFO] [stdout]     |
[INFO] [stdout] 356 |       use core::intrinsics::expf32;
[INFO] [stdout]     |           ^^^^^^^^^^^^^^^^^^------
[INFO] [stdout]     |                             |
[INFO] [stdout]     |                             no `expf32` in `intrinsics`
[INFO] [stdout]     |
[INFO] [stdout] help: a similar name exists in the module
[INFO] [stdout]     |
[INFO] [stdout] 356 -       use core::intrinsics::expf32;
[INFO] [stdout] 356 +       use core::intrinsics::exp2;
[INFO] [stdout]     |
[INFO] [stdout] 
[INFO] [stdout] 
[INFO] [stdout] error[E0432]: unresolved import `core::intrinsics::log10f32`
[INFO] [stdout]    --> /opt/rustwide/cargo-home/registry/src/index.crates.io-1949cf8c6b5b557f/wide-0.4.6/src/m_f32x4.rs:371:11
[INFO] [stdout]     |
[INFO] [stdout] 371 |       use core::intrinsics::log10f32;
[INFO] [stdout]     |           ^^^^^^^^^^^^^^^^^^--------
[INFO] [stdout]     |                             |
[INFO] [stdout]     |                             no `log10f32` in `intrinsics`
[INFO] [stdout] 
[INFO] [stdout] 
[INFO] [stdout] error[E0432]: unresolved import `core::intrinsics::log2f32`
[INFO] [stdout]    --> /opt/rustwide/cargo-home/registry/src/index.crates.io-1949cf8c6b5b557f/wide-0.4.6/src/m_f32x4.rs:386:11
[INFO] [stdout]     |
[INFO] [stdout] 386 |       use core::intrinsics::log2f32;
[INFO] [stdout]     |           ^^^^^^^^^^^^^^^^^^-------
[INFO] [stdout]     |                             |
[INFO] [stdout]     |                             no `log2f32` in `intrinsics`
[INFO] [stdout] 
[INFO] [stdout] 
[INFO] [stdout] error[E0432]: unresolved import `core::intrinsics::logf32`
[INFO] [stdout]    --> /opt/rustwide/cargo-home/registry/src/index.crates.io-1949cf8c6b5b557f/wide-0.4.6/src/m_f32x4.rs:422:11
[INFO] [stdout]     |
[INFO] [stdout] 422 |       use core::intrinsics::logf32;
[INFO] [stdout]     |           ^^^^^^^^^^^^^^^^^^------
[INFO] [stdout]     |                             |
[INFO] [stdout]     |                             no `logf32` in `intrinsics`
[INFO] [stdout]     |
[INFO] [stdout] help: a similar name exists in the module
[INFO] [stdout]     |
[INFO] [stdout] 422 -       use core::intrinsics::logf32;
[INFO] [stdout] 422 +       use core::intrinsics::powf32;
[INFO] [stdout]     |
[INFO] [stdout] 
[INFO] [stdout] 
[INFO] [stderr]    Compiling x11-dl v2.18.5
[INFO] [stderr]    Compiling cc v1.0.61
[INFO] [stderr]    Compiling rayon-core v1.8.1
[INFO] [stdout] error[E0635]: unknown feature `stdsimd`
[INFO] [stdout]  --> /opt/rustwide/cargo-home/registry/src/index.crates.io-1949cf8c6b5b557f/wide-0.4.6/src/lib.rs:3:52
[INFO] [stdout]   |
[INFO] [stdout] 3 | #![cfg_attr(feature = "toolchain_nightly", feature(stdsimd))]
[INFO] [stdout]   |                                                    ^^^^^^^
[INFO] [stdout] 
[INFO] [stdout] 
[INFO] [stderr]     Checking xdg v2.2.0
[INFO] [stderr]     Checking parking_lot v0.10.2
[INFO] [stderr]     Checking crossbeam-channel v0.4.4
[INFO] [stderr]    Compiling parking_lot_core v0.6.2
[INFO] [stderr]    Compiling parking_lot v0.9.0
[INFO] [stderr]    Compiling quote v1.0.7
[INFO] [stderr]    Compiling quote v0.6.13
[INFO] [stderr]     Checking crossbeam-queue v0.2.3
[INFO] [stdout] Some errors have detailed explanations: E0432, E0635.
[INFO] [stdout] 
[INFO] [stdout] For more information about an error, try `rustc --explain E0432`.
[INFO] [stdout] 
[INFO] [stderr] error: could not compile `wide` (lib) due to 6 previous errors
[INFO] [stderr] warning: build failed, waiting for other jobs to finish...
[INFO] running `Command { std: "docker" "inspect" "0dd8f308d66059eff45aae62b03f8d6a65b5cd40852565c7805503297bf562ae", kill_on_drop: false }`
[INFO] running `Command { std: "docker" "rm" "-f" "0dd8f308d66059eff45aae62b03f8d6a65b5cd40852565c7805503297bf562ae", kill_on_drop: false }`
[INFO] [stdout] 0dd8f308d66059eff45aae62b03f8d6a65b5cd40852565c7805503297bf562ae
