[INFO] cloning repository https://github.com/chazkiker2/reach-lms-rocket
[INFO] running `Command { std: "git" "-c" "credential.helper=" "-c" "credential.helper=/workspace/cargo-home/bin/git-credential-null" "clone" "--bare" "https://github.com/chazkiker2/reach-lms-rocket" "/workspace/cache/git-repos/https%3A%2F%2Fgithub.com%2Fchazkiker2%2Freach-lms-rocket", kill_on_drop: false }`
[INFO] [stderr] Cloning into bare repository '/workspace/cache/git-repos/https%3A%2F%2Fgithub.com%2Fchazkiker2%2Freach-lms-rocket'...
[INFO] running `Command { std: "git" "rev-parse" "HEAD", kill_on_drop: false }`
[INFO] [stdout] 1d23d435fba075fe5b8bf117ed2b37bfa0c533ac
[INFO] checking chazkiker2/reach-lms-rocket against 5c543b0b8c73c7b72bc8284ced4fb22ead15734d for pr-160186
[INFO] running `Command { std: "git" "clone" "/workspace/cache/git-repos/https%3A%2F%2Fgithub.com%2Fchazkiker2%2Freach-lms-rocket" "/workspace/builds/worker-1-tc1/source", kill_on_drop: false }`
[INFO] [stderr] Cloning into '/workspace/builds/worker-1-tc1/source'...
[INFO] [stderr] done.
[INFO] started tweaking git repo https://github.com/chazkiker2/reach-lms-rocket
[INFO] finished tweaking git repo https://github.com/chazkiker2/reach-lms-rocket
[INFO] tweaked toml for git repo https://github.com/chazkiker2/reach-lms-rocket written to /workspace/builds/worker-1-tc1/source/Cargo.toml
[INFO] validating manifest of git repo https://github.com/chazkiker2/reach-lms-rocket on toolchain 5c543b0b8c73c7b72bc8284ced4fb22ead15734d
[INFO] running `Command { std: CARGO_HOME="/workspace/cargo-home" RUSTUP_HOME="/workspace/rustup-home" "/workspace/cargo-home/bin/cargo" "+5c543b0b8c73c7b72bc8284ced4fb22ead15734d" "metadata" "--manifest-path" "Cargo.toml" "--no-deps", kill_on_drop: false }`
[INFO] crate git repo https://github.com/chazkiker2/reach-lms-rocket already has a lockfile, it will not be regenerated
[INFO] running `Command { std: CARGO_HOME="/workspace/cargo-home" RUSTUP_HOME="/workspace/rustup-home" "/workspace/cargo-home/bin/cargo" "+5c543b0b8c73c7b72bc8284ced4fb22ead15734d" "fetch" "--manifest-path" "Cargo.toml", kill_on_drop: false }`
[INFO] [stderr]     Updating crates.io index
[INFO] [stderr]  Downloading crates ...
[INFO] [stderr]   Downloaded validator_derive v0.10.1
[INFO] [stderr]   Downloaded validator v0.10.1
[INFO] [stderr]   Downloaded matches v0.1.8
[INFO] [stderr]   Downloaded hermit-abi v0.1.18
[INFO] [stderr]   Downloaded num_cpus v1.13.0
[INFO] [stderr]   Downloaded unicase v1.4.2
[INFO] [stderr]   Downloaded devise v0.2.0
[INFO] [stderr]   Downloaded devise_codegen v0.2.0
[INFO] [stderr]   Downloaded scheduled-thread-pool v0.2.5
[INFO] [stderr]   Downloaded instant v0.1.9
[INFO] [stderr]   Downloaded dotenv v0.15.0
[INFO] [stderr]   Downloaded fsevent v0.4.0
[INFO] [stderr]   Downloaded percent-encoding v1.0.1
[INFO] [stderr]   Downloaded fsevent-sys v2.0.1
[INFO] [stderr]   Downloaded tinyvec_macros v0.1.0
[INFO] [stderr]   Downloaded if_chain v1.0.1
[INFO] [stderr]   Downloaded slug v0.1.4
[INFO] [stderr]   Downloaded rand v0.3.23
[INFO] [stderr]   Downloaded pear v0.1.4
[INFO] [stderr]   Downloaded language-tags v0.2.2
[INFO] [stderr]   Downloaded slab v0.4.3
[INFO] [stderr]   Downloaded filetime v0.2.14
[INFO] [stderr]   Downloaded version_check v0.9.3
[INFO] [stderr]   Downloaded itoa v0.4.7
[INFO] [stderr]   Downloaded typeable v0.1.2
[INFO] [stderr]   Downloaded traitobject v0.1.0
[INFO] [stderr]   Downloaded pq-sys v0.4.6
[INFO] [stderr]   Downloaded pear_codegen v0.1.4
[INFO] [stderr]   Downloaded safemem v0.3.3
[INFO] [stderr]   Downloaded inotify-sys v0.1.5
[INFO] [stderr]   Downloaded version_check v0.1.5
[INFO] [stderr]   Downloaded mime v0.2.6
[INFO] [stderr]   Downloaded log v0.3.9
[INFO] [stderr]   Downloaded cookie v0.11.4
[INFO] [stderr]   Downloaded glob v0.3.0
[INFO] [stderr]   Downloaded devise_core v0.2.0
[INFO] [stderr]   Downloaded bitflags v1.2.1
[INFO] [stderr]   Downloaded rocket_contrib_codegen v0.4.9
[INFO] [stderr]   Downloaded r2d2 v0.8.9
[INFO] [stderr]   Downloaded parking_lot_core v0.8.3
[INFO] [stderr]   Downloaded lock_api v0.4.4
[INFO] [stderr]   Downloaded inotify v0.7.1
[INFO] [stderr]   Downloaded vcpkg v0.2.12
[INFO] [stderr]   Downloaded ppv-lite86 v0.2.10
[INFO] [stderr]   Downloaded untrusted v0.6.2
[INFO] [stderr]   Downloaded url v2.2.2
[INFO] [stderr]   Downloaded form_urlencoded v1.0.1
[INFO] [stderr]   Downloaded quote v1.0.9
[INFO] [stderr]   Downloaded time v0.1.43
[INFO] [stderr]   Downloaded yansi v0.5.0
[INFO] [stderr]   Downloaded httparse v1.4.1
[INFO] [stderr]   Downloaded base64 v0.9.3
[INFO] [stderr]   Downloaded rocket_contrib v0.4.9
[INFO] [stderr]   Downloaded parking_lot v0.11.1
[INFO] [stderr]   Downloaded redox_syscall v0.2.8
[INFO] [stderr]   Downloaded diesel_derives v1.4.1
[INFO] [stderr]   Downloaded num-traits v0.2.14
[INFO] [stderr]   Downloaded num-integer v0.1.44
[INFO] [stderr]   Downloaded once_cell v1.7.2
[INFO] [stderr]   Downloaded jsonwebtoken v6.0.1
[INFO] [stderr]   Downloaded base64 v0.10.1
[INFO] [stderr]   Downloaded unicode-bidi v0.3.5
[INFO] [stderr]   Downloaded unicase v2.6.0
[INFO] [stderr]   Downloaded state v0.4.2
[INFO] [stderr]   Downloaded smallvec v1.6.1
[INFO] [stderr]   Downloaded rustc-serialize v0.3.24
[INFO] [stderr]   Downloaded gcc v0.3.55
[INFO] [stderr]   Downloaded toml v0.4.10
[INFO] [stderr]   Downloaded autocfg v1.0.1
[INFO] [stderr]   Downloaded log v0.4.14
[INFO] [stderr]   Downloaded tinyvec v1.2.0
[INFO] [stderr]   Downloaded serde_derive v1.0.126
[INFO] [stderr]   Downloaded proc-macro2 v1.0.27
[INFO] [stderr]   Downloaded memchr v2.4.0
[INFO] [stderr]   Downloaded rocket_cors v0.5.2
[INFO] [stderr]   Downloaded rocket_http v0.4.9
[INFO] [stderr]   Downloaded indexmap v1.6.2
[INFO] [stderr]   Downloaded base64 v0.13.0
[INFO] [stderr]   Downloaded notify v4.0.17
[INFO] [stderr]   Downloaded cc v1.0.67
[INFO] [stderr]   Downloaded ryu v1.0.5
[INFO] [stderr]   Downloaded rand v0.4.6
[INFO] [stderr]   Downloaded hashbrown v0.9.1
[INFO] [stderr]   Downloaded url v1.7.2
[INFO] [stderr]   Downloaded rocket_codegen v0.4.9
[INFO] [stderr]   Downloaded unicode-normalization v0.1.17
[INFO] [stderr]   Downloaded serde v1.0.126
[INFO] [stderr]   Downloaded serde_json v1.0.64
[INFO] [stderr]   Downloaded deunicode v0.4.3
[INFO] [stderr]   Downloaded hyper v0.10.16
[INFO] [stderr]   Downloaded chrono v0.4.19
[INFO] [stderr]   Downloaded rocket v0.4.9
[INFO] [stderr]   Downloaded diesel v1.4.6
[INFO] [stderr]   Downloaded idna v0.2.3
[INFO] [stderr]   Downloaded syn v0.15.44
[INFO] [stderr]   Downloaded syn v1.0.72
[INFO] [stderr]   Downloaded idna v0.1.5
[INFO] [stderr]   Downloaded libc v0.2.94
[INFO] [stderr]   Downloaded rust-crypto v0.2.36
[INFO] [stderr]   Downloaded ring v0.14.6
[INFO] running `Command { std: "docker" "create" "-v" "/var/lib/crater-agent-workspace/builds/worker-1-tc1/source:/opt/rustwide/workdir:ro,Z" "-v" "/var/lib/crater-agent-workspace/builds/worker-1-tc1/target:/opt/rustwide/target:rw,Z" "-v" "/var/lib/crater-agent-workspace/cargo-home:/opt/rustwide/cargo-home:ro,Z" "-v" "/var/lib/crater-agent-workspace/rustup-home:/opt/rustwide/rustup-home:ro,Z" "-m" "1610612736" "--network" "none" "ghcr.io/rust-lang/crates-build-env/linux@sha256:77db811e55d90add9212f6832c23229e3de5f1c1f9905e8cb07319ea15df73ac" "sleep" "infinity", kill_on_drop: false }`
[INFO] [stdout] ef9d2225fc05f0dbcfa095fdf11f2ae115e2925236b803cfb2a465f477ae288a
[INFO] running `Command { std: "docker" "start" "ef9d2225fc05f0dbcfa095fdf11f2ae115e2925236b803cfb2a465f477ae288a", kill_on_drop: false }`
[INFO] running `Command { std: "docker" "inspect" "ef9d2225fc05f0dbcfa095fdf11f2ae115e2925236b803cfb2a465f477ae288a", kill_on_drop: false }`
[INFO] running `Command { std: "docker" "exec" "-e" "SOURCE_DIR=/opt/rustwide/workdir" "-e" "CARGO_HOME=/opt/rustwide/cargo-home" "-e" "RUSTUP_HOME=/opt/rustwide/rustup-home" "-e" "CARGO_TARGET_DIR=/opt/rustwide/target" "-w" "/opt/rustwide/workdir" "--user" "0:0" "ef9d2225fc05f0dbcfa095fdf11f2ae115e2925236b803cfb2a465f477ae288a" "/opt/rustwide/cargo-home/bin/cargo" "+5c543b0b8c73c7b72bc8284ced4fb22ead15734d" "metadata" "--no-deps" "--format-version=1", kill_on_drop: false }`
[INFO] running `Command { std: "docker" "inspect" "ef9d2225fc05f0dbcfa095fdf11f2ae115e2925236b803cfb2a465f477ae288a", kill_on_drop: false }`
[INFO] running `Command { std: "docker" "exec" "-e" "SOURCE_DIR=/opt/rustwide/workdir" "-e" "CARGO_HOME=/opt/rustwide/cargo-home" "-e" "RUSTUP_HOME=/opt/rustwide/rustup-home" "-e" "CARGO_TARGET_DIR=/opt/rustwide/target" "-e" "CARGO_INCREMENTAL=0" "-e" "RUST_BACKTRACE=full" "-e" "RUSTFLAGS=--cap-lints=forbid" "-e" "RUSTDOCFLAGS=--cap-lints=forbid" "-w" "/opt/rustwide/workdir" "--user" "0:0" "ef9d2225fc05f0dbcfa095fdf11f2ae115e2925236b803cfb2a465f477ae288a" "/opt/rustwide/cargo-home/bin/cargo" "+5c543b0b8c73c7b72bc8284ced4fb22ead15734d" "check" "--frozen" "--all" "--all-targets" "--message-format=json", kill_on_drop: false }`
[INFO] [stderr]    Compiling libc v0.2.94
[INFO] [stderr]     Checking cfg-if v1.0.0
[INFO] [stderr]    Compiling version_check v0.9.3
[INFO] [stderr]    Compiling log v0.4.14
[INFO] [stderr]    Compiling proc-macro2 v1.0.27
[INFO] [stderr]    Compiling autocfg v1.0.1
[INFO] [stderr]    Compiling unicode-xid v0.2.2
[INFO] [stderr]    Compiling syn v1.0.72
[INFO] [stderr]    Compiling yansi v0.5.0
[INFO] [stderr]    Compiling proc-macro2 v0.4.30
[INFO] [stderr]    Compiling unicode-xid v0.1.0
[INFO] [stderr]    Compiling serde_derive v1.0.126
[INFO] [stderr]    Compiling syn v0.15.44
[INFO] [stderr]    Compiling serde v1.0.126
[INFO] [stderr]    Compiling matches v0.1.8
[INFO] [stderr]    Compiling bitflags v1.2.1
[INFO] [stderr]    Compiling tinyvec_macros v0.1.0
[INFO] [stderr]    Compiling tinyvec v1.2.0
[INFO] [stderr]    Compiling memchr v2.4.0
[INFO] [stderr]    Compiling unicode-bidi v0.3.5
[INFO] [stderr]    Compiling version_check v0.1.5
[INFO] [stderr]    Compiling httparse v1.4.1
[INFO] [stderr]    Compiling quote v0.6.13
[INFO] [stderr]    Compiling unicase v1.4.2
[INFO] [stderr]    Compiling quote v1.0.9
[INFO] [stderr]     Checking time v0.1.43
[INFO] [stderr]    Compiling pear_codegen v0.1.4
[INFO] [stderr]    Compiling ryu v1.0.5
[INFO] [stderr]    Compiling percent-encoding v2.1.0
[INFO] [stderr]    Compiling indexmap v1.6.2
[INFO] [stderr]     Checking byteorder v1.4.3
[INFO] [stderr]     Checking smallvec v1.6.1
[INFO] [stderr]    Compiling unicode-normalization v0.1.17
[INFO] [stderr]    Compiling serde_json v1.0.64
[INFO] [stderr]    Compiling log v0.3.9
[INFO] [stderr]    Compiling num-traits v0.2.14
[INFO] [stderr]    Compiling safemem v0.3.3
[INFO] [stderr]    Compiling percent-encoding v1.0.1
[INFO] [stderr]    Compiling mime v0.2.6
[INFO] [stderr]    Compiling num_cpus v1.13.0
[INFO] [stderr]    Compiling base64 v0.9.3
[INFO] [stderr]     Checking idna v0.1.5
[INFO] [stderr]    Compiling num-integer v0.1.44
[INFO] [stderr]     Checking instant v0.1.9
[INFO] [stderr]    Compiling language-tags v0.2.2
[INFO] [stderr]     Checking scopeguard v1.1.0
[INFO] [stderr]    Compiling typeable v0.1.2
[INFO] [stderr]    Compiling traitobject v0.1.0
[INFO] [stderr]    Compiling hashbrown v0.9.1
[INFO] [stdout] error[E0119]: conflicting implementations of trait `Trait` for type `(dyn Send + Sync + 'static)`
[INFO] [stdout]   --> /opt/rustwide/cargo-home/registry/src/index.crates.io-1949cf8c6b5b557f/traitobject-0.1.0/src/impls.rs:72:1
[INFO] [stdout]    |
[INFO] [stdout] 71 | unsafe impl Trait for ::std::marker::Send + Sync { }
[INFO] [stdout]    | ------------------------------------------------ first implementation here
[INFO] [stdout] 72 | unsafe impl Trait for ::std::marker::Send + Send + Sync { }
[INFO] [stdout]    | ^^^^^^^^^^^^^^^^^^^^^^^^^^^^^^^^^^^^^^^^^^^^^^^^^^^^^^^ conflicting implementation for `(dyn Send + Sync + 'static)`
[INFO] [stdout] 
[INFO] [stdout] 
[INFO] [stdout] error[E0119]: conflicting implementations of trait `Trait` for type `(dyn Send + Sync + 'static)`
[INFO] [stdout]   --> /opt/rustwide/cargo-home/registry/src/index.crates.io-1949cf8c6b5b557f/traitobject-0.1.0/src/impls.rs:73:1
[INFO] [stdout]    |
[INFO] [stdout] 71 | unsafe impl Trait for ::std::marker::Send + Sync { }
[INFO] [stdout]    | ------------------------------------------------ first implementation here
[INFO] [stdout] 72 | unsafe impl Trait for ::std::marker::Send + Send + Sync { }
[INFO] [stdout] 73 | unsafe impl Trait for ::std::marker::Sync + Send { }
[INFO] [stdout]    | ^^^^^^^^^^^^^^^^^^^^^^^^^^^^^^^^^^^^^^^^^^^^^^^^ conflicting implementation for `(dyn Send + Sync + 'static)`
[INFO] [stdout] 
[INFO] [stdout] 
[INFO] [stdout] error[E0119]: conflicting implementations of trait `Trait` for type `(dyn Send + Sync + 'static)`
[INFO] [stdout]   --> /opt/rustwide/cargo-home/registry/src/index.crates.io-1949cf8c6b5b557f/traitobject-0.1.0/src/impls.rs:75:1
[INFO] [stdout]    |
[INFO] [stdout] 71 | unsafe impl Trait for ::std::marker::Send + Sync { }
[INFO] [stdout]    | ------------------------------------------------ first implementation here
[INFO] [stdout] ...
[INFO] [stdout] 75 | unsafe impl Trait for ::std::marker::Sync + Send + Sync { }
[INFO] [stdout]    | ^^^^^^^^^^^^^^^^^^^^^^^^^^^^^^^^^^^^^^^^^^^^^^^^^^^^^^^ conflicting implementation for `(dyn Send + Sync + 'static)`
[INFO] [stdout] 
[INFO] [stdout] 
[INFO] [stdout] For more information about this error, try `rustc --explain E0119`.
[INFO] [stdout] 
[INFO] [stderr] error: could not compile `traitobject` (lib) due to 3 previous errors
[INFO] [stderr] warning: build failed, waiting for other jobs to finish...
[INFO] running `Command { std: "docker" "inspect" "ef9d2225fc05f0dbcfa095fdf11f2ae115e2925236b803cfb2a465f477ae288a", kill_on_drop: false }`
[INFO] running `Command { std: "docker" "rm" "-f" "ef9d2225fc05f0dbcfa095fdf11f2ae115e2925236b803cfb2a465f477ae288a", kill_on_drop: false }`
[INFO] [stdout] ef9d2225fc05f0dbcfa095fdf11f2ae115e2925236b803cfb2a465f477ae288a
