[INFO] cloning repository https://github.com/bsaintjo/dist-sys
[INFO] running `Command { std: "git" "-c" "credential.helper=" "-c" "credential.helper=/workspace/cargo-home/bin/git-credential-null" "clone" "--bare" "https://github.com/bsaintjo/dist-sys" "/workspace/cache/git-repos/https%3A%2F%2Fgithub.com%2Fbsaintjo%2Fdist-sys", kill_on_drop: false }`
[INFO] [stderr] Cloning into bare repository '/workspace/cache/git-repos/https%3A%2F%2Fgithub.com%2Fbsaintjo%2Fdist-sys'...
[INFO] running `Command { std: "git" "rev-parse" "HEAD", kill_on_drop: false }`
[INFO] [stdout] b369420b7b452d34e6a9e790a39b05bd3c4f4baa
[INFO] checking bsaintjo/dist-sys against 895980e0290783bb09b1ccf1b11f14eb09b10430 for pr-160186
[INFO] running `Command { std: "git" "clone" "/workspace/cache/git-repos/https%3A%2F%2Fgithub.com%2Fbsaintjo%2Fdist-sys" "/workspace/builds/worker-5-tc2/source", kill_on_drop: false }`
[INFO] [stderr] Cloning into '/workspace/builds/worker-5-tc2/source'...
[INFO] [stderr] done.
[INFO] started tweaking git repo https://github.com/bsaintjo/dist-sys
[INFO] finished tweaking git repo https://github.com/bsaintjo/dist-sys
[INFO] tweaked toml for git repo https://github.com/bsaintjo/dist-sys written to /workspace/builds/worker-5-tc2/source/Cargo.toml
[INFO] validating manifest of git repo https://github.com/bsaintjo/dist-sys on toolchain 895980e0290783bb09b1ccf1b11f14eb09b10430
[INFO] running `Command { std: CARGO_HOME="/workspace/cargo-home" RUSTUP_HOME="/workspace/rustup-home" "/workspace/cargo-home/bin/cargo" "+895980e0290783bb09b1ccf1b11f14eb09b10430" "metadata" "--manifest-path" "Cargo.toml" "--no-deps", kill_on_drop: false }`
[INFO] crate git repo https://github.com/bsaintjo/dist-sys already has a lockfile, it will not be regenerated
[INFO] running `Command { std: CARGO_HOME="/workspace/cargo-home" RUSTUP_HOME="/workspace/rustup-home" "/workspace/cargo-home/bin/cargo" "+895980e0290783bb09b1ccf1b11f14eb09b10430" "fetch" "--manifest-path" "Cargo.toml", kill_on_drop: false }`
[INFO] running `Command { std: "docker" "create" "-v" "/var/lib/crater-agent-workspace/builds/worker-5-tc2/source:/opt/rustwide/workdir:ro,Z" "-v" "/var/lib/crater-agent-workspace/builds/worker-5-tc2/target:/opt/rustwide/target:rw,Z" "-v" "/var/lib/crater-agent-workspace/cargo-home:/opt/rustwide/cargo-home:ro,Z" "-v" "/var/lib/crater-agent-workspace/rustup-home:/opt/rustwide/rustup-home:ro,Z" "-m" "1610612736" "--network" "none" "ghcr.io/rust-lang/crates-build-env/linux@sha256:77db811e55d90add9212f6832c23229e3de5f1c1f9905e8cb07319ea15df73ac" "sleep" "infinity", kill_on_drop: false }`
[INFO] [stdout] 0cf8005fa81eb782a98afab4d8d6b89958aa4f9a3a023d97ce58ffb9886ff247
[INFO] running `Command { std: "docker" "start" "0cf8005fa81eb782a98afab4d8d6b89958aa4f9a3a023d97ce58ffb9886ff247", kill_on_drop: false }`
[INFO] running `Command { std: "docker" "inspect" "0cf8005fa81eb782a98afab4d8d6b89958aa4f9a3a023d97ce58ffb9886ff247", kill_on_drop: false }`
[INFO] running `Command { std: "docker" "exec" "-e" "SOURCE_DIR=/opt/rustwide/workdir" "-e" "CARGO_HOME=/opt/rustwide/cargo-home" "-e" "RUSTUP_HOME=/opt/rustwide/rustup-home" "-e" "CARGO_TARGET_DIR=/opt/rustwide/target" "-w" "/opt/rustwide/workdir" "--user" "0:0" "0cf8005fa81eb782a98afab4d8d6b89958aa4f9a3a023d97ce58ffb9886ff247" "/opt/rustwide/cargo-home/bin/cargo" "+895980e0290783bb09b1ccf1b11f14eb09b10430" "metadata" "--no-deps" "--format-version=1", kill_on_drop: false }`
[INFO] running `Command { std: "docker" "inspect" "0cf8005fa81eb782a98afab4d8d6b89958aa4f9a3a023d97ce58ffb9886ff247", kill_on_drop: false }`
[INFO] running `Command { std: "docker" "exec" "-e" "SOURCE_DIR=/opt/rustwide/workdir" "-e" "CARGO_HOME=/opt/rustwide/cargo-home" "-e" "RUSTUP_HOME=/opt/rustwide/rustup-home" "-e" "CARGO_TARGET_DIR=/opt/rustwide/target" "-e" "CARGO_INCREMENTAL=0" "-e" "RUST_BACKTRACE=full" "-e" "RUSTFLAGS=--cap-lints=forbid" "-e" "RUSTDOCFLAGS=--cap-lints=forbid" "-w" "/opt/rustwide/workdir" "--user" "0:0" "0cf8005fa81eb782a98afab4d8d6b89958aa4f9a3a023d97ce58ffb9886ff247" "/opt/rustwide/cargo-home/bin/cargo" "+895980e0290783bb09b1ccf1b11f14eb09b10430" "check" "--frozen" "--all" "--all-targets" "--message-format=json", kill_on_drop: false }`
[INFO] [stderr]    Compiling proc-macro2 v1.0.86
[INFO] [stderr]    Compiling unicode-ident v1.0.12
[INFO] [stderr]     Checking pin-project-lite v0.2.14
[INFO] [stderr]    Compiling crossbeam-utils v0.8.20
[INFO] [stderr]    Compiling autocfg v1.3.0
[INFO] [stderr]     Checking parking v2.2.0
[INFO] [stderr]    Compiling libc v0.2.155
[INFO] [stderr]     Checking once_cell v1.19.0
[INFO] [stderr]     Checking futures-core v0.3.30
[INFO] [stderr]     Checking futures-io v0.3.30
[INFO] [stderr]     Checking fastrand v2.1.0
[INFO] [stderr]     Checking tracing-core v0.1.32
[INFO] [stderr]    Compiling rustix v0.38.34
[INFO] [stderr]     Checking bitflags v2.6.0
[INFO] [stderr]     Checking futures-lite v2.3.0
[INFO] [stderr]     Checking linux-raw-sys v0.4.14
[INFO] [stderr]    Compiling slab v0.4.9
[INFO] [stderr]     Checking async-task v4.7.1
[INFO] [stderr]     Checking concurrent-queue v2.5.0
[INFO] [stderr]     Checking byteorder v1.5.0
[INFO] [stderr]     Checking piper v0.2.4
[INFO] [stderr]    Compiling num-traits v0.2.19
[INFO] [stderr]     Checking event-listener v5.3.1
[INFO] [stderr]    Compiling serde v1.0.206
[INFO] [stderr]     Checking log v0.4.22
[INFO] [stderr]    Compiling quote v1.0.36
[INFO] [stderr]     Checking getrandom v0.2.15
[INFO] [stderr]     Checking event-listener-strategy v0.5.2
[INFO] [stderr]     Checking signal-hook-registry v1.4.2
[INFO] [stderr]     Checking rand_core v0.6.4
[INFO] [stderr]     Checking async-lock v3.4.0
[INFO] [stderr]     Checking async-channel v2.3.1
[INFO] [stderr]     Checking thread_local v1.1.8
[INFO] [stderr]    Compiling syn v2.0.74
[INFO] [stderr]     Checking blocking v1.6.1
[INFO] [stderr]     Checking lazy_static v1.5.0
[INFO] [stderr]     Checking overload v0.1.1
[INFO] [stderr]    Compiling serde_json v1.0.124
[INFO] [stderr]     Checking iana-time-zone v0.1.60
[INFO] [stderr]     Checking sharded-slab v0.1.7
[INFO] [stderr]     Checking nu-ansi-term v0.46.0
[INFO] [stderr]     Checking async-executor v1.13.0
[INFO] [stderr]     Checking tracing-log v0.2.0
[INFO] [stderr]     Checking is-terminal v0.4.12
[INFO] [stderr]     Checking smallvec v1.13.2
[INFO] [stderr]     Checking memchr v2.7.4
[INFO] [stderr]     Checking ryu v1.0.18
[INFO] [stderr]     Checking chrono v0.4.38
[INFO] [stderr]     Checking async-fs v2.1.2
[INFO] [stderr]     Checking itoa v1.0.11
[INFO] [stderr]     Checking tracing-subscriber v0.3.18
[INFO] [stderr]     Checking stderrlog v0.6.0
[INFO] [stderr]    Compiling tracing-attributes v0.1.27
[INFO] [stderr]    Compiling zerocopy-derive v0.7.35
[INFO] [stderr]    Compiling serde_derive v1.0.206
[INFO] [stderr]     Checking zerocopy v0.7.35
[INFO] [stderr]     Checking tracing v0.1.40
[INFO] [stderr]     Checking ppv-lite86 v0.2.20
[INFO] [stderr]     Checking polling v3.7.3
[INFO] [stderr]     Checking async-io v2.3.4
[INFO] [stderr]     Checking rand_chacha v0.3.1
[INFO] [stderr]     Checking rand v0.8.5
[INFO] [stderr]     Checking async-signal v0.2.10
[INFO] [stderr]     Checking async-net v2.0.0
[INFO] [stderr]     Checking async-process v2.2.4
[INFO] [stderr]     Checking smol v2.0.0
[INFO] [stderr]     Checking uuid v1.10.0
[INFO] [stderr]     Checking dist-sys v0.1.0 (/opt/rustwide/workdir)
[INFO] [stdout] error[E0004]: non-exhaustive patterns: `&Body::Broadcast { .. }`, `&Body::BroadcastOk`, `&Body::Read` and 3 more not covered
[INFO] [stdout]    --> src/lib.rs:122:15
[INFO] [stdout]     |
[INFO] [stdout] 122 |         match self {
[INFO] [stdout]     |               ^^^^ patterns `&Body::Broadcast { .. }`, `&Body::BroadcastOk`, `&Body::Read` and 3 more not covered
[INFO] [stdout]     |
[INFO] [stdout] note: `Body` defined here
[INFO] [stdout]    --> src/lib.rs:64:10
[INFO] [stdout]     |
[INFO] [stdout]  64 | pub enum Body {
[INFO] [stdout]     |          ^^^^
[INFO] [stdout] ...
[INFO] [stdout]  90 |     Broadcast { message: usize },
[INFO] [stdout]     |     --------- not covered
[INFO] [stdout]  91 |     #[serde(rename = "broadcast_ok")]
[INFO] [stdout]  92 |     BroadcastOk,
[INFO] [stdout]     |     ----------- not covered
[INFO] [stdout] ...
[INFO] [stdout]  95 |     Read,
[INFO] [stdout]     |     ---- not covered
[INFO] [stdout] ...
[INFO] [stdout]  98 |     ReadOk { messages: Vec<usize> },
[INFO] [stdout]     |     ------ not covered
[INFO] [stdout] ...
[INFO] [stdout] 101 |     Topology {
[INFO] [stdout]     |     -------- not covered
[INFO] [stdout]     = note: the matched value is of type `&Body`
[INFO] [stdout] help: ensure that all possible cases are being handled by adding a match arm with a wildcard pattern as shown, or multiple match arms
[INFO] [stdout]     |
[INFO] [stdout] 128 ~             Body::GenerateOk { msg_id, .. } => *msg_id,
[INFO] [stdout] 129 ~             _ => todo!(),
[INFO] [stdout]     |
[INFO] [stdout] 
[INFO] [stdout] 
[INFO] [stdout] error[E0004]: non-exhaustive patterns: `&Body::Broadcast { .. }`, `&Body::BroadcastOk`, `&Body::Read` and 3 more not covered
[INFO] [stdout]    --> src/lib.rs:133:15
[INFO] [stdout]     |
[INFO] [stdout] 133 |         match self {
[INFO] [stdout]     |               ^^^^ patterns `&Body::Broadcast { .. }`, `&Body::BroadcastOk`, `&Body::Read` and 3 more not covered
[INFO] [stdout]     |
[INFO] [stdout] note: `Body` defined here
[INFO] [stdout]    --> src/lib.rs:64:10
[INFO] [stdout]     |
[INFO] [stdout]  64 | pub enum Body {
[INFO] [stdout]     |          ^^^^
[INFO] [stdout] ...
[INFO] [stdout]  90 |     Broadcast { message: usize },
[INFO] [stdout]     |     --------- not covered
[INFO] [stdout]  91 |     #[serde(rename = "broadcast_ok")]
[INFO] [stdout]  92 |     BroadcastOk,
[INFO] [stdout]     |     ----------- not covered
[INFO] [stdout] ...
[INFO] [stdout]  95 |     Read,
[INFO] [stdout]     |     ---- not covered
[INFO] [stdout] ...
[INFO] [stdout]  98 |     ReadOk { messages: Vec<usize> },
[INFO] [stdout]     |     ------ not covered
[INFO] [stdout] ...
[INFO] [stdout] 101 |     Topology {
[INFO] [stdout]     |     -------- not covered
[INFO] [stdout]     = note: the matched value is of type `&Body`
[INFO] [stdout] help: ensure that all possible cases are being handled by adding a match arm with a wildcard pattern as shown, or multiple match arms
[INFO] [stdout]     |
[INFO] [stdout] 139 ~             Body::GenerateOk { .. } => todo!(),
[INFO] [stdout] 140 ~             _ => todo!(),
[INFO] [stdout]     |
[INFO] [stdout] 
[INFO] [stdout] 
[INFO] [stdout] For more information about this error, try `rustc --explain E0004`.
[INFO] [stdout] 
[INFO] [stderr] error: could not compile `dist-sys` (lib) due to 2 previous errors
[INFO] [stderr] warning: build failed, waiting for other jobs to finish...
[INFO] [stdout] error[E0004]: non-exhaustive patterns: `&Body::Broadcast { .. }`, `&Body::BroadcastOk`, `&Body::Read` and 3 more not covered
[INFO] [stdout]    --> src/lib.rs:122:15
[INFO] [stdout]     |
[INFO] [stdout] 122 |         match self {
[INFO] [stdout]     |               ^^^^ patterns `&Body::Broadcast { .. }`, `&Body::BroadcastOk`, `&Body::Read` and 3 more not covered
[INFO] [stdout]     |
[INFO] [stdout] note: `Body` defined here
[INFO] [stdout]    --> src/lib.rs:64:10
[INFO] [stdout]     |
[INFO] [stdout]  64 | pub enum Body {
[INFO] [stdout]     |          ^^^^
[INFO] [stdout] ...
[INFO] [stdout]  90 |     Broadcast { message: usize },
[INFO] [stdout]     |     --------- not covered
[INFO] [stdout]  91 |     #[serde(rename = "broadcast_ok")]
[INFO] [stdout]  92 |     BroadcastOk,
[INFO] [stdout]     |     ----------- not covered
[INFO] [stdout] ...
[INFO] [stdout]  95 |     Read,
[INFO] [stdout]     |     ---- not covered
[INFO] [stdout] ...
[INFO] [stdout]  98 |     ReadOk { messages: Vec<usize> },
[INFO] [stdout]     |     ------ not covered
[INFO] [stdout] ...
[INFO] [stdout] 101 |     Topology {
[INFO] [stdout]     |     -------- not covered
[INFO] [stdout]     = note: the matched value is of type `&Body`
[INFO] [stdout] help: ensure that all possible cases are being handled by adding a match arm with a wildcard pattern as shown, or multiple match arms
[INFO] [stdout]     |
[INFO] [stdout] 128 ~             Body::GenerateOk { msg_id, .. } => *msg_id,
[INFO] [stdout] 129 ~             _ => todo!(),
[INFO] [stdout]     |
[INFO] [stdout] 
[INFO] [stdout] 
[INFO] [stdout] error[E0004]: non-exhaustive patterns: `&Body::Broadcast { .. }`, `&Body::BroadcastOk`, `&Body::Read` and 3 more not covered
[INFO] [stdout]    --> src/lib.rs:133:15
[INFO] [stdout]     |
[INFO] [stdout] 133 |         match self {
[INFO] [stdout]     |               ^^^^ patterns `&Body::Broadcast { .. }`, `&Body::BroadcastOk`, `&Body::Read` and 3 more not covered
[INFO] [stdout]     |
[INFO] [stdout] note: `Body` defined here
[INFO] [stdout]    --> src/lib.rs:64:10
[INFO] [stdout]     |
[INFO] [stdout]  64 | pub enum Body {
[INFO] [stdout]     |          ^^^^
[INFO] [stdout] ...
[INFO] [stdout]  90 |     Broadcast { message: usize },
[INFO] [stdout]     |     --------- not covered
[INFO] [stdout]  91 |     #[serde(rename = "broadcast_ok")]
[INFO] [stdout]  92 |     BroadcastOk,
[INFO] [stdout]     |     ----------- not covered
[INFO] [stdout] ...
[INFO] [stdout]  95 |     Read,
[INFO] [stdout]     |     ---- not covered
[INFO] [stdout] ...
[INFO] [stdout]  98 |     ReadOk { messages: Vec<usize> },
[INFO] [stdout]     |     ------ not covered
[INFO] [stdout] ...
[INFO] [stdout] 101 |     Topology {
[INFO] [stdout]     |     -------- not covered
[INFO] [stdout]     = note: the matched value is of type `&Body`
[INFO] [stdout] help: ensure that all possible cases are being handled by adding a match arm with a wildcard pattern as shown, or multiple match arms
[INFO] [stdout]     |
[INFO] [stdout] 139 ~             Body::GenerateOk { .. } => todo!(),
[INFO] [stdout] 140 ~             _ => todo!(),
[INFO] [stdout]     |
[INFO] [stdout] 
[INFO] [stdout] 
[INFO] [stdout] For more information about this error, try `rustc --explain E0004`.
[INFO] [stdout] 
[INFO] [stderr] error: could not compile `dist-sys` (lib test) due to 2 previous errors
[INFO] running `Command { std: "docker" "inspect" "0cf8005fa81eb782a98afab4d8d6b89958aa4f9a3a023d97ce58ffb9886ff247", kill_on_drop: false }`
[INFO] running `Command { std: "docker" "rm" "-f" "0cf8005fa81eb782a98afab4d8d6b89958aa4f9a3a023d97ce58ffb9886ff247", kill_on_drop: false }`
[INFO] [stdout] 0cf8005fa81eb782a98afab4d8d6b89958aa4f9a3a023d97ce58ffb9886ff247
