[INFO] cloning repository https://github.com/ayylemao/ros
[INFO] running `Command { std: "git" "-c" "credential.helper=" "-c" "credential.helper=/workspace/cargo-home/bin/git-credential-null" "clone" "--bare" "https://github.com/ayylemao/ros" "/workspace/cache/git-repos/https%3A%2F%2Fgithub.com%2Fayylemao%2Fros", kill_on_drop: false }`
[INFO] [stderr] Cloning into bare repository '/workspace/cache/git-repos/https%3A%2F%2Fgithub.com%2Fayylemao%2Fros'...
[INFO] running `Command { std: "git" "rev-parse" "HEAD", kill_on_drop: false }`
[INFO] [stdout] a74e530c907fd76e30c36c9abf97edb6fcbb7e66
[INFO] checking ayylemao/ros against 5c543b0b8c73c7b72bc8284ced4fb22ead15734d for pr-160186
[INFO] running `Command { std: "git" "clone" "/workspace/cache/git-repos/https%3A%2F%2Fgithub.com%2Fayylemao%2Fros" "/workspace/builds/worker-2-tc1/source", kill_on_drop: false }`
[INFO] [stderr] Cloning into '/workspace/builds/worker-2-tc1/source'...
[INFO] [stderr] done.
[INFO] removed /workspace/builds/worker-2-tc1/source/.cargo/config.toml
[INFO] started tweaking git repo https://github.com/ayylemao/ros
[INFO] finished tweaking git repo https://github.com/ayylemao/ros
[INFO] tweaked toml for git repo https://github.com/ayylemao/ros written to /workspace/builds/worker-2-tc1/source/Cargo.toml
[INFO] validating manifest of git repo https://github.com/ayylemao/ros on toolchain 5c543b0b8c73c7b72bc8284ced4fb22ead15734d
[INFO] running `Command { std: CARGO_HOME="/workspace/cargo-home" RUSTUP_HOME="/workspace/rustup-home" "/workspace/cargo-home/bin/cargo" "+5c543b0b8c73c7b72bc8284ced4fb22ead15734d" "metadata" "--manifest-path" "Cargo.toml" "--no-deps", kill_on_drop: false }`
[INFO] crate git repo https://github.com/ayylemao/ros already has a lockfile, it will not be regenerated
[INFO] running `Command { std: CARGO_HOME="/workspace/cargo-home" RUSTUP_HOME="/workspace/rustup-home" "/workspace/cargo-home/bin/cargo" "+5c543b0b8c73c7b72bc8284ced4fb22ead15734d" "fetch" "--manifest-path" "Cargo.toml", kill_on_drop: false }`
[INFO] [stderr] warning: profiles for the non root package will be ignored, specify profiles at the workspace root:
[INFO] [stderr] package:   /workspace/builds/worker-2-tc1/source/kernel/Cargo.toml
[INFO] [stderr] workspace: /workspace/builds/worker-2-tc1/source/Cargo.toml
[INFO] [stderr]     Updating crates.io index
[INFO] [stderr]  Downloading crates ...
[INFO] [stderr]   Downloaded const_fn v0.4.11
[INFO] [stderr]   Downloaded x86_64 v0.15.4
[INFO] [stderr]   Downloaded uefi-macros v0.19.0
[INFO] [stderr]   Downloaded tar-no-std v0.4.2
[INFO] [stderr]   Downloaded ucs2 v0.3.3
[INFO] [stderr]   Downloaded ptr_meta_derive v0.3.1
[INFO] [stderr]   Downloaded ptr_meta v0.3.1
[INFO] [stderr]   Downloaded pc-keyboard v0.8.0
[INFO] [stderr]   Downloaded linked_list_allocator v0.10.5
[INFO] [stderr]   Downloaded uguid v2.2.1
[INFO] [stderr]   Downloaded spinning_top v0.2.5
[INFO] [stderr]   Downloaded elf v0.8.0
[INFO] [stderr]   Downloaded uefi v0.36.1
[INFO] [stderr]   Downloaded talc v4.4.3
[INFO] [stderr]   Downloaded uefi-raw v0.13.0
[INFO] running `Command { std: "docker" "create" "-v" "/var/lib/crater-agent-workspace/builds/worker-2-tc1/source:/opt/rustwide/workdir:ro,Z" "-v" "/var/lib/crater-agent-workspace/builds/worker-2-tc1/target:/opt/rustwide/target:rw,Z" "-v" "/var/lib/crater-agent-workspace/cargo-home:/opt/rustwide/cargo-home:ro,Z" "-v" "/var/lib/crater-agent-workspace/rustup-home:/opt/rustwide/rustup-home:ro,Z" "-m" "1610612736" "--network" "none" "ghcr.io/rust-lang/crates-build-env/linux@sha256:77db811e55d90add9212f6832c23229e3de5f1c1f9905e8cb07319ea15df73ac" "sleep" "infinity", kill_on_drop: false }`
[INFO] [stdout] d23fd6cd46b0accedf3ffc060ff227b221911632c39dde9e34e1a83efc8a9bd5
[INFO] running `Command { std: "docker" "start" "d23fd6cd46b0accedf3ffc060ff227b221911632c39dde9e34e1a83efc8a9bd5", kill_on_drop: false }`
[INFO] running `Command { std: "docker" "inspect" "d23fd6cd46b0accedf3ffc060ff227b221911632c39dde9e34e1a83efc8a9bd5", kill_on_drop: false }`
[INFO] running `Command { std: "docker" "exec" "-e" "SOURCE_DIR=/opt/rustwide/workdir" "-e" "CARGO_HOME=/opt/rustwide/cargo-home" "-e" "RUSTUP_HOME=/opt/rustwide/rustup-home" "-e" "CARGO_TARGET_DIR=/opt/rustwide/target" "-w" "/opt/rustwide/workdir" "--user" "0:0" "d23fd6cd46b0accedf3ffc060ff227b221911632c39dde9e34e1a83efc8a9bd5" "/opt/rustwide/cargo-home/bin/cargo" "+5c543b0b8c73c7b72bc8284ced4fb22ead15734d" "metadata" "--no-deps" "--format-version=1", kill_on_drop: false }`
[INFO] running `Command { std: "docker" "inspect" "d23fd6cd46b0accedf3ffc060ff227b221911632c39dde9e34e1a83efc8a9bd5", kill_on_drop: false }`
[INFO] running `Command { std: "docker" "exec" "-e" "SOURCE_DIR=/opt/rustwide/workdir" "-e" "CARGO_HOME=/opt/rustwide/cargo-home" "-e" "RUSTUP_HOME=/opt/rustwide/rustup-home" "-e" "CARGO_TARGET_DIR=/opt/rustwide/target" "-e" "CARGO_INCREMENTAL=0" "-e" "RUST_BACKTRACE=full" "-e" "RUSTFLAGS=--cap-lints=forbid" "-e" "RUSTDOCFLAGS=--cap-lints=forbid" "-w" "/opt/rustwide/workdir" "--user" "0:0" "d23fd6cd46b0accedf3ffc060ff227b221911632c39dde9e34e1a83efc8a9bd5" "/opt/rustwide/cargo-home/bin/cargo" "+5c543b0b8c73c7b72bc8284ced4fb22ead15734d" "check" "--frozen" "--all" "--all-targets" "--message-format=json", kill_on_drop: false }`
[INFO] [stderr] warning: profiles for the non root package will be ignored, specify profiles at the workspace root:
[INFO] [stderr] package:   /opt/rustwide/workdir/kernel/Cargo.toml
[INFO] [stderr] workspace: /opt/rustwide/workdir/Cargo.toml
[INFO] [stderr]     Checking bitflags v2.10.0
[INFO] [stderr]     Checking scopeguard v1.2.0
[INFO] [stderr]    Compiling const_fn v0.4.11
[INFO] [stderr]     Checking bit_field v0.10.3
[INFO] [stderr]     Checking log v0.4.29
[INFO] [stderr]     Checking elf v0.8.0
[INFO] [stderr]     Checking shared v0.1.0 (/opt/rustwide/workdir/shared)
[INFO] [stderr]     Checking volatile v0.4.6
[INFO] [stderr]     Checking talc v4.4.3
[INFO] [stderr]     Checking spin v0.10.0
[INFO] [stderr]    Compiling syn v2.0.111
[INFO] [stderr]     Checking spinning_top v0.2.5
[INFO] [stderr]     Checking tar-no-std v0.4.2
[INFO] [stderr]     Checking num-traits v0.2.19
[INFO] [stderr]     Checking uguid v2.2.1
[INFO] [stderr]     Checking linked_list_allocator v0.10.5
[INFO] [stderr]     Checking spin v0.9.8
[INFO] [stderr]     Checking lock_api v0.4.14
[INFO] [stderr]     Checking pc-keyboard v0.8.0
[INFO] [stderr]     Checking cfg-if v1.0.4
[INFO] [stderr]     Checking uefi-raw v0.13.0
[INFO] [stderr]     Checking ucs2 v0.3.3
[INFO] [stderr]     Checking lazy_static v1.5.0
[INFO] [stderr]     Checking x86_64 v0.15.4
[INFO] [stdout] error[E0046]: not all trait items implemented, missing: `forward_overflowing`, `backward_overflowing`
[INFO] [stdout]    --> /opt/rustwide/cargo-home/registry/src/index.crates.io-1949cf8c6b5b557f/x86_64-0.15.4/src/addr.rs:474:1
[INFO] [stdout]     |
[INFO] [stdout] 474 | impl Step for VirtAddr {
[INFO] [stdout]     | ^^^^^^^^^^^^^^^^^^^^^^ missing `forward_overflowing`, `backward_overflowing` in implementation
[INFO] [stdout]     |
[INFO] [stdout]     = help: implement the missing item: `fn forward_overflowing(_: Self, _: usize) -> (Self, bool) { todo!() }`
[INFO] [stdout]     = help: implement the missing item: `fn backward_overflowing(_: Self, _: usize) -> (Self, bool) { todo!() }`
[INFO] [stdout] 
[INFO] [stdout] 
[INFO] [stdout] error[E0046]: not all trait items implemented, missing: `forward_overflowing`, `backward_overflowing`
[INFO] [stdout]    --> /opt/rustwide/cargo-home/registry/src/index.crates.io-1949cf8c6b5b557f/x86_64-0.15.4/src/addr.rs:474:1
[INFO] [stdout]     |
[INFO] [stdout] 474 | impl Step for VirtAddr {
[INFO] [stdout]     | ^^^^^^^^^^^^^^^^^^^^^^ missing `forward_overflowing`, `backward_overflowing` in implementation
[INFO] [stdout]     |
[INFO] [stdout]     = help: implement the missing item: `fn forward_overflowing(_: Self, _: usize) -> (Self, bool) { todo!() }`
[INFO] [stdout]     = help: implement the missing item: `fn backward_overflowing(_: Self, _: usize) -> (Self, bool) { todo!() }`
[INFO] [stdout] 
[INFO] [stdout] 
[INFO] [stdout] error[E0046]: not all trait items implemented, missing: `forward_overflowing`, `backward_overflowing`
[INFO] [stdout]    --> /opt/rustwide/cargo-home/registry/src/index.crates.io-1949cf8c6b5b557f/x86_64-0.15.4/src/structures/paging/page.rs:306:1
[INFO] [stdout]     |
[INFO] [stdout] 306 | impl<S: PageSize> Step for Page<S> {
[INFO] [stdout]     | ^^^^^^^^^^^^^^^^^^^^^^^^^^^^^^^^^^ missing `forward_overflowing`, `backward_overflowing` in implementation
[INFO] [stdout]     |
[INFO] [stdout]     = help: implement the missing item: `fn forward_overflowing(_: Self, _: usize) -> (Self, bool) { todo!() }`
[INFO] [stdout]     = help: implement the missing item: `fn backward_overflowing(_: Self, _: usize) -> (Self, bool) { todo!() }`
[INFO] [stdout] 
[INFO] [stdout] 
[INFO] [stdout] error[E0046]: not all trait items implemented, missing: `forward_overflowing`, `backward_overflowing`
[INFO] [stdout]    --> /opt/rustwide/cargo-home/registry/src/index.crates.io-1949cf8c6b5b557f/x86_64-0.15.4/src/structures/paging/page_table.rs:374:1
[INFO] [stdout]     |
[INFO] [stdout] 374 | impl Step for PageTableIndex {
[INFO] [stdout]     | ^^^^^^^^^^^^^^^^^^^^^^^^^^^^ missing `forward_overflowing`, `backward_overflowing` in implementation
[INFO] [stdout]     |
[INFO] [stdout]     = help: implement the missing item: `fn forward_overflowing(_: Self, _: usize) -> (Self, bool) { todo!() }`
[INFO] [stdout]     = help: implement the missing item: `fn backward_overflowing(_: Self, _: usize) -> (Self, bool) { todo!() }`
[INFO] [stdout] 
[INFO] [stdout] 
[INFO] [stdout] error[E0046]: not all trait items implemented, missing: `forward_overflowing`, `backward_overflowing`
[INFO] [stdout]    --> /opt/rustwide/cargo-home/registry/src/index.crates.io-1949cf8c6b5b557f/x86_64-0.15.4/src/structures/paging/page.rs:306:1
[INFO] [stdout]     |
[INFO] [stdout] 306 | impl<S: PageSize> Step for Page<S> {
[INFO] [stdout]     | ^^^^^^^^^^^^^^^^^^^^^^^^^^^^^^^^^^ missing `forward_overflowing`, `backward_overflowing` in implementation
[INFO] [stdout]     |
[INFO] [stdout]     = help: implement the missing item: `fn forward_overflowing(_: Self, _: usize) -> (Self, bool) { todo!() }`
[INFO] [stdout]     = help: implement the missing item: `fn backward_overflowing(_: Self, _: usize) -> (Self, bool) { todo!() }`
[INFO] [stdout] 
[INFO] [stdout] 
[INFO] [stdout] error[E0046]: not all trait items implemented, missing: `forward_overflowing`, `backward_overflowing`
[INFO] [stdout]    --> /opt/rustwide/cargo-home/registry/src/index.crates.io-1949cf8c6b5b557f/x86_64-0.15.4/src/structures/paging/page_table.rs:374:1
[INFO] [stdout]     |
[INFO] [stdout] 374 | impl Step for PageTableIndex {
[INFO] [stdout]     | ^^^^^^^^^^^^^^^^^^^^^^^^^^^^ missing `forward_overflowing`, `backward_overflowing` in implementation
[INFO] [stdout]     |
[INFO] [stdout]     = help: implement the missing item: `fn forward_overflowing(_: Self, _: usize) -> (Self, bool) { todo!() }`
[INFO] [stdout]     = help: implement the missing item: `fn backward_overflowing(_: Self, _: usize) -> (Self, bool) { todo!() }`
[INFO] [stdout] 
[INFO] [stdout] 
[INFO] [stdout] For more information about this error, try `rustc --explain E0046`.
[INFO] [stdout] 
[INFO] [stdout] For more information about this error, try `rustc --explain E0046`.
[INFO] [stdout] 
[INFO] [stderr] error: could not compile `x86_64` (lib) due to 3 previous errors
[INFO] [stderr] warning: build failed, waiting for other jobs to finish...
[INFO] [stderr] error: could not compile `x86_64` (lib) due to 3 previous errors
[INFO] running `Command { std: "docker" "inspect" "d23fd6cd46b0accedf3ffc060ff227b221911632c39dde9e34e1a83efc8a9bd5", kill_on_drop: false }`
[INFO] running `Command { std: "docker" "rm" "-f" "d23fd6cd46b0accedf3ffc060ff227b221911632c39dde9e34e1a83efc8a9bd5", kill_on_drop: false }`
[INFO] [stdout] d23fd6cd46b0accedf3ffc060ff227b221911632c39dde9e34e1a83efc8a9bd5
