[INFO] cloning repository https://github.com/aquilesfree/IKIRU
[INFO] running `Command { std: "git" "-c" "credential.helper=" "-c" "credential.helper=/workspace/cargo-home/bin/git-credential-null" "clone" "--bare" "https://github.com/aquilesfree/IKIRU" "/workspace/cache/git-repos/https%3A%2F%2Fgithub.com%2Faquilesfree%2FIKIRU", kill_on_drop: false }`
[INFO] [stderr] Cloning into bare repository '/workspace/cache/git-repos/https%3A%2F%2Fgithub.com%2Faquilesfree%2FIKIRU'...
[INFO] running `Command { std: "git" "rev-parse" "HEAD", kill_on_drop: false }`
[INFO] [stdout] 544b6a47f3e056d338cd2d92fe3b3f6e28be028d
[INFO] checking aquilesfree/IKIRU against 895980e0290783bb09b1ccf1b11f14eb09b10430 for pr-160186
[INFO] running `Command { std: "git" "clone" "/workspace/cache/git-repos/https%3A%2F%2Fgithub.com%2Faquilesfree%2FIKIRU" "/workspace/builds/worker-0-tc2/source", kill_on_drop: false }`
[INFO] [stderr] Cloning into '/workspace/builds/worker-0-tc2/source'...
[INFO] [stderr] done.
[INFO] started tweaking git repo https://github.com/aquilesfree/IKIRU
[INFO] finished tweaking git repo https://github.com/aquilesfree/IKIRU
[INFO] tweaked toml for git repo https://github.com/aquilesfree/IKIRU written to /workspace/builds/worker-0-tc2/source/Cargo.toml
[INFO] validating manifest of git repo https://github.com/aquilesfree/IKIRU on toolchain 895980e0290783bb09b1ccf1b11f14eb09b10430
[INFO] running `Command { std: CARGO_HOME="/workspace/cargo-home" RUSTUP_HOME="/workspace/rustup-home" "/workspace/cargo-home/bin/cargo" "+895980e0290783bb09b1ccf1b11f14eb09b10430" "metadata" "--manifest-path" "Cargo.toml" "--no-deps", kill_on_drop: false }`
[INFO] crate git repo https://github.com/aquilesfree/IKIRU already has a lockfile, it will not be regenerated
[INFO] running `Command { std: CARGO_HOME="/workspace/cargo-home" RUSTUP_HOME="/workspace/rustup-home" "/workspace/cargo-home/bin/cargo" "+895980e0290783bb09b1ccf1b11f14eb09b10430" "fetch" "--manifest-path" "Cargo.toml", kill_on_drop: false }`
[INFO] [stderr] warning: patch `solana-program v1.16.18 (https://github.com/solana-labs/solana.git?tag=v1.16.18#612616be)` was not used in the crate graph
[INFO] [stderr] help: Check that the patched package version and available features are compatible
[INFO] [stderr]       with the dependency requirements. If the patch has a different version from
[INFO] [stderr]       what is locked in the Cargo.lock file, run `cargo update` to use the new
[INFO] [stderr]       version. This may also occur with an optional dependency that is not enabled.
[INFO] running `Command { std: "docker" "create" "-v" "/var/lib/crater-agent-workspace/builds/worker-0-tc2/source:/opt/rustwide/workdir:ro,Z" "-v" "/var/lib/crater-agent-workspace/builds/worker-0-tc2/target:/opt/rustwide/target:rw,Z" "-v" "/var/lib/crater-agent-workspace/cargo-home:/opt/rustwide/cargo-home:ro,Z" "-v" "/var/lib/crater-agent-workspace/rustup-home:/opt/rustwide/rustup-home:ro,Z" "-m" "1610612736" "--network" "none" "ghcr.io/rust-lang/crates-build-env/linux@sha256:77db811e55d90add9212f6832c23229e3de5f1c1f9905e8cb07319ea15df73ac" "sleep" "infinity", kill_on_drop: false }`
[INFO] [stdout] f37ed277dfcbfd73325322ae56dc933b050a12bbddc46caa3606aa985a704f24
[INFO] running `Command { std: "docker" "start" "f37ed277dfcbfd73325322ae56dc933b050a12bbddc46caa3606aa985a704f24", kill_on_drop: false }`
[INFO] running `Command { std: "docker" "inspect" "f37ed277dfcbfd73325322ae56dc933b050a12bbddc46caa3606aa985a704f24", kill_on_drop: false }`
[INFO] running `Command { std: "docker" "exec" "-e" "SOURCE_DIR=/opt/rustwide/workdir" "-e" "CARGO_HOME=/opt/rustwide/cargo-home" "-e" "RUSTUP_HOME=/opt/rustwide/rustup-home" "-e" "CARGO_TARGET_DIR=/opt/rustwide/target" "-w" "/opt/rustwide/workdir" "--user" "0:0" "f37ed277dfcbfd73325322ae56dc933b050a12bbddc46caa3606aa985a704f24" "/opt/rustwide/cargo-home/bin/cargo" "+895980e0290783bb09b1ccf1b11f14eb09b10430" "metadata" "--no-deps" "--format-version=1", kill_on_drop: false }`
[INFO] running `Command { std: "docker" "inspect" "f37ed277dfcbfd73325322ae56dc933b050a12bbddc46caa3606aa985a704f24", kill_on_drop: false }`
[INFO] running `Command { std: "docker" "exec" "-e" "SOURCE_DIR=/opt/rustwide/workdir" "-e" "CARGO_HOME=/opt/rustwide/cargo-home" "-e" "RUSTUP_HOME=/opt/rustwide/rustup-home" "-e" "CARGO_TARGET_DIR=/opt/rustwide/target" "-e" "CARGO_INCREMENTAL=0" "-e" "RUST_BACKTRACE=full" "-e" "RUSTFLAGS=--cap-lints=forbid" "-e" "RUSTDOCFLAGS=--cap-lints=forbid" "-w" "/opt/rustwide/workdir" "--user" "0:0" "f37ed277dfcbfd73325322ae56dc933b050a12bbddc46caa3606aa985a704f24" "/opt/rustwide/cargo-home/bin/cargo" "+895980e0290783bb09b1ccf1b11f14eb09b10430" "check" "--frozen" "--all" "--all-targets" "--message-format=json", kill_on_drop: false }`
[INFO] [stderr] warning: patch `solana-program v1.16.18 (https://github.com/solana-labs/solana.git?tag=v1.16.18#612616be)` was not used in the crate graph
[INFO] [stderr] help: Check that the patched package version and available features are compatible
[INFO] [stderr]       with the dependency requirements. If the patch has a different version from
[INFO] [stderr]       what is locked in the Cargo.lock file, run `cargo update` to use the new
[INFO] [stderr]       version. This may also occur with an optional dependency that is not enabled.
[INFO] [stderr]    Compiling unicode-ident v1.0.18
[INFO] [stderr]    Compiling proc-macro2 v1.0.95
[INFO] [stderr]    Compiling typenum v1.18.0
[INFO] [stderr]    Compiling serde v1.0.219
[INFO] [stderr]     Checking cfg-if v1.0.1
[INFO] [stderr]    Compiling libc v0.2.174
[INFO] [stderr]    Compiling generic-array v0.14.7
[INFO] [stderr]     Checking subtle v2.6.1
[INFO] [stderr]    Compiling autocfg v1.5.0
[INFO] [stderr]    Compiling zerocopy v0.8.26
[INFO] [stderr]    Compiling semver v1.0.26
[INFO] [stderr]     Checking once_cell v1.21.3
[INFO] [stderr]    Compiling hashbrown v0.15.4
[INFO] [stderr]    Compiling ahash v0.8.12
[INFO] [stderr]    Compiling num-traits v0.2.19
[INFO] [stderr]    Compiling rustc_version v0.4.1
[INFO] [stderr]    Compiling toml_datetime v0.6.11
[INFO] [stderr]    Compiling winnow v0.7.12
[INFO] [stderr]    Compiling borsh v1.5.7
[INFO] [stderr]    Compiling quote v1.0.40
[INFO] [stderr]    Compiling indexmap v2.10.0
[INFO] [stderr]    Compiling syn v2.0.104
[INFO] [stderr]    Compiling syn v1.0.109
[INFO] [stderr]    Compiling curve25519-dalek v4.2.0
[INFO] [stderr]     Checking solana-decode-error v2.3.0
[INFO] [stderr]    Compiling anyhow v1.0.98
[INFO] [stderr]     Checking getrandom v0.2.16
[INFO] [stderr]     Checking rand_core v0.6.4
[INFO] [stderr]    Compiling serde_json v1.0.140
[INFO] [stderr]    Compiling ryu v1.0.20
[INFO] [stderr]    Compiling memchr v2.7.5
[INFO] [stderr]    Compiling itoa v1.0.15
[INFO] [stderr]    Compiling unicode-segmentation v1.12.0
[INFO] [stderr]     Checking hashbrown v0.13.2
[INFO] [stderr]     Checking ppv-lite86 v0.2.21
[INFO] [stderr]    Compiling heck v0.3.3
[INFO] [stderr]    Compiling jobserver v0.1.33
[INFO] [stderr]     Checking num-integer v0.1.46
[INFO] [stderr]    Compiling toml_edit v0.22.27
[INFO] [stderr]     Checking rand_chacha v0.3.1
[INFO] [stderr]    Compiling cc v1.2.29
[INFO] [stderr]     Checking num-bigint v0.4.6
[INFO] [stderr]    Compiling block-buffer v0.10.4
[INFO] [stderr]    Compiling crypto-common v0.1.6
[INFO] [stderr]     Checking rand v0.8.5
[INFO] [stderr]    Compiling digest v0.10.7
[INFO] [stderr]    Compiling digest v0.9.0
[INFO] [stderr]     Checking getrandom v0.1.16
[INFO] [stderr]    Compiling sha2 v0.10.9
[INFO] [stderr]     Checking either v1.15.0
[INFO] [stderr]    Compiling libsecp256k1-core v0.2.2
[INFO] [stderr]     Checking rand_core v0.5.1
[INFO] [stderr]    Compiling crossbeam-utils v0.8.21
[INFO] [stderr]     Checking log v0.4.27
[INFO] [stderr]    Compiling libsecp256k1-gen-ecmult v0.2.1
[INFO] [stderr]    Compiling libsecp256k1-gen-genmult v0.2.1
[INFO] [stderr]     Checking rand_chacha v0.2.2
[INFO] [stderr]     Checking ark-std v0.4.0
[INFO] [stderr]    Compiling wasm-bindgen-shared v0.2.100
[INFO] [stderr]     Checking constant_time_eq v0.3.1
[INFO] [stderr]     Checking rand v0.7.3
[INFO] [stderr]    Compiling libsecp256k1 v0.6.0
[INFO] [stderr]    Compiling blake3 v1.8.2
[INFO] [stderr]     Checking crossbeam-epoch v0.9.18
[INFO] [stderr]     Checking itertools v0.10.5
[INFO] [stderr]    Compiling thiserror v2.0.12
[INFO] [stderr]    Compiling proc-macro-crate v3.3.0
[INFO] [stderr]    Compiling rayon-core v1.12.1
[INFO] [stderr]     Checking keccak v0.1.5
[INFO] [stderr]     Checking crossbeam-deque v0.8.6
[INFO] [stderr]    Compiling memoffset v0.9.1
[INFO] [stderr]    Compiling ahash v0.7.8
[INFO] [stderr]    Compiling bumpalo v3.19.0
[INFO] [stderr]    Compiling rustversion v1.0.21
[INFO] [stderr]    Compiling borsh-derive-internal v0.10.4
[INFO] [stderr]    Compiling borsh-schema-derive-internal v0.10.4
[INFO] [stderr]     Checking bitmaps v2.1.0
[INFO] [stderr]    Compiling solana-frozen-abi-macro v1.18.18
[INFO] [stderr]    Compiling im v15.1.0
[INFO] [stderr]     Checking tinyvec_macros v0.1.1
[INFO] [stderr]     Checking tinyvec v1.9.0
[INFO] [stderr]    Compiling wasm-bindgen-backend v0.2.100
[INFO] [stderr]     Checking rayon v1.10.0
[INFO] [stderr]    Compiling borsh-schema-derive-internal v0.9.3
[INFO] [stderr]     Checking sized-chunks v0.6.5
[INFO] [stderr]    Compiling borsh-derive-internal v0.9.3
[INFO] [stderr]     Checking rand_xoshiro v0.6.0
[INFO] [stderr]    Compiling solana-frozen-abi v1.18.18
[INFO] [stderr]    Compiling wasm-bindgen v0.2.100
[INFO] [stderr]     Checking unicode-normalization v0.1.24
[INFO] [stderr]     Checking hashbrown v0.11.2
[INFO] [stderr]    Compiling solana-program v1.18.18
[INFO] [stderr]     Checking solana-big-mod-exp v2.2.1
[INFO] [stderr]     Checking memmap2 v0.5.10
[INFO] [stderr]     Checking rustc-hash v1.1.0
[INFO] [stderr]     Checking bs58 v0.4.0
[INFO] [stderr]     Checking byteorder v1.5.0
[INFO] [stderr]    Compiling ark-serialize-derive v0.4.2
[INFO] [stderr]    Compiling ark-ff-macros v0.4.2
[INFO] [stderr]    Compiling derivative v2.2.0
[INFO] [stderr]    Compiling ark-ff-asm v0.4.2
[INFO] [stderr]    Compiling serde_derive v1.0.219
[INFO] [stderr]    Compiling zeroize_derive v1.4.2
[INFO] [stderr]    Compiling borsh-derive v1.5.7
[INFO] [stderr]    Compiling bytemuck_derive v1.9.3
[INFO] [stderr]    Compiling curve25519-dalek-derive v0.1.1
[INFO] [stderr]    Compiling thiserror-impl v1.0.69
[INFO] [stderr]     Checking zeroize v1.3.0
[INFO] [stderr]    Compiling solana-sdk-macro v2.2.1
[INFO] [stderr]    Compiling thiserror-impl v2.0.12
[INFO] [stderr]     Checking bytemuck v1.23.1
[INFO] [stderr]    Compiling num-derive v0.4.2
[INFO] [stderr]    Compiling wasm-bindgen-macro-support v0.2.100
[INFO] [stderr]    Compiling thiserror v1.0.69
[INFO] [stderr]    Compiling solana-sdk-macro v1.18.18
[INFO] [stderr]    Compiling anchor-derive-space v0.31.1
[INFO] [stderr]    Compiling wasm-bindgen-macro v0.2.100
[INFO] [stderr]     Checking solana-hash v2.3.0
[INFO] [stderr]     Checking bincode v1.3.3
[INFO] [stderr]     Checking serde_bytes v0.11.17
[INFO] [stderr]     Checking bv v0.11.1
[INFO] [stderr]     Checking solana-fee-calculator v2.2.1
[INFO] [stderr]     Checking solana-short-vec v2.2.1
[INFO] [stderr]    Compiling toml v0.5.11
[INFO] [stderr]     Checking bitflags v2.9.1
[INFO] [stderr]    Compiling anchor-lang-idl-spec v0.1.0
[INFO] [stderr]     Checking solana-serde-varint v2.2.2
[INFO] [stderr]     Checking crypto-mac v0.8.0
[INFO] [stderr]     Checking block-buffer v0.9.0
[INFO] [stderr]     Checking hmac v0.8.1
[INFO] [stderr]     Checking sha2 v0.9.9
[INFO] [stderr]     Checking hmac-drbg v0.3.0
[INFO] [stderr]    Compiling anchor-syn v0.31.1
[INFO] [stderr]    Compiling proc-macro-crate v0.1.5
[INFO] [stderr]     Checking ark-serialize v0.4.2
[INFO] [stderr]    Compiling borsh-derive v0.10.4
[INFO] [stderr]     Checking solana-sha256-hasher v2.2.1
[INFO] [stderr]     Checking borsh v0.10.4
[INFO] [stderr]     Checking sha3 v0.10.8
[INFO] [stderr]     Checking solana-keccak-hasher v2.2.1
[INFO] [stderr]    Compiling borsh-derive v0.9.3
[INFO] [stderr]     Checking ark-ff v0.4.2
[INFO] [stderr]    Compiling anchor-lang-idl v0.1.2
[INFO] [stderr]     Checking pbkdf2 v0.4.0
[INFO] [stderr]     Checking solana-blake3-hasher v2.2.1
[INFO] [stderr]     Checking tiny-bip39 v0.8.2
[INFO] [stderr]     Checking borsh v0.9.3
[INFO] [stderr]     Checking solana-borsh v2.2.1
[INFO] [stderr]     Checking curve25519-dalek v3.2.1
[INFO] [stderr]     Checking solana-pubkey v2.4.0
[INFO] [stderr]     Checking solana-instruction v2.3.0
[INFO] [stderr]     Checking solana-sdk-ids v2.2.1
[INFO] [stderr]     Checking solana-nonce v2.2.1
[INFO] [stderr]     Checking solana-program-error v2.2.2
[INFO] [stderr]     Checking solana-sysvar-id v2.2.1
[INFO] [stderr]     Checking solana-system-interface v1.0.0
[INFO] [stderr]     Checking solana-account-info v2.3.0
[INFO] [stderr]     Checking solana-clock v2.2.2
[INFO] [stderr]     Checking solana-rent v2.2.1
[INFO] [stderr]     Checking solana-slot-hashes v2.2.1
[INFO] [stderr]     Checking solana-serialize-utils v2.2.1
[INFO] [stderr]     Checking solana-cpi v2.2.1
[INFO] [stderr]     Checking solana-transaction-error v2.2.1
[INFO] [stderr]     Checking solana-bincode v2.2.1
[INFO] [stderr]     Checking solana-instructions-sysvar v2.2.2
[INFO] [stderr]     Checking solana-stake-interface v1.2.1
[INFO] [stderr]     Checking solana-address-lookup-table-interface v2.2.2
[INFO] [stderr]     Checking solana-message v2.4.0
[INFO] [stderr]     Checking solana-account v2.2.1
[INFO] [stderr]     Checking solana-program-entrypoint v2.3.0
[INFO] [stderr]     Checking solana-epoch-rewards v2.2.1
[INFO] [stderr]     Checking solana-epoch-schedule v2.2.1
[INFO] [stderr]     Checking solana-slot-history v2.2.1
[INFO] [stderr]     Checking solana-last-restart-slot v2.2.1
[INFO] [stderr]     Checking solana-feature-gate-interface v2.2.2
[INFO] [stderr]     Checking solana-vote-interface v2.2.6
[INFO] [stderr]     Checking solana-example-mocks v2.2.1
[INFO] [stderr]     Checking solana-loader-v3-interface v5.0.0
[INFO] [stderr]     Checking solana-loader-v4-interface v2.2.1
[INFO] [stderr]     Checking solana-sysvar v2.2.2
[INFO] [stderr]     Checking solana-program-pack v2.2.1
[INFO] [stderr]     Checking solana-loader-v2-interface v2.2.1
[INFO] [stderr]     Checking solana-stable-layout v2.2.1
[INFO] [stderr]    Compiling anchor-attribute-event v0.31.1
[INFO] [stderr]    Compiling anchor-derive-serde v0.31.1
[INFO] [stderr]    Compiling anchor-derive-accounts v0.31.1
[INFO] [stderr]    Compiling anchor-attribute-program v0.31.1
[INFO] [stderr]    Compiling anchor-attribute-error v0.31.1
[INFO] [stderr]    Compiling anchor-attribute-constant v0.31.1
[INFO] [stderr]    Compiling anchor-attribute-account v0.31.1
[INFO] [stderr]    Compiling anchor-attribute-access-control v0.31.1
[INFO] [stderr]     Checking solana-secp256k1-recover v2.2.1
[INFO] [stderr]     Checking solana-program v2.3.0
[INFO] [stderr]     Checking anchor-lang v0.31.1
[INFO] [stderr]     Checking ark-poly v0.4.2
[INFO] [stderr]     Checking ark-ec v0.4.2
[INFO] [stderr]     Checking ark-bn254 v0.4.0
[INFO] [stderr]     Checking light-poseidon v0.2.0
[INFO] [stderr]     Checking ikiru v0.1.0 (/opt/rustwide/workdir/programs/ikiru)
[INFO] [stdout] error: payer must be provided when initializing an account
[INFO] [stdout]   --> programs/ikiru/src/lib.rs:39:15
[INFO] [stdout]    |
[INFO] [stdout] 39 |     #[account(init)]
[INFO] [stdout]    |               ^^^^
[INFO] [stdout] 
[INFO] [stdout] 
[INFO] [stdout] error: payer must be provided when initializing an account
[INFO] [stdout]   --> programs/ikiru/src/lib.rs:39:15
[INFO] [stdout]    |
[INFO] [stdout] 39 |     #[account(init)]
[INFO] [stdout]    |               ^^^^
[INFO] [stdout] 
[INFO] [stdout] 
[INFO] [stdout] warning: unexpected `cfg` condition value: `no-entrypoint`
[INFO] [stdout]  --> programs/ikiru/src/lib.rs:6:1
[INFO] [stdout]   |
[INFO] [stdout] 6 | #[program]
[INFO] [stdout]   | ^^^^^^^^^^
[INFO] [stdout]   |
[INFO] [stdout]   = note: no expected values for `feature`
[INFO] [stdout]   = note: using a cfg inside a attribute macro will use the cfgs from the destination crate and not the ones from the defining crate
[INFO] [stdout]   = help: try referring to `program` crate for guidance on how handle this unexpected cfg
[INFO] [stdout]   = note: see <https://doc.rust-lang.org/nightly/rustc/check-cfg/cargo-specifics.html> for more information about checking conditional configuration
[INFO] [stdout]   = note: `#[warn(unexpected_cfgs)]` on by default
[INFO] [stdout]   = note: this warning originates in the attribute macro `program` (in Nightly builds, run with -Z macro-backtrace for more info)
[INFO] [stdout] 
[INFO] [stdout] 
[INFO] [stdout] warning: unexpected `cfg` condition value: `cpi`
[INFO] [stdout]  --> programs/ikiru/src/lib.rs:6:1
[INFO] [stdout]   |
[INFO] [stdout] 6 | #[program]
[INFO] [stdout]   | ^^^^^^^^^^
[INFO] [stdout]   |
[INFO] [stdout]   = note: no expected values for `feature`
[INFO] [stdout]   = note: using a cfg inside a attribute macro will use the cfgs from the destination crate and not the ones from the defining crate
[INFO] [stdout]   = help: try referring to `program` crate for guidance on how handle this unexpected cfg
[INFO] [stdout]   = note: see <https://doc.rust-lang.org/nightly/rustc/check-cfg/cargo-specifics.html> for more information about checking conditional configuration
[INFO] [stdout]   = note: this warning originates in the attribute macro `program` (in Nightly builds, run with -Z macro-backtrace for more info)
[INFO] [stdout] 
[INFO] [stdout] 
[INFO] [stdout] warning: unexpected `cfg` condition value: `custom-heap`
[INFO] [stdout]  --> programs/ikiru/src/lib.rs:6:1
[INFO] [stdout]   |
[INFO] [stdout] 6 | #[program]
[INFO] [stdout]   | ^^^^^^^^^^
[INFO] [stdout]   |
[INFO] [stdout]   = note: no expected values for `feature`
[INFO] [stdout]   = note: using a cfg inside a macro will use the cfgs from the destination crate and not the ones from the defining crate
[INFO] [stdout]   = help: try referring to `$crate::custom_heap_default` crate for guidance on how handle this unexpected cfg
[INFO] [stdout]   = note: see <https://doc.rust-lang.org/nightly/rustc/check-cfg/cargo-specifics.html> for more information about checking conditional configuration
[INFO] [stdout]   = note: this warning originates in the macro `$crate::custom_heap_default` which comes from the expansion of the attribute macro `program` (in Nightly builds, run with -Z macro-backtrace for more info)
[INFO] [stdout] 
[INFO] [stdout] 
[INFO] [stdout] warning: unexpected `cfg` condition value: `solana`
[INFO] [stdout]  --> programs/ikiru/src/lib.rs:6:1
[INFO] [stdout]   |
[INFO] [stdout] 6 | #[program]
[INFO] [stdout]   | ^^^^^^^^^^
[INFO] [stdout]   |
[INFO] [stdout]   = note: expected values for `target_os` are: `aix`, `amdhsa`, `android`, `cuda`, `cygwin`, `dragonfly`, `emscripten`, `espidf`, `freebsd`, `fuchsia`, `haiku`, `helenos`, `hermit`, `horizon`, `hurd`, `illumos`, `ios`, `l4re`, `linux`, `lynxos178`, `macos`, `managarm`, `motor`, `netbsd`, `none`, `nto`, `nuttx`, `openbsd`, `ps3`, `psp`, `psx`, `qnx`, `qurt`, `redox`, and `rtems` and 16 more
[INFO] [stdout]   = note: using a cfg inside a macro will use the cfgs from the destination crate and not the ones from the defining crate
[INFO] [stdout]   = help: try referring to `$crate::custom_heap_default` crate for guidance on how handle this unexpected cfg
[INFO] [stdout]   = note: see <https://doc.rust-lang.org/nightly/rustc/check-cfg/cargo-specifics.html> for more information about checking conditional configuration
[INFO] [stdout]   = note: this warning originates in the macro `$crate::custom_heap_default` which comes from the expansion of the attribute macro `program` (in Nightly builds, run with -Z macro-backtrace for more info)
[INFO] [stdout] 
[INFO] [stdout] 
[INFO] [stdout] warning: unexpected `cfg` condition value: `custom-panic`
[INFO] [stdout]  --> programs/ikiru/src/lib.rs:6:1
[INFO] [stdout]   |
[INFO] [stdout] 6 | #[program]
[INFO] [stdout]   | ^^^^^^^^^^
[INFO] [stdout]   |
[INFO] [stdout]   = note: no expected values for `feature`
[INFO] [stdout]   = note: using a cfg inside a macro will use the cfgs from the destination crate and not the ones from the defining crate
[INFO] [stdout]   = help: try referring to `$crate::custom_panic_default` crate for guidance on how handle this unexpected cfg
[INFO] [stdout]   = note: see <https://doc.rust-lang.org/nightly/rustc/check-cfg/cargo-specifics.html> for more information about checking conditional configuration
[INFO] [stdout]   = note: this warning originates in the macro `$crate::custom_panic_default` which comes from the expansion of the attribute macro `program` (in Nightly builds, run with -Z macro-backtrace for more info)
[INFO] [stdout] 
[INFO] [stdout] 
[INFO] [stdout] warning: unexpected `cfg` condition value: `solana`
[INFO] [stdout]  --> programs/ikiru/src/lib.rs:6:1
[INFO] [stdout]   |
[INFO] [stdout] 6 | #[program]
[INFO] [stdout]   | ^^^^^^^^^^
[INFO] [stdout]   |
[INFO] [stdout]   = note: expected values for `target_os` are: `aix`, `amdhsa`, `android`, `cuda`, `cygwin`, `dragonfly`, `emscripten`, `espidf`, `freebsd`, `fuchsia`, `haiku`, `helenos`, `hermit`, `horizon`, `hurd`, `illumos`, `ios`, `l4re`, `linux`, `lynxos178`, `macos`, `managarm`, `motor`, `netbsd`, `none`, `nto`, `nuttx`, `openbsd`, `ps3`, `psp`, `psx`, `qnx`, `qurt`, `redox`, and `rtems` and 16 more
[INFO] [stdout]   = note: using a cfg inside a macro will use the cfgs from the destination crate and not the ones from the defining crate
[INFO] [stdout]   = help: try referring to `$crate::custom_panic_default` crate for guidance on how handle this unexpected cfg
[INFO] [stdout]   = note: see <https://doc.rust-lang.org/nightly/rustc/check-cfg/cargo-specifics.html> for more information about checking conditional configuration
[INFO] [stdout]   = note: this warning originates in the macro `$crate::custom_panic_default` which comes from the expansion of the attribute macro `program` (in Nightly builds, run with -Z macro-backtrace for more info)
[INFO] [stdout] 
[INFO] [stdout] 
[INFO] [stdout] warning: unexpected `cfg` condition value: `anchor-debug`
[INFO] [stdout]  --> programs/ikiru/src/lib.rs:6:1
[INFO] [stdout]   |
[INFO] [stdout] 6 | #[program]
[INFO] [stdout]   | ^^^^^^^^^^
[INFO] [stdout]   |
[INFO] [stdout]   = note: no expected values for `feature`
[INFO] [stdout]   = note: using a cfg inside a attribute macro will use the cfgs from the destination crate and not the ones from the defining crate
[INFO] [stdout]   = help: try referring to `program` crate for guidance on how handle this unexpected cfg
[INFO] [stdout]   = note: see <https://doc.rust-lang.org/nightly/rustc/check-cfg/cargo-specifics.html> for more information about checking conditional configuration
[INFO] [stdout]   = note: this warning originates in the attribute macro `program` (in Nightly builds, run with -Z macro-backtrace for more info)
[INFO] [stdout] 
[INFO] [stdout] 
[INFO] [stdout] warning: unexpected `cfg` condition value: `no-idl`
[INFO] [stdout]  --> programs/ikiru/src/lib.rs:6:1
[INFO] [stdout]   |
[INFO] [stdout] 6 | #[program]
[INFO] [stdout]   | ^^^^^^^^^^
[INFO] [stdout]   |
[INFO] [stdout]   = note: no expected values for `feature`
[INFO] [stdout]   = note: using a cfg inside a attribute macro will use the cfgs from the destination crate and not the ones from the defining crate
[INFO] [stdout]   = help: try referring to `program` crate for guidance on how handle this unexpected cfg
[INFO] [stdout]   = note: see <https://doc.rust-lang.org/nightly/rustc/check-cfg/cargo-specifics.html> for more information about checking conditional configuration
[INFO] [stdout]   = note: this warning originates in the attribute macro `program` (in Nightly builds, run with -Z macro-backtrace for more info)
[INFO] [stdout] 
[INFO] [stdout] 
[INFO] [stdout] warning: unexpected `cfg` condition value: `anchor-debug`
[INFO] [stdout]  --> programs/ikiru/src/lib.rs:6:1
[INFO] [stdout]   |
[INFO] [stdout] 6 | #[program]
[INFO] [stdout]   | ^^^^^^^^^^
[INFO] [stdout]   |
[INFO] [stdout]   = note: no expected values for `feature`
[INFO] [stdout]   = note: using a cfg inside a derive macro will use the cfgs from the destination crate and not the ones from the defining crate
[INFO] [stdout]   = help: try referring to `Accounts` crate for guidance on how handle this unexpected cfg
[INFO] [stdout]   = note: see <https://doc.rust-lang.org/nightly/rustc/check-cfg/cargo-specifics.html> for more information about checking conditional configuration
[INFO] [stdout]   = note: this warning originates in the derive macro `Accounts` (in Nightly builds, run with -Z macro-backtrace for more info)
[INFO] [stdout] 
[INFO] [stdout] 
[INFO] [stdout] warning: unexpected `cfg` condition value: `anchor-debug`
[INFO] [stdout]  --> programs/ikiru/src/lib.rs:6:1
[INFO] [stdout]   |
[INFO] [stdout] 6 | #[program]
[INFO] [stdout]   | ^^^^^^^^^^
[INFO] [stdout]   |
[INFO] [stdout]   = note: no expected values for `feature`
[INFO] [stdout]   = note: using a cfg inside a derive macro will use the cfgs from the destination crate and not the ones from the defining crate
[INFO] [stdout]   = help: try referring to `Accounts` crate for guidance on how handle this unexpected cfg
[INFO] [stdout]   = note: see <https://doc.rust-lang.org/nightly/rustc/check-cfg/cargo-specifics.html> for more information about checking conditional configuration
[INFO] [stdout]   = note: this warning originates in the derive macro `Accounts` (in Nightly builds, run with -Z macro-backtrace for more info)
[INFO] [stdout] 
[INFO] [stdout] 
[INFO] [stdout] warning: unexpected `cfg` condition value: `anchor-debug`
[INFO] [stdout]  --> programs/ikiru/src/lib.rs:6:1
[INFO] [stdout]   |
[INFO] [stdout] 6 | #[program]
[INFO] [stdout]   | ^^^^^^^^^^
[INFO] [stdout]   |
[INFO] [stdout]   = note: no expected values for `feature`
[INFO] [stdout]   = note: using a cfg inside a derive macro will use the cfgs from the destination crate and not the ones from the defining crate
[INFO] [stdout]   = help: try referring to `Accounts` crate for guidance on how handle this unexpected cfg
[INFO] [stdout]   = note: see <https://doc.rust-lang.org/nightly/rustc/check-cfg/cargo-specifics.html> for more information about checking conditional configuration
[INFO] [stdout]   = note: this warning originates in the derive macro `Accounts` (in Nightly builds, run with -Z macro-backtrace for more info)
[INFO] [stdout] 
[INFO] [stdout] 
[INFO] [stdout] warning: unexpected `cfg` condition value: `anchor-debug`
[INFO] [stdout]  --> programs/ikiru/src/lib.rs:6:1
[INFO] [stdout]   |
[INFO] [stdout] 6 | #[program]
[INFO] [stdout]   | ^^^^^^^^^^
[INFO] [stdout]   |
[INFO] [stdout]   = note: no expected values for `feature`
[INFO] [stdout]   = note: using a cfg inside a derive macro will use the cfgs from the destination crate and not the ones from the defining crate
[INFO] [stdout]   = help: try referring to `Accounts` crate for guidance on how handle this unexpected cfg
[INFO] [stdout]   = note: see <https://doc.rust-lang.org/nightly/rustc/check-cfg/cargo-specifics.html> for more information about checking conditional configuration
[INFO] [stdout]   = note: this warning originates in the derive macro `Accounts` (in Nightly builds, run with -Z macro-backtrace for more info)
[INFO] [stdout] 
[INFO] [stdout] 
[INFO] [stdout] warning: unexpected `cfg` condition value: `anchor-debug`
[INFO] [stdout]  --> programs/ikiru/src/lib.rs:6:1
[INFO] [stdout]   |
[INFO] [stdout] 6 | #[program]
[INFO] [stdout]   | ^^^^^^^^^^
[INFO] [stdout]   |
[INFO] [stdout]   = note: no expected values for `feature`
[INFO] [stdout]   = note: using a cfg inside a derive macro will use the cfgs from the destination crate and not the ones from the defining crate
[INFO] [stdout]   = help: try referring to `Accounts` crate for guidance on how handle this unexpected cfg
[INFO] [stdout]   = note: see <https://doc.rust-lang.org/nightly/rustc/check-cfg/cargo-specifics.html> for more information about checking conditional configuration
[INFO] [stdout]   = note: this warning originates in the derive macro `Accounts` (in Nightly builds, run with -Z macro-backtrace for more info)
[INFO] [stdout] 
[INFO] [stdout] 
[INFO] [stdout] warning: unexpected `cfg` condition value: `anchor-debug`
[INFO] [stdout]  --> programs/ikiru/src/lib.rs:6:1
[INFO] [stdout]   |
[INFO] [stdout] 6 | #[program]
[INFO] [stdout]   | ^^^^^^^^^^
[INFO] [stdout]   |
[INFO] [stdout]   = note: no expected values for `feature`
[INFO] [stdout]   = note: using a cfg inside a derive macro will use the cfgs from the destination crate and not the ones from the defining crate
[INFO] [stdout]   = help: try referring to `Accounts` crate for guidance on how handle this unexpected cfg
[INFO] [stdout]   = note: see <https://doc.rust-lang.org/nightly/rustc/check-cfg/cargo-specifics.html> for more information about checking conditional configuration
[INFO] [stdout]   = note: this warning originates in the derive macro `Accounts` (in Nightly builds, run with -Z macro-backtrace for more info)
[INFO] [stdout] 
[INFO] [stdout] 
[INFO] [stdout] warning: unexpected `cfg` condition value: `no-log-ix-name`
[INFO] [stdout]  --> programs/ikiru/src/lib.rs:6:1
[INFO] [stdout]   |
[INFO] [stdout] 6 | #[program]
[INFO] [stdout]   | ^^^^^^^^^^
[INFO] [stdout]   |
[INFO] [stdout]   = note: no expected values for `feature`
[INFO] [stdout]   = note: using a cfg inside a attribute macro will use the cfgs from the destination crate and not the ones from the defining crate
[INFO] [stdout]   = help: try referring to `program` crate for guidance on how handle this unexpected cfg
[INFO] [stdout]   = note: see <https://doc.rust-lang.org/nightly/rustc/check-cfg/cargo-specifics.html> for more information about checking conditional configuration
[INFO] [stdout]   = note: this warning originates in the attribute macro `program` (in Nightly builds, run with -Z macro-backtrace for more info)
[INFO] [stdout] 
[INFO] [stdout] 
[INFO] [stdout] warning: unexpected `cfg` condition value: `anchor-debug`
[INFO] [stdout]   --> programs/ikiru/src/lib.rs:43:10
[INFO] [stdout]    |
[INFO] [stdout] 43 | #[derive(Accounts)]
[INFO] [stdout]    |          ^^^^^^^^
[INFO] [stdout]    |
[INFO] [stdout]    = note: no expected values for `feature`
[INFO] [stdout]    = note: using a cfg inside a derive macro will use the cfgs from the destination crate and not the ones from the defining crate
[INFO] [stdout]    = help: try referring to `Accounts` crate for guidance on how handle this unexpected cfg
[INFO] [stdout]    = note: see <https://doc.rust-lang.org/nightly/rustc/check-cfg/cargo-specifics.html> for more information about checking conditional configuration
[INFO] [stdout]    = note: this warning originates in the derive macro `Accounts` (in Nightly builds, run with -Z macro-backtrace for more info)
[INFO] [stdout] 
[INFO] [stdout] 
[INFO] [stdout] warning: unexpected `cfg` condition value: `no-entrypoint`
[INFO] [stdout]  --> programs/ikiru/src/lib.rs:6:1
[INFO] [stdout]   |
[INFO] [stdout] 6 | #[program]
[INFO] [stdout]   | ^^^^^^^^^^
[INFO] [stdout]   |
[INFO] [stdout]   = note: no expected values for `feature`
[INFO] [stdout]   = note: using a cfg inside a attribute macro will use the cfgs from the destination crate and not the ones from the defining crate
[INFO] [stdout]   = help: try referring to `program` crate for guidance on how handle this unexpected cfg
[INFO] [stdout]   = note: see <https://doc.rust-lang.org/nightly/rustc/check-cfg/cargo-specifics.html> for more information about checking conditional configuration
[INFO] [stdout]   = note: `#[warn(unexpected_cfgs)]` on by default
[INFO] [stdout]   = note: this warning originates in the attribute macro `program` (in Nightly builds, run with -Z macro-backtrace for more info)
[INFO] [stdout] 
[INFO] [stdout] 
[INFO] [stdout] warning: unexpected `cfg` condition value: `cpi`
[INFO] [stdout]  --> programs/ikiru/src/lib.rs:6:1
[INFO] [stdout]   |
[INFO] [stdout] 6 | #[program]
[INFO] [stdout]   | ^^^^^^^^^^
[INFO] [stdout]   |
[INFO] [stdout]   = note: no expected values for `feature`
[INFO] [stdout]   = note: using a cfg inside a attribute macro will use the cfgs from the destination crate and not the ones from the defining crate
[INFO] [stdout]   = help: try referring to `program` crate for guidance on how handle this unexpected cfg
[INFO] [stdout]   = note: see <https://doc.rust-lang.org/nightly/rustc/check-cfg/cargo-specifics.html> for more information about checking conditional configuration
[INFO] [stdout]   = note: this warning originates in the attribute macro `program` (in Nightly builds, run with -Z macro-backtrace for more info)
[INFO] [stdout] 
[INFO] [stdout] 
[INFO] [stdout] warning: unexpected `cfg` condition value: `custom-heap`
[INFO] [stdout]  --> programs/ikiru/src/lib.rs:6:1
[INFO] [stdout]   |
[INFO] [stdout] 6 | #[program]
[INFO] [stdout]   | ^^^^^^^^^^
[INFO] [stdout]   |
[INFO] [stdout]   = note: no expected values for `feature`
[INFO] [stdout]   = note: using a cfg inside a macro will use the cfgs from the destination crate and not the ones from the defining crate
[INFO] [stdout]   = help: try referring to `$crate::custom_heap_default` crate for guidance on how handle this unexpected cfg
[INFO] [stdout]   = note: see <https://doc.rust-lang.org/nightly/rustc/check-cfg/cargo-specifics.html> for more information about checking conditional configuration
[INFO] [stdout]   = note: this warning originates in the macro `$crate::custom_heap_default` which comes from the expansion of the attribute macro `program` (in Nightly builds, run with -Z macro-backtrace for more info)
[INFO] [stdout] 
[INFO] [stdout] 
[INFO] [stdout] warning: unexpected `cfg` condition value: `solana`
[INFO] [stdout]  --> programs/ikiru/src/lib.rs:6:1
[INFO] [stdout]   |
[INFO] [stdout] 6 | #[program]
[INFO] [stdout]   | ^^^^^^^^^^
[INFO] [stdout]   |
[INFO] [stdout]   = note: expected values for `target_os` are: `aix`, `amdhsa`, `android`, `cuda`, `cygwin`, `dragonfly`, `emscripten`, `espidf`, `freebsd`, `fuchsia`, `haiku`, `helenos`, `hermit`, `horizon`, `hurd`, `illumos`, `ios`, `l4re`, `linux`, `lynxos178`, `macos`, `managarm`, `motor`, `netbsd`, `none`, `nto`, `nuttx`, `openbsd`, `ps3`, `psp`, `psx`, `qnx`, `qurt`, `redox`, and `rtems` and 16 more
[INFO] [stdout]   = note: using a cfg inside a macro will use the cfgs from the destination crate and not the ones from the defining crate
[INFO] [stdout]   = help: try referring to `$crate::custom_heap_default` crate for guidance on how handle this unexpected cfg
[INFO] [stdout]   = note: see <https://doc.rust-lang.org/nightly/rustc/check-cfg/cargo-specifics.html> for more information about checking conditional configuration
[INFO] [stdout]   = note: this warning originates in the macro `$crate::custom_heap_default` which comes from the expansion of the attribute macro `program` (in Nightly builds, run with -Z macro-backtrace for more info)
[INFO] [stdout] 
[INFO] [stdout] 
[INFO] [stdout] warning: unexpected `cfg` condition value: `custom-panic`
[INFO] [stdout]  --> programs/ikiru/src/lib.rs:6:1
[INFO] [stdout]   |
[INFO] [stdout] 6 | #[program]
[INFO] [stdout]   | ^^^^^^^^^^
[INFO] [stdout]   |
[INFO] [stdout]   = note: no expected values for `feature`
[INFO] [stdout]   = note: using a cfg inside a macro will use the cfgs from the destination crate and not the ones from the defining crate
[INFO] [stdout]   = help: try referring to `$crate::custom_panic_default` crate for guidance on how handle this unexpected cfg
[INFO] [stdout]   = note: see <https://doc.rust-lang.org/nightly/rustc/check-cfg/cargo-specifics.html> for more information about checking conditional configuration
[INFO] [stdout]   = note: this warning originates in the macro `$crate::custom_panic_default` which comes from the expansion of the attribute macro `program` (in Nightly builds, run with -Z macro-backtrace for more info)
[INFO] [stdout] 
[INFO] [stdout] 
[INFO] [stdout] warning: unexpected `cfg` condition value: `solana`
[INFO] [stdout]  --> programs/ikiru/src/lib.rs:6:1
[INFO] [stdout]   |
[INFO] [stdout] 6 | #[program]
[INFO] [stdout]   | ^^^^^^^^^^
[INFO] [stdout]   |
[INFO] [stdout]   = note: expected values for `target_os` are: `aix`, `amdhsa`, `android`, `cuda`, `cygwin`, `dragonfly`, `emscripten`, `espidf`, `freebsd`, `fuchsia`, `haiku`, `helenos`, `hermit`, `horizon`, `hurd`, `illumos`, `ios`, `l4re`, `linux`, `lynxos178`, `macos`, `managarm`, `motor`, `netbsd`, `none`, `nto`, `nuttx`, `openbsd`, `ps3`, `psp`, `psx`, `qnx`, `qurt`, `redox`, and `rtems` and 16 more
[INFO] [stdout]   = note: using a cfg inside a macro will use the cfgs from the destination crate and not the ones from the defining crate
[INFO] [stdout]   = help: try referring to `$crate::custom_panic_default` crate for guidance on how handle this unexpected cfg
[INFO] [stdout]   = note: see <https://doc.rust-lang.org/nightly/rustc/check-cfg/cargo-specifics.html> for more information about checking conditional configuration
[INFO] [stdout]   = note: this warning originates in the macro `$crate::custom_panic_default` which comes from the expansion of the attribute macro `program` (in Nightly builds, run with -Z macro-backtrace for more info)
[INFO] [stdout] 
[INFO] [stdout] 
[INFO] [stdout] warning: unexpected `cfg` condition value: `anchor-debug`
[INFO] [stdout]  --> programs/ikiru/src/lib.rs:6:1
[INFO] [stdout]   |
[INFO] [stdout] 6 | #[program]
[INFO] [stdout]   | ^^^^^^^^^^
[INFO] [stdout]   |
[INFO] [stdout]   = note: no expected values for `feature`
[INFO] [stdout]   = note: using a cfg inside a attribute macro will use the cfgs from the destination crate and not the ones from the defining crate
[INFO] [stdout]   = help: try referring to `program` crate for guidance on how handle this unexpected cfg
[INFO] [stdout]   = note: see <https://doc.rust-lang.org/nightly/rustc/check-cfg/cargo-specifics.html> for more information about checking conditional configuration
[INFO] [stdout]   = note: this warning originates in the attribute macro `program` (in Nightly builds, run with -Z macro-backtrace for more info)
[INFO] [stdout] 
[INFO] [stdout] 
[INFO] [stdout] warning: unexpected `cfg` condition value: `no-idl`
[INFO] [stdout]  --> programs/ikiru/src/lib.rs:6:1
[INFO] [stdout]   |
[INFO] [stdout] 6 | #[program]
[INFO] [stdout]   | ^^^^^^^^^^
[INFO] [stdout]   |
[INFO] [stdout]   = note: no expected values for `feature`
[INFO] [stdout]   = note: using a cfg inside a attribute macro will use the cfgs from the destination crate and not the ones from the defining crate
[INFO] [stdout]   = help: try referring to `program` crate for guidance on how handle this unexpected cfg
[INFO] [stdout]   = note: see <https://doc.rust-lang.org/nightly/rustc/check-cfg/cargo-specifics.html> for more information about checking conditional configuration
[INFO] [stdout]   = note: this warning originates in the attribute macro `program` (in Nightly builds, run with -Z macro-backtrace for more info)
[INFO] [stdout] 
[INFO] [stdout] 
[INFO] [stdout] warning: unexpected `cfg` condition value: `anchor-debug`
[INFO] [stdout]  --> programs/ikiru/src/lib.rs:6:1
[INFO] [stdout]   |
[INFO] [stdout] 6 | #[program]
[INFO] [stdout]   | ^^^^^^^^^^
[INFO] [stdout]   |
[INFO] [stdout]   = note: no expected values for `feature`
[INFO] [stdout]   = note: using a cfg inside a derive macro will use the cfgs from the destination crate and not the ones from the defining crate
[INFO] [stdout]   = help: try referring to `Accounts` crate for guidance on how handle this unexpected cfg
[INFO] [stdout]   = note: see <https://doc.rust-lang.org/nightly/rustc/check-cfg/cargo-specifics.html> for more information about checking conditional configuration
[INFO] [stdout]   = note: this warning originates in the derive macro `Accounts` (in Nightly builds, run with -Z macro-backtrace for more info)
[INFO] [stdout] 
[INFO] [stdout] 
[INFO] [stdout] warning: unexpected `cfg` condition value: `anchor-debug`
[INFO] [stdout]  --> programs/ikiru/src/lib.rs:6:1
[INFO] [stdout]   |
[INFO] [stdout] 6 | #[program]
[INFO] [stdout]   | ^^^^^^^^^^
[INFO] [stdout]   |
[INFO] [stdout]   = note: no expected values for `feature`
[INFO] [stdout]   = note: using a cfg inside a derive macro will use the cfgs from the destination crate and not the ones from the defining crate
[INFO] [stdout]   = help: try referring to `Accounts` crate for guidance on how handle this unexpected cfg
[INFO] [stdout]   = note: see <https://doc.rust-lang.org/nightly/rustc/check-cfg/cargo-specifics.html> for more information about checking conditional configuration
[INFO] [stdout]   = note: this warning originates in the derive macro `Accounts` (in Nightly builds, run with -Z macro-backtrace for more info)
[INFO] [stdout] 
[INFO] [stdout] 
[INFO] [stdout] warning: unexpected `cfg` condition value: `anchor-debug`
[INFO] [stdout]  --> programs/ikiru/src/lib.rs:6:1
[INFO] [stdout]   |
[INFO] [stdout] 6 | #[program]
[INFO] [stdout]   | ^^^^^^^^^^
[INFO] [stdout]   |
[INFO] [stdout]   = note: no expected values for `feature`
[INFO] [stdout]   = note: using a cfg inside a derive macro will use the cfgs from the destination crate and not the ones from the defining crate
[INFO] [stdout]   = help: try referring to `Accounts` crate for guidance on how handle this unexpected cfg
[INFO] [stdout]   = note: see <https://doc.rust-lang.org/nightly/rustc/check-cfg/cargo-specifics.html> for more information about checking conditional configuration
[INFO] [stdout]   = note: this warning originates in the derive macro `Accounts` (in Nightly builds, run with -Z macro-backtrace for more info)
[INFO] [stdout] 
[INFO] [stdout] 
[INFO] [stdout] warning: unexpected `cfg` condition value: `anchor-debug`
[INFO] [stdout]  --> programs/ikiru/src/lib.rs:6:1
[INFO] [stdout]   |
[INFO] [stdout] 6 | #[program]
[INFO] [stdout]   | ^^^^^^^^^^
[INFO] [stdout]   |
[INFO] [stdout]   = note: no expected values for `feature`
[INFO] [stdout]   = note: using a cfg inside a derive macro will use the cfgs from the destination crate and not the ones from the defining crate
[INFO] [stdout]   = help: try referring to `Accounts` crate for guidance on how handle this unexpected cfg
[INFO] [stdout]   = note: see <https://doc.rust-lang.org/nightly/rustc/check-cfg/cargo-specifics.html> for more information about checking conditional configuration
[INFO] [stdout]   = note: this warning originates in the derive macro `Accounts` (in Nightly builds, run with -Z macro-backtrace for more info)
[INFO] [stdout] 
[INFO] [stdout] 
[INFO] [stdout] warning: unexpected `cfg` condition value: `anchor-debug`
[INFO] [stdout]  --> programs/ikiru/src/lib.rs:6:1
[INFO] [stdout]   |
[INFO] [stdout] 6 | #[program]
[INFO] [stdout]   | ^^^^^^^^^^
[INFO] [stdout]   |
[INFO] [stdout]   = note: no expected values for `feature`
[INFO] [stdout]   = note: using a cfg inside a derive macro will use the cfgs from the destination crate and not the ones from the defining crate
[INFO] [stdout]   = help: try referring to `Accounts` crate for guidance on how handle this unexpected cfg
[INFO] [stdout]   = note: see <https://doc.rust-lang.org/nightly/rustc/check-cfg/cargo-specifics.html> for more information about checking conditional configuration
[INFO] [stdout]   = note: this warning originates in the derive macro `Accounts` (in Nightly builds, run with -Z macro-backtrace for more info)
[INFO] [stdout] 
[INFO] [stdout] 
[INFO] [stdout] warning: unexpected `cfg` condition value: `anchor-debug`
[INFO] [stdout]  --> programs/ikiru/src/lib.rs:6:1
[INFO] [stdout]   |
[INFO] [stdout] 6 | #[program]
[INFO] [stdout]   | ^^^^^^^^^^
[INFO] [stdout]   |
[INFO] [stdout]   = note: no expected values for `feature`
[INFO] [stdout]   = note: using a cfg inside a derive macro will use the cfgs from the destination crate and not the ones from the defining crate
[INFO] [stdout]   = help: try referring to `Accounts` crate for guidance on how handle this unexpected cfg
[INFO] [stdout]   = note: see <https://doc.rust-lang.org/nightly/rustc/check-cfg/cargo-specifics.html> for more information about checking conditional configuration
[INFO] [stdout]   = note: this warning originates in the derive macro `Accounts` (in Nightly builds, run with -Z macro-backtrace for more info)
[INFO] [stdout] 
[INFO] [stdout] 
[INFO] [stdout] warning: unexpected `cfg` condition value: `no-log-ix-name`
[INFO] [stdout]  --> programs/ikiru/src/lib.rs:6:1
[INFO] [stdout]   |
[INFO] [stdout] 6 | #[program]
[INFO] [stdout]   | ^^^^^^^^^^
[INFO] [stdout]   |
[INFO] [stdout]   = note: no expected values for `feature`
[INFO] [stdout]   = note: using a cfg inside a attribute macro will use the cfgs from the destination crate and not the ones from the defining crate
[INFO] [stdout]   = help: try referring to `program` crate for guidance on how handle this unexpected cfg
[INFO] [stdout]   = note: see <https://doc.rust-lang.org/nightly/rustc/check-cfg/cargo-specifics.html> for more information about checking conditional configuration
[INFO] [stdout]   = note: this warning originates in the attribute macro `program` (in Nightly builds, run with -Z macro-backtrace for more info)
[INFO] [stdout] 
[INFO] [stdout] 
[INFO] [stdout] warning: unexpected `cfg` condition value: `anchor-debug`
[INFO] [stdout]   --> programs/ikiru/src/lib.rs:43:10
[INFO] [stdout]    |
[INFO] [stdout] 43 | #[derive(Accounts)]
[INFO] [stdout]    |          ^^^^^^^^
[INFO] [stdout]    |
[INFO] [stdout]    = note: no expected values for `feature`
[INFO] [stdout]    = note: using a cfg inside a derive macro will use the cfgs from the destination crate and not the ones from the defining crate
[INFO] [stdout]    = help: try referring to `Accounts` crate for guidance on how handle this unexpected cfg
[INFO] [stdout]    = note: see <https://doc.rust-lang.org/nightly/rustc/check-cfg/cargo-specifics.html> for more information about checking conditional configuration
[INFO] [stdout]    = note: this warning originates in the derive macro `Accounts` (in Nightly builds, run with -Z macro-backtrace for more info)
[INFO] [stdout] 
[INFO] [stdout] 
[INFO] [stdout] error[E0277]: the trait bound `Initialize<'_>: Bumps` is not satisfied
[INFO] [stdout]   --> programs/ikiru/src/lib.rs:10:28
[INFO] [stdout]    |
[INFO] [stdout] 10 |     pub fn initialize(ctx: Context<Initialize>) -> Result<()> {
[INFO] [stdout]    |                            ^^^^^^^^^^^^^^^^^^^ unsatisfied trait bound
[INFO] [stdout]    |
[INFO] [stdout] help: the trait `Bumps` is not implemented for `Initialize<'_>`
[INFO] [stdout]   --> programs/ikiru/src/lib.rs:38:1
[INFO] [stdout]    |
[INFO] [stdout] 38 | pub struct Initialize<'info> {
[INFO] [stdout]    | ^^^^^^^^^^^^^^^^^^^^^^^^^^^^
[INFO] [stdout]    = help: the following other types implement trait `Bumps`:
[INFO] [stdout]              BuyToken<'info>
[INFO] [stdout]              CreateNonceAccount<'info>
[INFO] [stdout]              CreateNonceAccountWithSeed<'info>
[INFO] [stdout]              __idl::IdlAccounts<'info>
[INFO] [stdout]              __idl::IdlCloseAccount<'info>
[INFO] [stdout]              __idl::IdlCreateAccounts<'info>
[INFO] [stdout]              __idl::IdlCreateBuffer<'info>
[INFO] [stdout]              __idl::IdlResizeAccount<'info>
[INFO] [stdout]            and 12 others
[INFO] [stdout] note: required by a bound in `anchor_lang::context::Context`
[INFO] [stdout]   --> /opt/rustwide/cargo-home/registry/src/index.crates.io-1949cf8c6b5b557f/anchor-lang-0.31.1/src/context.rs:24:42
[INFO] [stdout]    |
[INFO] [stdout] 24 | pub struct Context<'a, 'b, 'c, 'info, T: Bumps> {
[INFO] [stdout]    |                                          ^^^^^ required by this bound in `Context`
[INFO] [stdout] 
[INFO] [stdout] 
[INFO] [stdout] error[E0277]: the trait bound `Initialize<'_>: Bumps` is not satisfied
[INFO] [stdout]   --> programs/ikiru/src/lib.rs:10:28
[INFO] [stdout]    |
[INFO] [stdout] 10 |     pub fn initialize(ctx: Context<Initialize>) -> Result<()> {
[INFO] [stdout]    |                            ^^^^^^^^^^^^^^^^^^^ unsatisfied trait bound
[INFO] [stdout]    |
[INFO] [stdout] help: the trait `Bumps` is not implemented for `Initialize<'_>`
[INFO] [stdout]   --> programs/ikiru/src/lib.rs:38:1
[INFO] [stdout]    |
[INFO] [stdout] 38 | pub struct Initialize<'info> {
[INFO] [stdout]    | ^^^^^^^^^^^^^^^^^^^^^^^^^^^^
[INFO] [stdout]    = help: the following other types implement trait `Bumps`:
[INFO] [stdout]              BuyToken<'info>
[INFO] [stdout]              CreateNonceAccount<'info>
[INFO] [stdout]              CreateNonceAccountWithSeed<'info>
[INFO] [stdout]              __idl::IdlAccounts<'info>
[INFO] [stdout]              __idl::IdlCloseAccount<'info>
[INFO] [stdout]              __idl::IdlCreateAccounts<'info>
[INFO] [stdout]              __idl::IdlCreateBuffer<'info>
[INFO] [stdout]              __idl::IdlResizeAccount<'info>
[INFO] [stdout]            and 12 others
[INFO] [stdout] note: required by a bound in `anchor_lang::context::Context`
[INFO] [stdout]   --> /opt/rustwide/cargo-home/registry/src/index.crates.io-1949cf8c6b5b557f/anchor-lang-0.31.1/src/context.rs:24:42
[INFO] [stdout]    |
[INFO] [stdout] 24 | pub struct Context<'a, 'b, 'c, 'info, T: Bumps> {
[INFO] [stdout]    |                                          ^^^^^ required by this bound in `Context`
[INFO] [stdout] 
[INFO] [stdout] 
[INFO] [stdout] warning: use of deprecated method `anchor_lang::prelude::AccountInfo::<'a>::realloc`: Use AccountInfo::resize() instead
[INFO] [stdout]  --> programs/ikiru/src/lib.rs:6:1
[INFO] [stdout]   |
[INFO] [stdout] 6 | #[program]
[INFO] [stdout]   | ^^^^^^^^^^
[INFO] [stdout]   |
[INFO] [stdout]   = note: `#[warn(deprecated)]` on by default
[INFO] [stdout]   = note: this warning originates in the attribute macro `program` (in Nightly builds, run with -Z macro-backtrace for more info)
[INFO] [stdout] 
[INFO] [stdout] 
[INFO] [stdout] error[E0277]: the trait bound `Initialize<'_>: Bumps` is not satisfied
[INFO] [stdout]   --> programs/ikiru/src/lib.rs:10:36
[INFO] [stdout]    |
[INFO] [stdout] 10 |     pub fn initialize(ctx: Context<Initialize>) -> Result<()> {
[INFO] [stdout]    |                                    ^^^^^^^^^^ unsatisfied trait bound
[INFO] [stdout]    |
[INFO] [stdout] help: the trait `Bumps` is not implemented for `Initialize<'_>`
[INFO] [stdout]   --> programs/ikiru/src/lib.rs:38:1
[INFO] [stdout]    |
[INFO] [stdout] 38 | pub struct Initialize<'info> {
[INFO] [stdout]    | ^^^^^^^^^^^^^^^^^^^^^^^^^^^^
[INFO] [stdout]    = help: the following other types implement trait `Bumps`:
[INFO] [stdout]              BuyToken<'info>
[INFO] [stdout]              CreateNonceAccount<'info>
[INFO] [stdout]              CreateNonceAccountWithSeed<'info>
[INFO] [stdout]              __idl::IdlAccounts<'info>
[INFO] [stdout]              __idl::IdlCloseAccount<'info>
[INFO] [stdout]              __idl::IdlCreateAccounts<'info>
[INFO] [stdout]              __idl::IdlCreateBuffer<'info>
[INFO] [stdout]              __idl::IdlResizeAccount<'info>
[INFO] [stdout]            and 12 others
[INFO] [stdout] 
[INFO] [stdout] 
[INFO] [stdout] error[E0277]: the trait bound `Initialize<'_>: Bumps` is not satisfied
[INFO] [stdout]   --> programs/ikiru/src/lib.rs:6:1
[INFO] [stdout]    |
[INFO] [stdout]  6 | #[program]
[INFO] [stdout]    | ^^^^^^^^^^ unsatisfied trait bound
[INFO] [stdout]    |
[INFO] [stdout] help: the trait `Bumps` is not implemented for `Initialize<'_>`
[INFO] [stdout]   --> programs/ikiru/src/lib.rs:38:1
[INFO] [stdout]    |
[INFO] [stdout] 38 | pub struct Initialize<'info> {
[INFO] [stdout]    | ^^^^^^^^^^^^^^^^^^^^^^^^^^^^
[INFO] [stdout]    = help: the following other types implement trait `Bumps`:
[INFO] [stdout]              BuyToken<'info>
[INFO] [stdout]              CreateNonceAccount<'info>
[INFO] [stdout]              CreateNonceAccountWithSeed<'info>
[INFO] [stdout]              __idl::IdlAccounts<'info>
[INFO] [stdout]              __idl::IdlCloseAccount<'info>
[INFO] [stdout]              __idl::IdlCreateAccounts<'info>
[INFO] [stdout]              __idl::IdlCreateBuffer<'info>
[INFO] [stdout]              __idl::IdlResizeAccount<'info>
[INFO] [stdout]            and 12 others
[INFO] [stdout]    = note: this error originates in the attribute macro `program` (in Nightly builds, run with -Z macro-backtrace for more info)
[INFO] [stdout] 
[INFO] [stdout] 
[INFO] [stdout] warning: use of deprecated method `anchor_lang::prelude::AccountInfo::<'a>::realloc`: Use AccountInfo::resize() instead
[INFO] [stdout]  --> programs/ikiru/src/lib.rs:6:1
[INFO] [stdout]   |
[INFO] [stdout] 6 | #[program]
[INFO] [stdout]   | ^^^^^^^^^^
[INFO] [stdout]   |
[INFO] [stdout]   = note: `#[warn(deprecated)]` on by default
[INFO] [stdout]   = note: this warning originates in the attribute macro `program` (in Nightly builds, run with -Z macro-backtrace for more info)
[INFO] [stdout] 
[INFO] [stdout] 
[INFO] [stdout] error[E0277]: the trait bound `Initialize<'_>: Bumps` is not satisfied
[INFO] [stdout]   --> programs/ikiru/src/lib.rs:10:36
[INFO] [stdout]    |
[INFO] [stdout] 10 |     pub fn initialize(ctx: Context<Initialize>) -> Result<()> {
[INFO] [stdout]    |                                    ^^^^^^^^^^ unsatisfied trait bound
[INFO] [stdout]    |
[INFO] [stdout] help: the trait `Bumps` is not implemented for `Initialize<'_>`
[INFO] [stdout]   --> programs/ikiru/src/lib.rs:38:1
[INFO] [stdout]    |
[INFO] [stdout] 38 | pub struct Initialize<'info> {
[INFO] [stdout]    | ^^^^^^^^^^^^^^^^^^^^^^^^^^^^
[INFO] [stdout]    = help: the following other types implement trait `Bumps`:
[INFO] [stdout]              BuyToken<'info>
[INFO] [stdout]              CreateNonceAccount<'info>
[INFO] [stdout]              CreateNonceAccountWithSeed<'info>
[INFO] [stdout]              __idl::IdlAccounts<'info>
[INFO] [stdout]              __idl::IdlCloseAccount<'info>
[INFO] [stdout]              __idl::IdlCreateAccounts<'info>
[INFO] [stdout]              __idl::IdlCreateBuffer<'info>
[INFO] [stdout]              __idl::IdlResizeAccount<'info>
[INFO] [stdout]            and 12 others
[INFO] [stdout] 
[INFO] [stdout] 
[INFO] [stdout] error[E0277]: the trait bound `Initialize<'_>: Bumps` is not satisfied
[INFO] [stdout]   --> programs/ikiru/src/lib.rs:6:1
[INFO] [stdout]    |
[INFO] [stdout]  6 | #[program]
[INFO] [stdout]    | ^^^^^^^^^^ unsatisfied trait bound
[INFO] [stdout]    |
[INFO] [stdout] help: the trait `Bumps` is not implemented for `Initialize<'_>`
[INFO] [stdout]   --> programs/ikiru/src/lib.rs:38:1
[INFO] [stdout]    |
[INFO] [stdout] 38 | pub struct Initialize<'info> {
[INFO] [stdout]    | ^^^^^^^^^^^^^^^^^^^^^^^^^^^^
[INFO] [stdout]    = help: the following other types implement trait `Bumps`:
[INFO] [stdout]              BuyToken<'info>
[INFO] [stdout]              CreateNonceAccount<'info>
[INFO] [stdout]              CreateNonceAccountWithSeed<'info>
[INFO] [stdout]              __idl::IdlAccounts<'info>
[INFO] [stdout]              __idl::IdlCloseAccount<'info>
[INFO] [stdout]              __idl::IdlCreateAccounts<'info>
[INFO] [stdout]              __idl::IdlCreateBuffer<'info>
[INFO] [stdout]              __idl::IdlResizeAccount<'info>
[INFO] [stdout]            and 12 others
[INFO] [stdout]    = note: this error originates in the attribute macro `program` (in Nightly builds, run with -Z macro-backtrace for more info)
[INFO] [stdout] 
[INFO] [stdout] 
[INFO] [stdout] error[E0599]: no associated function or constant named `try_accounts` found for struct `Initialize<'info>` in the current scope
[INFO] [stdout]   --> programs/ikiru/src/lib.rs:6:1
[INFO] [stdout]    |
[INFO] [stdout]  6 | #[program]
[INFO] [stdout]    | ^^^^^^^^^^ associated function or constant not found in `Initialize<'_>`
[INFO] [stdout] ...
[INFO] [stdout] 38 | pub struct Initialize<'info> {
[INFO] [stdout]    | ---------------------------- associated function or constant `try_accounts` not found for this struct
[INFO] [stdout]    |
[INFO] [stdout]    = help: items from traits can only be used if the trait is implemented and in scope
[INFO] [stdout]    = note: the following trait defines an item `try_accounts`, perhaps you need to implement it:
[INFO] [stdout]            candidate #1: `anchor_lang::Accounts`
[INFO] [stdout]    = note: this error originates in the attribute macro `program` (in Nightly builds, run with -Z macro-backtrace for more info)
[INFO] [stdout] 
[INFO] [stdout] 
[INFO] [stdout] error[E0599]: no associated function or constant named `try_accounts` found for struct `Initialize<'info>` in the current scope
[INFO] [stdout]   --> programs/ikiru/src/lib.rs:6:1
[INFO] [stdout]    |
[INFO] [stdout]  6 | #[program]
[INFO] [stdout]    | ^^^^^^^^^^ associated function or constant not found in `Initialize<'_>`
[INFO] [stdout] ...
[INFO] [stdout] 38 | pub struct Initialize<'info> {
[INFO] [stdout]    | ---------------------------- associated function or constant `try_accounts` not found for this struct
[INFO] [stdout]    |
[INFO] [stdout]    = help: items from traits can only be used if the trait is implemented and in scope
[INFO] [stdout]    = note: the following trait defines an item `try_accounts`, perhaps you need to implement it:
[INFO] [stdout]            candidate #1: `anchor_lang::Accounts`
[INFO] [stdout]    = note: this error originates in the attribute macro `program` (in Nightly builds, run with -Z macro-backtrace for more info)
[INFO] [stdout] 
[INFO] [stdout] 
[INFO] [stdout] error[E0277]: the trait bound `Initialize<'_>: anchor_lang::Accounts<'_, _>` is not satisfied
[INFO] [stdout]   --> programs/ikiru/src/lib.rs:6:1
[INFO] [stdout]    |
[INFO] [stdout]  6 | #[program]
[INFO] [stdout]    | ^^^^^^^^^^ unsatisfied trait bound
[INFO] [stdout]    |
[INFO] [stdout] help: the trait `anchor_lang::Accounts<'_, _>` is not implemented for `Initialize<'_>`
[INFO] [stdout]   --> programs/ikiru/src/lib.rs:38:1
[INFO] [stdout]    |
[INFO] [stdout] 38 | pub struct Initialize<'info> {
[INFO] [stdout]    | ^^^^^^^^^^^^^^^^^^^^^^^^^^^^
[INFO] [stdout]    = help: the following other types implement trait `anchor_lang::Accounts<'info, B>`:
[INFO] [stdout]              `AccountLoader<'info, T>` implements `anchor_lang::Accounts<'info, B>`
[INFO] [stdout]              `BuyToken<'info>` implements `anchor_lang::Accounts<'info, BuyTokenBumps>`
[INFO] [stdout]              `CreateNonceAccount<'info>` implements `anchor_lang::Accounts<'info, CreateNonceAccountBumps>`
[INFO] [stdout]              `CreateNonceAccountWithSeed<'info>` implements `anchor_lang::Accounts<'info, CreateNonceAccountWithSeedBumps>`
[INFO] [stdout]              `Interface<'info, T>` implements `anchor_lang::Accounts<'info, B>`
[INFO] [stdout]              `InterfaceAccount<'info, T>` implements `anchor_lang::Accounts<'info, B>`
[INFO] [stdout]              `SystemAccount<'info>` implements `anchor_lang::Accounts<'info, B>`
[INFO] [stdout]              `UncheckedAccount<'info>` implements `anchor_lang::Accounts<'info, B>`
[INFO] [stdout]            and 22 others
[INFO] [stdout] note: required by a bound in `anchor_lang::context::Context::<'a, 'b, 'c, 'info, T>::new`
[INFO] [stdout]   --> /opt/rustwide/cargo-home/registry/src/index.crates.io-1949cf8c6b5b557f/anchor-lang-0.31.1/src/context.rs:55:16
[INFO] [stdout]    |
[INFO] [stdout] 53 | impl<'a, 'b, 'c, 'info, T> Context<'a, 'b, 'c, 'info, T>
[INFO] [stdout] 54 | where
[INFO] [stdout] 55 |     T: Bumps + Accounts<'info, T::Bumps>,
[INFO] [stdout]    |                ^^^^^^^^^^^^^^^^^^^^^^^^^ required by this bound in `Context::<'a, 'b, 'c, 'info, T>::new`
[INFO] [stdout] 56 | {
[INFO] [stdout] 57 |     pub fn new(
[INFO] [stdout]    = note: this error originates in the attribute macro `program` (in Nightly builds, run with -Z macro-backtrace for more info)
[INFO] [stdout] 
[INFO] [stdout] 
[INFO] [stdout] error[E0277]: the trait bound `Initialize<'_>: anchor_lang::Accounts<'_, _>` is not satisfied
[INFO] [stdout]   --> programs/ikiru/src/lib.rs:6:1
[INFO] [stdout]    |
[INFO] [stdout]  6 | #[program]
[INFO] [stdout]    | ^^^^^^^^^^ unsatisfied trait bound
[INFO] [stdout]    |
[INFO] [stdout] help: the trait `anchor_lang::Accounts<'_, _>` is not implemented for `Initialize<'_>`
[INFO] [stdout]   --> programs/ikiru/src/lib.rs:38:1
[INFO] [stdout]    |
[INFO] [stdout] 38 | pub struct Initialize<'info> {
[INFO] [stdout]    | ^^^^^^^^^^^^^^^^^^^^^^^^^^^^
[INFO] [stdout]    = help: the following other types implement trait `anchor_lang::Accounts<'info, B>`:
[INFO] [stdout]              `AccountLoader<'info, T>` implements `anchor_lang::Accounts<'info, B>`
[INFO] [stdout]              `BuyToken<'info>` implements `anchor_lang::Accounts<'info, BuyTokenBumps>`
[INFO] [stdout]              `CreateNonceAccount<'info>` implements `anchor_lang::Accounts<'info, CreateNonceAccountBumps>`
[INFO] [stdout]              `CreateNonceAccountWithSeed<'info>` implements `anchor_lang::Accounts<'info, CreateNonceAccountWithSeedBumps>`
[INFO] [stdout]              `Interface<'info, T>` implements `anchor_lang::Accounts<'info, B>`
[INFO] [stdout]              `InterfaceAccount<'info, T>` implements `anchor_lang::Accounts<'info, B>`
[INFO] [stdout]              `SystemAccount<'info>` implements `anchor_lang::Accounts<'info, B>`
[INFO] [stdout]              `UncheckedAccount<'info>` implements `anchor_lang::Accounts<'info, B>`
[INFO] [stdout]            and 22 others
[INFO] [stdout] note: required by a bound in `anchor_lang::context::Context::<'a, 'b, 'c, 'info, T>::new`
[INFO] [stdout]   --> /opt/rustwide/cargo-home/registry/src/index.crates.io-1949cf8c6b5b557f/anchor-lang-0.31.1/src/context.rs:55:16
[INFO] [stdout]    |
[INFO] [stdout] 53 | impl<'a, 'b, 'c, 'info, T> Context<'a, 'b, 'c, 'info, T>
[INFO] [stdout] 54 | where
[INFO] [stdout] 55 |     T: Bumps + Accounts<'info, T::Bumps>,
[INFO] [stdout]    |                ^^^^^^^^^^^^^^^^^^^^^^^^^ required by this bound in `Context::<'a, 'b, 'c, 'info, T>::new`
[INFO] [stdout] 56 | {
[INFO] [stdout] 57 |     pub fn new(
[INFO] [stdout]    = note: this error originates in the attribute macro `program` (in Nightly builds, run with -Z macro-backtrace for more info)
[INFO] [stdout] 
[INFO] [stdout] 
[INFO] [stdout] error[E0277]: the size for values of type `anchor_lang::context::Context<'_, '_, '_, '_, Initialize<'_>>` cannot be known at compilation time
[INFO] [stdout]  --> programs/ikiru/src/lib.rs:6:1
[INFO] [stdout]   |
[INFO] [stdout] 6 | #[program]
[INFO] [stdout]   | ^^^^^^^^^^ doesn't have a size known at compile-time
[INFO] [stdout]   |
[INFO] [stdout]   = help: the trait `Sized` is not implemented for `anchor_lang::context::Context<'_, '_, '_, '_, Initialize<'_>>`
[INFO] [stdout]   = note: all function arguments must have a statically known size
[INFO] [stdout]   = help: unsized fn params are gated as an unstable feature
[INFO] [stdout]   = note: this error originates in the attribute macro `program` (in Nightly builds, run with -Z macro-backtrace for more info)
[INFO] [stdout] 
[INFO] [stdout] 
[INFO] [stdout] error[E0277]: the size for values of type `anchor_lang::context::Context<'_, '_, '_, '_, Initialize<'_>>` cannot be known at compilation time
[INFO] [stdout]  --> programs/ikiru/src/lib.rs:6:1
[INFO] [stdout]   |
[INFO] [stdout] 6 | #[program]
[INFO] [stdout]   | ^^^^^^^^^^ doesn't have a size known at compile-time
[INFO] [stdout]   |
[INFO] [stdout]   = help: the trait `Sized` is not implemented for `anchor_lang::context::Context<'_, '_, '_, '_, Initialize<'_>>`
[INFO] [stdout]   = note: all function arguments must have a statically known size
[INFO] [stdout]   = help: unsized fn params are gated as an unstable feature
[INFO] [stdout]   = note: this error originates in the attribute macro `program` (in Nightly builds, run with -Z macro-backtrace for more info)
[INFO] [stdout] 
[INFO] [stdout] 
[INFO] [stdout] error[E0277]: the size for values of type `anchor_lang::context::Context<'_, '_, '_, '_, Initialize<'_>>` cannot be known at compilation time
[INFO] [stdout]   --> programs/ikiru/src/lib.rs:10:28
[INFO] [stdout]    |
[INFO] [stdout] 10 |     pub fn initialize(ctx: Context<Initialize>) -> Result<()> {
[INFO] [stdout]    |                            ^^^^^^^^^^^^^^^^^^^ doesn't have a size known at compile-time
[INFO] [stdout]    |
[INFO] [stdout]    = help: the trait `Sized` is not implemented for `anchor_lang::context::Context<'_, '_, '_, '_, Initialize<'_>>`
[INFO] [stdout]    = help: unsized fn params are gated as an unstable feature
[INFO] [stdout] help: function arguments must have a statically known size, borrowed types always have a known size
[INFO] [stdout]    |
[INFO] [stdout] 10 |     pub fn initialize(ctx: &Context<Initialize>) -> Result<()> {
[INFO] [stdout]    |                            +
[INFO] [stdout] 
[INFO] [stdout] 
[INFO] [stdout] error[E0277]: the size for values of type `anchor_lang::context::Context<'_, '_, '_, '_, Initialize<'_>>` cannot be known at compilation time
[INFO] [stdout]   --> programs/ikiru/src/lib.rs:10:28
[INFO] [stdout]    |
[INFO] [stdout] 10 |     pub fn initialize(ctx: Context<Initialize>) -> Result<()> {
[INFO] [stdout]    |                            ^^^^^^^^^^^^^^^^^^^ doesn't have a size known at compile-time
[INFO] [stdout]    |
[INFO] [stdout]    = help: the trait `Sized` is not implemented for `anchor_lang::context::Context<'_, '_, '_, '_, Initialize<'_>>`
[INFO] [stdout]    = help: unsized fn params are gated as an unstable feature
[INFO] [stdout] help: function arguments must have a statically known size, borrowed types always have a known size
[INFO] [stdout]    |
[INFO] [stdout] 10 |     pub fn initialize(ctx: &Context<Initialize>) -> Result<()> {
[INFO] [stdout]    |                            +
[INFO] [stdout] 
[INFO] [stdout] 
[INFO] [stdout] error[E0308]: mismatched types
[INFO] [stdout]   --> programs/ikiru/src/lib.rs:27:37
[INFO] [stdout]    |
[INFO] [stdout] 27 |         if allowed_wallets.contains(&user_wallet.key()) {
[INFO] [stdout]    |                            -------- ^^^^^^^^^^^^^^^^^^ expected `&&Pubkey`, found `&Pubkey`
[INFO] [stdout]    |                            |
[INFO] [stdout]    |                            arguments to this method are incorrect
[INFO] [stdout]    |
[INFO] [stdout]    = note: expected reference `&&Pubkey`
[INFO] [stdout]               found reference `&Pubkey`
[INFO] [stdout] note: method defined here
[INFO] [stdout]   --> /rustc/895980e0290783bb09b1ccf1b11f14eb09b10430/library/core/src/slice/mod.rs:2602:11
[INFO] [stdout] help: consider borrowing here
[INFO] [stdout]    |
[INFO] [stdout] 27 |         if allowed_wallets.contains(&&user_wallet.key()) {
[INFO] [stdout]    |                                     +
[INFO] [stdout] 
[INFO] [stdout] 
[INFO] [stdout] error[E0308]: mismatched types
[INFO] [stdout]   --> programs/ikiru/src/lib.rs:27:37
[INFO] [stdout]    |
[INFO] [stdout] 27 |         if allowed_wallets.contains(&user_wallet.key()) {
[INFO] [stdout]    |                            -------- ^^^^^^^^^^^^^^^^^^ expected `&&Pubkey`, found `&Pubkey`
[INFO] [stdout]    |                            |
[INFO] [stdout]    |                            arguments to this method are incorrect
[INFO] [stdout]    |
[INFO] [stdout]    = note: expected reference `&&Pubkey`
[INFO] [stdout]               found reference `&Pubkey`
[INFO] [stdout] note: method defined here
[INFO] [stdout]   --> /rustc/895980e0290783bb09b1ccf1b11f14eb09b10430/library/core/src/slice/mod.rs:2602:11
[INFO] [stdout] help: consider borrowing here
[INFO] [stdout]    |
[INFO] [stdout] 27 |         if allowed_wallets.contains(&&user_wallet.key()) {
[INFO] [stdout]    |                                     +
[INFO] [stdout] 
[INFO] [stdout] 
[INFO] [stdout] Some errors have detailed explanations: E0277, E0308, E0599.
[INFO] [stdout] 
[INFO] [stdout] For more information about an error, try `rustc --explain E0277`.
[INFO] [stdout] 
[INFO] [stdout] Some errors have detailed explanations: E0277, E0308, E0599.
[INFO] [stdout] 
[INFO] [stdout] For more information about an error, try `rustc --explain E0277`.
[INFO] [stdout] 
[INFO] [stderr] error: could not compile `ikiru` (lib test) due to 9 previous errors; 17 warnings emitted
[INFO] [stderr] warning: build failed, waiting for other jobs to finish...
[INFO] [stderr] error: could not compile `ikiru` (lib) due to 9 previous errors; 17 warnings emitted
[INFO] [stderr] warning: unused dependency `solana-program`
[INFO] [stderr]  --> programs/ikiru/Cargo.toml:8:1
[INFO] [stderr]   |
[INFO] [stderr] 8 | solana-program = "=1.18.18"
[INFO] [stderr]   | ^^^^^^^^^^^^^^^^^^^^^^^^^^^
[INFO] [stderr]   |
[INFO] [stderr]   = note: `cargo::unused_dependencies` is set to `warn` by default
[INFO] [stderr] help: consider removing the dependency on `solana-program`
[INFO] [stderr] warning: `ikiru` (manifest) generated 1 warning
[INFO] running `Command { std: "docker" "inspect" "f37ed277dfcbfd73325322ae56dc933b050a12bbddc46caa3606aa985a704f24", kill_on_drop: false }`
[INFO] running `Command { std: "docker" "rm" "-f" "f37ed277dfcbfd73325322ae56dc933b050a12bbddc46caa3606aa985a704f24", kill_on_drop: false }`
[INFO] [stdout] f37ed277dfcbfd73325322ae56dc933b050a12bbddc46caa3606aa985a704f24
