[INFO] cloning repository https://github.com/apoelstra/rust-simplicity
[INFO] running `Command { std: "git" "-c" "credential.helper=" "-c" "credential.helper=/workspace/cargo-home/bin/git-credential-null" "clone" "--bare" "https://github.com/apoelstra/rust-simplicity" "/workspace/cache/git-repos/https%3A%2F%2Fgithub.com%2Fapoelstra%2Frust-simplicity", kill_on_drop: false }`
[INFO] [stderr] Cloning into bare repository '/workspace/cache/git-repos/https%3A%2F%2Fgithub.com%2Fapoelstra%2Frust-simplicity'...
[INFO] running `Command { std: "git" "rev-parse" "HEAD", kill_on_drop: false }`
[INFO] [stdout] 082e104572f45d112a4fabc49ab934ed53cd5ad4
[INFO] checking apoelstra/rust-simplicity against 895980e0290783bb09b1ccf1b11f14eb09b10430 for pr-160186
[INFO] running `Command { std: "git" "clone" "/workspace/cache/git-repos/https%3A%2F%2Fgithub.com%2Fapoelstra%2Frust-simplicity" "/workspace/builds/worker-6-tc2/source", kill_on_drop: false }`
[INFO] [stderr] Cloning into '/workspace/builds/worker-6-tc2/source'...
[INFO] [stderr] done.
[INFO] started tweaking git repo https://github.com/apoelstra/rust-simplicity
[INFO] finished tweaking git repo https://github.com/apoelstra/rust-simplicity
[INFO] tweaked toml for git repo https://github.com/apoelstra/rust-simplicity written to /workspace/builds/worker-6-tc2/source/Cargo.toml
[INFO] validating manifest of git repo https://github.com/apoelstra/rust-simplicity on toolchain 895980e0290783bb09b1ccf1b11f14eb09b10430
[INFO] running `Command { std: CARGO_HOME="/workspace/cargo-home" RUSTUP_HOME="/workspace/rustup-home" "/workspace/cargo-home/bin/cargo" "+895980e0290783bb09b1ccf1b11f14eb09b10430" "metadata" "--manifest-path" "Cargo.toml" "--no-deps", kill_on_drop: false }`
[INFO] running `Command { std: CARGO_HOME="/workspace/cargo-home" RUSTUP_HOME="/workspace/rustup-home" "/workspace/cargo-home/bin/cargo" "+895980e0290783bb09b1ccf1b11f14eb09b10430" "generate-lockfile" "--manifest-path" "Cargo.toml", kill_on_drop: false }`
[INFO] [stderr]     Updating crates.io index
[INFO] [stderr]      Locking 70 packages to highest compatible versions
[INFO] [stderr]       Adding base64 v0.22.1 (available: v0.23.1)
[INFO] [stderr]       Adding bitcoin_hashes v0.14.101 (available: v1.2.0)
[INFO] [stderr]       Adding elements v0.25.3 (available: v0.27.0)
[INFO] [stderr]       Adding getrandom v0.2.17 (available: v0.4.3)
[INFO] [stderr]       Adding hex-conservative v0.2.3 (available: v1.3.0)
[INFO] [stderr]       Adding miniscript v12.3.7 (available: v13.2.0)
[INFO] [stderr]       Adding simplicity-lang v0.3.1 (available: v0.9.0)
[INFO] running `Command { std: CARGO_HOME="/workspace/cargo-home" RUSTUP_HOME="/workspace/rustup-home" "/workspace/cargo-home/bin/cargo" "+895980e0290783bb09b1ccf1b11f14eb09b10430" "fetch" "--manifest-path" "Cargo.toml", kill_on_drop: false }`
[INFO] running `Command { std: "docker" "create" "-v" "/var/lib/crater-agent-workspace/builds/worker-6-tc2/source:/opt/rustwide/workdir:ro,Z" "-v" "/var/lib/crater-agent-workspace/builds/worker-6-tc2/target:/opt/rustwide/target:rw,Z" "-v" "/var/lib/crater-agent-workspace/cargo-home:/opt/rustwide/cargo-home:ro,Z" "-v" "/var/lib/crater-agent-workspace/rustup-home:/opt/rustwide/rustup-home:ro,Z" "-m" "1610612736" "--network" "none" "ghcr.io/rust-lang/crates-build-env/linux@sha256:77db811e55d90add9212f6832c23229e3de5f1c1f9905e8cb07319ea15df73ac" "sleep" "infinity", kill_on_drop: false }`
[INFO] [stdout] dff1622c7f8ba6f7ac9b5853c4f64c4bffcf913778c0a9ab8b737fda01d39897
[INFO] running `Command { std: "docker" "start" "dff1622c7f8ba6f7ac9b5853c4f64c4bffcf913778c0a9ab8b737fda01d39897", kill_on_drop: false }`
[INFO] running `Command { std: "docker" "inspect" "dff1622c7f8ba6f7ac9b5853c4f64c4bffcf913778c0a9ab8b737fda01d39897", kill_on_drop: false }`
[INFO] running `Command { std: "docker" "exec" "-e" "SOURCE_DIR=/opt/rustwide/workdir" "-e" "CARGO_HOME=/opt/rustwide/cargo-home" "-e" "RUSTUP_HOME=/opt/rustwide/rustup-home" "-e" "CARGO_TARGET_DIR=/opt/rustwide/target" "-w" "/opt/rustwide/workdir" "--user" "0:0" "dff1622c7f8ba6f7ac9b5853c4f64c4bffcf913778c0a9ab8b737fda01d39897" "/opt/rustwide/cargo-home/bin/cargo" "+895980e0290783bb09b1ccf1b11f14eb09b10430" "metadata" "--no-deps" "--format-version=1", kill_on_drop: false }`
[INFO] running `Command { std: "docker" "inspect" "dff1622c7f8ba6f7ac9b5853c4f64c4bffcf913778c0a9ab8b737fda01d39897", kill_on_drop: false }`
[INFO] running `Command { std: "docker" "exec" "-e" "SOURCE_DIR=/opt/rustwide/workdir" "-e" "CARGO_HOME=/opt/rustwide/cargo-home" "-e" "RUSTUP_HOME=/opt/rustwide/rustup-home" "-e" "CARGO_TARGET_DIR=/opt/rustwide/target" "-e" "CARGO_INCREMENTAL=0" "-e" "RUST_BACKTRACE=full" "-e" "RUSTFLAGS=--cap-lints=forbid" "-e" "RUSTDOCFLAGS=--cap-lints=forbid" "-w" "/opt/rustwide/workdir" "--user" "0:0" "dff1622c7f8ba6f7ac9b5853c4f64c4bffcf913778c0a9ab8b737fda01d39897" "/opt/rustwide/cargo-home/bin/cargo" "+895980e0290783bb09b1ccf1b11f14eb09b10430" "check" "--frozen" "--all" "--all-targets" "--message-format=json", kill_on_drop: false }`
[INFO] [stderr]    Compiling libc v0.2.191
[INFO] [stderr]    Compiling shlex v2.0.1
[INFO] [stderr]    Compiling find-msvc-tools v0.1.14
[INFO] [stderr]    Compiling proc-macro2 v1.0.107
[INFO] [stderr]    Compiling quote v1.0.47
[INFO] [stderr]    Compiling unicode-ident v1.0.27
[INFO] [stderr]    Compiling serde_core v1.0.229
[INFO] [stderr]    Compiling serde v1.0.229
[INFO] [stderr]    Compiling bitcoin-io v0.1.101
[INFO] [stderr]     Checking arrayvec v0.7.8
[INFO] [stderr]    Compiling zerocopy v0.8.63
[INFO] [stderr]     Checking cfg-if v1.0.5
[INFO] [stderr]    Compiling hex_lit v0.1.1
[INFO] [stderr]    Compiling bitcoin v0.32.102
[INFO] [stderr]     Checking regex-syntax v0.8.11
[INFO] [stderr]     Checking bech32 v0.11.1
[INFO] [stderr]    Compiling bitcoin-private v0.1.0
[INFO] [stderr]     Checking hex-conservative v0.2.3
[INFO] [stderr]     Checking hex-conservative v0.1.2
[INFO] [stderr]     Checking arbitrary v1.5.0
[INFO] [stderr]    Compiling syn v3.0.9
[INFO] [stderr]    Compiling jobserver v0.1.35
[INFO] [stderr]     Checking getrandom v0.2.17
[INFO] [stderr]    Compiling cc v1.8.0
[INFO] [stderr]     Checking rand_core v0.6.4
[INFO] [stderr]     Checking regex-automata v0.4.18
[INFO] [stderr]    Compiling secp256k1-sys v0.10.1
[INFO] [stderr]    Compiling secp256k1-zkp-sys v0.10.1
[INFO] [stderr]    Compiling simplicity-sys v0.5.0 (/opt/rustwide/workdir/simplicity-sys)
[INFO] [stderr]    Compiling simplicity-sys v0.3.0
[INFO] [stderr]    Compiling libfuzzer-sys v0.4.13
[INFO] [stderr]     Checking regex v1.13.1
[INFO] [stderr]    Compiling serde_derive v1.0.229
[INFO] [stderr]     Checking santiago v1.3.1
[INFO] [stderr]     Checking ppv-lite86 v0.2.21
[INFO] [stderr]     Checking rand_chacha v0.3.1
[INFO] [stderr]     Checking rand v0.8.8
[INFO] [stderr] warning: simplicity-sys@0.5.0: cc: fatal error: Killed signal terminated program cc1
[INFO] [stderr] warning: simplicity-sys@0.5.0: compilation terminated.
[INFO] [stderr] warning: simplicity-sys@0.5.0: ToolExecError: command did not execute successfully (status code exit status: 1): "cc" "-O2" "-ffunction-sections" "-fdata-sections" "-fPIC" "-g" "-gdwarf-4" "-fno-omit-frame-pointer" "-mno-omit-leaf-frame-pointer" "-m64" "-std=c11" "-I" "depend/simplicity/include" "-Wall" "-Wextra" "-fno-inline-functions" "-DPRODUCTION" "-o" "/opt/rustwide/target/debug/build/simplicity-sys/f9f5c00f1fae8d7a/out/29bbf25cfcc0f743-jets-secp256k1.o" "-c" "depend/simplicity/jets-secp256k1.c"
[INFO] [stderr] error: failed to run custom build command for `simplicity-sys v0.5.0 (/opt/rustwide/workdir/simplicity-sys)`
[INFO] [stderr] note: To improve backtraces for build dependencies, set the CARGO_PROFILE_DEV_BUILD_OVERRIDE_DEBUG=true environment variable to enable debug information generation.
[INFO] [stderr] 
[INFO] [stderr] Caused by:
[INFO] [stderr]   process didn't exit successfully: `/opt/rustwide/target/debug/build/simplicity-sys/bcb75f88fab8d5d0/out/build_script_build` (exit status: 1)
[INFO] [stderr]   --- stdout
[INFO] [stderr]   cargo:rerun-if-changed=depend
[INFO] [stderr]   cargo:rerun-if-env-changed=CC_FORCE_DISABLE
[INFO] [stderr]   CC_FORCE_DISABLE = None
[INFO] [stderr]   cargo:rerun-if-env-changed=CC_x86_64-unknown-linux-gnu
[INFO] [stderr]   CC_x86_64-unknown-linux-gnu = None
[INFO] [stderr]   cargo:rerun-if-env-changed=CC_x86_64_unknown_linux_gnu
[INFO] [stderr]   CC_x86_64_unknown_linux_gnu = None
[INFO] [stderr]   cargo:rerun-if-env-changed=HOST_CC
[INFO] [stderr]   HOST_CC = None
[INFO] [stderr]   cargo:rerun-if-env-changed=CC
[INFO] [stderr]   CC = None
[INFO] [stderr]   cargo:rerun-if-env-changed=CC_ENABLE_DEBUG_OUTPUT
[INFO] [stderr]   cargo:rerun-if-env-changed=CRATE_CC_NO_DEFAULTS
[INFO] [stderr]   CRATE_CC_NO_DEFAULTS = None
[INFO] [stderr]   cargo:rerun-if-env-changed=CRATE_CC_NO_DEFAULTS
[INFO] [stderr]   CRATE_CC_NO_DEFAULTS = None
[INFO] [stderr]   cargo:rerun-if-env-changed=CFLAGS
[INFO] [stderr]   CFLAGS = None
[INFO] [stderr]   cargo:rerun-if-env-changed=HOST_CFLAGS
[INFO] [stderr]   HOST_CFLAGS = None
[INFO] [stderr]   cargo:rerun-if-env-changed=CFLAGS_x86_64_unknown_linux_gnu
[INFO] [stderr]   CFLAGS_x86_64_unknown_linux_gnu = None
[INFO] [stderr]   cargo:rerun-if-env-changed=CFLAGS_x86_64-unknown-linux-gnu
[INFO] [stderr]   CFLAGS_x86_64-unknown-linux-gnu = None
[INFO] [stderr]   cargo:rerun-if-env-changed=CFLAGS
[INFO] [stderr]   CFLAGS = None
[INFO] [stderr]   cargo:rerun-if-env-changed=HOST_CFLAGS
[INFO] [stderr]   HOST_CFLAGS = None
[INFO] [stderr]   cargo:rerun-if-env-changed=CFLAGS_x86_64_unknown_linux_gnu
[INFO] [stderr]   CFLAGS_x86_64_unknown_linux_gnu = None
[INFO] [stderr]   cargo:rerun-if-env-changed=CFLAGS_x86_64-unknown-linux-gnu
[INFO] [stderr]   CFLAGS_x86_64-unknown-linux-gnu = None
[INFO] [stderr]   cargo:rerun-if-env-changed=CRATE_CC_NO_DEFAULTS
[INFO] [stderr]   CRATE_CC_NO_DEFAULTS = None
[INFO] [stderr]   cargo:rerun-if-env-changed=CFLAGS
[INFO] [stderr]   CFLAGS = None
[INFO] [stderr]   cargo:rerun-if-env-changed=HOST_CFLAGS
[INFO] [stderr]   HOST_CFLAGS = None
[INFO] [stderr]   cargo:rerun-if-env-changed=CFLAGS_x86_64_unknown_linux_gnu
[INFO] [stderr]   CFLAGS_x86_64_unknown_linux_gnu = None
[INFO] [stderr]   cargo:rerun-if-env-changed=CFLAGS_x86_64-unknown-linux-gnu
[INFO] [stderr]   CFLAGS_x86_64-unknown-linux-gnu = None
[INFO] [stderr]   exit status: 0
[INFO] [stderr]   exit status: 0
[INFO] [stderr]   exit status: 0
[INFO] [stderr]   exit status: 0
[INFO] [stderr]   exit status: 0
[INFO] [stderr]   exit status: 0
[INFO] [stderr]   exit status: 0
[INFO] [stderr]   exit status: 0
[INFO] [stderr]   exit status: 0
[INFO] [stderr]   exit status: 0
[INFO] [stderr]   exit status: 0
[INFO] [stderr]   exit status: 0
[INFO] [stderr]   exit status: 0
[INFO] [stderr]   exit status: 0
[INFO] [stderr]   exit status: 0
[INFO] [stderr]   exit status: 0
[INFO] [stderr]   exit status: 0
[INFO] [stderr]   exit status: 0
[INFO] [stderr]   exit status: 0
[INFO] [stderr]   exit status: 0
[INFO] [stderr]   exit status: 0
[INFO] [stderr]   exit status: 0
[INFO] [stderr]   exit status: 0
[INFO] [stderr]   exit status: 0
[INFO] [stderr]   exit status: 0
[INFO] [stderr]   cargo:warning=cc: fatal error: Killed signal terminated program cc1
[INFO] [stderr]   cargo:warning=compilation terminated.
[INFO] [stderr]   exit status: 1
[INFO] [stderr]   cargo:warning=ToolExecError: command did not execute successfully (status code exit status: 1): "cc" "-O2" "-ffunction-sections" "-fdata-sections" "-fPIC" "-g" "-gdwarf-4" "-fno-omit-frame-pointer" "-mno-omit-leaf-frame-pointer" "-m64" "-std=c11" "-I" "depend/simplicity/include" "-Wall" "-Wextra" "-fno-inline-functions" "-DPRODUCTION" "-o" "/opt/rustwide/target/debug/build/simplicity-sys/f9f5c00f1fae8d7a/out/29bbf25cfcc0f743-jets-secp256k1.o" "-c" "depend/simplicity/jets-secp256k1.c"
[INFO] [stderr] 
[INFO] [stderr]   --- stderr
[INFO] [stderr] 
[INFO] [stderr] 
[INFO] [stderr]   error occurred in cc-rs: command did not execute successfully (status code exit status: 1): "cc" "-O2" "-ffunction-sections" "-fdata-sections" "-fPIC" "-g" "-gdwarf-4" "-fno-omit-frame-pointer" "-mno-omit-leaf-frame-pointer" "-m64" "-std=c11" "-I" "depend/simplicity/include" "-Wall" "-Wextra" "-fno-inline-functions" "-DPRODUCTION" "-o" "/opt/rustwide/target/debug/build/simplicity-sys/f9f5c00f1fae8d7a/out/29bbf25cfcc0f743-jets-secp256k1.o" "-c" "depend/simplicity/jets-secp256k1.c"
[INFO] [stderr] 
[INFO] [stderr] 
[INFO] [stderr] warning: build failed, waiting for other jobs to finish...
[INFO] [stderr] error: could not compile `serde_derive` (lib)
[INFO] [stderr] 
[INFO] [stderr] Caused by:
[INFO] [stderr]   process didn't exit successfully: `/opt/rustwide/rustup-home/toolchains/895980e0290783bb09b1ccf1b11f14eb09b10430/bin/rustc --crate-name serde_derive --edition=2021 /opt/rustwide/cargo-home/registry/src/index.crates.io-1949cf8c6b5b557f/serde_derive-1.0.229/src/lib.rs --error-format=json --json=diagnostic-rendered-ansi,artifacts,future-incompat,unused-externs-silent --crate-type proc-macro --emit=dep-info,link -C prefer-dynamic -C embed-bitcode=no --cfg 'feature="default"' --check-cfg 'cfg(docsrs,test)' --check-cfg 'cfg(feature, values("default", "deserialize_in_place"))' -C metadata=d8e7d9349d3d09ac -C extra-filename=-bd828010523f8298 --out-dir /opt/rustwide/target/debug/build/serde_derive/bd828010523f8298/out -L dependency=/opt/rustwide/target/debug/build/proc-macro2/dcba4b6972118035/out -L dependency=/opt/rustwide/target/debug/build/quote/3ea8b9aecf3012af/out -L dependency=/opt/rustwide/target/debug/build/unicode-ident/df46d5bd9131fa48/out --extern proc_macro2=/opt/rustwide/target/debug/build/proc-macro2/dcba4b6972118035/out/libproc_macro2-dcba4b6972118035.rlib --extern proc_macro2=/opt/rustwide/target/debug/build/proc-macro2/dcba4b6972118035/out/libproc_macro2-dcba4b6972118035.rmeta --extern quote=/opt/rustwide/target/debug/build/quote/3ea8b9aecf3012af/out/libquote-3ea8b9aecf3012af.rlib --extern quote=/opt/rustwide/target/debug/build/quote/3ea8b9aecf3012af/out/libquote-3ea8b9aecf3012af.rmeta --extern syn=/opt/rustwide/target/debug/build/syn/ec8d051ebcdd2a28/out/libsyn-ec8d051ebcdd2a28.rlib --extern syn=/opt/rustwide/target/debug/build/syn/ec8d051ebcdd2a28/out/libsyn-ec8d051ebcdd2a28.rmeta --extern proc_macro --cap-lints allow --cap-lints=forbid --force-warn=unused_crate_dependencies` (signal: 9, SIGKILL: kill)
[INFO] [stderr] warning: libfuzzer-sys@0.4.13: c++: fatal error: Killed signal terminated program cc1plus
[INFO] [stderr] warning: libfuzzer-sys@0.4.13: compilation terminated.
[INFO] [stderr] warning: libfuzzer-sys@0.4.13: ToolExecError: command did not execute successfully (status code exit status: 1): "c++" "-O0" "-ffunction-sections" "-fdata-sections" "-fPIC" "-g" "-gdwarf-4" "-fno-omit-frame-pointer" "-mno-omit-leaf-frame-pointer" "-m64" "-std=c++17" "-w" "-o" "/opt/rustwide/target/debug/build/libfuzzer-sys/c041178e53409e16/out/e5f0d71fb86e9d6b-FuzzerLoop.o" "-c" "libfuzzer/FuzzerLoop.cpp"
[INFO] [stderr] error: failed to run custom build command for `libfuzzer-sys v0.4.13`
[INFO] [stderr] note: To improve backtraces for build dependencies, set the CARGO_PROFILE_DEV_BUILD_OVERRIDE_DEBUG=true environment variable to enable debug information generation.
[INFO] [stderr] 
[INFO] [stderr] Caused by:
[INFO] [stderr]   process didn't exit successfully: `/opt/rustwide/target/debug/build/libfuzzer-sys/4ab6d8f0277ade01/out/build_script_build` (exit status: 1)
[INFO] [stderr]   --- stdout
[INFO] [stderr]   cargo:rerun-if-env-changed=CUSTOM_LIBFUZZER_PATH
[INFO] [stderr]   cargo:rerun-if-changed=libfuzzer/FuzzerUtilWindows.cpp
[INFO] [stderr]   cargo:rerun-if-changed=libfuzzer/FuzzerLoop.cpp
[INFO] [stderr]   cargo:rerun-if-changed=libfuzzer/FuzzerCrossOver.cpp
[INFO] [stderr]   cargo:rerun-if-changed=libfuzzer/FuzzerMerge.cpp
[INFO] [stderr]   cargo:rerun-if-changed=libfuzzer/FuzzerExtraCountersDarwin.cpp
[INFO] [stderr]   cargo:rerun-if-changed=libfuzzer/FuzzerMutate.cpp
[INFO] [stderr]   cargo:rerun-if-changed=libfuzzer/FuzzerIOWindows.cpp
[INFO] [stderr]   cargo:rerun-if-changed=libfuzzer/FuzzerDataFlowTrace.cpp
[INFO] [stderr]   cargo:rerun-if-changed=libfuzzer/FuzzerFork.cpp
[INFO] [stderr]   cargo:rerun-if-changed=libfuzzer/FuzzerIO.cpp
[INFO] [stderr]   cargo:rerun-if-changed=libfuzzer/FuzzerTracePC.cpp
[INFO] [stderr]   cargo:rerun-if-changed=libfuzzer/FuzzerExtraCounters.cpp
[INFO] [stderr]   cargo:rerun-if-changed=libfuzzer/FuzzerIOPosix.cpp
[INFO] [stderr]   cargo:rerun-if-changed=libfuzzer/FuzzerUtilFuchsia.cpp
[INFO] [stderr]   cargo:rerun-if-changed=libfuzzer/FuzzerExtraCountersWindows.cpp
[INFO] [stderr]   cargo:rerun-if-changed=libfuzzer/FuzzerInterceptors.cpp
[INFO] [stderr]   cargo:rerun-if-changed=libfuzzer/FuzzerUtilDarwin.cpp
[INFO] [stderr]   cargo:rerun-if-changed=libfuzzer/FuzzerUtilLinux.cpp
[INFO] [stderr]   cargo:rerun-if-changed=libfuzzer/FuzzerUtilPosix.cpp
[INFO] [stderr]   cargo:rerun-if-changed=libfuzzer/FuzzerDriver.cpp
[INFO] [stderr]   cargo:rerun-if-changed=libfuzzer/FuzzerExtFunctionsDlsym.cpp
[INFO] [stderr]   cargo:rerun-if-changed=libfuzzer/FuzzerUtil.cpp
[INFO] [stderr]   cargo:rerun-if-changed=libfuzzer/FuzzerSHA1.cpp
[INFO] [stderr]   cargo:rerun-if-changed=libfuzzer/FuzzerMain.cpp
[INFO] [stderr]   cargo:rerun-if-changed=libfuzzer/FuzzerExtFunctionsWindows.cpp
[INFO] [stderr]   cargo:rerun-if-changed=libfuzzer/FuzzerExtFunctionsWeak.cpp
[INFO] [stderr]   cargo:rerun-if-env-changed=CC_FORCE_DISABLE
[INFO] [stderr]   CC_FORCE_DISABLE = None
[INFO] [stderr]   cargo:rerun-if-env-changed=CXX_x86_64-unknown-linux-gnu
[INFO] [stderr]   CXX_x86_64-unknown-linux-gnu = None
[INFO] [stderr]   cargo:rerun-if-env-changed=CXX_x86_64_unknown_linux_gnu
[INFO] [stderr]   CXX_x86_64_unknown_linux_gnu = None
[INFO] [stderr]   cargo:rerun-if-env-changed=HOST_CXX
[INFO] [stderr]   HOST_CXX = None
[INFO] [stderr]   cargo:rerun-if-env-changed=CXX
[INFO] [stderr]   CXX = None
[INFO] [stderr]   cargo:rerun-if-env-changed=CC_ENABLE_DEBUG_OUTPUT
[INFO] [stderr]   cargo:rerun-if-env-changed=CRATE_CC_NO_DEFAULTS
[INFO] [stderr]   CRATE_CC_NO_DEFAULTS = None
[INFO] [stderr]   cargo:rerun-if-env-changed=CRATE_CC_NO_DEFAULTS
[INFO] [stderr]   CRATE_CC_NO_DEFAULTS = None
[INFO] [stderr]   cargo:rerun-if-env-changed=CXXFLAGS
[INFO] [stderr]   CXXFLAGS = None
[INFO] [stderr]   cargo:rerun-if-env-changed=HOST_CXXFLAGS
[INFO] [stderr]   HOST_CXXFLAGS = None
[INFO] [stderr]   cargo:rerun-if-env-changed=CXXFLAGS_x86_64_unknown_linux_gnu
[INFO] [stderr]   CXXFLAGS_x86_64_unknown_linux_gnu = None
[INFO] [stderr]   cargo:rerun-if-env-changed=CXXFLAGS_x86_64-unknown-linux-gnu
[INFO] [stderr]   CXXFLAGS_x86_64-unknown-linux-gnu = None
[INFO] [stderr]   cargo:rerun-if-env-changed=CXXFLAGS
[INFO] [stderr]   CXXFLAGS = None
[INFO] [stderr]   cargo:rerun-if-env-changed=HOST_CXXFLAGS
[INFO] [stderr]   HOST_CXXFLAGS = None
[INFO] [stderr]   cargo:rerun-if-env-changed=CXXFLAGS_x86_64_unknown_linux_gnu
[INFO] [stderr]   CXXFLAGS_x86_64_unknown_linux_gnu = None
[INFO] [stderr]   cargo:rerun-if-env-changed=CXXFLAGS_x86_64-unknown-linux-gnu
[INFO] [stderr]   CXXFLAGS_x86_64-unknown-linux-gnu = None
[INFO] [stderr]   exit status: 0
[INFO] [stderr]   exit status: 0
[INFO] [stderr]   exit status: 0
[INFO] [stderr]   exit status: 0
[INFO] [stderr]   exit status: 0
[INFO] [stderr]   exit status: 0
[INFO] [stderr]   exit status: 0
[INFO] [stderr]   exit status: 0
[INFO] [stderr]   exit status: 0
[INFO] [stderr]   cargo:warning=c++: fatal error: Killed signal terminated program cc1plus
[INFO] [stderr]   cargo:warning=compilation terminated.
[INFO] [stderr]   exit status: 1
[INFO] [stderr]   cargo:warning=ToolExecError: command did not execute successfully (status code exit status: 1): "c++" "-O0" "-ffunction-sections" "-fdata-sections" "-fPIC" "-g" "-gdwarf-4" "-fno-omit-frame-pointer" "-mno-omit-leaf-frame-pointer" "-m64" "-std=c++17" "-w" "-o" "/opt/rustwide/target/debug/build/libfuzzer-sys/c041178e53409e16/out/e5f0d71fb86e9d6b-FuzzerLoop.o" "-c" "libfuzzer/FuzzerLoop.cpp"
[INFO] [stderr]   exit status: 0
[INFO] [stderr]   exit status: 0
[INFO] [stderr]   exit status: 0
[INFO] [stderr]   exit status: 0
[INFO] [stderr]   exit status: 0
[INFO] [stderr]   exit status: 0
[INFO] [stderr]   exit status: 0
[INFO] [stderr]   exit status: 0
[INFO] [stderr]   exit status: 0
[INFO] [stderr]   exit status: 0
[INFO] [stderr]   exit status: 0
[INFO] [stderr]   exit status: 0
[INFO] [stderr]   exit status: 0
[INFO] [stderr]   exit status: 0
[INFO] [stderr]   exit status: 0
[INFO] [stderr]   exit status: 0
[INFO] [stderr] 
[INFO] [stderr]   --- stderr
[INFO] [stderr] 
[INFO] [stderr] 
[INFO] [stderr]   error occurred in cc-rs: command did not execute successfully (status code exit status: 1): "c++" "-O0" "-ffunction-sections" "-fdata-sections" "-fPIC" "-g" "-gdwarf-4" "-fno-omit-frame-pointer" "-mno-omit-leaf-frame-pointer" "-m64" "-std=c++17" "-w" "-o" "/opt/rustwide/target/debug/build/libfuzzer-sys/c041178e53409e16/out/e5f0d71fb86e9d6b-FuzzerLoop.o" "-c" "libfuzzer/FuzzerLoop.cpp"
[INFO] [stderr] 
[INFO] [stderr] 
[INFO] running `Command { std: "docker" "inspect" "dff1622c7f8ba6f7ac9b5853c4f64c4bffcf913778c0a9ab8b737fda01d39897", kill_on_drop: false }`
[INFO] running `Command { std: "docker" "rm" "-f" "dff1622c7f8ba6f7ac9b5853c4f64c4bffcf913778c0a9ab8b737fda01d39897", kill_on_drop: false }`
[INFO] [stdout] dff1622c7f8ba6f7ac9b5853c4f64c4bffcf913778c0a9ab8b737fda01d39897
