[INFO] cloning repository https://github.com/agent-rt/saya
[INFO] running `Command { std: "git" "-c" "credential.helper=" "-c" "credential.helper=/workspace/cargo-home/bin/git-credential-null" "clone" "--bare" "https://github.com/agent-rt/saya" "/workspace/cache/git-repos/https%3A%2F%2Fgithub.com%2Fagent-rt%2Fsaya", kill_on_drop: false }`
[INFO] [stderr] Cloning into bare repository '/workspace/cache/git-repos/https%3A%2F%2Fgithub.com%2Fagent-rt%2Fsaya'...
[INFO] running `Command { std: "git" "rev-parse" "HEAD", kill_on_drop: false }`
[INFO] [stdout] 79db0e8bf42af204b2d028c843373a586683de80
[INFO] checking agent-rt/saya against 895980e0290783bb09b1ccf1b11f14eb09b10430 for pr-160186
[INFO] running `Command { std: "git" "clone" "/workspace/cache/git-repos/https%3A%2F%2Fgithub.com%2Fagent-rt%2Fsaya" "/workspace/builds/worker-1-tc2/source", kill_on_drop: false }`
[INFO] [stderr] Cloning into '/workspace/builds/worker-1-tc2/source'...
[INFO] [stderr] done.
[INFO] started tweaking git repo https://github.com/agent-rt/saya
[INFO] finished tweaking git repo https://github.com/agent-rt/saya
[INFO] tweaked toml for git repo https://github.com/agent-rt/saya written to /workspace/builds/worker-1-tc2/source/Cargo.toml
[INFO] validating manifest of git repo https://github.com/agent-rt/saya on toolchain 895980e0290783bb09b1ccf1b11f14eb09b10430
[INFO] running `Command { std: CARGO_HOME="/workspace/cargo-home" RUSTUP_HOME="/workspace/rustup-home" "/workspace/cargo-home/bin/cargo" "+895980e0290783bb09b1ccf1b11f14eb09b10430" "metadata" "--manifest-path" "Cargo.toml" "--no-deps", kill_on_drop: false }`
[INFO] crate git repo https://github.com/agent-rt/saya already has a lockfile, it will not be regenerated
[INFO] running `Command { std: CARGO_HOME="/workspace/cargo-home" RUSTUP_HOME="/workspace/rustup-home" "/workspace/cargo-home/bin/cargo" "+895980e0290783bb09b1ccf1b11f14eb09b10430" "fetch" "--manifest-path" "Cargo.toml", kill_on_drop: false }`
[INFO] [stderr] warning: unused field `repository` in `workspace.package`
[INFO] [stderr]   --> Cargo.toml:67:1
[INFO] [stderr]    |
[INFO] [stderr] 67 | repository = "https://github.com/agent-rt/saya"
[INFO] [stderr]    | ^^^^^^^^^^
[INFO] [stderr]    |
[INFO] [stderr]    = note: `cargo::unused_workspace_package_fields` is set to `warn` by default
[INFO] [stderr] help: consider removing the field `workspace.package.repository`
[INFO] [stderr] warning: workspace (manifest) generated 1 warning
[INFO] running `Command { std: "docker" "create" "-v" "/var/lib/crater-agent-workspace/builds/worker-1-tc2/source:/opt/rustwide/workdir:ro,Z" "-v" "/var/lib/crater-agent-workspace/builds/worker-1-tc2/target:/opt/rustwide/target:rw,Z" "-v" "/var/lib/crater-agent-workspace/cargo-home:/opt/rustwide/cargo-home:ro,Z" "-v" "/var/lib/crater-agent-workspace/rustup-home:/opt/rustwide/rustup-home:ro,Z" "-m" "1610612736" "--network" "none" "ghcr.io/rust-lang/crates-build-env/linux@sha256:77db811e55d90add9212f6832c23229e3de5f1c1f9905e8cb07319ea15df73ac" "sleep" "infinity", kill_on_drop: false }`
[INFO] [stdout] 539f62ef09ffd913025ca31bdb7a3c3c5f19df2ef16d10da962b30e682b5b79e
[INFO] running `Command { std: "docker" "start" "539f62ef09ffd913025ca31bdb7a3c3c5f19df2ef16d10da962b30e682b5b79e", kill_on_drop: false }`
[INFO] running `Command { std: "docker" "inspect" "539f62ef09ffd913025ca31bdb7a3c3c5f19df2ef16d10da962b30e682b5b79e", kill_on_drop: false }`
[INFO] running `Command { std: "docker" "exec" "-e" "SOURCE_DIR=/opt/rustwide/workdir" "-e" "CARGO_HOME=/opt/rustwide/cargo-home" "-e" "RUSTUP_HOME=/opt/rustwide/rustup-home" "-e" "CARGO_TARGET_DIR=/opt/rustwide/target" "-w" "/opt/rustwide/workdir" "--user" "0:0" "539f62ef09ffd913025ca31bdb7a3c3c5f19df2ef16d10da962b30e682b5b79e" "/opt/rustwide/cargo-home/bin/cargo" "+895980e0290783bb09b1ccf1b11f14eb09b10430" "metadata" "--no-deps" "--format-version=1", kill_on_drop: false }`
[INFO] running `Command { std: "docker" "inspect" "539f62ef09ffd913025ca31bdb7a3c3c5f19df2ef16d10da962b30e682b5b79e", kill_on_drop: false }`
[INFO] running `Command { std: "docker" "exec" "-e" "SOURCE_DIR=/opt/rustwide/workdir" "-e" "CARGO_HOME=/opt/rustwide/cargo-home" "-e" "RUSTUP_HOME=/opt/rustwide/rustup-home" "-e" "CARGO_TARGET_DIR=/opt/rustwide/target" "-e" "CARGO_INCREMENTAL=0" "-e" "RUST_BACKTRACE=full" "-e" "RUSTFLAGS=--cap-lints=forbid" "-e" "RUSTDOCFLAGS=--cap-lints=forbid" "-w" "/opt/rustwide/workdir" "--user" "0:0" "539f62ef09ffd913025ca31bdb7a3c3c5f19df2ef16d10da962b30e682b5b79e" "/opt/rustwide/cargo-home/bin/cargo" "+895980e0290783bb09b1ccf1b11f14eb09b10430" "check" "--frozen" "--all" "--all-targets" "--message-format=json", kill_on_drop: false }`
[INFO] [stderr] warning: unused field `repository` in `workspace.package`
[INFO] [stderr]   --> Cargo.toml:67:1
[INFO] [stderr]    |
[INFO] [stderr] 67 | repository = "https://github.com/agent-rt/saya"
[INFO] [stderr]    | ^^^^^^^^^^
[INFO] [stderr]    |
[INFO] [stderr]    = note: `cargo::unused_workspace_package_fields` is set to `warn` by default
[INFO] [stderr] help: consider removing the field `workspace.package.repository`
[INFO] [stderr] warning: workspace (manifest) generated 1 warning
[INFO] [stderr]    Compiling libc v0.2.186
[INFO] [stderr]    Compiling proc-macro2 v1.0.106
[INFO] [stderr]    Compiling quote v1.0.45
[INFO] [stderr]    Compiling unicode-ident v1.0.24
[INFO] [stderr]    Compiling find-msvc-tools v0.1.9
[INFO] [stderr]    Compiling pkg-config v0.3.33
[INFO] [stderr]    Compiling serde_core v1.0.228
[INFO] [stderr]     Checking memchr v2.8.0
[INFO] [stderr]    Compiling serde v1.0.228
[INFO] [stderr]    Compiling rustix v1.1.4
[INFO] [stderr]     Checking foldhash v0.2.0
[INFO] [stderr]    Compiling anyhow v1.0.102
[INFO] [stderr]     Checking itoa v1.0.18
[INFO] [stderr]     Checking smallvec v1.15.1
[INFO] [stderr]    Compiling getrandom v0.4.2
[INFO] [stderr]    Compiling fastrand v2.4.1
[INFO] [stderr]    Compiling zstd-safe v7.2.4
[INFO] [stderr]     Checking regex-syntax v0.8.10
[INFO] [stderr]    Compiling siphasher v1.0.3
[INFO] [stderr]     Checking hashbrown v0.16.1
[INFO] [stderr]    Compiling crossbeam-utils v0.8.21
[INFO] [stderr]     Checking bitflags v2.11.1
[INFO] [stderr]     Checking pin-project-lite v0.2.17
[INFO] [stderr]    Compiling crc32fast v1.5.0
[INFO] [stderr]    Compiling allocator-api2 v0.2.21
[INFO] [stderr]    Compiling zmij v1.0.21
[INFO] [stderr]    Compiling crunchy v0.2.4
[INFO] [stderr]    Compiling rle-decode-fast v1.0.3
[INFO] [stderr]    Compiling serde_json v1.0.149
[INFO] [stderr]     Checking stable_deref_trait v1.2.1
[INFO] [stderr]     Checking aho-corasick v1.1.4
[INFO] [stderr]     Checking time-core v0.1.8
[INFO] [stderr]     Checking linux-raw-sys v0.12.1
[INFO] [stderr]     Checking ownedbytes v0.9.0
[INFO] [stderr]     Checking no_std_io2 v0.9.4
[INFO] [stderr]    Compiling num-traits v0.2.19
[INFO] [stderr]    Compiling thiserror v2.0.18
[INFO] [stderr]    Compiling adler32 v1.2.0
[INFO] [stderr]    Compiling dary_heap v0.3.9
[INFO] [stderr]    Compiling typeid v1.0.3
[INFO] [stderr]    Compiling prettyplease v0.2.37
[INFO] [stderr]     Checking either v1.15.0
[INFO] [stderr]     Checking chacha20 v0.10.0
[INFO] [stderr]    Compiling syn v2.0.117
[INFO] [stderr]     Checking bitpacking v0.9.3
[INFO] [stderr]    Compiling phf_shared v0.13.1
[INFO] [stderr]     Checking crossbeam-epoch v0.9.18
[INFO] [stderr]    Compiling proc-macro-error-attr2 v2.0.0
[INFO] [stderr]     Checking slab v0.4.12
[INFO] [stderr]     Checking libflate_lz77 v2.3.0
[INFO] [stderr]    Compiling erased-serde v0.4.10
[INFO] [stderr]    Compiling jobserver v0.1.34
[INFO] [stderr]     Checking futures-core v0.3.32
[INFO] [stderr]     Checking futures-task v0.3.32
[INFO] [stderr]     Checking utf8-ranges v1.0.5
[INFO] [stderr]     Checking libflate v2.3.0
[INFO] [stderr]     Checking parking_lot_core v0.9.12
[INFO] [stderr]    Compiling cc v1.2.62
[INFO] [stderr]     Checking rand v0.10.1
[INFO] [stderr]     Checking tantivy-bitpacker v0.10.0
[INFO] [stderr]     Checking itertools v0.14.0
[INFO] [stderr]     Checking crossbeam-deque v0.8.6
[INFO] [stderr]     Checking parking_lot v0.12.5
[INFO] [stderr]    Compiling phf_generator v0.13.1
[INFO] [stderr]    Compiling hashbrown v0.17.1
[INFO] [stderr]     Checking murmurhash32 v0.3.1
[INFO] [stderr]    Compiling typetag v0.2.22
[INFO] [stderr]     Checking scheduled-thread-pool v0.2.7
[INFO] [stderr]     Checking nom v7.1.3
[INFO] [stderr]    Compiling phf_codegen v0.13.1
[INFO] [stderr]     Checking rayon-core v1.13.0
[INFO] [stderr]     Checking errno v0.3.14
[INFO] [stderr]     Checking hashlink v0.11.0
[INFO] [stderr]     Checking tantivy-fst v0.5.0
[INFO] [stderr]     Checking fastdivide v0.4.2
[INFO] [stderr]     Checking rustc-hash v2.1.2
[INFO] [stderr]     Checking fallible-iterator v0.3.0
[INFO] [stderr]     Checking fallible-streaming-iterator v0.1.9
[INFO] [stderr]     Checking regex-automata v0.4.14
[INFO] [stderr]     Checking inventory v0.3.24
[INFO] [stderr]     Checking downcast-rs v2.0.2
[INFO] [stderr]     Checking phf v0.13.1
[INFO] [stderr]     Checking signal-hook-registry v1.4.8
[INFO] [stderr]     Checking rayon v1.12.0
[INFO] [stderr]    Compiling jieba-macros v0.9.0
[INFO] [stderr]     Checking r2d2 v0.8.10
[INFO] [stderr]     Checking mio v1.2.0
[INFO] [stderr]     Checking memmap2 v0.9.10
[INFO] [stderr]    Compiling indexmap v2.14.0
[INFO] [stderr]     Checking lru v0.16.4
[INFO] [stderr]     Checking crossbeam-channel v0.5.15
[INFO] [stderr]     Checking arc-swap v1.9.1
[INFO] [stderr]     Checking ordered-float v5.3.0
[INFO] [stderr]     Checking measure_time v0.9.0
[INFO] [stderr]     Checking cedarwood v0.4.6
[INFO] [stderr]     Checking oneshot v0.1.13
[INFO] [stderr]     Checking levenshtein_automata v0.2.1
[INFO] [stderr]    Compiling zstd-sys v2.0.16+zstd.1.5.7
[INFO] [stderr]    Compiling libsqlite3-sys v0.37.0
[INFO] [stderr]    Compiling sqlite-vec v0.1.9
[INFO] [stderr]     Checking deranged v0.5.8
[INFO] [stderr]     Checking uuid v1.23.1
[INFO] [stderr]     Checking tempfile v3.27.0
[INFO] [stderr]     Checking fs4 v0.13.1
[INFO] [stderr]    Compiling once_cell v1.21.4
[INFO] [stderr]     Checking datasketches v0.2.0
[INFO] [stderr]     Checking census v0.4.2
[INFO] [stderr]     Checking htmlescape v0.3.1
[INFO] [stderr]     Checking lz4_flex v0.13.1
[INFO] [stderr]    Compiling fs-err v2.11.0
[INFO] [stderr]    Compiling camino v1.2.2
[INFO] [stderr]     Checking time v0.3.47
[INFO] [stderr]    Compiling winnow v1.0.3
[INFO] [stderr]     Checking anstyle-parse v1.0.0
[INFO] [stderr]    Compiling toml_datetime v0.7.5+spec-1.1.0
[INFO] [stderr]    Compiling toml_writer v1.1.1+spec-1.1.0
[INFO] [stderr]     Checking colorchoice v1.0.5
[INFO] [stderr]    Compiling winnow v0.7.15
[INFO] [stderr]     Checking anstyle v1.0.14
[INFO] [stderr]     Checking semver v1.0.28
[INFO] [stderr]     Checking anstream v1.0.0
[INFO] [stderr]     Checking regex v1.12.3
[INFO] [stderr]     Checking matchers v0.2.0
[INFO] [stderr]    Compiling toml_parser v1.1.2+spec-1.1.0
[INFO] [stderr]     Checking static_assertions v1.1.0
[INFO] [stderr]     Checking bytes v1.11.1
[INFO] [stderr]     Checking heck v0.5.0
[INFO] [stderr]     Checking clap_lex v1.1.0
[INFO] [stderr]     Checking clap_builder v4.6.0
[INFO] [stderr]     Checking uniffi_core v0.31.1
[INFO] [stderr]    Compiling darling_core v0.23.0
[INFO] [stderr]    Compiling proc-macro-error2 v2.0.1
[INFO] [stderr]    Compiling toml v0.9.12+spec-1.1.0
[INFO] [stderr]    Compiling serde_derive v1.0.228
[INFO] [stderr]    Compiling async-trait v0.1.89
[INFO] [stderr]    Compiling futures-macro v0.3.32
[INFO] [stderr]    Compiling thiserror-impl v2.0.18
[INFO] [stderr]    Compiling typetag-impl v0.2.22
[INFO] [stderr]    Compiling tracing-attributes v0.1.31
[INFO] [stderr]    Compiling tokio-macros v2.7.0
[INFO] [stderr]    Compiling uniffi_internal_macros v0.31.1
[INFO] [stderr]    Compiling clap_derive v4.6.1
[INFO] [stderr]    Compiling uniffi_pipeline v0.31.1
[INFO] [stderr]     Checking futures-util v0.3.32
[INFO] [stderr]     Checking tokio v1.52.3
[INFO] [stderr]    Compiling zstd v0.13.3
[INFO] [stderr]    Compiling uniffi_meta v0.31.1
[INFO] [stderr]    Compiling include-flate-compress v0.3.3
[INFO] [stderr]    Compiling include-flate-codegen v0.3.3
[INFO] [stderr]     Checking tracing v0.1.44
[INFO] [stderr]     Checking tracing-subscriber v0.3.23
[INFO] [stderr]     Checking clap v4.6.1
[INFO] [stderr]     Checking include-flate v0.3.3
[INFO] [stderr]     Checking jieba-rs v0.9.0
[INFO] [stderr]    Compiling darling_macro v0.23.0
[INFO] [stderr]    Compiling darling v0.23.0
[INFO] [stderr]    Compiling bon-macros v3.9.1
[INFO] [stderr]     Checking tantivy-common v0.11.0
[INFO] [stderr]     Checking tantivy-query-grammar v0.26.0
[INFO] [stderr]     Checking rust-stemmers v1.2.0
[INFO] [stderr]     Checking tantivy-tokenizer-api v0.7.0
[INFO] [stderr]     Checking sketches-ddsketch v0.4.0
[INFO] [stderr]     Checking cargo-platform v0.1.9
[INFO] [stderr]     Checking cargo_metadata v0.19.2
[INFO] [stderr]    Compiling uniffi_macros v0.31.1
[INFO] [stderr]     Checking tantivy-stacker v0.7.0
[INFO] [stderr]     Checking tantivy-sstable v0.7.0
[INFO] [stderr]     Checking tantivy-columnar v0.7.0
[INFO] [stderr]     Checking rusqlite v0.39.0
[INFO] [stderr]     Checking bon v3.9.1
[INFO] [stderr]     Checking tantivy v0.26.1
[INFO] [stderr]     Checking uniffi v0.31.1
[INFO] [stderr]     Checking r2d2_sqlite v0.34.0
[INFO] [stderr]     Checking saya-core v0.0.4 (/opt/rustwide/workdir/crates/saya-core)
[INFO] [stdout] error[E0432]: unresolved import `notify`
[INFO] [stdout]   --> crates/saya-core/src/launcher/watcher.rs:12:5
[INFO] [stdout]    |
[INFO] [stdout] 12 | use notify::{Event, RecommendedWatcher, RecursiveMode, Watcher};
[INFO] [stdout]    |     ^^^^^^ use of unresolved module or unlinked crate `notify`
[INFO] [stdout]    |
[INFO] [stdout]    = help: if you wanted to use a crate named `notify`, use `cargo add notify` to add it to your `Cargo.toml`
[INFO] [stdout] 
[INFO] [stdout] 
[INFO] [stdout] error[E0432]: unresolved import `notify`
[INFO] [stdout]   --> crates/saya-core/src/launcher/watcher.rs:12:5
[INFO] [stdout]    |
[INFO] [stdout] 12 | use notify::{Event, RecommendedWatcher, RecursiveMode, Watcher};
[INFO] [stdout]    |     ^^^^^^ use of unresolved module or unlinked crate `notify`
[INFO] [stdout]    |
[INFO] [stdout]    = help: if you wanted to use a crate named `notify`, use `cargo add notify` to add it to your `Cargo.toml`
[INFO] [stdout] 
[INFO] [stdout] 
[INFO] [stdout] error[E0433]: cannot find module or crate `notify` in this scope
[INFO] [stdout]   --> crates/saya-core/src/launcher/watcher.rs:21:23
[INFO] [stdout]    |
[INFO] [stdout] 21 |     let mut watcher = notify::recommended_watcher(move |res| {
[INFO] [stdout]    |                       ^^^^^^ use of unresolved module or unlinked crate `notify`
[INFO] [stdout]    |
[INFO] [stdout]    = help: if you wanted to use a crate named `notify`, use `cargo add notify` to add it to your `Cargo.toml`
[INFO] [stdout] 
[INFO] [stdout] 
[INFO] [stdout] error[E0433]: cannot find module or crate `notify` in this scope
[INFO] [stdout]   --> crates/saya-core/src/launcher/watcher.rs:21:23
[INFO] [stdout]    |
[INFO] [stdout] 21 |     let mut watcher = notify::recommended_watcher(move |res| {
[INFO] [stdout]    |                       ^^^^^^ use of unresolved module or unlinked crate `notify`
[INFO] [stdout]    |
[INFO] [stdout]    = help: if you wanted to use a crate named `notify`, use `cargo add notify` to add it to your `Cargo.toml`
[INFO] [stdout] 
[INFO] [stdout] 
[INFO] [stdout] error[E0433]: cannot find module or crate `notify` in this scope
[INFO] [stdout]   --> crates/saya-core/src/launcher/watcher.rs:19:6
[INFO] [stdout]    |
[INFO] [stdout] 19 | ) -> notify::Result<RecommendedWatcher> {
[INFO] [stdout]    |      ^^^^^^ use of unresolved module or unlinked crate `notify`
[INFO] [stdout]    |
[INFO] [stdout]    = help: if you wanted to use a crate named `notify`, use `cargo add notify` to add it to your `Cargo.toml`
[INFO] [stdout] 
[INFO] [stdout] 
[INFO] [stdout] error[E0433]: cannot find module or crate `notify` in this scope
[INFO] [stdout]   --> crates/saya-core/src/launcher/watcher.rs:20:47
[INFO] [stdout]    |
[INFO] [stdout] 20 |     let (tx, rx) = std::sync::mpsc::channel::<notify::Result<Event>>();
[INFO] [stdout]    |                                               ^^^^^^ use of unresolved module or unlinked crate `notify`
[INFO] [stdout]    |
[INFO] [stdout]    = help: if you wanted to use a crate named `notify`, use `cargo add notify` to add it to your `Cargo.toml`
[INFO] [stdout] 
[INFO] [stdout] 
[INFO] [stdout] error[E0433]: cannot find module or crate `notify` in this scope
[INFO] [stdout]   --> crates/saya-core/src/launcher/mod.rs:46:22
[INFO] [stdout]    |
[INFO] [stdout] 46 |     _watcher: Option<notify::RecommendedWatcher>,
[INFO] [stdout]    |                      ^^^^^^ use of unresolved module or unlinked crate `notify`
[INFO] [stdout]    |
[INFO] [stdout]    = help: if you wanted to use a crate named `notify`, use `cargo add notify` to add it to your `Cargo.toml`
[INFO] [stdout] 
[INFO] [stdout] 
[INFO] [stdout] Some errors have detailed explanations: E0432, E0433.
[INFO] [stdout] 
[INFO] [stdout] For more information about an error, try `rustc --explain E0432`.
[INFO] [stdout] 
[INFO] [stdout] error[E0433]: cannot find module or crate `notify` in this scope
[INFO] [stdout]   --> crates/saya-core/src/launcher/watcher.rs:19:6
[INFO] [stdout]    |
[INFO] [stdout] 19 | ) -> notify::Result<RecommendedWatcher> {
[INFO] [stdout]    |      ^^^^^^ use of unresolved module or unlinked crate `notify`
[INFO] [stdout]    |
[INFO] [stdout]    = help: if you wanted to use a crate named `notify`, use `cargo add notify` to add it to your `Cargo.toml`
[INFO] [stdout] 
[INFO] [stdout] 
[INFO] [stdout] error[E0433]: cannot find module or crate `notify` in this scope
[INFO] [stdout]   --> crates/saya-core/src/launcher/watcher.rs:20:47
[INFO] [stdout]    |
[INFO] [stdout] 20 |     let (tx, rx) = std::sync::mpsc::channel::<notify::Result<Event>>();
[INFO] [stdout]    |                                               ^^^^^^ use of unresolved module or unlinked crate `notify`
[INFO] [stdout]    |
[INFO] [stdout]    = help: if you wanted to use a crate named `notify`, use `cargo add notify` to add it to your `Cargo.toml`
[INFO] [stdout] 
[INFO] [stdout] 
[INFO] [stdout] error[E0433]: cannot find module or crate `notify` in this scope
[INFO] [stdout]   --> crates/saya-core/src/launcher/mod.rs:46:22
[INFO] [stdout]    |
[INFO] [stdout] 46 |     _watcher: Option<notify::RecommendedWatcher>,
[INFO] [stdout]    |                      ^^^^^^ use of unresolved module or unlinked crate `notify`
[INFO] [stdout]    |
[INFO] [stdout]    = help: if you wanted to use a crate named `notify`, use `cargo add notify` to add it to your `Cargo.toml`
[INFO] [stdout] 
[INFO] [stdout] 
[INFO] [stdout] Some errors have detailed explanations: E0432, E0433.
[INFO] [stdout] 
[INFO] [stdout] For more information about an error, try `rustc --explain E0432`.
[INFO] [stdout] 
[INFO] [stderr] error: could not compile `saya-core` (lib) due to 5 previous errors
[INFO] [stderr] warning: build failed, waiting for other jobs to finish...
[INFO] [stderr] error: could not compile `saya-core` (lib test) due to 5 previous errors
[INFO] [stderr] warning: unused dependency `anyhow`
[INFO] [stderr]   --> crates/saya-core/Cargo.toml:15:1
[INFO] [stderr]    |
[INFO] [stderr] 15 | anyhow.workspace = true
[INFO] [stderr]    | ^^^^^^
[INFO] [stderr]    |
[INFO] [stderr]    = note: `cargo::unused_dependencies` is set to `warn` by default
[INFO] [stderr] help: consider removing the dependency on `anyhow`
[INFO] [stderr] warning: unused dependency `tokio`
[INFO] [stderr]   --> crates/saya-core/Cargo.toml:20:1
[INFO] [stderr]    |
[INFO] [stderr] 20 | tokio.workspace = true
[INFO] [stderr]    | ^^^^^
[INFO] [stderr]    |
[INFO] [stderr] help: consider removing the dependency on `tokio`
[INFO] [stderr] warning: `saya-core` (manifest) generated 2 warnings
[INFO] running `Command { std: "docker" "inspect" "539f62ef09ffd913025ca31bdb7a3c3c5f19df2ef16d10da962b30e682b5b79e", kill_on_drop: false }`
[INFO] running `Command { std: "docker" "rm" "-f" "539f62ef09ffd913025ca31bdb7a3c3c5f19df2ef16d10da962b30e682b5b79e", kill_on_drop: false }`
[INFO] [stdout] 539f62ef09ffd913025ca31bdb7a3c3c5f19df2ef16d10da962b30e682b5b79e
