[INFO] cloning repository https://github.com/adenjessee/gridseak
[INFO] running `Command { std: "git" "-c" "credential.helper=" "-c" "credential.helper=/workspace/cargo-home/bin/git-credential-null" "clone" "--bare" "https://github.com/adenjessee/gridseak" "/workspace/cache/git-repos/https%3A%2F%2Fgithub.com%2Fadenjessee%2Fgridseak", kill_on_drop: false }`
[INFO] [stderr] Cloning into bare repository '/workspace/cache/git-repos/https%3A%2F%2Fgithub.com%2Fadenjessee%2Fgridseak'...
[INFO] running `Command { std: "git" "rev-parse" "HEAD", kill_on_drop: false }`
[INFO] [stdout] 85c6a0a0e97b144b22859876e0c27ed00473bcd3
[INFO] checking adenjessee/gridseak against 895980e0290783bb09b1ccf1b11f14eb09b10430 for pr-160186
[INFO] running `Command { std: "git" "clone" "/workspace/cache/git-repos/https%3A%2F%2Fgithub.com%2Fadenjessee%2Fgridseak" "/workspace/builds/worker-6-tc2/source", kill_on_drop: false }`
[INFO] [stderr] Cloning into '/workspace/builds/worker-6-tc2/source'...
[INFO] [stderr] done.
[INFO] removed /workspace/builds/worker-6-tc2/source/rust-toolchain.toml
[INFO] started tweaking git repo https://github.com/adenjessee/gridseak
[INFO] finished tweaking git repo https://github.com/adenjessee/gridseak
[INFO] tweaked toml for git repo https://github.com/adenjessee/gridseak written to /workspace/builds/worker-6-tc2/source/Cargo.toml
[INFO] validating manifest of git repo https://github.com/adenjessee/gridseak on toolchain 895980e0290783bb09b1ccf1b11f14eb09b10430
[INFO] running `Command { std: CARGO_HOME="/workspace/cargo-home" RUSTUP_HOME="/workspace/rustup-home" "/workspace/cargo-home/bin/cargo" "+895980e0290783bb09b1ccf1b11f14eb09b10430" "metadata" "--manifest-path" "Cargo.toml" "--no-deps", kill_on_drop: false }`
[INFO] crate git repo https://github.com/adenjessee/gridseak already has a lockfile, it will not be regenerated
[INFO] running `Command { std: CARGO_HOME="/workspace/cargo-home" RUSTUP_HOME="/workspace/rustup-home" "/workspace/cargo-home/bin/cargo" "+895980e0290783bb09b1ccf1b11f14eb09b10430" "fetch" "--manifest-path" "Cargo.toml", kill_on_drop: false }`
[INFO] [stderr] warning: missing `[lints]` to inherit `[workspace.lints]`
[INFO] [stderr]   --> gridseak-cli/Cargo.toml
[INFO] [stderr]    = note: `cargo::missing_lints_inheritance` is set to `warn` by default
[INFO] [stderr] help: to inherit `workspace.lints, add:
[INFO] [stderr]    |
[INFO] [stderr] 78 ~ tempfile = "3"
[INFO] [stderr] 79 + [lints]
[INFO] [stderr] 80 + workspace = true
[INFO] [stderr]    |
[INFO] [stderr] help: to clarify your intent to not inherit, add:
[INFO] [stderr]    |
[INFO] [stderr] 78 ~ tempfile = "3"
[INFO] [stderr] 79 + [lints]
[INFO] [stderr]    |
[INFO] [stderr] warning: `gridseak-cli` (manifest) generated 1 warning
[INFO] [stderr] warning: missing `[lints]` to inherit `[workspace.lints]`
[INFO] [stderr]   --> graphengine-progress/Cargo.toml
[INFO] [stderr]    = note: `cargo::missing_lints_inheritance` is set to `warn` by default
[INFO] [stderr] help: to inherit `workspace.lints, add:
[INFO] [stderr]    |
[INFO] [stderr] 11 ~ serde_json = { workspace = true }
[INFO] [stderr] 12 + [lints]
[INFO] [stderr] 13 + workspace = true
[INFO] [stderr]    |
[INFO] [stderr] help: to clarify your intent to not inherit, add:
[INFO] [stderr]    |
[INFO] [stderr] 11 ~ serde_json = { workspace = true }
[INFO] [stderr] 12 + [lints]
[INFO] [stderr]    |
[INFO] [stderr] warning: `graphengine-progress` (manifest) generated 1 warning
[INFO] [stderr] warning: missing `[lints]` to inherit `[workspace.lints]`
[INFO] [stderr]   --> gridseak-truth-benchmark/Cargo.toml
[INFO] [stderr]    = note: `cargo::missing_lints_inheritance` is set to `warn` by default
[INFO] [stderr] help: to inherit `workspace.lints, add:
[INFO] [stderr]    |
[INFO] [stderr] 27 ~ graphengine-parsing = { path = "../graphengine-parsing" }
[INFO] [stderr] 28 + [lints]
[INFO] [stderr] 29 + workspace = true
[INFO] [stderr]    |
[INFO] [stderr] help: to clarify your intent to not inherit, add:
[INFO] [stderr]    |
[INFO] [stderr] 27 ~ graphengine-parsing = { path = "../graphengine-parsing" }
[INFO] [stderr] 28 + [lints]
[INFO] [stderr]    |
[INFO] [stderr] warning: `gridseak-truth-benchmark` (manifest) generated 1 warning
[INFO] [stderr] warning: missing `[lints]` to inherit `[workspace.lints]`
[INFO] [stderr]   --> gridseak-engine-runner/Cargo.toml
[INFO] [stderr]    = note: `cargo::missing_lints_inheritance` is set to `warn` by default
[INFO] [stderr] help: to inherit `workspace.lints, add:
[INFO] [stderr]    |
[INFO] [stderr] 26 ~ tempfile = "3"
[INFO] [stderr] 27 + [lints]
[INFO] [stderr] 28 + workspace = true
[INFO] [stderr]    |
[INFO] [stderr] help: to clarify your intent to not inherit, add:
[INFO] [stderr]    |
[INFO] [stderr] 26 ~ tempfile = "3"
[INFO] [stderr] 27 + [lints]
[INFO] [stderr]    |
[INFO] [stderr] warning: `gridseak-engine-runner` (manifest) generated 1 warning
[INFO] [stderr] warning: missing `[lints]` to inherit `[workspace.lints]`
[INFO] [stderr]   --> graphengine-analysis/Cargo.toml
[INFO] [stderr]    = note: `cargo::missing_lints_inheritance` is set to `warn` by default
[INFO] [stderr] help: to inherit `workspace.lints, add:
[INFO] [stderr]    |
[INFO] [stderr] 59 ~ tempfile = "3.0"
[INFO] [stderr] 60 + [lints]
[INFO] [stderr] 61 + workspace = true
[INFO] [stderr]    |
[INFO] [stderr] help: to clarify your intent to not inherit, add:
[INFO] [stderr]    |
[INFO] [stderr] 59 ~ tempfile = "3.0"
[INFO] [stderr] 60 + [lints]
[INFO] [stderr]    |
[INFO] [stderr] warning: `graphengine-analysis` (manifest) generated 1 warning
[INFO] [stderr] warning: missing `[lints]` to inherit `[workspace.lints]`
[INFO] [stderr]   --> graphengine-parsing/vendor/tree-sitter-sfapex/Cargo.toml
[INFO] [stderr]    = note: `cargo::missing_lints_inheritance` is set to `warn` by default
[INFO] [stderr] help: to inherit `workspace.lints, add:
[INFO] [stderr]    |
[INFO] [stderr] 24 ~ cc = "1.0"
[INFO] [stderr] 25 + [lints]
[INFO] [stderr] 26 + workspace = true
[INFO] [stderr]    |
[INFO] [stderr] help: to clarify your intent to not inherit, add:
[INFO] [stderr]    |
[INFO] [stderr] 24 ~ cc = "1.0"
[INFO] [stderr] 25 + [lints]
[INFO] [stderr]    |
[INFO] [stderr] warning: `tree-sitter-sfapex-vendored` (manifest) generated 1 warning
[INFO] [stderr] warning: missing `[lints]` to inherit `[workspace.lints]`
[INFO] [stderr]   --> gridseak-local-store/Cargo.toml
[INFO] [stderr]    = note: `cargo::missing_lints_inheritance` is set to `warn` by default
[INFO] [stderr] help: to inherit `workspace.lints, add:
[INFO] [stderr]    |
[INFO] [stderr] 22 ~ tempfile = "3"
[INFO] [stderr] 23 + [lints]
[INFO] [stderr] 24 + workspace = true
[INFO] [stderr]    |
[INFO] [stderr] help: to clarify your intent to not inherit, add:
[INFO] [stderr]    |
[INFO] [stderr] 22 ~ tempfile = "3"
[INFO] [stderr] 23 + [lints]
[INFO] [stderr]    |
[INFO] [stderr] warning: `gridseak-local-store` (manifest) generated 1 warning
[INFO] [stderr] warning: missing `[lints]` to inherit `[workspace.lints]`
[INFO] [stderr]   --> graphengine-scip-adapter/Cargo.toml
[INFO] [stderr]    = note: `cargo::missing_lints_inheritance` is set to `warn` by default
[INFO] [stderr] help: to inherit `workspace.lints, add:
[INFO] [stderr]    |
[INFO] [stderr] 24 ~ path = "src/bin/write_python_fixture.rs"
[INFO] [stderr] 25 + [lints]
[INFO] [stderr] 26 + workspace = true
[INFO] [stderr]    |
[INFO] [stderr] help: to clarify your intent to not inherit, add:
[INFO] [stderr]    |
[INFO] [stderr] 24 ~ path = "src/bin/write_python_fixture.rs"
[INFO] [stderr] 25 + [lints]
[INFO] [stderr]    |
[INFO] [stderr] warning: `graphengine-scip-adapter` (manifest) generated 1 warning
[INFO] [stderr] warning: missing `[lints]` to inherit `[workspace.lints]`
[INFO] [stderr]   --> graphengine-runtime-witness/Cargo.toml
[INFO] [stderr]    = note: `cargo::missing_lints_inheritance` is set to `warn` by default
[INFO] [stderr] help: to inherit `workspace.lints, add:
[INFO] [stderr]    |
[INFO] [stderr] 15 ~ tempfile = "3"
[INFO] [stderr] 16 + [lints]
[INFO] [stderr] 17 + workspace = true
[INFO] [stderr]    |
[INFO] [stderr] help: to clarify your intent to not inherit, add:
[INFO] [stderr]    |
[INFO] [stderr] 15 ~ tempfile = "3"
[INFO] [stderr] 16 + [lints]
[INFO] [stderr]    |
[INFO] [stderr] warning: `graphengine-runtime-witness` (manifest) generated 1 warning
[INFO] [stderr] warning: missing `[lints]` to inherit `[workspace.lints]`
[INFO] [stderr]   --> graphengine-diagnostic/Cargo.toml
[INFO] [stderr]    = note: `cargo::missing_lints_inheritance` is set to `warn` by default
[INFO] [stderr] help: to inherit `workspace.lints, add:
[INFO] [stderr]    |
[INFO] [stderr] 14 ~ [dev-dependencies]
[INFO] [stderr] 15 + [lints]
[INFO] [stderr] 16 + workspace = true
[INFO] [stderr]    |
[INFO] [stderr] help: to clarify your intent to not inherit, add:
[INFO] [stderr]    |
[INFO] [stderr] 14 ~ [dev-dependencies]
[INFO] [stderr] 15 + [lints]
[INFO] [stderr]    |
[INFO] [stderr] warning: `graphengine-diagnostic` (manifest) generated 1 warning
[INFO] running `Command { std: "docker" "create" "-v" "/var/lib/crater-agent-workspace/builds/worker-6-tc2/source:/opt/rustwide/workdir:ro,Z" "-v" "/var/lib/crater-agent-workspace/builds/worker-6-tc2/target:/opt/rustwide/target:rw,Z" "-v" "/var/lib/crater-agent-workspace/cargo-home:/opt/rustwide/cargo-home:ro,Z" "-v" "/var/lib/crater-agent-workspace/rustup-home:/opt/rustwide/rustup-home:ro,Z" "-m" "1610612736" "--network" "none" "ghcr.io/rust-lang/crates-build-env/linux@sha256:77db811e55d90add9212f6832c23229e3de5f1c1f9905e8cb07319ea15df73ac" "sleep" "infinity", kill_on_drop: false }`
[INFO] [stdout] d0d247be083d6318b4cdf361f380cf24ea123f0f3f1a273640956654f178a604
[INFO] running `Command { std: "docker" "start" "d0d247be083d6318b4cdf361f380cf24ea123f0f3f1a273640956654f178a604", kill_on_drop: false }`
[INFO] running `Command { std: "docker" "inspect" "d0d247be083d6318b4cdf361f380cf24ea123f0f3f1a273640956654f178a604", kill_on_drop: false }`
[INFO] running `Command { std: "docker" "exec" "-e" "SOURCE_DIR=/opt/rustwide/workdir" "-e" "CARGO_HOME=/opt/rustwide/cargo-home" "-e" "RUSTUP_HOME=/opt/rustwide/rustup-home" "-e" "CARGO_TARGET_DIR=/opt/rustwide/target" "-w" "/opt/rustwide/workdir" "--user" "0:0" "d0d247be083d6318b4cdf361f380cf24ea123f0f3f1a273640956654f178a604" "/opt/rustwide/cargo-home/bin/cargo" "+895980e0290783bb09b1ccf1b11f14eb09b10430" "metadata" "--no-deps" "--format-version=1", kill_on_drop: false }`
[INFO] running `Command { std: "docker" "inspect" "d0d247be083d6318b4cdf361f380cf24ea123f0f3f1a273640956654f178a604", kill_on_drop: false }`
[INFO] running `Command { std: "docker" "exec" "-e" "SOURCE_DIR=/opt/rustwide/workdir" "-e" "CARGO_HOME=/opt/rustwide/cargo-home" "-e" "RUSTUP_HOME=/opt/rustwide/rustup-home" "-e" "CARGO_TARGET_DIR=/opt/rustwide/target" "-e" "CARGO_INCREMENTAL=0" "-e" "RUST_BACKTRACE=full" "-e" "RUSTFLAGS=--cap-lints=forbid" "-e" "RUSTDOCFLAGS=--cap-lints=forbid" "-w" "/opt/rustwide/workdir" "--user" "0:0" "d0d247be083d6318b4cdf361f380cf24ea123f0f3f1a273640956654f178a604" "/opt/rustwide/cargo-home/bin/cargo" "+895980e0290783bb09b1ccf1b11f14eb09b10430" "check" "--frozen" "--all" "--all-targets" "--message-format=json", kill_on_drop: false }`
[INFO] [stderr] warning: missing `[lints]` to inherit `[workspace.lints]`
[INFO] [stderr]   --> graphengine-scip-adapter/Cargo.toml
[INFO] [stderr]    = note: `cargo::missing_lints_inheritance` is set to `warn` by default
[INFO] [stderr] help: to inherit `workspace.lints, add:
[INFO] [stderr]    |
[INFO] [stderr] 24 ~ path = "src/bin/write_python_fixture.rs"
[INFO] [stderr] 25 + [lints]
[INFO] [stderr] 26 + workspace = true
[INFO] [stderr]    |
[INFO] [stderr] help: to clarify your intent to not inherit, add:
[INFO] [stderr]    |
[INFO] [stderr] 24 ~ path = "src/bin/write_python_fixture.rs"
[INFO] [stderr] 25 + [lints]
[INFO] [stderr]    |
[INFO] [stderr] warning: `graphengine-scip-adapter` (manifest) generated 1 warning
[INFO] [stderr] warning: missing `[lints]` to inherit `[workspace.lints]`
[INFO] [stderr]   --> graphengine-runtime-witness/Cargo.toml
[INFO] [stderr]    = note: `cargo::missing_lints_inheritance` is set to `warn` by default
[INFO] [stderr] help: to inherit `workspace.lints, add:
[INFO] [stderr]    |
[INFO] [stderr] 15 ~ tempfile = "3"
[INFO] [stderr] 16 + [lints]
[INFO] [stderr] 17 + workspace = true
[INFO] [stderr]    |
[INFO] [stderr] help: to clarify your intent to not inherit, add:
[INFO] [stderr]    |
[INFO] [stderr] 15 ~ tempfile = "3"
[INFO] [stderr] 16 + [lints]
[INFO] [stderr]    |
[INFO] [stderr] warning: `graphengine-runtime-witness` (manifest) generated 1 warning
[INFO] [stderr] warning: missing `[lints]` to inherit `[workspace.lints]`
[INFO] [stderr]   --> graphengine-parsing/vendor/tree-sitter-sfapex/Cargo.toml
[INFO] [stderr]    = note: `cargo::missing_lints_inheritance` is set to `warn` by default
[INFO] [stderr] help: to inherit `workspace.lints, add:
[INFO] [stderr]    |
[INFO] [stderr] 24 ~ cc = "1.0"
[INFO] [stderr] 25 + [lints]
[INFO] [stderr] 26 + workspace = true
[INFO] [stderr]    |
[INFO] [stderr] help: to clarify your intent to not inherit, add:
[INFO] [stderr]    |
[INFO] [stderr] 24 ~ cc = "1.0"
[INFO] [stderr] 25 + [lints]
[INFO] [stderr]    |
[INFO] [stderr] warning: `tree-sitter-sfapex-vendored` (manifest) generated 1 warning
[INFO] [stderr] warning: missing `[lints]` to inherit `[workspace.lints]`
[INFO] [stderr]   --> graphengine-diagnostic/Cargo.toml
[INFO] [stderr]    = note: `cargo::missing_lints_inheritance` is set to `warn` by default
[INFO] [stderr] help: to inherit `workspace.lints, add:
[INFO] [stderr]    |
[INFO] [stderr] 14 ~ [dev-dependencies]
[INFO] [stderr] 15 + [lints]
[INFO] [stderr] 16 + workspace = true
[INFO] [stderr]    |
[INFO] [stderr] help: to clarify your intent to not inherit, add:
[INFO] [stderr]    |
[INFO] [stderr] 14 ~ [dev-dependencies]
[INFO] [stderr] 15 + [lints]
[INFO] [stderr]    |
[INFO] [stderr] warning: `graphengine-diagnostic` (manifest) generated 1 warning
[INFO] [stderr] warning: missing `[lints]` to inherit `[workspace.lints]`
[INFO] [stderr]   --> gridseak-cli/Cargo.toml
[INFO] [stderr]    = note: `cargo::missing_lints_inheritance` is set to `warn` by default
[INFO] [stderr] help: to inherit `workspace.lints, add:
[INFO] [stderr]    |
[INFO] [stderr] 78 ~ tempfile = "3"
[INFO] [stderr] 79 + [lints]
[INFO] [stderr] 80 + workspace = true
[INFO] [stderr]    |
[INFO] [stderr] help: to clarify your intent to not inherit, add:
[INFO] [stderr]    |
[INFO] [stderr] 78 ~ tempfile = "3"
[INFO] [stderr] 79 + [lints]
[INFO] [stderr]    |
[INFO] [stderr] warning: `gridseak-cli` (manifest) generated 1 warning
[INFO] [stderr] warning: missing `[lints]` to inherit `[workspace.lints]`
[INFO] [stderr]   --> graphengine-progress/Cargo.toml
[INFO] [stderr]    = note: `cargo::missing_lints_inheritance` is set to `warn` by default
[INFO] [stderr] help: to inherit `workspace.lints, add:
[INFO] [stderr]    |
[INFO] [stderr] 11 ~ serde_json = { workspace = true }
[INFO] [stderr] 12 + [lints]
[INFO] [stderr] 13 + workspace = true
[INFO] [stderr]    |
[INFO] [stderr] help: to clarify your intent to not inherit, add:
[INFO] [stderr]    |
[INFO] [stderr] 11 ~ serde_json = { workspace = true }
[INFO] [stderr] 12 + [lints]
[INFO] [stderr]    |
[INFO] [stderr] warning: `graphengine-progress` (manifest) generated 1 warning
[INFO] [stderr] warning: missing `[lints]` to inherit `[workspace.lints]`
[INFO] [stderr]   --> gridseak-truth-benchmark/Cargo.toml
[INFO] [stderr]    = note: `cargo::missing_lints_inheritance` is set to `warn` by default
[INFO] [stderr] help: to inherit `workspace.lints, add:
[INFO] [stderr]    |
[INFO] [stderr] 27 ~ graphengine-parsing = { path = "../graphengine-parsing" }
[INFO] [stderr] 28 + [lints]
[INFO] [stderr] 29 + workspace = true
[INFO] [stderr]    |
[INFO] [stderr] help: to clarify your intent to not inherit, add:
[INFO] [stderr]    |
[INFO] [stderr] 27 ~ graphengine-parsing = { path = "../graphengine-parsing" }
[INFO] [stderr] 28 + [lints]
[INFO] [stderr]    |
[INFO] [stderr] warning: `gridseak-truth-benchmark` (manifest) generated 1 warning
[INFO] [stderr] warning: missing `[lints]` to inherit `[workspace.lints]`
[INFO] [stderr]   --> gridseak-engine-runner/Cargo.toml
[INFO] [stderr]    = note: `cargo::missing_lints_inheritance` is set to `warn` by default
[INFO] [stderr] help: to inherit `workspace.lints, add:
[INFO] [stderr]    |
[INFO] [stderr] 26 ~ tempfile = "3"
[INFO] [stderr] 27 + [lints]
[INFO] [stderr] 28 + workspace = true
[INFO] [stderr]    |
[INFO] [stderr] help: to clarify your intent to not inherit, add:
[INFO] [stderr]    |
[INFO] [stderr] 26 ~ tempfile = "3"
[INFO] [stderr] 27 + [lints]
[INFO] [stderr]    |
[INFO] [stderr] warning: `gridseak-engine-runner` (manifest) generated 1 warning
[INFO] [stderr] warning: missing `[lints]` to inherit `[workspace.lints]`
[INFO] [stderr]   --> graphengine-analysis/Cargo.toml
[INFO] [stderr]    = note: `cargo::missing_lints_inheritance` is set to `warn` by default
[INFO] [stderr] help: to inherit `workspace.lints, add:
[INFO] [stderr]    |
[INFO] [stderr] 59 ~ tempfile = "3.0"
[INFO] [stderr] 60 + [lints]
[INFO] [stderr] 61 + workspace = true
[INFO] [stderr]    |
[INFO] [stderr] help: to clarify your intent to not inherit, add:
[INFO] [stderr]    |
[INFO] [stderr] 59 ~ tempfile = "3.0"
[INFO] [stderr] 60 + [lints]
[INFO] [stderr]    |
[INFO] [stderr] warning: `graphengine-analysis` (manifest) generated 1 warning
[INFO] [stderr] warning: missing `[lints]` to inherit `[workspace.lints]`
[INFO] [stderr]   --> gridseak-local-store/Cargo.toml
[INFO] [stderr]    = note: `cargo::missing_lints_inheritance` is set to `warn` by default
[INFO] [stderr] help: to inherit `workspace.lints, add:
[INFO] [stderr]    |
[INFO] [stderr] 22 ~ tempfile = "3"
[INFO] [stderr] 23 + [lints]
[INFO] [stderr] 24 + workspace = true
[INFO] [stderr]    |
[INFO] [stderr] help: to clarify your intent to not inherit, add:
[INFO] [stderr]    |
[INFO] [stderr] 22 ~ tempfile = "3"
[INFO] [stderr] 23 + [lints]
[INFO] [stderr]    |
[INFO] [stderr] warning: `gridseak-local-store` (manifest) generated 1 warning
[INFO] [stderr]    Compiling proc-macro2 v1.0.101
[INFO] [stderr]    Compiling libc v0.2.185
[INFO] [stderr]     Checking memchr v2.7.6
[INFO] [stderr]     Checking cfg-if v1.0.3
[INFO] [stderr]     Checking smallvec v1.15.1
[INFO] [stderr]     Checking regex-syntax v0.8.6
[INFO] [stderr]     Checking bitflags v2.9.4
[INFO] [stderr]    Compiling serde_core v1.0.228
[INFO] [stderr]    Compiling thiserror v2.0.18
[INFO] [stderr]    Compiling zerocopy v0.8.27
[INFO] [stderr]    Compiling once_cell v1.21.3
[INFO] [stderr]     Checking crossbeam-channel v0.5.15
[INFO] [stderr]     Checking tracing-core v0.1.34
[INFO] [stderr]     Checking arrayvec v0.7.6
[INFO] [stderr]     Checking crypto-common v0.1.6
[INFO] [stderr]    Compiling serde v1.0.228
[INFO] [stderr]     Checking digest v0.10.7
[INFO] [stderr]     Checking either v1.15.0
[INFO] [stderr]     Checking rustc-hash v2.1.2
[INFO] [stderr]    Compiling camino v1.2.2
[INFO] [stderr]    Compiling serde_json v1.0.145
[INFO] [stderr]     Checking jod-thread v1.0.0
[INFO] [stderr]     Checking unicode-xid v0.2.6
[INFO] [stderr]     Checking unicode-properties v0.1.4
[INFO] [stderr]     Checking itertools v0.14.0
[INFO] [stderr]     Checking text-size v1.1.1
[INFO] [stderr]    Compiling fst v0.4.7
[INFO] [stderr]     Checking triomphe v0.1.15
[INFO] [stderr]    Compiling rustix v1.1.4
[INFO] [stderr]     Checking rayon v1.11.0
[INFO] [stderr]     Checking linux-raw-sys v0.12.1
[INFO] [stderr]     Checking thin-vec v0.2.16
[INFO] [stderr]     Checking drop_bomb v0.1.5
[INFO] [stderr]     Checking ra_ap_edition v0.0.307
[INFO] [stderr]     Checking rustc-literal-escaper v0.0.4
[INFO] [stderr]     Checking countme v3.0.1
[INFO] [stderr]     Checking portable-atomic v1.13.1
[INFO] [stderr]     Checking intrusive-collections v0.9.7
[INFO] [stderr]     Checking hashlink v0.10.0
[INFO] [stderr]     Checking aho-corasick v1.1.3
[INFO] [stderr]     Checking winnow v0.7.15
[INFO] [stderr]     Checking ra-ap-rustc_lexer v0.137.0
[INFO] [stderr]    Compiling quote v1.0.40
[INFO] [stderr]     Checking crossbeam-queue v0.3.12
[INFO] [stderr]     Checking smol_str v0.3.6
[INFO] [stderr]    Compiling syn v2.0.106
[INFO] [stderr]     Checking salsa-macro-rules v0.24.0
[INFO] [stderr]     Checking inventory v0.3.24
[INFO] [stderr]     Checking boxcar v0.2.14
[INFO] [stderr]     Checking la-arena v0.3.1
[INFO] [stderr]     Checking cov-mark v2.2.0
[INFO] [stderr]    Compiling rustc_apfloat v0.2.3+llvm-462a31f5a5ab
[INFO] [stderr]     Checking deranged v0.5.8
[INFO] [stderr]     Checking rustc-stable-hash v0.1.2
[INFO] [stderr]     Checking num-conv v0.2.1
[INFO] [stderr]     Checking num_threads v0.1.7
[INFO] [stderr]     Checking time-core v0.1.8
[INFO] [stderr]     Checking ra-ap-rustc_hashes v0.137.0
[INFO] [stderr]     Checking tracing-log v0.2.0
[INFO] [stderr]     Checking ena v0.14.4
[INFO] [stderr]     Checking thread_local v1.1.9
[INFO] [stderr]     Checking ra-ap-rustc_ast_ir v0.137.0
[INFO] [stderr]     Checking rustc-literal-escaper v0.0.5
[INFO] [stderr]     Checking nu-ansi-term v0.50.1
[INFO] [stderr]     Checking oorandom v11.1.5
[INFO] [stderr]    Compiling jobserver v0.1.34
[INFO] [stderr]     Checking typed-arena v2.0.2
[INFO] [stderr]     Checking ra-ap-rustc_parse_format v0.137.0
[INFO] [stderr]     Checking dissimilar v1.0.11
[INFO] [stderr]    Compiling protobuf v3.7.2
[INFO] [stderr]     Checking line-index v0.1.2
[INFO] [stderr]     Checking constant_time_eq v0.3.1
[INFO] [stderr]     Checking home v0.5.11
[INFO] [stderr]    Compiling cc v1.0.106
[INFO] [stderr]     Checking winnow v1.0.1
[INFO] [stderr]    Compiling anyhow v1.0.100
[INFO] [stderr]    Compiling pulldown-cmark v0.9.6
[INFO] [stderr]     Checking regex-automata v0.4.14
[INFO] [stderr]     Checking notify-types v2.1.0
[INFO] [stderr]     Checking unicase v2.9.0
[INFO] [stderr]     Checking toml_writer v1.1.1+spec-1.1.0
[INFO] [stderr]     Checking futures-channel v0.3.32
[INFO] [stderr]     Checking slab v0.4.11
[INFO] [stderr]     Checking temp-dir v0.1.16
[INFO] [stderr]     Checking dot v0.1.4
[INFO] [stderr]     Checking is_terminal_polyfill v1.70.1
[INFO] [stderr]     Checking anstyle-query v1.1.4
[INFO] [stderr]     Checking clap_lex v0.7.5
[INFO] [stderr]     Checking anstream v0.6.21
[INFO] [stderr]     Checking unicode-ident v1.0.18
[INFO] [stderr]    Compiling rustix v0.38.44
[INFO] [stderr]     Checking winnow v0.5.40
[INFO] [stderr]     Checking toml_parser v1.1.2+spec-1.1.0
[INFO] [stderr]     Checking quick-xml v0.36.2
[INFO] [stderr]     Checking clap_builder v4.5.48
[INFO] [stderr]     Checking sha2 v0.10.9
[INFO] [stderr]     Checking parking_lot_core v0.9.12
[INFO] [stderr]     Checking errno v0.3.14
[INFO] [stderr]     Checking parking_lot v0.12.5
[INFO] [stderr]     Checking getrandom v0.4.1
[INFO] [stderr]     Checking perf-event-open-sys v1.0.1
[INFO] [stderr]     Checking signal-hook-registry v1.4.8
[INFO] [stderr]     Checking tempfile v3.27.0
[INFO] [stderr]     Checking time v0.3.47
[INFO] [stderr]     Checking mio v1.0.4
[INFO] [stderr]     Checking inotify-sys v0.1.5
[INFO] [stderr]     Checking socket2 v0.6.0
[INFO] [stderr]     Checking inotify v0.11.1
[INFO] [stderr]     Checking pulldown-cmark-to-cmark v10.0.4
[INFO] [stderr]     Checking perf-event v0.4.7
[INFO] [stderr]     Checking nix v0.27.1
[INFO] [stderr]     Checking ra_ap_profile v0.0.307
[INFO] [stderr]    Compiling num-traits v0.2.19
[INFO] [stderr]     Checking gix-trace v0.1.18
[INFO] [stderr]     Checking notify v8.2.0
[INFO] [stderr]     Checking tinyvec v1.11.0
[INFO] [stderr]     Checking human_format v1.2.1
[INFO] [stderr]     Checking indexmap v2.11.4
[INFO] [stderr]     Checking semver v1.0.27
[INFO] [stderr]     Checking serde_spanned v1.1.1
[INFO] [stderr]     Checking cargo-platform v0.3.3
[INFO] [stderr]     Checking toml_datetime v0.7.5+spec-1.1.0
[INFO] [stderr]     Checking unicode-normalization v0.1.25
[INFO] [stderr]     Checking bytesize v2.3.1
[INFO] [stderr]     Checking crc32fast v1.5.0
[INFO] [stderr]     Checking toml v0.9.12+spec-1.1.0
[INFO] [stderr]     Checking prodash v31.0.0
[INFO] [stderr]     Checking ra_ap_paths v0.0.307
[INFO] [stderr]     Checking ra_ap_toolchain v0.0.307
[INFO] [stderr]     Checking zlib-rs v0.6.3
[INFO] [stderr]    Compiling tree-sitter v0.20.10
[INFO] [stderr]    Compiling blake3 v1.5.3
[INFO] [stderr]    Compiling libsqlite3-sys v0.30.0
[INFO] [stderr]    Compiling tree-sitter-sfapex-vendored v0.1.0 (/opt/rustwide/workdir/graphengine-parsing/vendor/tree-sitter-sfapex)
[INFO] [stderr]     Checking petgraph v0.8.3
[INFO] [stderr]    Compiling tree-sitter-typescript v0.20.5
[INFO] [stderr]    Compiling tree-sitter-java v0.20.2
[INFO] [stderr]    Compiling tree-sitter-javascript v0.20.4
[INFO] [stderr]    Compiling tree-sitter-python v0.20.4
[INFO] [stderr]    Compiling tree-sitter-rust v0.20.2
[INFO] [stderr]    Compiling tree-sitter-c-sharp v0.20.0
[INFO] [stderr]    Compiling tree-sitter-go v0.20.0
[INFO] [stderr]     Checking regex v1.12.3
[INFO] [stderr]     Checking matchers v0.2.0
[INFO] [stderr]     Checking which v4.4.2
[INFO] [stderr]     Checking bstr v1.12.1
[INFO] [stderr]     Checking byteorder v1.5.0
[INFO] [stderr]    Compiling heapless v0.8.0
[INFO] [stderr]    Compiling getrandom v0.3.3
[INFO] [stderr]     Checking hash32 v0.3.1
[INFO] [stderr]     Checking sha1 v0.10.6
[INFO] [stderr]     Checking ciborium-io v0.2.2
[INFO] [stderr]     Checking plotters-backend v0.3.7
[INFO] [stderr]     Checking plotters-svg v0.3.7
[INFO] [stderr]     Checking rand_core v0.9.3
[INFO] [stderr]     Checking sha1-checked v0.10.0
[INFO] [stderr]     Checking gix-validate v0.11.0
[INFO] [stderr]     Checking gix-utils v0.3.1
[INFO] [stderr]     Checking gix-error v0.2.1
[INFO] [stderr]    Compiling libfuzzer-sys v0.4.10
[INFO] [stderr]     Checking wait-timeout v0.2.1
[INFO] [stderr]     Checking itertools v0.10.5
[INFO] [stderr]     Checking bit-vec v0.8.0
[INFO] [stderr]     Checking faster-hex v0.10.0
[INFO] [stderr]     Checking cast v0.3.0
[INFO] [stderr]     Checking quick-error v1.2.3
[INFO] [stderr]     Checking jiff v0.2.23
[INFO] [stderr]     Checking rusty-fork v0.3.1
[INFO] [stderr]     Checking rand_xorshift v0.4.0
[INFO] [stderr]     Checking rand v0.9.2
[INFO] [stderr]     Checking plotters v0.3.7
[INFO] [stderr]     Checking bit-set v0.8.0
[INFO] [stderr]     Checking is-terminal v0.4.16
[INFO] [stderr]     Checking unarray v0.1.4
[INFO] [stderr]     Checking arbitrary v1.4.2
[INFO] [stderr]     Checking anes v0.1.6
[INFO] [stderr]     Checking memmap2 v0.9.10
[INFO] [stderr]     Checking gix-quote v0.7.0
[INFO] [stderr]     Checking gix-chunk v0.7.0
[INFO] [stderr]     Checking nonempty v0.12.0
[INFO] [stderr]    Compiling signal-hook v0.4.4
[INFO] [stderr]     Checking unicode-bom v2.0.3
[INFO] [stderr]     Checking kstring v2.0.2
[INFO] [stderr]     Checking gix-sec v0.13.2
[INFO] [stderr]     Checking gix-bitmap v0.3.0
[INFO] [stderr]     Checking filetime v0.2.27
[INFO] [stderr]     Checking encoding_rs v0.8.35
[INFO] [stderr]     Checking imara-diff v0.2.0
[INFO] [stderr]     Checking imara-diff v0.1.8
[INFO] [stderr]     Checking uluru v3.1.0
[INFO] [stderr]    Compiling synstructure v0.13.2
[INFO] [stderr]     Checking clru v0.6.3
[INFO] [stderr]     Checking arc-swap v1.9.1
[INFO] [stderr]     Checking io-close v0.3.7
[INFO] [stderr] warning: libsqlite3-sys@0.30.0: sqlite3/sqlite3.c: In function 'sqlite3ShadowTableName':
[INFO] [stderr] warning: libsqlite3-sys@0.30.0: sqlite3/sqlite3.c:123928:9: warning: assignment discards 'const' qualifier from pointer target type [-Wdiscarded-qualifiers]
[INFO] [stderr] warning: libsqlite3-sys@0.30.0: 123928 |   zTail = strrchr(zName, '_');
[INFO] [stderr] warning: libsqlite3-sys@0.30.0:        |         ^
[INFO] [stderr] warning: libsqlite3-sys@0.30.0: cc: fatal error: Killed signal terminated program cc1
[INFO] [stderr] warning: libsqlite3-sys@0.30.0: compilation terminated.
[INFO] [stderr] error: failed to run custom build command for `libsqlite3-sys v0.30.0`
[INFO] [stderr] note: To improve backtraces for build dependencies, set the CARGO_PROFILE_DEV_BUILD_OVERRIDE_DEBUG=true environment variable to enable debug information generation.
[INFO] [stderr] 
[INFO] [stderr] Caused by:
[INFO] [stderr]   process didn't exit successfully: `/opt/rustwide/target/debug/build/libsqlite3-sys/45304f2851bb770b/out/build_script_build` (exit status: 1)
[INFO] [stderr]   --- stdout
[INFO] [stderr]   cargo:rerun-if-env-changed=LIBSQLITE3_SYS_USE_PKG_CONFIG
[INFO] [stderr]   cargo:include=/opt/rustwide/cargo-home/registry/src/index.crates.io-1949cf8c6b5b557f/libsqlite3-sys-0.30.0/sqlite3
[INFO] [stderr]   cargo:rerun-if-changed=sqlite3/sqlite3.c
[INFO] [stderr]   cargo:rerun-if-changed=sqlite3/wasm32-wasi-vfs.c
[INFO] [stderr]   cargo:rerun-if-env-changed=SQLITE_MAX_VARIABLE_NUMBER
[INFO] [stderr]   cargo:rerun-if-env-changed=SQLITE_MAX_EXPR_DEPTH
[INFO] [stderr]   cargo:rerun-if-env-changed=SQLITE_MAX_COLUMN
[INFO] [stderr]   cargo:rerun-if-env-changed=LIBSQLITE3_FLAGS
[INFO] [stderr]   OUT_DIR = Some(/opt/rustwide/target/debug/build/libsqlite3-sys/b16eef15a440cfd9/out)
[INFO] [stderr]   TARGET = Some(x86_64-unknown-linux-gnu)
[INFO] [stderr]   OPT_LEVEL = Some(0)
[INFO] [stderr]   HOST = Some(x86_64-unknown-linux-gnu)
[INFO] [stderr]   cargo:rerun-if-env-changed=CC_x86_64-unknown-linux-gnu
[INFO] [stderr]   CC_x86_64-unknown-linux-gnu = None
[INFO] [stderr]   cargo:rerun-if-env-changed=CC_x86_64_unknown_linux_gnu
[INFO] [stderr]   CC_x86_64_unknown_linux_gnu = None
[INFO] [stderr]   cargo:rerun-if-env-changed=HOST_CC
[INFO] [stderr]   HOST_CC = None
[INFO] [stderr]   cargo:rerun-if-env-changed=CC
[INFO] [stderr]   CC = None
[INFO] [stderr]   cargo:rerun-if-env-changed=CC_ENABLE_DEBUG_OUTPUT
[INFO] [stderr]   RUSTC_WRAPPER = None
[INFO] [stderr]   cargo:rerun-if-env-changed=CRATE_CC_NO_DEFAULTS
[INFO] [stderr]   CRATE_CC_NO_DEFAULTS = None
[INFO] [stderr]   DEBUG = Some(true)
[INFO] [stderr]   CARGO_CFG_TARGET_FEATURE = Some(fxsr,sse,sse2,x87)
[INFO] [stderr]   cargo:rerun-if-env-changed=CFLAGS_x86_64-unknown-linux-gnu
[INFO] [stderr]   CFLAGS_x86_64-unknown-linux-gnu = None
[INFO] [stderr]   cargo:rerun-if-env-changed=CFLAGS_x86_64_unknown_linux_gnu
[INFO] [stderr]   CFLAGS_x86_64_unknown_linux_gnu = None
[INFO] [stderr]   cargo:rerun-if-env-changed=HOST_CFLAGS
[INFO] [stderr]   HOST_CFLAGS = None
[INFO] [stderr]   cargo:rerun-if-env-changed=CFLAGS
[INFO] [stderr]   CFLAGS = None
[INFO] [stderr]   cargo:warning=sqlite3/sqlite3.c: In function 'sqlite3ShadowTableName':
[INFO] [stderr]   cargo:warning=sqlite3/sqlite3.c:123928:9: warning: assignment discards 'const' qualifier from pointer target type [-Wdiscarded-qualifiers]
[INFO] [stderr]   cargo:warning=123928 |   zTail = strrchr(zName, '_');
[INFO] [stderr]   cargo:warning=       |         ^
[INFO] [stderr]   cargo:warning=cc: fatal error: Killed signal terminated program cc1
[INFO] [stderr]   cargo:warning=compilation terminated.
[INFO] [stderr] 
[INFO] [stderr]   --- stderr
[INFO] [stderr] 
[INFO] [stderr] 
[INFO] [stderr]   error occurred: Command "cc" "-O0" "-ffunction-sections" "-fdata-sections" "-fPIC" "-gdwarf-4" "-fno-omit-frame-pointer" "-m64" "-DSQLITE_CORE" "-DSQLITE_DEFAULT_FOREIGN_KEYS=1" "-DSQLITE_ENABLE_API_ARMOR" "-DSQLITE_ENABLE_COLUMN_METADATA" "-DSQLITE_ENABLE_DBSTAT_VTAB" "-DSQLITE_ENABLE_FTS3" "-DSQLITE_ENABLE_FTS3_PARENTHESIS" "-DSQLITE_ENABLE_FTS5" "-DSQLITE_ENABLE_JSON1" "-DSQLITE_ENABLE_LOAD_EXTENSION=1" "-DSQLITE_ENABLE_MEMORY_MANAGEMENT" "-DSQLITE_ENABLE_RTREE" "-DSQLITE_ENABLE_STAT4" "-DSQLITE_SOUNDEX" "-DSQLITE_THREADSAFE=1" "-DSQLITE_USE_URI" "-DHAVE_USLEEP=1" "-DHAVE_ISNAN" "-D_POSIX_THREAD_SAFE_FUNCTIONS" "-DHAVE_LOCALTIME_R" "-o" "/opt/rustwide/target/debug/build/libsqlite3-sys/b16eef15a440cfd9/out/0343851c9008f270-sqlite3.o" "-c" "sqlite3/sqlite3.c" with args cc did not execute successfully (status code exit status: 1).
[INFO] [stderr] 
[INFO] [stderr] 
[INFO] [stderr] warning: build failed, waiting for other jobs to finish...
[INFO] [stderr] error: could not compile `syn` (lib)
[INFO] [stderr] 
[INFO] [stderr] Caused by:
[INFO] [stderr]   process didn't exit successfully: `/opt/rustwide/rustup-home/toolchains/895980e0290783bb09b1ccf1b11f14eb09b10430/bin/rustc --crate-name syn --edition=2021 /opt/rustwide/cargo-home/registry/src/index.crates.io-1949cf8c6b5b557f/syn-2.0.106/src/lib.rs --error-format=json --json=diagnostic-rendered-ansi,artifacts,future-incompat,unused-externs-silent --crate-type lib --emit=dep-info,metadata,link -Z embed-metadata=no -C embed-bitcode=no --cfg 'feature="clone-impls"' --cfg 'feature="default"' --cfg 'feature="derive"' --cfg 'feature="extra-traits"' --cfg 'feature="fold"' --cfg 'feature="full"' --cfg 'feature="parsing"' --cfg 'feature="printing"' --cfg 'feature="proc-macro"' --cfg 'feature="visit"' --cfg 'feature="visit-mut"' --check-cfg 'cfg(docsrs,test)' --check-cfg 'cfg(feature, values("clone-impls", "default", "derive", "extra-traits", "fold", "full", "parsing", "printing", "proc-macro", "test", "visit", "visit-mut"))' -C metadata=f62d849087f0e977 -C extra-filename=-f72c3efc7d15320e --out-dir /opt/rustwide/target/debug/build/syn/f72c3efc7d15320e/out -L dependency=/opt/rustwide/target/debug/build/proc-macro2/a4916dcd2575db7e/out -L dependency=/opt/rustwide/target/debug/build/unicode-ident/b3925cc8f83e9ac1/out --extern proc_macro2=/opt/rustwide/target/debug/build/proc-macro2/a4916dcd2575db7e/out/libproc_macro2-a4916dcd2575db7e.rmeta --extern quote=/opt/rustwide/target/debug/build/quote/faae349f961da0a4/out/libquote-faae349f961da0a4.rmeta --extern unicode_ident=/opt/rustwide/target/debug/build/unicode-ident/b3925cc8f83e9ac1/out/libunicode_ident-b3925cc8f83e9ac1.rmeta --cap-lints allow --cap-lints=forbid --force-warn=unused_crate_dependencies` (signal: 9, SIGKILL: kill)
[INFO] [stderr] error: could not compile `jiff` (lib)
[INFO] [stderr] 
[INFO] [stderr] Caused by:
[INFO] [stderr]   process didn't exit successfully: `/opt/rustwide/rustup-home/toolchains/895980e0290783bb09b1ccf1b11f14eb09b10430/bin/rustc --crate-name jiff --edition=2021 /opt/rustwide/cargo-home/registry/src/index.crates.io-1949cf8c6b5b557f/jiff-0.2.23/src/lib.rs --error-format=json --json=diagnostic-rendered-ansi,artifacts,future-incompat,unused-externs-silent --crate-type lib --emit=dep-info,metadata -C embed-bitcode=no -C debuginfo=2 --cfg 'feature="alloc"' --cfg 'feature="default"' --cfg 'feature="perf-inline"' --cfg 'feature="std"' --cfg 'feature="tz-fat"' --cfg 'feature="tz-system"' --cfg 'feature="tzdb-bundle-platform"' --cfg 'feature="tzdb-concatenated"' --cfg 'feature="tzdb-zoneinfo"' --check-cfg 'cfg(docsrs,test)' --check-cfg 'cfg(feature, values("alloc", "default", "js", "logging", "perf-inline", "serde", "static", "static-tz", "std", "tz-fat", "tz-system", "tzdb-bundle-always", "tzdb-bundle-platform", "tzdb-concatenated", "tzdb-zoneinfo"))' -C metadata=d810f321cb6297e6 -C extra-filename=-3815054fd164a80c --out-dir /opt/rustwide/target/debug/build/jiff/3815054fd164a80c/out --cap-lints allow --cap-lints=forbid --force-warn=unused_crate_dependencies` (signal: 9, SIGKILL: kill)
[INFO] [stderr] warning: libfuzzer-sys@0.4.10: c++: fatal error: Killed signal terminated program cc1plus
[INFO] [stderr] warning: libfuzzer-sys@0.4.10: compilation terminated.
[INFO] [stderr] warning: libfuzzer-sys@0.4.10: ToolExecError: Command "c++" "-O0" "-ffunction-sections" "-fdata-sections" "-fPIC" "-gdwarf-4" "-fno-omit-frame-pointer" "-m64" "-std=c++17" "-o" "/opt/rustwide/target/debug/build/libfuzzer-sys/11f02d0a0bf9c50f/out/dea49a5d26799b40-FuzzerTracePC.o" "-c" "libfuzzer/FuzzerTracePC.cpp" with args c++ did not execute successfully (status code exit status: 1).
[INFO] [stderr] error: failed to run custom build command for `libfuzzer-sys v0.4.10`
[INFO] [stderr] note: To improve backtraces for build dependencies, set the CARGO_PROFILE_DEV_BUILD_OVERRIDE_DEBUG=true environment variable to enable debug information generation.
[INFO] [stderr] 
[INFO] [stderr] Caused by:
[INFO] [stderr]   process didn't exit successfully: `/opt/rustwide/target/debug/build/libfuzzer-sys/92fb1628f7dae83b/out/build_script_build` (exit status: 1)
[INFO] [stderr]   --- stdout
[INFO] [stderr]   cargo:rerun-if-env-changed=CUSTOM_LIBFUZZER_PATH
[INFO] [stderr]   cargo:rerun-if-changed=libfuzzer/FuzzerUtilPosix.cpp
[INFO] [stderr]   cargo:rerun-if-changed=libfuzzer/FuzzerUtilWindows.cpp
[INFO] [stderr]   cargo:rerun-if-changed=libfuzzer/FuzzerExtraCountersDarwin.cpp
[INFO] [stderr]   cargo:rerun-if-changed=libfuzzer/FuzzerTracePC.cpp
[INFO] [stderr]   cargo:rerun-if-changed=libfuzzer/FuzzerExtFunctionsWeak.cpp
[INFO] [stderr]   cargo:rerun-if-changed=libfuzzer/FuzzerDataFlowTrace.cpp
[INFO] [stderr]   cargo:rerun-if-changed=libfuzzer/FuzzerExtraCounters.cpp
[INFO] [stderr]   cargo:rerun-if-changed=libfuzzer/FuzzerIO.cpp
[INFO] [stderr]   cargo:rerun-if-changed=libfuzzer/FuzzerCrossOver.cpp
[INFO] [stderr]   cargo:rerun-if-changed=libfuzzer/FuzzerUtilLinux.cpp
[INFO] [stderr]   cargo:rerun-if-changed=libfuzzer/FuzzerUtilFuchsia.cpp
[INFO] [stderr]   cargo:rerun-if-changed=libfuzzer/FuzzerUtil.cpp
[INFO] [stderr]   cargo:rerun-if-changed=libfuzzer/FuzzerExtFunctionsDlsym.cpp
[INFO] [stderr]   cargo:rerun-if-changed=libfuzzer/FuzzerIOWindows.cpp
[INFO] [stderr]   cargo:rerun-if-changed=libfuzzer/FuzzerExtFunctionsWindows.cpp
[INFO] [stderr]   cargo:rerun-if-changed=libfuzzer/FuzzerFork.cpp
[INFO] [stderr]   cargo:rerun-if-changed=libfuzzer/FuzzerSHA1.cpp
[INFO] [stderr]   cargo:rerun-if-changed=libfuzzer/FuzzerIOPosix.cpp
[INFO] [stderr]   cargo:rerun-if-changed=libfuzzer/FuzzerInterceptors.cpp
[INFO] [stderr]   cargo:rerun-if-changed=libfuzzer/FuzzerExtraCountersWindows.cpp
[INFO] [stderr]   cargo:rerun-if-changed=libfuzzer/FuzzerMain.cpp
[INFO] [stderr]   cargo:rerun-if-changed=libfuzzer/FuzzerDriver.cpp
[INFO] [stderr]   cargo:rerun-if-changed=libfuzzer/FuzzerMutate.cpp
[INFO] [stderr]   cargo:rerun-if-changed=libfuzzer/FuzzerUtilDarwin.cpp
[INFO] [stderr]   cargo:rerun-if-changed=libfuzzer/FuzzerMerge.cpp
[INFO] [stderr]   cargo:rerun-if-changed=libfuzzer/FuzzerLoop.cpp
[INFO] [stderr]   OUT_DIR = Some(/opt/rustwide/target/debug/build/libfuzzer-sys/11f02d0a0bf9c50f/out)
[INFO] [stderr]   TARGET = Some(x86_64-unknown-linux-gnu)
[INFO] [stderr]   OPT_LEVEL = Some(0)
[INFO] [stderr]   HOST = Some(x86_64-unknown-linux-gnu)
[INFO] [stderr]   cargo:rerun-if-env-changed=CXX_x86_64-unknown-linux-gnu
[INFO] [stderr]   CXX_x86_64-unknown-linux-gnu = None
[INFO] [stderr]   cargo:rerun-if-env-changed=CXX_x86_64_unknown_linux_gnu
[INFO] [stderr]   CXX_x86_64_unknown_linux_gnu = None
[INFO] [stderr]   cargo:rerun-if-env-changed=HOST_CXX
[INFO] [stderr]   HOST_CXX = None
[INFO] [stderr]   cargo:rerun-if-env-changed=CXX
[INFO] [stderr]   CXX = None
[INFO] [stderr]   cargo:rerun-if-env-changed=CC_ENABLE_DEBUG_OUTPUT
[INFO] [stderr]   RUSTC_WRAPPER = None
[INFO] [stderr]   cargo:rerun-if-env-changed=CRATE_CC_NO_DEFAULTS
[INFO] [stderr]   CRATE_CC_NO_DEFAULTS = None
[INFO] [stderr]   DEBUG = Some(true)
[INFO] [stderr]   CARGO_CFG_TARGET_FEATURE = Some(fxsr,sse,sse2,x87)
[INFO] [stderr]   cargo:rerun-if-env-changed=CXXFLAGS_x86_64-unknown-linux-gnu
[INFO] [stderr]   CXXFLAGS_x86_64-unknown-linux-gnu = None
[INFO] [stderr]   cargo:rerun-if-env-changed=CXXFLAGS_x86_64_unknown_linux_gnu
[INFO] [stderr]   CXXFLAGS_x86_64_unknown_linux_gnu = None
[INFO] [stderr]   cargo:rerun-if-env-changed=HOST_CXXFLAGS
[INFO] [stderr]   HOST_CXXFLAGS = None
[INFO] [stderr]   cargo:rerun-if-env-changed=CXXFLAGS
[INFO] [stderr]   CXXFLAGS = None
[INFO] [stderr]   exit status: 0
[INFO] [stderr]   exit status: 0
[INFO] [stderr]   exit status: 0
[INFO] [stderr]   exit status: 0
[INFO] [stderr]   exit status: 0
[INFO] [stderr]   exit status: 0
[INFO] [stderr]   exit status: 0
[INFO] [stderr]   exit status: 0
[INFO] [stderr]   cargo:warning=c++: fatal error: Killed signal terminated program cc1plus
[INFO] [stderr]   cargo:warning=compilation terminated.
[INFO] [stderr]   exit status: 0
[INFO] [stderr]   exit status: 0
[INFO] [stderr]   exit status: 0
[INFO] [stderr]   exit status: 0
[INFO] [stderr]   exit status: 0
[INFO] [stderr]   exit status: 0
[INFO] [stderr]   exit status: 0
[INFO] [stderr]   exit status: 1
[INFO] [stderr]   cargo:warning=ToolExecError: Command "c++" "-O0" "-ffunction-sections" "-fdata-sections" "-fPIC" "-gdwarf-4" "-fno-omit-frame-pointer" "-m64" "-std=c++17" "-o" "/opt/rustwide/target/debug/build/libfuzzer-sys/11f02d0a0bf9c50f/out/dea49a5d26799b40-FuzzerTracePC.o" "-c" "libfuzzer/FuzzerTracePC.cpp" with args c++ did not execute successfully (status code exit status: 1).
[INFO] [stderr]   exit status: 0
[INFO] [stderr]   exit status: 0
[INFO] [stderr]   exit status: 0
[INFO] [stderr]   exit status: 0
[INFO] [stderr]   exit status: 0
[INFO] [stderr]   exit status: 0
[INFO] [stderr]   exit status: 0
[INFO] [stderr]   exit status: 0
[INFO] [stderr]   exit status: 0
[INFO] [stderr]   exit status: 0
[INFO] [stderr] 
[INFO] [stderr]   --- stderr
[INFO] [stderr] 
[INFO] [stderr] 
[INFO] [stderr]   error occurred: Command "c++" "-O0" "-ffunction-sections" "-fdata-sections" "-fPIC" "-gdwarf-4" "-fno-omit-frame-pointer" "-m64" "-std=c++17" "-o" "/opt/rustwide/target/debug/build/libfuzzer-sys/11f02d0a0bf9c50f/out/dea49a5d26799b40-FuzzerTracePC.o" "-c" "libfuzzer/FuzzerTracePC.cpp" with args c++ did not execute successfully (status code exit status: 1).
[INFO] [stderr] 
[INFO] [stderr] 
[INFO] running `Command { std: "docker" "inspect" "d0d247be083d6318b4cdf361f380cf24ea123f0f3f1a273640956654f178a604", kill_on_drop: false }`
[INFO] running `Command { std: "docker" "rm" "-f" "d0d247be083d6318b4cdf361f380cf24ea123f0f3f1a273640956654f178a604", kill_on_drop: false }`
[INFO] [stdout] d0d247be083d6318b4cdf361f380cf24ea123f0f3f1a273640956654f178a604
