[INFO] cloning repository https://github.com/Zitrone44/zlnk
[INFO] running `Command { std: "git" "-c" "credential.helper=" "-c" "credential.helper=/workspace/cargo-home/bin/git-credential-null" "clone" "--bare" "https://github.com/Zitrone44/zlnk" "/workspace/cache/git-repos/https%3A%2F%2Fgithub.com%2FZitrone44%2Fzlnk", kill_on_drop: false }`
[INFO] [stderr] Cloning into bare repository '/workspace/cache/git-repos/https%3A%2F%2Fgithub.com%2FZitrone44%2Fzlnk'...
[INFO] running `Command { std: "git" "rev-parse" "HEAD", kill_on_drop: false }`
[INFO] [stdout] 9c5c35299d0ce8e041e4d7187c4131a06d7a2e36
[INFO] checking Zitrone44/zlnk against 895980e0290783bb09b1ccf1b11f14eb09b10430 for pr-160186
[INFO] running `Command { std: "git" "clone" "/workspace/cache/git-repos/https%3A%2F%2Fgithub.com%2FZitrone44%2Fzlnk" "/workspace/builds/worker-3-tc2/source", kill_on_drop: false }`
[INFO] [stderr] Cloning into '/workspace/builds/worker-3-tc2/source'...
[INFO] [stderr] done.
[INFO] started tweaking git repo https://github.com/Zitrone44/zlnk
[INFO] finished tweaking git repo https://github.com/Zitrone44/zlnk
[INFO] tweaked toml for git repo https://github.com/Zitrone44/zlnk written to /workspace/builds/worker-3-tc2/source/Cargo.toml
[INFO] validating manifest of git repo https://github.com/Zitrone44/zlnk on toolchain 895980e0290783bb09b1ccf1b11f14eb09b10430
[INFO] running `Command { std: CARGO_HOME="/workspace/cargo-home" RUSTUP_HOME="/workspace/rustup-home" "/workspace/cargo-home/bin/cargo" "+895980e0290783bb09b1ccf1b11f14eb09b10430" "metadata" "--manifest-path" "Cargo.toml" "--no-deps", kill_on_drop: false }`
[INFO] crate git repo https://github.com/Zitrone44/zlnk already has a lockfile, it will not be regenerated
[INFO] running `Command { std: CARGO_HOME="/workspace/cargo-home" RUSTUP_HOME="/workspace/rustup-home" "/workspace/cargo-home/bin/cargo" "+895980e0290783bb09b1ccf1b11f14eb09b10430" "fetch" "--manifest-path" "Cargo.toml", kill_on_drop: false }`
[INFO] [stderr] warning: Cargo.toml: `package.edition` is unspecified, defaulting to `2015` while the latest is `2024`
[INFO] [stderr] warning: `zlnk` (manifest) generated 1 warning
[INFO] running `Command { std: "docker" "create" "-v" "/var/lib/crater-agent-workspace/builds/worker-3-tc2/source:/opt/rustwide/workdir:ro,Z" "-v" "/var/lib/crater-agent-workspace/builds/worker-3-tc2/target:/opt/rustwide/target:rw,Z" "-v" "/var/lib/crater-agent-workspace/cargo-home:/opt/rustwide/cargo-home:ro,Z" "-v" "/var/lib/crater-agent-workspace/rustup-home:/opt/rustwide/rustup-home:ro,Z" "-m" "1610612736" "--network" "none" "ghcr.io/rust-lang/crates-build-env/linux@sha256:77db811e55d90add9212f6832c23229e3de5f1c1f9905e8cb07319ea15df73ac" "sleep" "infinity", kill_on_drop: false }`
[INFO] [stdout] adc8c3dfd51e38503d80f8b96c16ad42aa68f0ee2c461e49836a836c786dd597
[INFO] running `Command { std: "docker" "start" "adc8c3dfd51e38503d80f8b96c16ad42aa68f0ee2c461e49836a836c786dd597", kill_on_drop: false }`
[INFO] running `Command { std: "docker" "inspect" "adc8c3dfd51e38503d80f8b96c16ad42aa68f0ee2c461e49836a836c786dd597", kill_on_drop: false }`
[INFO] running `Command { std: "docker" "exec" "-e" "SOURCE_DIR=/opt/rustwide/workdir" "-e" "CARGO_HOME=/opt/rustwide/cargo-home" "-e" "RUSTUP_HOME=/opt/rustwide/rustup-home" "-e" "CARGO_TARGET_DIR=/opt/rustwide/target" "-w" "/opt/rustwide/workdir" "--user" "0:0" "adc8c3dfd51e38503d80f8b96c16ad42aa68f0ee2c461e49836a836c786dd597" "/opt/rustwide/cargo-home/bin/cargo" "+895980e0290783bb09b1ccf1b11f14eb09b10430" "metadata" "--no-deps" "--format-version=1", kill_on_drop: false }`
[INFO] running `Command { std: "docker" "inspect" "adc8c3dfd51e38503d80f8b96c16ad42aa68f0ee2c461e49836a836c786dd597", kill_on_drop: false }`
[INFO] running `Command { std: "docker" "exec" "-e" "SOURCE_DIR=/opt/rustwide/workdir" "-e" "CARGO_HOME=/opt/rustwide/cargo-home" "-e" "RUSTUP_HOME=/opt/rustwide/rustup-home" "-e" "CARGO_TARGET_DIR=/opt/rustwide/target" "-e" "CARGO_INCREMENTAL=0" "-e" "RUST_BACKTRACE=full" "-e" "RUSTFLAGS=--cap-lints=forbid" "-e" "RUSTDOCFLAGS=--cap-lints=forbid" "-w" "/opt/rustwide/workdir" "--user" "0:0" "adc8c3dfd51e38503d80f8b96c16ad42aa68f0ee2c461e49836a836c786dd597" "/opt/rustwide/cargo-home/bin/cargo" "+895980e0290783bb09b1ccf1b11f14eb09b10430" "check" "--frozen" "--all" "--all-targets" "--message-format=json", kill_on_drop: false }`
[INFO] [stderr] warning: Cargo.toml: `package.edition` is unspecified, defaulting to `2015` while the latest is `2024`
[INFO] [stderr] warning: `zlnk` (manifest) generated 1 warning
[INFO] [stderr]     Checking libc v0.2.40
[INFO] [stderr]    Compiling version_check v0.1.3
[INFO] [stderr]     Checking cfg-if v0.1.2
[INFO] [stderr]    Compiling nodrop v0.1.12
[INFO] [stderr]    Compiling memoffset v0.2.1
[INFO] [stderr]    Compiling lazy_static v1.0.0
[INFO] [stderr]    Compiling scopeguard v0.3.3
[INFO] [stderr]    Compiling yansi v0.4.0
[INFO] [stderr]     Checking matches v0.1.6
[INFO] [stderr]    Compiling rayon-core v1.4.0
[INFO] [stderr]     Checking unicode-normalization v0.1.5
[INFO] [stderr]     Checking percent-encoding v1.0.1
[INFO] [stderr]    Compiling cc v1.0.10
[INFO] [stderr]    Compiling proc-macro2 v0.3.7
[INFO] [stderr]    Compiling arrayvec v0.4.7
[INFO] [stderr]    Compiling crossbeam-utils v0.2.2
[INFO] [stderr]     Checking unicode-bidi v0.3.4
[INFO] [stderr]     Checking log v0.4.1
[INFO] [stderr]    Compiling gcc v0.3.54
[INFO] [stderr]     Checking serde v1.0.43
[INFO] [stderr]     Checking safemem v0.2.0
[INFO] [stderr]     Checking void v1.0.2
[INFO] [stderr]    Compiling unicase v1.4.2
[INFO] [stderr]     Checking byteorder v1.2.2
[INFO] [stderr]     Checking unreachable v1.0.0
[INFO] [stderr]     Checking log v0.3.9
[INFO] [stderr]     Checking ucd-util v0.1.1
[INFO] [stderr]    Compiling regex v0.2.10
[INFO] [stderr]    Compiling pear_codegen v0.0.16
[INFO] [stderr]     Checking untrusted v0.5.1
[INFO] [stderr]     Checking lazy_static v0.2.11
[INFO] [stderr]     Checking regex-syntax v0.5.5
[INFO] [stderr]    Compiling rocket v0.3.8
[INFO] [stderr]     Checking thread_local v0.3.5
[INFO] [stderr]     Checking mime v0.2.6
[INFO] [stderr]     Checking time v0.1.39
[INFO] [stderr]     Checking memchr v2.0.1
[INFO] [stderr]    Compiling num_cpus v1.8.0
[INFO] [stderr]    Compiling crossbeam-epoch v0.3.1
[INFO] [stderr]    Compiling rand v0.4.2
[INFO] [stderr]     Checking base64 v0.6.0
[INFO] [stderr]     Checking idna v0.1.4
[INFO] [stderr]     Checking aho-corasick v0.6.4
[INFO] [stderr]     Checking antidote v1.0.0
[INFO] [stderr]     Checking utf8-ranges v1.0.0
[INFO] [stderr]    Compiling quote v0.5.2
[INFO] [stderr]    Compiling redis v0.8.0
[INFO] [stderr]    Compiling crossbeam-deque v0.2.0
[INFO] [stderr]     Checking traitobject v0.1.0
[INFO] [stdout] error[E0119]: conflicting implementations of trait `Trait` for type `(dyn Send + Sync + 'static)`
[INFO] [stdout]   --> /opt/rustwide/cargo-home/registry/src/index.crates.io-1949cf8c6b5b557f/traitobject-0.1.0/src/impls.rs:72:1
[INFO] [stdout]    |
[INFO] [stdout] 71 | unsafe impl Trait for ::std::marker::Send + Sync { }
[INFO] [stdout]    | ------------------------------------------------ first implementation here
[INFO] [stdout] 72 | unsafe impl Trait for ::std::marker::Send + Send + Sync { }
[INFO] [stdout]    | ^^^^^^^^^^^^^^^^^^^^^^^^^^^^^^^^^^^^^^^^^^^^^^^^^^^^^^^ conflicting implementation for `(dyn Send + Sync + 'static)`
[INFO] [stdout] 
[INFO] [stdout] 
[INFO] [stdout] error[E0119]: conflicting implementations of trait `Trait` for type `(dyn Send + Sync + 'static)`
[INFO] [stdout]   --> /opt/rustwide/cargo-home/registry/src/index.crates.io-1949cf8c6b5b557f/traitobject-0.1.0/src/impls.rs:73:1
[INFO] [stdout]    |
[INFO] [stdout] 71 | unsafe impl Trait for ::std::marker::Send + Sync { }
[INFO] [stdout]    | ------------------------------------------------ first implementation here
[INFO] [stdout] 72 | unsafe impl Trait for ::std::marker::Send + Send + Sync { }
[INFO] [stdout] 73 | unsafe impl Trait for ::std::marker::Sync + Send { }
[INFO] [stdout]    | ^^^^^^^^^^^^^^^^^^^^^^^^^^^^^^^^^^^^^^^^^^^^^^^^ conflicting implementation for `(dyn Send + Sync + 'static)`
[INFO] [stdout] 
[INFO] [stdout] 
[INFO] [stdout] error[E0119]: conflicting implementations of trait `Trait` for type `(dyn Send + Sync + 'static)`
[INFO] [stdout]   --> /opt/rustwide/cargo-home/registry/src/index.crates.io-1949cf8c6b5b557f/traitobject-0.1.0/src/impls.rs:75:1
[INFO] [stdout]    |
[INFO] [stdout] 71 | unsafe impl Trait for ::std::marker::Send + Sync { }
[INFO] [stdout]    | ------------------------------------------------ first implementation here
[INFO] [stdout] ...
[INFO] [stdout] 75 | unsafe impl Trait for ::std::marker::Sync + Send + Sync { }
[INFO] [stdout]    | ^^^^^^^^^^^^^^^^^^^^^^^^^^^^^^^^^^^^^^^^^^^^^^^^^^^^^^^ conflicting implementation for `(dyn Send + Sync + 'static)`
[INFO] [stdout] 
[INFO] [stdout] 
[INFO] [stdout] For more information about this error, try `rustc --explain E0119`.
[INFO] [stdout] 
[INFO] [stderr] error: could not compile `traitobject` (lib) due to 3 previous errors
[INFO] [stderr] warning: build failed, waiting for other jobs to finish...
[INFO] running `Command { std: "docker" "inspect" "adc8c3dfd51e38503d80f8b96c16ad42aa68f0ee2c461e49836a836c786dd597", kill_on_drop: false }`
[INFO] running `Command { std: "docker" "rm" "-f" "adc8c3dfd51e38503d80f8b96c16ad42aa68f0ee2c461e49836a836c786dd597", kill_on_drop: false }`
[INFO] [stdout] adc8c3dfd51e38503d80f8b96c16ad42aa68f0ee2c461e49836a836c786dd597
