[INFO] cloning repository https://github.com/SylvanM/filler
[INFO] running `Command { std: "git" "-c" "credential.helper=" "-c" "credential.helper=/workspace/cargo-home/bin/git-credential-null" "clone" "--bare" "https://github.com/SylvanM/filler" "/workspace/cache/git-repos/https%3A%2F%2Fgithub.com%2FSylvanM%2Ffiller", kill_on_drop: false }`
[INFO] [stderr] Cloning into bare repository '/workspace/cache/git-repos/https%3A%2F%2Fgithub.com%2FSylvanM%2Ffiller'...
[INFO] running `Command { std: "git" "rev-parse" "HEAD", kill_on_drop: false }`
[INFO] [stdout] e580d12275406f9d9b00d6ff4864c4b2f1903207
[INFO] checking SylvanM/filler against 5c543b0b8c73c7b72bc8284ced4fb22ead15734d for pr-160186
[INFO] running `Command { std: "git" "clone" "/workspace/cache/git-repos/https%3A%2F%2Fgithub.com%2FSylvanM%2Ffiller" "/workspace/builds/worker-2-tc1/source", kill_on_drop: false }`
[INFO] [stderr] Cloning into '/workspace/builds/worker-2-tc1/source'...
[INFO] [stderr] done.
[INFO] started tweaking git repo https://github.com/SylvanM/filler
[INFO] finished tweaking git repo https://github.com/SylvanM/filler
[INFO] tweaked toml for git repo https://github.com/SylvanM/filler written to /workspace/builds/worker-2-tc1/source/Cargo.toml
[INFO] validating manifest of git repo https://github.com/SylvanM/filler on toolchain 5c543b0b8c73c7b72bc8284ced4fb22ead15734d
[INFO] running `Command { std: CARGO_HOME="/workspace/cargo-home" RUSTUP_HOME="/workspace/rustup-home" "/workspace/cargo-home/bin/cargo" "+5c543b0b8c73c7b72bc8284ced4fb22ead15734d" "metadata" "--manifest-path" "Cargo.toml" "--no-deps", kill_on_drop: false }`
[INFO] crate git repo https://github.com/SylvanM/filler already has a lockfile, it will not be regenerated
[INFO] running `Command { std: CARGO_HOME="/workspace/cargo-home" RUSTUP_HOME="/workspace/rustup-home" "/workspace/cargo-home/bin/cargo" "+5c543b0b8c73c7b72bc8284ced4fb22ead15734d" "fetch" "--manifest-path" "Cargo.toml", kill_on_drop: false }`
[INFO] [stderr]     Updating crates.io index
[INFO] [stderr]  Downloading crates ...
[INFO] [stderr]   Downloaded zune-jpeg v0.4.16
[INFO] [stderr]   Downloaded algebra_kit v0.1.15
[INFO] [stderr]   Downloaded matrix_kit v0.2.34
[INFO] [stderr]   Downloaded rgb v0.8.50
[INFO] [stderr]   Downloaded idx_parser v0.3.0
[INFO] [stderr]   Downloaded avif-serialize v0.8.3
[INFO] [stderr]   Downloaded profiling v1.0.16
[INFO] [stderr]   Downloaded profiling-procmacros v1.0.16
[INFO] [stderr]   Downloaded ravif v0.11.12
[INFO] [stderr]   Downloaded cc v1.2.26
[INFO] [stderr]   Downloaded image-webp v0.2.1
[INFO] [stderr]   Downloaded winnow v0.7.10
[INFO] [stderr]   Downloaded libfuzzer-sys v0.4.9
[INFO] [stderr]   Downloaded ml_kit v1.0.0
[INFO] running `Command { std: "docker" "create" "-v" "/var/lib/crater-agent-workspace/builds/worker-2-tc1/source:/opt/rustwide/workdir:ro,Z" "-v" "/var/lib/crater-agent-workspace/builds/worker-2-tc1/target:/opt/rustwide/target:rw,Z" "-v" "/var/lib/crater-agent-workspace/cargo-home:/opt/rustwide/cargo-home:ro,Z" "-v" "/var/lib/crater-agent-workspace/rustup-home:/opt/rustwide/rustup-home:ro,Z" "-m" "1610612736" "--network" "none" "ghcr.io/rust-lang/crates-build-env/linux@sha256:77db811e55d90add9212f6832c23229e3de5f1c1f9905e8cb07319ea15df73ac" "sleep" "infinity", kill_on_drop: false }`
[INFO] [stdout] b21ed2ecd191234890c0ae105ee09268c11679c820a50a2ed92f44080bf46928
[INFO] running `Command { std: "docker" "start" "b21ed2ecd191234890c0ae105ee09268c11679c820a50a2ed92f44080bf46928", kill_on_drop: false }`
[INFO] running `Command { std: "docker" "inspect" "b21ed2ecd191234890c0ae105ee09268c11679c820a50a2ed92f44080bf46928", kill_on_drop: false }`
[INFO] running `Command { std: "docker" "exec" "-e" "SOURCE_DIR=/opt/rustwide/workdir" "-e" "CARGO_HOME=/opt/rustwide/cargo-home" "-e" "RUSTUP_HOME=/opt/rustwide/rustup-home" "-e" "CARGO_TARGET_DIR=/opt/rustwide/target" "-w" "/opt/rustwide/workdir" "--user" "0:0" "b21ed2ecd191234890c0ae105ee09268c11679c820a50a2ed92f44080bf46928" "/opt/rustwide/cargo-home/bin/cargo" "+5c543b0b8c73c7b72bc8284ced4fb22ead15734d" "metadata" "--no-deps" "--format-version=1", kill_on_drop: false }`
[INFO] running `Command { std: "docker" "inspect" "b21ed2ecd191234890c0ae105ee09268c11679c820a50a2ed92f44080bf46928", kill_on_drop: false }`
[INFO] running `Command { std: "docker" "exec" "-e" "SOURCE_DIR=/opt/rustwide/workdir" "-e" "CARGO_HOME=/opt/rustwide/cargo-home" "-e" "RUSTUP_HOME=/opt/rustwide/rustup-home" "-e" "CARGO_TARGET_DIR=/opt/rustwide/target" "-e" "CARGO_INCREMENTAL=0" "-e" "RUST_BACKTRACE=full" "-e" "RUSTFLAGS=--cap-lints=forbid" "-e" "RUSTDOCFLAGS=--cap-lints=forbid" "-w" "/opt/rustwide/workdir" "--user" "0:0" "b21ed2ecd191234890c0ae105ee09268c11679c820a50a2ed92f44080bf46928" "/opt/rustwide/cargo-home/bin/cargo" "+5c543b0b8c73c7b72bc8284ced4fb22ead15734d" "check" "--frozen" "--all" "--all-targets" "--message-format=json", kill_on_drop: false }`
[INFO] [stderr]    Compiling libm v0.2.15
[INFO] [stderr]    Compiling autocfg v1.4.0
[INFO] [stderr]    Compiling libc v0.2.172
[INFO] [stderr]    Compiling proc-macro2 v1.0.95
[INFO] [stderr]    Compiling unicode-ident v1.0.18
[INFO] [stderr]    Compiling zerocopy v0.8.25
[INFO] [stderr]     Checking simd-adler32 v0.3.7
[INFO] [stderr]    Compiling crossbeam-utils v0.8.21
[INFO] [stderr]    Compiling getrandom v0.3.3
[INFO] [stderr]    Compiling anyhow v1.0.98
[INFO] [stderr]     Checking either v1.15.0
[INFO] [stderr]    Compiling num-traits v0.2.19
[INFO] [stderr]     Checking adler2 v2.0.0
[INFO] [stderr]     Checking miniz_oxide v0.8.8
[INFO] [stderr]     Checking arrayvec v0.7.6
[INFO] [stderr]     Checking memchr v2.7.4
[INFO] [stderr]     Checking crossbeam-epoch v0.9.18
[INFO] [stderr]     Checking minimal-lexical v0.2.1
[INFO] [stderr]     Checking crossbeam-deque v0.8.6
[INFO] [stderr]    Compiling quote v1.0.40
[INFO] [stderr]    Compiling built v0.7.7
[INFO] [stderr]     Checking rayon-core v1.12.1
[INFO] [stderr]     Checking aligned-vec v0.5.0
[INFO] [stderr]    Compiling syn v2.0.101
[INFO] [stderr]     Checking getrandom v0.2.16
[INFO] [stderr]     Checking nom v7.1.3
[INFO] [stderr]     Checking rand_core v0.9.3
[INFO] [stderr]     Checking rand_core v0.6.4
[INFO] [stderr]    Compiling rav1e v0.7.1
[INFO] [stderr]     Checking crc32fast v1.4.2
[INFO] [stderr]     Checking log v0.4.27
[INFO] [stderr]    Compiling simd_helpers v0.1.0
[INFO] [stderr]     Checking rayon v1.10.0
[INFO] [stderr]     Checking flate2 v1.1.2
[INFO] [stderr]     Checking itertools v0.12.1
[INFO] [stderr]     Checking once_cell v1.21.3
[INFO] [stderr]     Checking weezl v0.1.10
[INFO] [stderr]     Checking bitstream-io v2.6.0
[INFO] [stderr]     Checking imgref v1.11.0
[INFO] [stderr]     Checking num-integer v0.1.46
[INFO] [stderr]     Checking v_frame v0.3.8
[INFO] [stderr]     Checking num-bigint v0.4.6
[INFO] [stderr]     Checking num-iter v0.1.45
[INFO] [stderr]     Checking num-complex v0.4.6
[INFO] [stderr]     Checking new_debug_unreachable v1.0.6
[INFO] [stderr]     Checking loop9 v0.1.5
[INFO] [stderr]     Checking avif-serialize v0.8.3
[INFO] [stderr]     Checking ppv-lite86 v0.2.21
[INFO] [stderr]     Checking fdeflate v0.3.7
[INFO] [stderr]     Checking zune-inflate v0.2.54
[INFO] [stderr]     Checking half v2.6.0
[INFO] [stderr]     Checking rand_chacha v0.3.1
[INFO] [stderr]     Checking rand_chacha v0.9.0
[INFO] [stderr]     Checking rand v0.8.5
[INFO] [stderr]     Checking smallvec v1.15.1
[INFO] [stderr]     Checking rand v0.9.1
[INFO] [stderr]     Checking num-rational v0.4.2
[INFO] [stderr]     Checking bytemuck v1.23.0
[INFO] [stderr]     Checking bitflags v1.3.2
[INFO] [stderr]     Checking bit_field v0.10.2
[INFO] [stderr]     Checking zune-core v0.4.12
[INFO] [stderr]     Checking jpeg-decoder v0.3.1
[INFO] [stderr]     Checking rgb v0.8.50
[INFO] [stderr]     Checking lebe v0.5.2
[INFO] [stderr]     Checking av1-grain v0.2.4
[INFO] [stderr]     Checking num v0.4.3
[INFO] [stderr]     Checking image-webp v0.2.1
[INFO] [stderr]     Checking algebra_kit v0.1.15
[INFO] [stderr]     Checking rand_distr v0.5.1
[INFO] [stderr]     Checking exr v1.73.0
[INFO] [stderr]     Checking gif v0.13.1
[INFO] [stderr]     Checking tiff v0.9.1
[INFO] [stderr]     Checking zune-jpeg v0.4.16
[INFO] [stderr]     Checking qoi v0.4.1
[INFO] [stderr]     Checking maybe-rayon v0.1.1
[INFO] [stderr]     Checking png v0.17.16
[INFO] [stderr]     Checking idx_parser v0.3.0
[INFO] [stdout] error[E0635]: unknown feature `array_chunks`
[INFO] [stdout]  --> /opt/rustwide/cargo-home/registry/src/index.crates.io-1949cf8c6b5b557f/idx_parser-0.3.0/src/lib.rs:1:12
[INFO] [stdout]   |
[INFO] [stdout] 1 | #![feature(array_chunks)]
[INFO] [stdout]   |            ^^^^^^^^^^^^
[INFO] [stdout] 
[INFO] [stdout] 
[INFO] [stderr]     Checking matrix_kit v0.2.34
[INFO] [stdout] error[E0599]: no method named `array_chunks` found for struct `Vec<u8>` in the current scope
[INFO] [stdout]   --> /opt/rustwide/cargo-home/registry/src/index.crates.io-1949cf8c6b5b557f/idx_parser-0.3.0/src/lib.rs:79:18
[INFO] [stdout]    |
[INFO] [stdout] 78 |             DataType::Short => raw_data_bytes
[INFO] [stdout] 79 |                 .array_chunks::<2>()
[INFO] [stdout]    |                  ^^^^^^^^^^^^ `Vec<u8>` is not an iterator
[INFO] [stdout]    |
[INFO] [stdout] help: call `.into_iter()` first
[INFO] [stdout]    |
[INFO] [stdout] 79 |                 .into_iter().array_chunks::<2>()
[INFO] [stdout]    |                  ++++++++++++
[INFO] [stdout] 
[INFO] [stdout] 
[INFO] [stdout] error[E0599]: no method named `array_chunks` found for struct `Vec<u8>` in the current scope
[INFO] [stdout]   --> /opt/rustwide/cargo-home/registry/src/index.crates.io-1949cf8c6b5b557f/idx_parser-0.3.0/src/lib.rs:84:18
[INFO] [stdout]    |
[INFO] [stdout] 83 |             DataType::Int => raw_data_bytes
[INFO] [stdout] 84 |                 .array_chunks::<4>()
[INFO] [stdout]    |                  ^^^^^^^^^^^^ `Vec<u8>` is not an iterator
[INFO] [stdout]    |
[INFO] [stdout] help: call `.into_iter()` first
[INFO] [stdout]    |
[INFO] [stdout] 84 |                 .into_iter().array_chunks::<4>()
[INFO] [stdout]    |                  ++++++++++++
[INFO] [stdout] 
[INFO] [stdout] 
[INFO] [stdout] error[E0599]: no method named `array_chunks` found for struct `Vec<u8>` in the current scope
[INFO] [stdout]   --> /opt/rustwide/cargo-home/registry/src/index.crates.io-1949cf8c6b5b557f/idx_parser-0.3.0/src/lib.rs:89:18
[INFO] [stdout]    |
[INFO] [stdout] 88 |             DataType::Float => raw_data_bytes
[INFO] [stdout] 89 |                 .array_chunks::<4>()
[INFO] [stdout]    |                  ^^^^^^^^^^^^ `Vec<u8>` is not an iterator
[INFO] [stdout]    |
[INFO] [stdout] help: call `.into_iter()` first
[INFO] [stdout]    |
[INFO] [stdout] 89 |                 .into_iter().array_chunks::<4>()
[INFO] [stdout]    |                  ++++++++++++
[INFO] [stdout] 
[INFO] [stdout] 
[INFO] [stdout] error[E0599]: no method named `array_chunks` found for struct `Vec<u8>` in the current scope
[INFO] [stdout]   --> /opt/rustwide/cargo-home/registry/src/index.crates.io-1949cf8c6b5b557f/idx_parser-0.3.0/src/lib.rs:94:18
[INFO] [stdout]    |
[INFO] [stdout] 93 |             DataType::Double => raw_data_bytes
[INFO] [stdout] 94 |                 .array_chunks::<8>()
[INFO] [stdout]    |                  ^^^^^^^^^^^^ `Vec<u8>` is not an iterator
[INFO] [stdout]    |
[INFO] [stdout] help: call `.into_iter()` first
[INFO] [stdout]    |
[INFO] [stdout] 94 |                 .into_iter().array_chunks::<8>()
[INFO] [stdout]    |                  ++++++++++++
[INFO] [stdout] 
[INFO] [stdout] 
[INFO] [stdout] Some errors have detailed explanations: E0599, E0635.
[INFO] [stdout] 
[INFO] [stdout] For more information about an error, try `rustc --explain E0599`.
[INFO] [stdout] 
[INFO] [stderr] error: could not compile `idx_parser` (lib) due to 5 previous errors
[INFO] [stderr] warning: build failed, waiting for other jobs to finish...
[INFO] running `Command { std: "docker" "inspect" "b21ed2ecd191234890c0ae105ee09268c11679c820a50a2ed92f44080bf46928", kill_on_drop: false }`
[INFO] running `Command { std: "docker" "rm" "-f" "b21ed2ecd191234890c0ae105ee09268c11679c820a50a2ed92f44080bf46928", kill_on_drop: false }`
[INFO] [stdout] b21ed2ecd191234890c0ae105ee09268c11679c820a50a2ed92f44080bf46928
