[INFO] cloning repository https://github.com/Jorisdevries/qwarves
[INFO] running `Command { std: "git" "-c" "credential.helper=" "-c" "credential.helper=/workspace/cargo-home/bin/git-credential-null" "clone" "--bare" "https://github.com/Jorisdevries/qwarves" "/workspace/cache/git-repos/https%3A%2F%2Fgithub.com%2FJorisdevries%2Fqwarves", kill_on_drop: false }`
[INFO] [stderr] Cloning into bare repository '/workspace/cache/git-repos/https%3A%2F%2Fgithub.com%2FJorisdevries%2Fqwarves'...
[INFO] running `Command { std: "git" "rev-parse" "HEAD", kill_on_drop: false }`
[INFO] [stdout] af4f79ef1e12003121e228adf050f1229a5ebf64
[INFO] checking Jorisdevries/qwarves against 5c543b0b8c73c7b72bc8284ced4fb22ead15734d for pr-160186
[INFO] running `Command { std: "git" "clone" "/workspace/cache/git-repos/https%3A%2F%2Fgithub.com%2FJorisdevries%2Fqwarves" "/workspace/builds/worker-6-tc1/source", kill_on_drop: false }`
[INFO] [stderr] Cloning into '/workspace/builds/worker-6-tc1/source'...
[INFO] [stderr] done.
[INFO] started tweaking git repo https://github.com/Jorisdevries/qwarves
[INFO] finished tweaking git repo https://github.com/Jorisdevries/qwarves
[INFO] tweaked toml for git repo https://github.com/Jorisdevries/qwarves written to /workspace/builds/worker-6-tc1/source/Cargo.toml
[INFO] validating manifest of git repo https://github.com/Jorisdevries/qwarves on toolchain 5c543b0b8c73c7b72bc8284ced4fb22ead15734d
[INFO] running `Command { std: CARGO_HOME="/workspace/cargo-home" RUSTUP_HOME="/workspace/rustup-home" "/workspace/cargo-home/bin/cargo" "+5c543b0b8c73c7b72bc8284ced4fb22ead15734d" "metadata" "--manifest-path" "Cargo.toml" "--no-deps", kill_on_drop: false }`
[INFO] crate git repo https://github.com/Jorisdevries/qwarves already has a lockfile, it will not be regenerated
[INFO] running `Command { std: CARGO_HOME="/workspace/cargo-home" RUSTUP_HOME="/workspace/rustup-home" "/workspace/cargo-home/bin/cargo" "+5c543b0b8c73c7b72bc8284ced4fb22ead15734d" "fetch" "--manifest-path" "Cargo.toml", kill_on_drop: false }`
[INFO] [stderr]     Updating crates.io index
[INFO] [stderr]  Downloading crates ...
[INFO] [stderr]   Downloaded smallvec v1.4.0
[INFO] [stderr]   Downloaded memchr v2.2.1
[INFO] [stderr]   Downloaded glutin_emscripten_sys v0.1.1
[INFO] [stderr]   Downloaded bracket-lib v0.7.0
[INFO] [stderr]   Downloaded wasm-timer v0.1.3
[INFO] [stderr]   Downloaded phf_generator v0.7.24
[INFO] [stderr]   Downloaded wasm-bindgen-macro-support v0.2.63
[INFO] [stderr]   Downloaded thread_local v1.0.1
[INFO] [stderr]   Downloaded webgl_generator v0.2.0
[INFO] [stderr]   Downloaded itoa v0.4.4
[INFO] [stderr]   Downloaded stdweb-derive v0.5.2
[INFO] [stderr]   Downloaded itertools v0.8.0
[INFO] [stderr]   Downloaded block-buffer v0.7.3
[INFO] [stderr]   Downloaded opaque-debug v0.2.3
[INFO] [stderr]   Downloaded wasm-bindgen-macro v0.2.63
[INFO] [stderr]   Downloaded tokio-executor v0.1.10
[INFO] [stderr]   Downloaded failure_derive v0.1.5
[INFO] [stderr]   Downloaded serde v0.9.15
[INFO] [stderr]   Downloaded quote v1.0.2
[INFO] [stderr]   Downloaded redox_users v0.3.1
[INFO] [stderr]   Downloaded same-file v1.0.5
[INFO] [stderr]   Downloaded ordermap v0.3.5
[INFO] [stderr]   Downloaded downcast-rs v1.0.4
[INFO] [stderr]   Downloaded crossbeam-queue v0.2.1
[INFO] [stderr]   Downloaded bracket-random v0.7.0
[INFO] [stderr]   Downloaded ena v0.11.0
[INFO] [stderr]   Downloaded bit-vec v0.5.1
[INFO] [stderr]   Downloaded blake2b_simd v0.5.8
[INFO] [stderr]   Downloaded html2runes v1.0.1
[INFO] [stderr]   Downloaded walkdir v2.2.9
[INFO] [stderr]   Downloaded wasm-bindgen-shared v0.2.63
[INFO] [stderr]   Downloaded bracket-pathfinding v0.7.0
[INFO] [stderr]   Downloaded wasi v0.7.0
[INFO] [stderr]   Downloaded block-padding v0.1.4
[INFO] [stderr]   Downloaded unreachable v0.1.1
[INFO] [stderr]   Downloaded html5ever v0.13.1
[INFO] [stderr]   Downloaded RustyXML v0.1.1
[INFO] [stderr]   Downloaded gl v0.13.0
[INFO] [stderr]   Downloaded memoffset v0.5.1
[INFO] [stderr]   Downloaded lalrpop-util v0.16.3
[INFO] [stderr]   Downloaded rand_xorshift v0.2.0
[INFO] [stderr]   Downloaded webgl_stdweb v0.3.0
[INFO] [stderr]   Downloaded crossbeam v0.7.3
[INFO] [stderr]   Downloaded instant v0.1.4
[INFO] [stderr]   Downloaded bracket-algorithm-traits v0.7.0
[INFO] [stderr]   Downloaded scopeguard v1.0.0
[INFO] [stderr]   Downloaded rand_chacha v0.2.1
[INFO] [stderr]   Downloaded stdweb-internal-macros v0.2.8
[INFO] [stderr]   Downloaded derivative v1.0.3
[INFO] [stderr]   Downloaded base-x v0.2.5
[INFO] [stderr]   Downloaded core-graphics v0.19.0
[INFO] [stderr]   Downloaded docopt v1.1.0
[INFO] [stderr]   Downloaded arrayvec v0.4.11
[INFO] [stderr]   Downloaded dirs v2.0.2
[INFO] [stderr]   Downloaded ryu v1.0.0
[INFO] [stderr]   Downloaded rusttype v0.8.1
[INFO] [stderr]   Downloaded cocoa v0.19.1
[INFO] [stderr]   Downloaded term v0.4.6
[INFO] [stderr]   Downloaded digest v0.8.1
[INFO] [stderr]   Downloaded fake-simd v0.1.2
[INFO] [stderr]   Downloaded base64 v0.10.1
[INFO] [stderr]   Downloaded send_wrapper v0.2.0
[INFO] [stderr]   Downloaded unicode-width v0.1.6
[INFO] [stderr]   Downloaded tendril v0.2.4
[INFO] [stderr]   Downloaded c2-chacha v0.2.2
[INFO] [stderr]   Downloaded phf_shared v0.7.24
[INFO] [stderr]   Downloaded ultraviolet v0.4.6
[INFO] [stderr]   Downloaded smallvec v0.6.10
[INFO] [stderr]   Downloaded bitflags v1.2.0
[INFO] [stderr]   Downloaded slotmap v0.3.0
[INFO] [stderr]   Downloaded bracket-geometry v0.7.0
[INFO] [stderr]   Downloaded bytemuck v1.2.0
[INFO] [stderr]   Downloaded num-integer v0.1.41
[INFO] [stderr]   Downloaded heck v0.3.1
[INFO] [stderr]   Downloaded rust-argon2 v0.5.1
[INFO] [stderr]   Downloaded jpeg-decoder v0.1.16
[INFO] [stderr]   Downloaded siphasher v0.2.3
[INFO] [stderr]   Downloaded tokio-timer v0.2.13
[INFO] [stderr]   Downloaded wide v0.4.6
[INFO] [stderr]   Downloaded getrandom v0.1.12
[INFO] [stderr]   Downloaded num-rational v0.2.2
[INFO] [stderr]   Downloaded num-iter v0.1.39
[INFO] [stderr]   Downloaded x11-dl v2.18.4
[INFO] [stderr]   Downloaded phf v0.7.24
[INFO] [stderr]   Downloaded string_cache_codegen v0.4.4
[INFO] [stderr]   Downloaded num_cpus v1.10.1
[INFO] [stderr]   Downloaded js-sys v0.3.40
[INFO] [stderr]   Downloaded autocfg v0.1.6
[INFO] [stderr]   Downloaded wasm-bindgen-backend v0.2.63
[INFO] [stderr]   Downloaded ppv-lite86 v0.2.5
[INFO] [stderr]   Downloaded cc v1.0.45
[INFO] [stderr]   Downloaded bracket-noise v0.7.0
[INFO] [stderr]   Downloaded png v0.14.1
[INFO] [stderr]   Downloaded string_cache v0.7.4
[INFO] [stderr]   Downloaded new_debug_unreachable v1.0.3
[INFO] [stderr]   Downloaded byte-tools v0.3.1
[INFO] [stderr]   Downloaded bit-set v0.5.1
[INFO] [stderr]   Downloaded string_cache_codegen v0.3.1
[INFO] [stderr]   Downloaded debug_unreachable v0.1.1
[INFO] [stderr]   Downloaded phf_codegen v0.7.24
[INFO] [stderr]   Downloaded constant_time_eq v0.1.4
[INFO] [stderr]   Downloaded synstructure v0.10.2
[INFO] [stderr]   Downloaded rltk v0.7.0
[INFO] [stderr]   Downloaded num-traits v0.2.8
[INFO] [stderr]   Downloaded pkg-config v0.3.16
[INFO] [stderr]   Downloaded net2 v0.2.34
[INFO] [stderr]   Downloaded miow v0.2.1
[INFO] [stderr]   Downloaded stb_truetype v0.3.0
[INFO] [stderr]   Downloaded bracket-color v0.7.0
[INFO] [stderr]   Downloaded backtrace v0.3.38
[INFO] [stderr]   Downloaded webidl v0.8.0
[INFO] [stderr]   Downloaded ascii-canvas v1.0.0
[INFO] [stderr]   Downloaded unicode-segmentation v1.3.0
[INFO] [stderr]   Downloaded crossbeam-utils v0.6.6
[INFO] [stderr]   Downloaded failure v0.1.5
[INFO] [stderr]   Downloaded ahash v0.3.5
[INFO] [stderr]   Downloaded serde_derive v1.0.101
[INFO] [stderr]   Downloaded crossbeam-channel v0.4.2
[INFO] [stderr]   Downloaded glutin v0.23.0
[INFO] [stderr]   Downloaded diff v0.1.11
[INFO] [stderr]   Downloaded atty v0.2.13
[INFO] [stderr]   Downloaded utf-8 v0.6.0
[INFO] [stderr]   Downloaded futf v0.1.4
[INFO] [stderr]   Downloaded rustc-serialize v0.3.24
[INFO] [stderr]   Downloaded glutin v0.21.1
[INFO] [stderr]   Downloaded arrayref v0.3.5
[INFO] [stderr]   Downloaded rayon-core v1.7.0
[INFO] [stderr]   Downloaded typenum v1.11.2
[INFO] [stderr]   Downloaded strsim v0.9.2
[INFO] [stderr]   Downloaded html5ever-atoms v0.2.2
[INFO] [stderr]   Downloaded string_cache v0.4.0
[INFO] [stderr]   Downloaded sha2 v0.8.0
[INFO] [stderr]   Downloaded serde_json v1.0.40
[INFO] [stderr]   Downloaded glow v0.4.0
[INFO] [stderr]   Downloaded serde v1.0.101
[INFO] [stderr]   Downloaded rayon v1.3.0
[INFO] [stderr]   Downloaded flate2 v1.0.14
[INFO] [stderr]   Downloaded aho-corasick v0.7.6
[INFO] [stderr]   Downloaded string_cache_shared v0.3.0
[INFO] [stderr]   Downloaded mio v0.6.22
[INFO] [stderr]   Downloaded syn v1.0.27
[INFO] [stderr]   Downloaded image v0.21.3
[INFO] [stderr]   Downloaded wasm-bindgen v0.2.63
[INFO] [stderr]   Downloaded winit v0.19.3
[INFO] [stderr]   Downloaded futures v0.1.29
[INFO] [stderr]   Downloaded stdweb v0.4.19
[INFO] [stderr]   Downloaded winit v0.21.0
[INFO] [stderr]   Downloaded lalrpop v0.16.3
[INFO] [stderr]   Downloaded quicksilver v0.3.19
[INFO] [stderr]   Downloaded backtrace-sys v0.1.31
[INFO] [stderr]   Downloaded web-sys v0.3.40
[INFO] [stderr]   Downloaded bracket-terminal v0.7.0
[INFO] [stderr]   Downloaded object-pool v0.4.4
[INFO] running `Command { std: "docker" "create" "-v" "/var/lib/crater-agent-workspace/builds/worker-6-tc1/source:/opt/rustwide/workdir:ro,Z" "-v" "/var/lib/crater-agent-workspace/builds/worker-6-tc1/target:/opt/rustwide/target:rw,Z" "-v" "/var/lib/crater-agent-workspace/cargo-home:/opt/rustwide/cargo-home:ro,Z" "-v" "/var/lib/crater-agent-workspace/rustup-home:/opt/rustwide/rustup-home:ro,Z" "-m" "1610612736" "--network" "none" "ghcr.io/rust-lang/crates-build-env/linux@sha256:77db811e55d90add9212f6832c23229e3de5f1c1f9905e8cb07319ea15df73ac" "sleep" "infinity", kill_on_drop: false }`
[INFO] [stdout] 179a05d2ee1bc932757dfe8819b444b1ae802ff257beb426d96b21981da671d6
[INFO] running `Command { std: "docker" "start" "179a05d2ee1bc932757dfe8819b444b1ae802ff257beb426d96b21981da671d6", kill_on_drop: false }`
[INFO] running `Command { std: "docker" "inspect" "179a05d2ee1bc932757dfe8819b444b1ae802ff257beb426d96b21981da671d6", kill_on_drop: false }`
[INFO] running `Command { std: "docker" "exec" "-e" "SOURCE_DIR=/opt/rustwide/workdir" "-e" "CARGO_HOME=/opt/rustwide/cargo-home" "-e" "RUSTUP_HOME=/opt/rustwide/rustup-home" "-e" "CARGO_TARGET_DIR=/opt/rustwide/target" "-w" "/opt/rustwide/workdir" "--user" "0:0" "179a05d2ee1bc932757dfe8819b444b1ae802ff257beb426d96b21981da671d6" "/opt/rustwide/cargo-home/bin/cargo" "+5c543b0b8c73c7b72bc8284ced4fb22ead15734d" "metadata" "--no-deps" "--format-version=1", kill_on_drop: false }`
[INFO] running `Command { std: "docker" "inspect" "179a05d2ee1bc932757dfe8819b444b1ae802ff257beb426d96b21981da671d6", kill_on_drop: false }`
[INFO] running `Command { std: "docker" "exec" "-e" "SOURCE_DIR=/opt/rustwide/workdir" "-e" "CARGO_HOME=/opt/rustwide/cargo-home" "-e" "RUSTUP_HOME=/opt/rustwide/rustup-home" "-e" "CARGO_TARGET_DIR=/opt/rustwide/target" "-e" "CARGO_INCREMENTAL=0" "-e" "RUST_BACKTRACE=full" "-e" "RUSTFLAGS=--cap-lints=forbid" "-e" "RUSTDOCFLAGS=--cap-lints=forbid" "-w" "/opt/rustwide/workdir" "--user" "0:0" "179a05d2ee1bc932757dfe8819b444b1ae802ff257beb426d96b21981da671d6" "/opt/rustwide/cargo-home/bin/cargo" "+5c543b0b8c73c7b72bc8284ced4fb22ead15734d" "check" "--frozen" "--all" "--all-targets" "--message-format=json", kill_on_drop: false }`
[INFO] [stderr]    Compiling libc v0.2.71
[INFO] [stderr]    Compiling xml-rs v0.8.0
[INFO] [stderr]    Compiling autocfg v0.1.6
[INFO] [stderr]    Compiling log v0.4.8
[INFO] [stderr]    Compiling autocfg v1.0.0
[INFO] [stderr]    Compiling bitflags v1.2.0
[INFO] [stderr]    Compiling byteorder v1.3.4
[INFO] [stderr]     Checking scopeguard v1.0.0
[INFO] [stderr]    Compiling cc v1.0.45
[INFO] [stderr]    Compiling semver v0.9.0
[INFO] [stderr]    Compiling rayon-core v1.7.0
[INFO] [stderr]     Checking arrayvec v0.5.1
[INFO] [stderr]     Checking adler32 v1.0.4
[INFO] [stderr]     Checking downcast-rs v1.0.4
[INFO] [stderr]     Checking either v1.5.3
[INFO] [stderr]    Compiling proc-macro2 v1.0.17
[INFO] [stderr]    Compiling unicode-xid v0.2.0
[INFO] [stderr]     Checking same-file v1.0.5
[INFO] [stderr]    Compiling memchr v2.2.1
[INFO] [stderr]    Compiling pkg-config v0.3.16
[INFO] [stderr]     Checking lock_api v0.3.4
[INFO] [stderr]     Checking slab v0.4.2
[INFO] [stderr]    Compiling rustc_version v0.2.3
[INFO] [stderr]     Checking walkdir v2.2.9
[INFO] [stderr]    Compiling num-traits v0.2.8
[INFO] [stderr]    Compiling num-integer v0.1.41
[INFO] [stderr]    Compiling num-iter v0.1.39
[INFO] [stderr]    Compiling crossbeam-utils v0.7.2
[INFO] [stderr]    Compiling crossbeam-epoch v0.8.2
[INFO] [stderr]    Compiling getrandom v0.1.12
[INFO] [stderr]    Compiling syn v1.0.27
[INFO] [stderr]    Compiling num-rational v0.2.2
[INFO] [stderr]     Checking inflate v0.4.5
[INFO] [stderr]    Compiling memoffset v0.5.1
[INFO] [stderr]     Checking stb_truetype v0.3.0
[INFO] [stderr]     Checking deflate v0.7.20
[INFO] [stderr]    Compiling parking_lot_core v0.6.2
[INFO] [stderr]     Checking lazycell v1.2.1
[INFO] [stderr]    Compiling gl_generator v0.13.1
[INFO] [stderr]    Compiling wayland-scanner v0.23.6
[INFO] [stderr]    Compiling x11-dl v2.18.4
[INFO] [stderr]    Compiling wayland-scanner v0.21.13
[INFO] [stderr]    Compiling parking_lot v0.9.0
[INFO] [stderr]     Checking smallvec v0.6.10
[INFO] [stderr]    Compiling quote v1.0.2
[INFO] [stderr]     Checking smallvec v1.4.0
[INFO] [stderr]     Checking nix v0.14.1
[INFO] [stderr]     Checking crossbeam-queue v0.2.1
[INFO] [stderr]     Checking num_cpus v1.10.1
[INFO] [stderr]     Checking iovec v0.1.4
[INFO] [stderr]     Checking net2 v0.2.34
[INFO] [stderr]     Checking memmap v0.7.0
[INFO] [stderr]    Compiling syn v0.15.44
[INFO] [stderr]    Compiling wide v0.4.6
[INFO] [stderr]    Compiling libloading v0.5.2
[INFO] [stderr]     Checking rand_core v0.5.1
[INFO] [stderr]     Checking approx v0.3.2
[INFO] [stderr]     Checking ordered-float v1.0.2
[INFO] [stderr]     Checking crossbeam-deque v0.7.3
[INFO] [stderr]     Checking line_drawing v0.7.0
[INFO] [stderr]     Checking mio v0.6.22
[INFO] [stderr]     Checking rusttype v0.8.1
[INFO] [stderr]     Checking ppv-lite86 v0.2.5
[INFO] [stderr]     Checking bytemuck v1.2.0
[INFO] [stderr]    Compiling serde v1.0.101
[INFO] [stderr]    Compiling crc32fast v1.2.0
[INFO] [stderr]     Checking dlib v0.4.1
[INFO] [stderr]     Checking wayland-sys v0.23.6
[INFO] [stderr]    Compiling glutin_egl_sys v0.1.4
[INFO] [stdout] error[E0432]: unresolved import `core::intrinsics::exp2f32`
[INFO] [stdout]    --> /opt/rustwide/cargo-home/registry/src/index.crates.io-1949cf8c6b5b557f/wide-0.4.6/src/m_f32x4.rs:341:11
[INFO] [stdout]     |
[INFO] [stdout] 341 |       use core::intrinsics::exp2f32;
[INFO] [stdout]     |           ^^^^^^^^^^^^^^^^^^-------
[INFO] [stdout]     |                             |
[INFO] [stdout]     |                             no `exp2f32` in `intrinsics`
[INFO] [stdout] 
[INFO] [stdout] 
[INFO] [stdout] error[E0432]: unresolved import `core::intrinsics::expf32`
[INFO] [stdout]    --> /opt/rustwide/cargo-home/registry/src/index.crates.io-1949cf8c6b5b557f/wide-0.4.6/src/m_f32x4.rs:356:11
[INFO] [stdout]     |
[INFO] [stdout] 356 |       use core::intrinsics::expf32;
[INFO] [stdout]     |           ^^^^^^^^^^^^^^^^^^------
[INFO] [stdout]     |                             |
[INFO] [stdout]     |                             no `expf32` in `intrinsics`
[INFO] [stdout]     |
[INFO] [stdout] help: a similar name exists in the module
[INFO] [stdout]     |
[INFO] [stdout] 356 -       use core::intrinsics::expf32;
[INFO] [stdout] 356 +       use core::intrinsics::exp2;
[INFO] [stdout]     |
[INFO] [stdout] 
[INFO] [stdout] 
[INFO] [stdout] error[E0432]: unresolved import `core::intrinsics::log10f32`
[INFO] [stdout]    --> /opt/rustwide/cargo-home/registry/src/index.crates.io-1949cf8c6b5b557f/wide-0.4.6/src/m_f32x4.rs:371:11
[INFO] [stdout]     |
[INFO] [stdout] 371 |       use core::intrinsics::log10f32;
[INFO] [stdout]     |           ^^^^^^^^^^^^^^^^^^--------
[INFO] [stdout]     |                             |
[INFO] [stdout]     |                             no `log10f32` in `intrinsics`
[INFO] [stdout] 
[INFO] [stdout] 
[INFO] [stdout] error[E0432]: unresolved import `core::intrinsics::log2f32`
[INFO] [stdout]    --> /opt/rustwide/cargo-home/registry/src/index.crates.io-1949cf8c6b5b557f/wide-0.4.6/src/m_f32x4.rs:386:11
[INFO] [stdout]     |
[INFO] [stdout] 386 |       use core::intrinsics::log2f32;
[INFO] [stdout]     |           ^^^^^^^^^^^^^^^^^^-------
[INFO] [stdout]     |                             |
[INFO] [stdout]     |                             no `log2f32` in `intrinsics`
[INFO] [stdout] 
[INFO] [stdout] 
[INFO] [stdout] error[E0432]: unresolved import `core::intrinsics::logf32`
[INFO] [stdout]    --> /opt/rustwide/cargo-home/registry/src/index.crates.io-1949cf8c6b5b557f/wide-0.4.6/src/m_f32x4.rs:422:11
[INFO] [stdout]     |
[INFO] [stdout] 422 |       use core::intrinsics::logf32;
[INFO] [stdout]     |           ^^^^^^^^^^^^^^^^^^------
[INFO] [stdout]     |                             |
[INFO] [stdout]     |                             no `logf32` in `intrinsics`
[INFO] [stdout]     |
[INFO] [stdout] help: a similar name exists in the module
[INFO] [stdout]     |
[INFO] [stdout] 422 -       use core::intrinsics::logf32;
[INFO] [stdout] 422 +       use core::intrinsics::powf32;
[INFO] [stdout]     |
[INFO] [stdout] 
[INFO] [stdout] 
[INFO] [stderr]    Compiling glutin_glx_sys v0.1.6
[INFO] [stderr]     Checking wayland-sys v0.21.13
[INFO] [stdout] error[E0635]: unknown feature `stdsimd`
[INFO] [stdout]  --> /opt/rustwide/cargo-home/registry/src/index.crates.io-1949cf8c6b5b557f/wide-0.4.6/src/lib.rs:3:52
[INFO] [stdout]   |
[INFO] [stdout] 3 | #![cfg_attr(feature = "toolchain_nightly", feature(stdsimd))]
[INFO] [stdout]   |                                                    ^^^^^^^
[INFO] [stdout] 
[INFO] [stdout] 
[INFO] [stderr]     Checking shared_library v0.1.9
[INFO] [stderr]     Checking osmesa-sys v0.1.2
[INFO] [stderr]     Checking rusttype v0.7.9
[INFO] [stderr]     Checking c2-chacha v0.2.2
[INFO] [stderr]     Checking andrew v0.2.1
[INFO] [stderr]     Checking parking_lot_core v0.7.2
[INFO] [stderr]    Compiling nom v5.1.1
[INFO] [stderr]     Checking rayon v1.3.0
[INFO] [stderr]    Compiling glow v0.4.0
[INFO] [stderr]     Checking rand_chacha v0.2.1
[INFO] [stderr]     Checking crossbeam-channel v0.4.2
[INFO] [stderr]     Checking raw-window-handle v0.3.3
[INFO] [stderr]     Checking mio-extras v2.0.6
[INFO] [stdout] Some errors have detailed explanations: E0432, E0635.
[INFO] [stdout] 
[INFO] [stdout] For more information about an error, try `rustc --explain E0432`.
[INFO] [stdout] 
[INFO] [stderr] error: could not compile `wide` (lib) due to 6 previous errors
[INFO] [stderr] warning: build failed, waiting for other jobs to finish...
[INFO] running `Command { std: "docker" "inspect" "179a05d2ee1bc932757dfe8819b444b1ae802ff257beb426d96b21981da671d6", kill_on_drop: false }`
[INFO] running `Command { std: "docker" "rm" "-f" "179a05d2ee1bc932757dfe8819b444b1ae802ff257beb426d96b21981da671d6", kill_on_drop: false }`
[INFO] [stdout] 179a05d2ee1bc932757dfe8819b444b1ae802ff257beb426d96b21981da671d6
