[INFO] cloning repository https://github.com/thesentinella/hub-kubernetes-agent
[INFO] running `Command { std: "git" "-c" "credential.helper=" "-c" "credential.helper=/workspace/cargo-home/bin/git-credential-null" "clone" "--bare" "https://github.com/thesentinella/hub-kubernetes-agent" "/workspace/cache/git-repos/https%3A%2F%2Fgithub.com%2Fthesentinella%2Fhub-kubernetes-agent", kill_on_drop: false }`
[INFO] [stderr] Cloning into bare repository '/workspace/cache/git-repos/https%3A%2F%2Fgithub.com%2Fthesentinella%2Fhub-kubernetes-agent'...
[INFO] running `Command { std: "git" "rev-parse" "HEAD", kill_on_drop: false }`
[INFO] [stdout] 7d7ef78102d3e1da13ee9588b4ab3d8a06d6515f
[INFO] checking thesentinella/hub-kubernetes-agent against 0335fc7ee9e33d92e03d99f3e2fb0fe6119f3cc0 for pr-158915-1
[INFO] running `Command { std: "git" "clone" "/workspace/cache/git-repos/https%3A%2F%2Fgithub.com%2Fthesentinella%2Fhub-kubernetes-agent" "/workspace/builds/worker-7-tc2/source", kill_on_drop: false }`
[INFO] [stderr] Cloning into '/workspace/builds/worker-7-tc2/source'...
[INFO] [stderr] done.
[INFO] started tweaking git repo https://github.com/thesentinella/hub-kubernetes-agent
[INFO] finished tweaking git repo https://github.com/thesentinella/hub-kubernetes-agent
[INFO] tweaked toml for git repo https://github.com/thesentinella/hub-kubernetes-agent written to /workspace/builds/worker-7-tc2/source/Cargo.toml
[INFO] validating manifest of git repo https://github.com/thesentinella/hub-kubernetes-agent on toolchain 0335fc7ee9e33d92e03d99f3e2fb0fe6119f3cc0
[INFO] running `Command { std: CARGO_HOME="/workspace/cargo-home" RUSTUP_HOME="/workspace/rustup-home" "/workspace/cargo-home/bin/cargo" "+0335fc7ee9e33d92e03d99f3e2fb0fe6119f3cc0" "metadata" "--manifest-path" "Cargo.toml" "--no-deps", kill_on_drop: false }`
[INFO] crate git repo https://github.com/thesentinella/hub-kubernetes-agent already has a lockfile, it will not be regenerated
[INFO] running `Command { std: CARGO_HOME="/workspace/cargo-home" RUSTUP_HOME="/workspace/rustup-home" "/workspace/cargo-home/bin/cargo" "+0335fc7ee9e33d92e03d99f3e2fb0fe6119f3cc0" "fetch" "--manifest-path" "Cargo.toml", kill_on_drop: false }`
[INFO] [stderr]     Blocking waiting for file lock on package cache
[INFO] [stderr]     Updating crates.io index
[INFO] [stderr]     Blocking waiting for file lock on package cache
[ERROR] error running command: no output for 300 seconds
[INFO] checking thesentinella/hub-kubernetes-agent against 0335fc7ee9e33d92e03d99f3e2fb0fe6119f3cc0 for pr-158915-1
[INFO] running `Command { std: "git" "clone" "/workspace/cache/git-repos/https%3A%2F%2Fgithub.com%2Fthesentinella%2Fhub-kubernetes-agent" "/workspace/builds/worker-7-tc2/source", kill_on_drop: false }`
[INFO] [stderr] Cloning into '/workspace/builds/worker-7-tc2/source'...
[INFO] [stderr] done.
[INFO] started tweaking git repo https://github.com/thesentinella/hub-kubernetes-agent
[INFO] finished tweaking git repo https://github.com/thesentinella/hub-kubernetes-agent
[INFO] tweaked toml for git repo https://github.com/thesentinella/hub-kubernetes-agent written to /workspace/builds/worker-7-tc2/source/Cargo.toml
[INFO] validating manifest of git repo https://github.com/thesentinella/hub-kubernetes-agent on toolchain 0335fc7ee9e33d92e03d99f3e2fb0fe6119f3cc0
[INFO] running `Command { std: CARGO_HOME="/workspace/cargo-home" RUSTUP_HOME="/workspace/rustup-home" "/workspace/cargo-home/bin/cargo" "+0335fc7ee9e33d92e03d99f3e2fb0fe6119f3cc0" "metadata" "--manifest-path" "Cargo.toml" "--no-deps", kill_on_drop: false }`
[INFO] crate git repo https://github.com/thesentinella/hub-kubernetes-agent already has a lockfile, it will not be regenerated
[INFO] running `Command { std: CARGO_HOME="/workspace/cargo-home" RUSTUP_HOME="/workspace/rustup-home" "/workspace/cargo-home/bin/cargo" "+0335fc7ee9e33d92e03d99f3e2fb0fe6119f3cc0" "fetch" "--manifest-path" "Cargo.toml", kill_on_drop: false }`
[INFO] [stderr]     Blocking waiting for file lock on package cache
[INFO] [stderr]     Blocking waiting for file lock on package cache
[ERROR] error running command: no output for 300 seconds
[INFO] checking thesentinella/hub-kubernetes-agent against 0335fc7ee9e33d92e03d99f3e2fb0fe6119f3cc0 for pr-158915-1
[INFO] running `Command { std: "git" "clone" "/workspace/cache/git-repos/https%3A%2F%2Fgithub.com%2Fthesentinella%2Fhub-kubernetes-agent" "/workspace/builds/worker-7-tc2/source", kill_on_drop: false }`
[INFO] [stderr] Cloning into '/workspace/builds/worker-7-tc2/source'...
[INFO] [stderr] done.
[INFO] started tweaking git repo https://github.com/thesentinella/hub-kubernetes-agent
[INFO] finished tweaking git repo https://github.com/thesentinella/hub-kubernetes-agent
[INFO] tweaked toml for git repo https://github.com/thesentinella/hub-kubernetes-agent written to /workspace/builds/worker-7-tc2/source/Cargo.toml
[INFO] validating manifest of git repo https://github.com/thesentinella/hub-kubernetes-agent on toolchain 0335fc7ee9e33d92e03d99f3e2fb0fe6119f3cc0
[INFO] running `Command { std: CARGO_HOME="/workspace/cargo-home" RUSTUP_HOME="/workspace/rustup-home" "/workspace/cargo-home/bin/cargo" "+0335fc7ee9e33d92e03d99f3e2fb0fe6119f3cc0" "metadata" "--manifest-path" "Cargo.toml" "--no-deps", kill_on_drop: false }`
[INFO] crate git repo https://github.com/thesentinella/hub-kubernetes-agent already has a lockfile, it will not be regenerated
[INFO] running `Command { std: CARGO_HOME="/workspace/cargo-home" RUSTUP_HOME="/workspace/rustup-home" "/workspace/cargo-home/bin/cargo" "+0335fc7ee9e33d92e03d99f3e2fb0fe6119f3cc0" "fetch" "--manifest-path" "Cargo.toml", kill_on_drop: false }`
[INFO] [stderr]     Blocking waiting for file lock on package cache
[INFO] [stderr]     Blocking waiting for file lock on package cache
[ERROR] error running command: no output for 300 seconds
[INFO] checking thesentinella/hub-kubernetes-agent against 0335fc7ee9e33d92e03d99f3e2fb0fe6119f3cc0 for pr-158915-1
[INFO] running `Command { std: "git" "clone" "/workspace/cache/git-repos/https%3A%2F%2Fgithub.com%2Fthesentinella%2Fhub-kubernetes-agent" "/workspace/builds/worker-7-tc2/source", kill_on_drop: false }`
[INFO] [stderr] Cloning into '/workspace/builds/worker-7-tc2/source'...
[INFO] [stderr] done.
[INFO] started tweaking git repo https://github.com/thesentinella/hub-kubernetes-agent
[INFO] finished tweaking git repo https://github.com/thesentinella/hub-kubernetes-agent
[INFO] tweaked toml for git repo https://github.com/thesentinella/hub-kubernetes-agent written to /workspace/builds/worker-7-tc2/source/Cargo.toml
[INFO] validating manifest of git repo https://github.com/thesentinella/hub-kubernetes-agent on toolchain 0335fc7ee9e33d92e03d99f3e2fb0fe6119f3cc0
[INFO] running `Command { std: CARGO_HOME="/workspace/cargo-home" RUSTUP_HOME="/workspace/rustup-home" "/workspace/cargo-home/bin/cargo" "+0335fc7ee9e33d92e03d99f3e2fb0fe6119f3cc0" "metadata" "--manifest-path" "Cargo.toml" "--no-deps", kill_on_drop: false }`
[INFO] crate git repo https://github.com/thesentinella/hub-kubernetes-agent already has a lockfile, it will not be regenerated
[INFO] running `Command { std: CARGO_HOME="/workspace/cargo-home" RUSTUP_HOME="/workspace/rustup-home" "/workspace/cargo-home/bin/cargo" "+0335fc7ee9e33d92e03d99f3e2fb0fe6119f3cc0" "fetch" "--manifest-path" "Cargo.toml", kill_on_drop: false }`
[INFO] [stderr]     Blocking waiting for file lock on package cache
[INFO] [stderr]     Blocking waiting for file lock on package cache
[INFO] [stderr]  Downloading crates ...
[INFO] [stderr]   Downloaded postgres-native-tls v0.5.3
[INFO] [stderr]   Downloaded kube-leader-election v0.43.0
[INFO] [stderr]   Downloaded time-macros v0.2.25
[INFO] [stderr]   Downloaded time-core v0.1.7
[INFO] [stderr]   Downloaded kube v3.1.0
[INFO] [stderr]   Downloaded jsonpath-rust v1.0.4
[INFO] [stderr]   Downloaded kube-core v3.1.0
[INFO] [stderr]   Downloaded time v0.3.45
[INFO] [stderr]   Downloaded kube-client v3.1.0
[INFO] [stderr]   Downloaded k8s-openapi v0.27.1
[INFO] running `Command { std: "docker" "create" "-v" "/var/lib/crater-agent-workspace/builds/worker-7-tc2/source:/opt/rustwide/workdir:ro,Z" "-v" "/var/lib/crater-agent-workspace/builds/worker-7-tc2/target:/opt/rustwide/target:rw,Z" "-v" "/var/lib/crater-agent-workspace/cargo-home:/opt/rustwide/cargo-home:ro,Z" "-v" "/var/lib/crater-agent-workspace/rustup-home:/opt/rustwide/rustup-home:ro,Z" "-m" "1610612736" "--network" "none" "ghcr.io/rust-lang/crates-build-env/linux@sha256:8683fc1fc2eb5c9ac98e0d076ab094b2ffac7f99da555d2b6a2e27f346de2ec7" "sleep" "infinity", kill_on_drop: false }`
[INFO] [stdout] a293d68d3071caa466d5868ec5e2b24f1702cb561a29a09234a2434003f41e49
[INFO] running `Command { std: "docker" "start" "a293d68d3071caa466d5868ec5e2b24f1702cb561a29a09234a2434003f41e49", kill_on_drop: false }`
[INFO] running `Command { std: "docker" "inspect" "a293d68d3071caa466d5868ec5e2b24f1702cb561a29a09234a2434003f41e49", kill_on_drop: false }`
[INFO] running `Command { std: "docker" "exec" "-e" "SOURCE_DIR=/opt/rustwide/workdir" "-e" "CARGO_HOME=/opt/rustwide/cargo-home" "-e" "RUSTUP_HOME=/opt/rustwide/rustup-home" "-e" "CARGO_TARGET_DIR=/opt/rustwide/target" "-w" "/opt/rustwide/workdir" "--user" "0:0" "a293d68d3071caa466d5868ec5e2b24f1702cb561a29a09234a2434003f41e49" "/opt/rustwide/cargo-home/bin/cargo" "+0335fc7ee9e33d92e03d99f3e2fb0fe6119f3cc0" "metadata" "--no-deps" "--format-version=1", kill_on_drop: false }`
[INFO] running `Command { std: "docker" "inspect" "a293d68d3071caa466d5868ec5e2b24f1702cb561a29a09234a2434003f41e49", kill_on_drop: false }`
[INFO] running `Command { std: "docker" "exec" "-e" "SOURCE_DIR=/opt/rustwide/workdir" "-e" "CARGO_HOME=/opt/rustwide/cargo-home" "-e" "RUSTUP_HOME=/opt/rustwide/rustup-home" "-e" "CARGO_TARGET_DIR=/opt/rustwide/target" "-e" "CARGO_INCREMENTAL=0" "-e" "RUST_BACKTRACE=full" "-e" "RUSTFLAGS=--cap-lints=forbid" "-e" "RUSTDOCFLAGS=--cap-lints=forbid" "-w" "/opt/rustwide/workdir" "--user" "0:0" "a293d68d3071caa466d5868ec5e2b24f1702cb561a29a09234a2434003f41e49" "/opt/rustwide/cargo-home/bin/cargo" "+0335fc7ee9e33d92e03d99f3e2fb0fe6119f3cc0" "check" "--frozen" "--all" "--all-targets" "--message-format=json", kill_on_drop: false }`
[INFO] [stderr]     Checking http v1.4.0
[INFO] [stderr]     Checking typenum v1.20.0
[INFO] [stderr]     Checking getrandom v0.2.17
[INFO] [stderr]    Compiling itertools v0.14.0
[INFO] [stderr]    Compiling tokio-macros v2.7.0
[INFO] [stderr]    Compiling anyhow v1.0.102
[INFO] [stderr]     Checking futures-util v0.3.32
[INFO] [stderr]     Checking tracing v0.1.44
[INFO] [stderr]     Checking serde v1.0.228
[INFO] [stderr]     Checking zerofrom v0.1.7
[INFO] [stderr]    Compiling openssl-sys v0.9.117
[INFO] [stderr]     Checking serde_json v1.0.149
[INFO] [stderr]     Checking aho-corasick v1.1.4
[INFO] [stderr]    Compiling rustls v0.23.40
[INFO] [stderr]     Checking regex-syntax v0.8.10
[INFO] [stderr]    Compiling memchr v2.8.0
[INFO] [stderr]     Checking yoke v0.8.2
[INFO] [stderr]     Checking ring v0.17.14
[INFO] [stderr]    Compiling libc v0.2.186
[INFO] [stderr]    Compiling num-traits v0.2.19
[INFO] [stderr]     Checking zerovec v0.11.6
[INFO] [stderr]     Checking zerotrie v0.2.4
[INFO] [stderr]    Compiling k8s-openapi v0.27.1
[INFO] [stderr]     Checking compression-codecs v0.4.38
[INFO] [stderr]    Compiling rustix v1.1.4
[INFO] [stderr]    Compiling pest v2.8.6
[INFO] [stderr]    Compiling zerocopy v0.8.48
[INFO] [stderr]    Compiling getrandom v0.4.3
[INFO] [stderr]     Checking tokio v1.52.1
[INFO] [stderr]    Compiling linux-raw-sys v0.12.1
[INFO] [stderr]    Compiling hashbrown v0.17.0
[INFO] [stderr]     Checking http-body v1.0.1
[INFO] [stderr]    Compiling bytes v1.11.1
[INFO] [stderr]     Checking http-body-util v0.1.3
[INFO] [stderr]     Checking tinystr v0.8.3
[INFO] [stderr]     Checking potential_utf v0.1.5
[INFO] [stderr]    Compiling prettyplease v0.2.37
[INFO] [stderr]     Checking icu_locale_core v2.1.1
[INFO] [stderr]     Checking icu_collections v2.1.1
[INFO] [stderr]    Compiling bitflags v2.11.1
[INFO] [stderr]     Checking thiserror v2.0.18
[INFO] [stderr]     Checking ordered-float v2.10.1
[INFO] [stderr]     Checking rustls-webpki v0.103.13
[INFO] [stderr]     Checking rustls-native-certs v0.8.3
[INFO] [stderr]    Compiling indexmap v2.14.0
[INFO] [stderr]     Checking jiff v0.2.24
[INFO] [stderr]    Compiling derive_more-impl v2.1.1
[INFO] [stderr]     Checking hybrid-array v0.4.12
[INFO] [stderr]     Checking iri-string v0.7.12
[INFO] [stderr]     Checking regex-automata v0.4.14
[INFO] [stderr]     Checking icu_provider v2.1.1
[INFO] [stderr]    Compiling fastrand v2.4.1
[INFO] [stderr]    Compiling prost-derive v0.13.5
[INFO] [stderr]    Compiling pest_meta v2.8.6
[INFO] [stderr]    Compiling fixedbitset v0.5.7
[INFO] [stderr]     Checking crypto-common v0.2.2
[INFO] [stderr]     Checking block-buffer v0.12.1
[INFO] [stderr]    Compiling petgraph v0.7.1
[INFO] [stderr]     Checking stringprep v0.1.5
[INFO] [stderr]    Compiling openssl v0.10.81
[INFO] [stderr]     Checking derive_more v2.1.1
[INFO] [stderr]     Checking icu_properties v2.1.2
[INFO] [stderr] error: could not compile `futures-util` (lib)
[INFO] [stderr] 
[INFO] [stderr] Caused by:
[INFO] [stderr]   process didn't exit successfully: `/opt/rustwide/rustup-home/toolchains/0335fc7ee9e33d92e03d99f3e2fb0fe6119f3cc0/bin/rustc --crate-name futures_util --edition=2018 /opt/rustwide/cargo-home/registry/src/index.crates.io-1949cf8c6b5b557f/futures-util-0.3.32/src/lib.rs --error-format=json --json=diagnostic-rendered-ansi,artifacts,future-incompat,unused-externs-silent --crate-type lib --emit=dep-info,metadata -C embed-bitcode=no -C debuginfo=2 --cfg 'feature="alloc"' --cfg 'feature="async-await"' --cfg 'feature="async-await-macro"' --cfg 'feature="channel"' --cfg 'feature="futures-channel"' --cfg 'feature="futures-io"' --cfg 'feature="futures-macro"' --cfg 'feature="futures-sink"' --cfg 'feature="io"' --cfg 'feature="memchr"' --cfg 'feature="sink"' --cfg 'feature="slab"' --cfg 'feature="std"' --check-cfg 'cfg(docsrs,test)' --check-cfg 'cfg(feature, values("alloc", "async-await", "async-await-macro", "bilock", "cfg-target-has-atomic", "channel", "compat", "default", "futures-channel", "futures-io", "futures-macro", "futures-sink", "futures_01", "io", "io-compat", "libc", "memchr", "portable-atomic", "sink", "slab", "spin", "std", "tokio-io", "unstable", "write-all-vectored"))' -C metadata=7739077f57e8d4a2 -C extra-filename=-2cc7f308b8f48366 --out-dir /opt/rustwide/target/debug/build/futures-util/2cc7f308b8f48366/out -L dependency=/opt/rustwide/target/debug/build/futures-core/1cd512d543215c04/out -L dependency=/opt/rustwide/target/debug/build/futures-sink/80687936758fa695/out --extern futures_channel=/opt/rustwide/target/debug/build/futures-channel/6351650e09691772/out/libfutures_channel-6351650e09691772.rmeta --extern futures_core=/opt/rustwide/target/debug/build/futures-core/1cd512d543215c04/out/libfutures_core-1cd512d543215c04.rmeta --extern futures_io=/opt/rustwide/target/debug/build/futures-io/ee83dd0d8cfe75cb/out/libfutures_io-ee83dd0d8cfe75cb.rmeta --extern futures_macro=/opt/rustwide/target/debug/build/futures-macro/497fa74e1fd189b0/out/libfutures_macro-497fa74e1fd189b0.so --extern futures_sink=/opt/rustwide/target/debug/build/futures-sink/80687936758fa695/out/libfutures_sink-80687936758fa695.rmeta --extern futures_task=/opt/rustwide/target/debug/build/futures-task/bde3b8216abf23c5/out/libfutures_task-bde3b8216abf23c5.rmeta --extern memchr=/opt/rustwide/target/debug/build/memchr/3d944e3b9ac373a3/out/libmemchr-3d944e3b9ac373a3.rmeta --extern pin_project_lite=/opt/rustwide/target/debug/build/pin-project-lite/7176d3be2b7ee2e1/out/libpin_project_lite-7176d3be2b7ee2e1.rmeta --extern slab=/opt/rustwide/target/debug/build/slab/101f873bca723251/out/libslab-101f873bca723251.rmeta --cap-lints allow --cap-lints=forbid --force-warn=unused_crate_dependencies` (signal: 9, SIGKILL: kill)
[INFO] [stderr] warning: build failed, waiting for other jobs to finish...
[INFO] running `Command { std: "docker" "inspect" "a293d68d3071caa466d5868ec5e2b24f1702cb561a29a09234a2434003f41e49", kill_on_drop: false }`
[INFO] running `Command { std: "docker" "rm" "-f" "a293d68d3071caa466d5868ec5e2b24f1702cb561a29a09234a2434003f41e49", kill_on_drop: false }`
[INFO] [stdout] a293d68d3071caa466d5868ec5e2b24f1702cb561a29a09234a2434003f41e49
