[INFO] cloning repository https://github.com/radotsvetkov/engram
[INFO] running `Command { std: "git" "-c" "credential.helper=" "-c" "credential.helper=/workspace/cargo-home/bin/git-credential-null" "clone" "--bare" "https://github.com/radotsvetkov/engram" "/workspace/cache/git-repos/https%3A%2F%2Fgithub.com%2Fradotsvetkov%2Fengram", kill_on_drop: false }`
[INFO] [stderr] Cloning into bare repository '/workspace/cache/git-repos/https%3A%2F%2Fgithub.com%2Fradotsvetkov%2Fengram'...
[INFO] running `Command { std: "git" "rev-parse" "HEAD", kill_on_drop: false }`
[INFO] [stdout] 3a43667deec4a680b42f3e880d7d6bac3baf0746
[INFO] checking radotsvetkov/engram against 0335fc7ee9e33d92e03d99f3e2fb0fe6119f3cc0 for pr-158915-1
[INFO] running `Command { std: "git" "clone" "/workspace/cache/git-repos/https%3A%2F%2Fgithub.com%2Fradotsvetkov%2Fengram" "/workspace/builds/worker-2-tc2/source", kill_on_drop: false }`
[INFO] [stderr] Cloning into '/workspace/builds/worker-2-tc2/source'...
[INFO] [stderr] done.
[INFO] removed /workspace/builds/worker-2-tc2/source/rust-toolchain.toml
[INFO] started tweaking git repo https://github.com/radotsvetkov/engram
[INFO] finished tweaking git repo https://github.com/radotsvetkov/engram
[INFO] tweaked toml for git repo https://github.com/radotsvetkov/engram written to /workspace/builds/worker-2-tc2/source/Cargo.toml
[INFO] validating manifest of git repo https://github.com/radotsvetkov/engram on toolchain 0335fc7ee9e33d92e03d99f3e2fb0fe6119f3cc0
[INFO] running `Command { std: CARGO_HOME="/workspace/cargo-home" RUSTUP_HOME="/workspace/rustup-home" "/workspace/cargo-home/bin/cargo" "+0335fc7ee9e33d92e03d99f3e2fb0fe6119f3cc0" "metadata" "--manifest-path" "Cargo.toml" "--no-deps", kill_on_drop: false }`
[INFO] crate git repo https://github.com/radotsvetkov/engram already has a lockfile, it will not be regenerated
[INFO] running `Command { std: CARGO_HOME="/workspace/cargo-home" RUSTUP_HOME="/workspace/rustup-home" "/workspace/cargo-home/bin/cargo" "+0335fc7ee9e33d92e03d99f3e2fb0fe6119f3cc0" "fetch" "--manifest-path" "Cargo.toml", kill_on_drop: false }`
[INFO] [stderr] warning: unused field `description` in `workspace.package`
[INFO] [stderr]   --> Cargo.toml:36:1
[INFO] [stderr]    |
[INFO] [stderr] 36 | description = "Engram - a brain-inspired, self-improving personal AI agent that costs nothing when idle"
[INFO] [stderr]    | ^^^^^^^^^^^
[INFO] [stderr]    |
[INFO] [stderr]    = note: `cargo::unused_workspace_package_fields` is set to `warn` by default
[INFO] [stderr] help: consider removing the field `workspace.package.description`
[INFO] [stderr] warning: workspace (manifest) generated 1 warning
[INFO] [stderr] warning: binary `scale_bench` should have a kebab-case name
[INFO] [stderr]   |
[INFO] [stderr] 1 | /workspace/builds/worker-2-tc2/source/target/.../scale_bench
[INFO] [stderr]   |                                                  ^^^^^^^^^^^
[INFO] [stderr]   |
[INFO] [stderr] help: to change the binary name to `scale-bench`, convert the file stem
[INFO] [stderr]   |
[INFO] [stderr] 1 - src/bin/scale_bench.rs
[INFO] [stderr] 1 + src/bin/scale-bench.rs
[INFO] [stderr]   |
[INFO] [stderr] warning: `engram-bench` (manifest) generated 1 warning
[INFO] [stderr]     Blocking waiting for file lock on package cache
[ERROR] error running command: no output for 300 seconds
[INFO] checking radotsvetkov/engram against 0335fc7ee9e33d92e03d99f3e2fb0fe6119f3cc0 for pr-158915-1
[INFO] running `Command { std: "git" "clone" "/workspace/cache/git-repos/https%3A%2F%2Fgithub.com%2Fradotsvetkov%2Fengram" "/workspace/builds/worker-2-tc2/source", kill_on_drop: false }`
[INFO] [stderr] Cloning into '/workspace/builds/worker-2-tc2/source'...
[INFO] [stderr] done.
[INFO] removed /workspace/builds/worker-2-tc2/source/rust-toolchain.toml
[INFO] started tweaking git repo https://github.com/radotsvetkov/engram
[INFO] finished tweaking git repo https://github.com/radotsvetkov/engram
[INFO] tweaked toml for git repo https://github.com/radotsvetkov/engram written to /workspace/builds/worker-2-tc2/source/Cargo.toml
[INFO] validating manifest of git repo https://github.com/radotsvetkov/engram on toolchain 0335fc7ee9e33d92e03d99f3e2fb0fe6119f3cc0
[INFO] running `Command { std: CARGO_HOME="/workspace/cargo-home" RUSTUP_HOME="/workspace/rustup-home" "/workspace/cargo-home/bin/cargo" "+0335fc7ee9e33d92e03d99f3e2fb0fe6119f3cc0" "metadata" "--manifest-path" "Cargo.toml" "--no-deps", kill_on_drop: false }`
[INFO] crate git repo https://github.com/radotsvetkov/engram already has a lockfile, it will not be regenerated
[INFO] running `Command { std: CARGO_HOME="/workspace/cargo-home" RUSTUP_HOME="/workspace/rustup-home" "/workspace/cargo-home/bin/cargo" "+0335fc7ee9e33d92e03d99f3e2fb0fe6119f3cc0" "fetch" "--manifest-path" "Cargo.toml", kill_on_drop: false }`
[INFO] [stderr] warning: unused field `description` in `workspace.package`
[INFO] [stderr]   --> Cargo.toml:36:1
[INFO] [stderr]    |
[INFO] [stderr] 36 | description = "Engram - a brain-inspired, self-improving personal AI agent that costs nothing when idle"
[INFO] [stderr]    | ^^^^^^^^^^^
[INFO] [stderr]    |
[INFO] [stderr]    = note: `cargo::unused_workspace_package_fields` is set to `warn` by default
[INFO] [stderr] help: consider removing the field `workspace.package.description`
[INFO] [stderr] warning: workspace (manifest) generated 1 warning
[INFO] [stderr] warning: binary `scale_bench` should have a kebab-case name
[INFO] [stderr]   |
[INFO] [stderr] 1 | /workspace/builds/worker-2-tc2/source/target/.../scale_bench
[INFO] [stderr]   |                                                  ^^^^^^^^^^^
[INFO] [stderr]   |
[INFO] [stderr] help: to change the binary name to `scale-bench`, convert the file stem
[INFO] [stderr]   |
[INFO] [stderr] 1 - src/bin/scale_bench.rs
[INFO] [stderr] 1 + src/bin/scale-bench.rs
[INFO] [stderr]   |
[INFO] [stderr] warning: `engram-bench` (manifest) generated 1 warning
[INFO] [stderr]     Blocking waiting for file lock on package cache
[INFO] [stderr]     Blocking waiting for file lock on package cache
[ERROR] error running command: no output for 300 seconds
[INFO] checking radotsvetkov/engram against 0335fc7ee9e33d92e03d99f3e2fb0fe6119f3cc0 for pr-158915-1
[INFO] running `Command { std: "git" "clone" "/workspace/cache/git-repos/https%3A%2F%2Fgithub.com%2Fradotsvetkov%2Fengram" "/workspace/builds/worker-2-tc2/source", kill_on_drop: false }`
[INFO] [stderr] Cloning into '/workspace/builds/worker-2-tc2/source'...
[INFO] [stderr] done.
[INFO] removed /workspace/builds/worker-2-tc2/source/rust-toolchain.toml
[INFO] started tweaking git repo https://github.com/radotsvetkov/engram
[INFO] finished tweaking git repo https://github.com/radotsvetkov/engram
[INFO] tweaked toml for git repo https://github.com/radotsvetkov/engram written to /workspace/builds/worker-2-tc2/source/Cargo.toml
[INFO] validating manifest of git repo https://github.com/radotsvetkov/engram on toolchain 0335fc7ee9e33d92e03d99f3e2fb0fe6119f3cc0
[INFO] running `Command { std: CARGO_HOME="/workspace/cargo-home" RUSTUP_HOME="/workspace/rustup-home" "/workspace/cargo-home/bin/cargo" "+0335fc7ee9e33d92e03d99f3e2fb0fe6119f3cc0" "metadata" "--manifest-path" "Cargo.toml" "--no-deps", kill_on_drop: false }`
[INFO] crate git repo https://github.com/radotsvetkov/engram already has a lockfile, it will not be regenerated
[INFO] running `Command { std: CARGO_HOME="/workspace/cargo-home" RUSTUP_HOME="/workspace/rustup-home" "/workspace/cargo-home/bin/cargo" "+0335fc7ee9e33d92e03d99f3e2fb0fe6119f3cc0" "fetch" "--manifest-path" "Cargo.toml", kill_on_drop: false }`
[INFO] [stderr] warning: unused field `description` in `workspace.package`
[INFO] [stderr]   --> Cargo.toml:36:1
[INFO] [stderr]    |
[INFO] [stderr] 36 | description = "Engram - a brain-inspired, self-improving personal AI agent that costs nothing when idle"
[INFO] [stderr]    | ^^^^^^^^^^^
[INFO] [stderr]    |
[INFO] [stderr]    = note: `cargo::unused_workspace_package_fields` is set to `warn` by default
[INFO] [stderr] help: consider removing the field `workspace.package.description`
[INFO] [stderr] warning: workspace (manifest) generated 1 warning
[INFO] [stderr] warning: binary `scale_bench` should have a kebab-case name
[INFO] [stderr]   |
[INFO] [stderr] 1 | /workspace/builds/worker-2-tc2/source/target/.../scale_bench
[INFO] [stderr]   |                                                  ^^^^^^^^^^^
[INFO] [stderr]   |
[INFO] [stderr] help: to change the binary name to `scale-bench`, convert the file stem
[INFO] [stderr]   |
[INFO] [stderr] 1 - src/bin/scale_bench.rs
[INFO] [stderr] 1 + src/bin/scale-bench.rs
[INFO] [stderr]   |
[INFO] [stderr] warning: `engram-bench` (manifest) generated 1 warning
[INFO] [stderr]     Blocking waiting for file lock on package cache
[INFO] [stderr]     Blocking waiting for file lock on package cache
[ERROR] error running command: no output for 300 seconds
[INFO] checking radotsvetkov/engram against 0335fc7ee9e33d92e03d99f3e2fb0fe6119f3cc0 for pr-158915-1
[INFO] running `Command { std: "git" "clone" "/workspace/cache/git-repos/https%3A%2F%2Fgithub.com%2Fradotsvetkov%2Fengram" "/workspace/builds/worker-2-tc2/source", kill_on_drop: false }`
[INFO] [stderr] Cloning into '/workspace/builds/worker-2-tc2/source'...
[INFO] [stderr] done.
[INFO] removed /workspace/builds/worker-2-tc2/source/rust-toolchain.toml
[INFO] started tweaking git repo https://github.com/radotsvetkov/engram
[INFO] finished tweaking git repo https://github.com/radotsvetkov/engram
[INFO] tweaked toml for git repo https://github.com/radotsvetkov/engram written to /workspace/builds/worker-2-tc2/source/Cargo.toml
[INFO] validating manifest of git repo https://github.com/radotsvetkov/engram on toolchain 0335fc7ee9e33d92e03d99f3e2fb0fe6119f3cc0
[INFO] running `Command { std: CARGO_HOME="/workspace/cargo-home" RUSTUP_HOME="/workspace/rustup-home" "/workspace/cargo-home/bin/cargo" "+0335fc7ee9e33d92e03d99f3e2fb0fe6119f3cc0" "metadata" "--manifest-path" "Cargo.toml" "--no-deps", kill_on_drop: false }`
[INFO] crate git repo https://github.com/radotsvetkov/engram already has a lockfile, it will not be regenerated
[INFO] running `Command { std: CARGO_HOME="/workspace/cargo-home" RUSTUP_HOME="/workspace/rustup-home" "/workspace/cargo-home/bin/cargo" "+0335fc7ee9e33d92e03d99f3e2fb0fe6119f3cc0" "fetch" "--manifest-path" "Cargo.toml", kill_on_drop: false }`
[INFO] [stderr] warning: unused field `description` in `workspace.package`
[INFO] [stderr]   --> Cargo.toml:36:1
[INFO] [stderr]    |
[INFO] [stderr] 36 | description = "Engram - a brain-inspired, self-improving personal AI agent that costs nothing when idle"
[INFO] [stderr]    | ^^^^^^^^^^^
[INFO] [stderr]    |
[INFO] [stderr]    = note: `cargo::unused_workspace_package_fields` is set to `warn` by default
[INFO] [stderr] help: consider removing the field `workspace.package.description`
[INFO] [stderr] warning: workspace (manifest) generated 1 warning
[INFO] [stderr] warning: binary `scale_bench` should have a kebab-case name
[INFO] [stderr]   |
[INFO] [stderr] 1 | /workspace/builds/worker-2-tc2/source/target/.../scale_bench
[INFO] [stderr]   |                                                  ^^^^^^^^^^^
[INFO] [stderr]   |
[INFO] [stderr] help: to change the binary name to `scale-bench`, convert the file stem
[INFO] [stderr]   |
[INFO] [stderr] 1 - src/bin/scale_bench.rs
[INFO] [stderr] 1 + src/bin/scale-bench.rs
[INFO] [stderr]   |
[INFO] [stderr] warning: `engram-bench` (manifest) generated 1 warning
[INFO] [stderr]     Blocking waiting for file lock on package cache
[INFO] [stderr]     Blocking waiting for file lock on package cache
[INFO] running `Command { std: "docker" "create" "-v" "/var/lib/crater-agent-workspace/builds/worker-2-tc2/source:/opt/rustwide/workdir:ro,Z" "-v" "/var/lib/crater-agent-workspace/builds/worker-2-tc2/target:/opt/rustwide/target:rw,Z" "-v" "/var/lib/crater-agent-workspace/cargo-home:/opt/rustwide/cargo-home:ro,Z" "-v" "/var/lib/crater-agent-workspace/rustup-home:/opt/rustwide/rustup-home:ro,Z" "-m" "1610612736" "--network" "none" "ghcr.io/rust-lang/crates-build-env/linux@sha256:8683fc1fc2eb5c9ac98e0d076ab094b2ffac7f99da555d2b6a2e27f346de2ec7" "sleep" "infinity", kill_on_drop: false }`
[INFO] [stdout] 1c36cac308181579de240c68cfa213d27dfc53a1e5db3ae8e0e55d614eb05b3f
[INFO] running `Command { std: "docker" "start" "1c36cac308181579de240c68cfa213d27dfc53a1e5db3ae8e0e55d614eb05b3f", kill_on_drop: false }`
[INFO] running `Command { std: "docker" "inspect" "1c36cac308181579de240c68cfa213d27dfc53a1e5db3ae8e0e55d614eb05b3f", kill_on_drop: false }`
[INFO] running `Command { std: "docker" "exec" "-e" "SOURCE_DIR=/opt/rustwide/workdir" "-e" "CARGO_HOME=/opt/rustwide/cargo-home" "-e" "RUSTUP_HOME=/opt/rustwide/rustup-home" "-e" "CARGO_TARGET_DIR=/opt/rustwide/target" "-w" "/opt/rustwide/workdir" "--user" "0:0" "1c36cac308181579de240c68cfa213d27dfc53a1e5db3ae8e0e55d614eb05b3f" "/opt/rustwide/cargo-home/bin/cargo" "+0335fc7ee9e33d92e03d99f3e2fb0fe6119f3cc0" "metadata" "--no-deps" "--format-version=1", kill_on_drop: false }`
[INFO] running `Command { std: "docker" "inspect" "1c36cac308181579de240c68cfa213d27dfc53a1e5db3ae8e0e55d614eb05b3f", kill_on_drop: false }`
[INFO] running `Command { std: "docker" "exec" "-e" "SOURCE_DIR=/opt/rustwide/workdir" "-e" "CARGO_HOME=/opt/rustwide/cargo-home" "-e" "RUSTUP_HOME=/opt/rustwide/rustup-home" "-e" "CARGO_TARGET_DIR=/opt/rustwide/target" "-e" "CARGO_INCREMENTAL=0" "-e" "RUST_BACKTRACE=full" "-e" "RUSTFLAGS=--cap-lints=forbid" "-e" "RUSTDOCFLAGS=--cap-lints=forbid" "-w" "/opt/rustwide/workdir" "--user" "0:0" "1c36cac308181579de240c68cfa213d27dfc53a1e5db3ae8e0e55d614eb05b3f" "/opt/rustwide/cargo-home/bin/cargo" "+0335fc7ee9e33d92e03d99f3e2fb0fe6119f3cc0" "check" "--frozen" "--all" "--all-targets" "--message-format=json", kill_on_drop: false }`
[INFO] [stderr] warning: unused field `description` in `workspace.package`
[INFO] [stderr]   --> Cargo.toml:36:1
[INFO] [stderr]    |
[INFO] [stderr] 36 | description = "Engram - a brain-inspired, self-improving personal AI agent that costs nothing when idle"
[INFO] [stderr]    | ^^^^^^^^^^^
[INFO] [stderr]    |
[INFO] [stderr]    = note: `cargo::unused_workspace_package_fields` is set to `warn` by default
[INFO] [stderr] help: consider removing the field `workspace.package.description`
[INFO] [stderr] warning: workspace (manifest) generated 1 warning
[INFO] [stderr] warning: binary `scale_bench` should have a kebab-case name
[INFO] [stderr]   |
[INFO] [stderr] 1 | /opt/rustwide/target/.../scale_bench
[INFO] [stderr]   |                          ^^^^^^^^^^^
[INFO] [stderr]   |
[INFO] [stderr] help: to change the binary name to `scale-bench`, convert the file stem
[INFO] [stderr]   |
[INFO] [stderr] 1 - src/bin/scale_bench.rs
[INFO] [stderr] 1 + src/bin/scale-bench.rs
[INFO] [stderr]   |
[INFO] [stderr] warning: `engram-bench` (manifest) generated 1 warning
[INFO] [stderr]    Compiling syn v2.0.118
[INFO] [stderr]     Checking zeroize v1.9.0
[INFO] [stderr]    Compiling zerocopy v0.8.52
[INFO] [stderr]     Checking mio v1.2.1
[INFO] [stderr]    Compiling blake3 v1.8.5
[INFO] [stderr]    Compiling rustix v1.1.4
[INFO] [stderr]    Compiling curve25519-dalek v4.1.3
[INFO] [stderr]     Checking arrayvec v0.7.7
[INFO] [stderr]     Checking signature v2.2.0
[INFO] [stderr]     Checking serde_json v1.0.150
[INFO] [stderr]     Checking digest v0.10.7
[INFO] [stderr]    Compiling libsqlite3-sys v0.30.1
[INFO] [stderr]    Compiling ring v0.17.14
[INFO] [stderr]     Checking fallible-iterator v0.3.0
[INFO] [stderr]     Checking fallible-streaming-iterator v0.1.9
[INFO] [stderr]     Checking getrandom v0.4.3
[INFO] [stderr]     Checking ed25519 v2.2.3
[INFO] [stderr]    Compiling rustls v0.23.41
[INFO] [stderr]     Checking rustls-pki-types v1.14.1
[INFO] [stderr]    Compiling wasmparser v0.221.3
[INFO] [stderr]     Checking downcast-rs v1.2.1
[INFO] [stderr]     Checking aho-corasick v1.1.4
[INFO] [stderr]     Checking sha2 v0.10.9
[INFO] [stderr]     Checking wasmi_collections v0.40.0
[INFO] [stderr]     Checking spin v0.9.8
[INFO] [stderr]     Checking wasmi_core v0.40.0
[INFO] [stderr]     Checking multi-stash v0.2.0
[INFO] [stderr]     Checking unicode-width v0.2.0
[INFO] [stderr]     Checking leb128fmt v0.1.0
[INFO] [stderr]     Checking parking_lot_core v0.9.12
[INFO] [stderr]     Checking signal-hook v0.3.18
[INFO] [stderr]     Checking webpki-roots v1.0.8
[INFO] [stderr]     Checking sha1 v0.10.6
[INFO] [stderr]     Checking wasm-encoder v0.252.0
[INFO] [stderr]     Checking bumpalo v3.20.3
[INFO] [stderr]     Checking either v1.16.0
[INFO] [stderr]     Checking data-encoding v2.11.0
[INFO] [stderr]     Checking rustix v0.38.44
[INFO] [stderr]     Checking parking_lot v0.12.5
[INFO] [stderr]     Checking wasmi_ir v0.40.0
[INFO] [stderr]     Checking itertools v0.13.0
[INFO] [stderr]     Checking signal-hook-mio v0.2.5
[INFO] [stderr]     Checking compact_str v0.8.2
[INFO] [stderr]     Checking serde_path_to_error v0.1.20
[INFO] [stderr]     Checking crossterm v0.28.1
[INFO] [stderr]     Checking regex-automata v0.4.14
[INFO] [stderr]     Checking wast v252.0.0
[INFO] [stderr]     Checking unicode-truncate v1.1.0
[INFO] [stderr]     Checking tempfile v3.27.0
[INFO] [stderr]     Checking terminal_size v0.4.4
[INFO] [stderr]     Checking clap_builder v4.6.0
[INFO] [stderr]     Checking wasmi v0.40.0
[INFO] [stderr]     Checking regex v1.13.0
[INFO] [stderr]     Checking matchers v0.2.0
[INFO] [stderr]     Checking rustls-webpki v0.103.13
[INFO] [stderr]    Compiling synstructure v0.13.2
[INFO] [stderr]    Compiling darling_core v0.23.0
[INFO] [stderr]    Compiling tokio-macros v2.7.0
[INFO] [stderr]    Compiling tracing-attributes v0.1.31
[INFO] [stderr]    Compiling serde_derive v1.0.228
[INFO] [stderr]    Compiling curve25519-dalek-derive v0.1.1
[INFO] [stderr]    Compiling zerovec-derive v0.11.3
[INFO] [stderr]    Compiling thiserror-impl v1.0.69
[INFO] [stderr]    Compiling displaydoc v0.2.6
[INFO] [stderr]    Compiling futures-macro v0.3.32
[INFO] [stderr]    Compiling async-trait v0.1.89
[INFO] [stderr]    Compiling zerofrom-derive v0.1.7
[INFO] [stderr] error: could not compile `zerocopy` (lib)
[INFO] [stderr] 
[INFO] [stderr] Caused by:
[INFO] [stderr]   process didn't exit successfully: `/opt/rustwide/rustup-home/toolchains/0335fc7ee9e33d92e03d99f3e2fb0fe6119f3cc0/bin/rustc --crate-name zerocopy --edition=2021 /opt/rustwide/cargo-home/registry/src/index.crates.io-1949cf8c6b5b557f/zerocopy-0.8.52/src/lib.rs --error-format=json --json=diagnostic-rendered-ansi,artifacts,future-incompat,unused-externs-silent --crate-type lib --emit=dep-info,metadata -C embed-bitcode=no -C debuginfo=2 --cfg 'feature="simd"' --check-cfg 'cfg(docsrs,test)' --check-cfg 'cfg(feature, values("__internal_use_only_features_that_work_on_stable", "alloc", "derive", "float-nightly", "simd", "simd-nightly", "std", "zerocopy-derive"))' -C metadata=98680f680b919d83 -C extra-filename=-5e0ed4f629363321 --out-dir /opt/rustwide/target/debug/build/zerocopy/5e0ed4f629363321/out --cap-lints allow --cap-lints=forbid --force-warn=unused_crate_dependencies --check-cfg 'cfg(no_zerocopy_simd_x86_avx12_1_89_0)' --check-cfg 'cfg(rust, values("1.89.0"))' --check-cfg 'cfg(no_zerocopy_core_error_1_81_0)' --check-cfg 'cfg(rust, values("1.81.0"))' --check-cfg 'cfg(no_zerocopy_diagnostic_on_unimplemented_1_78_0)' --check-cfg 'cfg(rust, values("1.78.0"))' --check-cfg 'cfg(no_zerocopy_generic_bounds_in_const_fn_1_61_0)' --check-cfg 'cfg(rust, values("1.61.0"))' --check-cfg 'cfg(no_zerocopy_target_has_atomics_1_60_0)' --check-cfg 'cfg(rust, values("1.60.0"))' --check-cfg 'cfg(no_zerocopy_aarch64_simd_1_59_0)' --check-cfg 'cfg(rust, values("1.59.0"))' --check-cfg 'cfg(no_zerocopy_aarch64_simd_be_1_87_0)' --check-cfg 'cfg(rust, values("1.87.0"))' --check-cfg 'cfg(no_zerocopy_panic_in_const_and_vec_try_reserve_1_57_0)' --check-cfg 'cfg(rust, values("1.57.0"))' --check-cfg 'cfg(doc_cfg)' --check-cfg 'cfg(kani)' --check-cfg 'cfg(__ZEROCOPY_INTERNAL_USE_ONLY_NIGHTLY_FEATURES_IN_TESTS)' --check-cfg 'cfg(__ZEROCOPY_INTERNAL_USE_ONLY_DEV_MODE)' --check-cfg 'cfg(coverage_nightly)' --check-cfg 'cfg(zerocopy_inline_always)' --check-cfg 'cfg(zerocopy_unstable_ptr)' --check-cfg 'cfg(zerocopy_unstable_linux)' --check-cfg 'cfg(no_fp_fmt_parse)'` (signal: 9, SIGKILL: kill)
[INFO] [stderr] warning: build failed, waiting for other jobs to finish...
[INFO] [stderr] error: could not compile `wast` (lib)
[INFO] [stderr] 
[INFO] [stderr] Caused by:
[INFO] [stderr]   process didn't exit successfully: `/opt/rustwide/rustup-home/toolchains/0335fc7ee9e33d92e03d99f3e2fb0fe6119f3cc0/bin/rustc --crate-name wast --edition=2024 /opt/rustwide/cargo-home/registry/src/index.crates.io-1949cf8c6b5b557f/wast-252.0.0/src/lib.rs --error-format=json --json=diagnostic-rendered-ansi,artifacts,future-incompat,unused-externs-silent --crate-type lib --emit=dep-info,metadata -C embed-bitcode=no -C debuginfo=2 --cfg 'feature="component-model"' --cfg 'feature="wasm-module"' --check-cfg 'cfg(docsrs,test)' --check-cfg 'cfg(feature, values("component-model", "default", "dwarf", "wasm-module"))' -C metadata=c68457d149be397f -C extra-filename=-56667f8a423ff1d7 --out-dir /opt/rustwide/target/debug/build/wast/56667f8a423ff1d7/out -L dependency=/opt/rustwide/target/debug/build/leb128fmt/ec3bf77777ee3a6c/out --extern bumpalo=/opt/rustwide/target/debug/build/bumpalo/f8a63efd1a130c76/out/libbumpalo-f8a63efd1a130c76.rmeta --extern leb128fmt=/opt/rustwide/target/debug/build/leb128fmt/ec3bf77777ee3a6c/out/libleb128fmt-ec3bf77777ee3a6c.rmeta --extern memchr=/opt/rustwide/target/debug/build/memchr/3ca07533bbd8f674/out/libmemchr-3ca07533bbd8f674.rmeta --extern unicode_width=/opt/rustwide/target/debug/build/unicode-width/7262dbb037081dbc/out/libunicode_width-7262dbb037081dbc.rmeta --extern wasm_encoder=/opt/rustwide/target/debug/build/wasm-encoder/4e47bb1ddc7d9816/out/libwasm_encoder-4e47bb1ddc7d9816.rmeta --cap-lints allow --cap-lints=forbid --force-warn=unused_crate_dependencies` (signal: 9, SIGKILL: kill)
[INFO] running `Command { std: "docker" "inspect" "1c36cac308181579de240c68cfa213d27dfc53a1e5db3ae8e0e55d614eb05b3f", kill_on_drop: false }`
[INFO] running `Command { std: "docker" "rm" "-f" "1c36cac308181579de240c68cfa213d27dfc53a1e5db3ae8e0e55d614eb05b3f", kill_on_drop: false }`
[INFO] [stdout] 1c36cac308181579de240c68cfa213d27dfc53a1e5db3ae8e0e55d614eb05b3f
