[INFO] cloning repository https://github.com/jangjunha/orchestration-saga-example
[INFO] running `Command { std: "git" "-c" "credential.helper=" "-c" "credential.helper=/workspace/cargo-home/bin/git-credential-null" "clone" "--bare" "https://github.com/jangjunha/orchestration-saga-example" "/workspace/cache/git-repos/https%3A%2F%2Fgithub.com%2Fjangjunha%2Forchestration-saga-example", kill_on_drop: false }`
[INFO] [stderr] Cloning into bare repository '/workspace/cache/git-repos/https%3A%2F%2Fgithub.com%2Fjangjunha%2Forchestration-saga-example'...
[INFO] running `Command { std: "git" "rev-parse" "HEAD", kill_on_drop: false }`
[INFO] [stdout] 8cf607f1d5aef9ace6004d5d2bfb1ff44cf4f6f4
[INFO] checking jangjunha/orchestration-saga-example against 0335fc7ee9e33d92e03d99f3e2fb0fe6119f3cc0 for pr-158915-1
[INFO] running `Command { std: "git" "clone" "/workspace/cache/git-repos/https%3A%2F%2Fgithub.com%2Fjangjunha%2Forchestration-saga-example" "/workspace/builds/worker-0-tc2/source", kill_on_drop: false }`
[INFO] [stderr] Cloning into '/workspace/builds/worker-0-tc2/source'...
[INFO] [stderr] done.
[INFO] started tweaking git repo https://github.com/jangjunha/orchestration-saga-example
[INFO] finished tweaking git repo https://github.com/jangjunha/orchestration-saga-example
[INFO] tweaked toml for git repo https://github.com/jangjunha/orchestration-saga-example written to /workspace/builds/worker-0-tc2/source/Cargo.toml
[INFO] validating manifest of git repo https://github.com/jangjunha/orchestration-saga-example on toolchain 0335fc7ee9e33d92e03d99f3e2fb0fe6119f3cc0
[INFO] running `Command { std: CARGO_HOME="/workspace/cargo-home" RUSTUP_HOME="/workspace/rustup-home" "/workspace/cargo-home/bin/cargo" "+0335fc7ee9e33d92e03d99f3e2fb0fe6119f3cc0" "metadata" "--manifest-path" "Cargo.toml" "--no-deps", kill_on_drop: false }`
[INFO] crate git repo https://github.com/jangjunha/orchestration-saga-example already has a lockfile, it will not be regenerated
[INFO] running `Command { std: CARGO_HOME="/workspace/cargo-home" RUSTUP_HOME="/workspace/rustup-home" "/workspace/cargo-home/bin/cargo" "+0335fc7ee9e33d92e03d99f3e2fb0fe6119f3cc0" "fetch" "--manifest-path" "Cargo.toml", kill_on_drop: false }`
[INFO] running `Command { std: "docker" "create" "-v" "/var/lib/crater-agent-workspace/builds/worker-0-tc2/source:/opt/rustwide/workdir:ro,Z" "-v" "/var/lib/crater-agent-workspace/builds/worker-0-tc2/target:/opt/rustwide/target:rw,Z" "-v" "/var/lib/crater-agent-workspace/cargo-home:/opt/rustwide/cargo-home:ro,Z" "-v" "/var/lib/crater-agent-workspace/rustup-home:/opt/rustwide/rustup-home:ro,Z" "-m" "1610612736" "--network" "none" "ghcr.io/rust-lang/crates-build-env/linux@sha256:8683fc1fc2eb5c9ac98e0d076ab094b2ffac7f99da555d2b6a2e27f346de2ec7" "sleep" "infinity", kill_on_drop: false }`
[INFO] [stdout] 39209e3d5381138027dfa7a08439d5de43e7d6499cd198b4628768b6fa976cdd
[INFO] running `Command { std: "docker" "start" "39209e3d5381138027dfa7a08439d5de43e7d6499cd198b4628768b6fa976cdd", kill_on_drop: false }`
[INFO] running `Command { std: "docker" "inspect" "39209e3d5381138027dfa7a08439d5de43e7d6499cd198b4628768b6fa976cdd", kill_on_drop: false }`
[INFO] running `Command { std: "docker" "exec" "-e" "SOURCE_DIR=/opt/rustwide/workdir" "-e" "CARGO_HOME=/opt/rustwide/cargo-home" "-e" "RUSTUP_HOME=/opt/rustwide/rustup-home" "-e" "CARGO_TARGET_DIR=/opt/rustwide/target" "-w" "/opt/rustwide/workdir" "--user" "0:0" "39209e3d5381138027dfa7a08439d5de43e7d6499cd198b4628768b6fa976cdd" "/opt/rustwide/cargo-home/bin/cargo" "+0335fc7ee9e33d92e03d99f3e2fb0fe6119f3cc0" "metadata" "--no-deps" "--format-version=1", kill_on_drop: false }`
[INFO] running `Command { std: "docker" "inspect" "39209e3d5381138027dfa7a08439d5de43e7d6499cd198b4628768b6fa976cdd", kill_on_drop: false }`
[INFO] running `Command { std: "docker" "exec" "-e" "SOURCE_DIR=/opt/rustwide/workdir" "-e" "CARGO_HOME=/opt/rustwide/cargo-home" "-e" "RUSTUP_HOME=/opt/rustwide/rustup-home" "-e" "CARGO_TARGET_DIR=/opt/rustwide/target" "-e" "CARGO_INCREMENTAL=0" "-e" "RUST_BACKTRACE=full" "-e" "RUSTFLAGS=--cap-lints=forbid" "-e" "RUSTDOCFLAGS=--cap-lints=forbid" "-w" "/opt/rustwide/workdir" "--user" "0:0" "39209e3d5381138027dfa7a08439d5de43e7d6499cd198b4628768b6fa976cdd" "/opt/rustwide/cargo-home/bin/cargo" "+0335fc7ee9e33d92e03d99f3e2fb0fe6119f3cc0" "check" "--frozen" "--all" "--all-targets" "--message-format=json", kill_on_drop: false }`
[INFO] [stderr]    Compiling libc v0.2.174
[INFO] [stderr]     Checking slab v0.4.10
[INFO] [stderr]     Checking byteorder v1.5.0
[INFO] [stderr]    Compiling libm v0.2.15
[INFO] [stderr]    Compiling syn v2.0.104
[INFO] [stderr]    Compiling bigdecimal v0.4.8
[INFO] [stderr]     Checking generic-array v0.14.7
[INFO] [stderr]    Compiling pq-sys v0.4.8
[INFO] [stderr]    Compiling cc v1.2.27
[INFO] [stderr]     Checking unicode-bidi v0.3.18
[INFO] [stderr]     Checking unicode-properties v0.1.3
[INFO] [stderr]     Checking num-integer v0.1.46
[INFO] [stderr]     Checking iana-time-zone v0.1.63
[INFO] [stderr]     Checking bitflags v2.9.1
[INFO] [stderr]     Checking hashbrown v0.15.4
[INFO] [stderr]     Checking fallible-iterator v0.2.0
[INFO] [stderr]    Compiling winnow v0.5.40
[INFO] [stderr]     Checking siphasher v1.0.1
[INFO] [stderr]    Compiling rdkafka-sys v4.8.0+2.3.0
[INFO] [stderr]     Checking num-bigint v0.4.6
[INFO] [stderr]     Checking anstyle v1.0.11
[INFO] [stderr]     Checking whoami v1.6.0
[INFO] [stderr]     Checking anstyle-query v1.1.3
[INFO] [stderr]     Checking stringprep v0.1.5
[INFO] [stderr]     Checking is_terminal_polyfill v1.70.1
[INFO] [stderr]     Checking clap_lex v0.7.5
[INFO] [stderr]     Checking scoped-futures v0.1.4
[INFO] [stderr]     Checking tower-http v0.5.2
[INFO] [stderr]     Checking block-buffer v0.10.4
[INFO] [stderr]     Checking crypto-common v0.1.6
[INFO] [stderr]     Checking indexmap v2.10.0
[INFO] [stderr]     Checking phf_shared v0.11.3
[INFO] [stderr]     Checking anstream v0.6.19
[INFO] [stderr]     Checking phf v0.11.3
[INFO] [stderr]     Checking digest v0.10.7
[INFO] [stderr]     Checking parking_lot_core v0.9.11
[INFO] [stderr]     Checking signal-hook-registry v1.4.5
[INFO] [stderr]     Checking mio v1.0.4
[INFO] [stderr]     Checking socket2 v0.5.10
[INFO] [stderr]     Checking getrandom v0.3.3
[INFO] [stderr]     Checking getrandom v0.2.16
[INFO] [stderr]     Checking sha2 v0.10.9
[INFO] [stderr]     Checking rand_core v0.9.3
[INFO] [stderr]     Checking hmac v0.12.1
[INFO] [stderr]     Checking md-5 v0.10.6
[INFO] [stderr]     Checking clap_builder v4.5.40
[INFO] [stderr]     Checking rand_core v0.6.4
[INFO] [stderr]     Checking parking_lot v0.12.4
[INFO] [stderr]     Checking rand_chacha v0.9.0
[INFO] [stderr]     Checking rand_chacha v0.3.1
[INFO] [stderr]     Checking rand v0.9.1
[INFO] [stderr]     Checking rand v0.8.5
[INFO] [stderr]     Checking postgres-protocol v0.6.8
[INFO] [stderr]    Compiling libz-sys v1.1.22
[INFO] [stderr]     Checking postgres-types v0.2.9
[INFO] [stderr]    Compiling diesel_table_macro_syntax v0.1.0
[INFO] [stderr]    Compiling serde_derive v1.0.219
[INFO] [stderr]    Compiling tokio-macros v2.5.0
[INFO] [stderr]    Compiling futures-macro v0.3.31
[INFO] [stderr]    Compiling async-trait v0.1.88
[INFO] [stderr]    Compiling diesel_derives v2.1.4
[INFO] [stderr]    Compiling tracing-attributes v0.1.30
[INFO] [stderr]    Compiling clap_derive v4.5.40
[INFO] [stderr]     Checking futures-util v0.3.31
[INFO] [stderr]     Checking tokio v1.46.0
[INFO] [stderr]     Checking tracing v0.1.41
[INFO] [stderr]     Checking clap v4.5.40
[INFO] [stderr]     Checking tower v0.4.13
[INFO] [stderr]     Checking serde v1.0.219
[INFO] [stderr]     Checking futures-executor v0.3.31
[INFO] [stderr]     Checking axum-core v0.4.5
[INFO] [stderr]     Checking futures v0.3.31
[INFO] [stderr]     Checking serde_json v1.0.140
[INFO] [stderr]     Checking chrono v0.4.41
[INFO] [stderr]     Checking uuid v1.17.0
[INFO] [stderr]     Checking serde_spanned v0.6.9
[INFO] [stderr]     Checking toml_datetime v0.6.11
[INFO] [stderr]     Checking serde_path_to_error v0.1.17
[INFO] [stderr]     Checking serde_urlencoded v0.7.1
[INFO] [stderr]     Checking tokio-util v0.7.15
[INFO] [stderr]     Checking toml_edit v0.19.15
[INFO] [stderr]     Checking bb8 v0.8.6
[INFO] [stderr]     Checking hyper v1.6.0
[INFO] [stderr]     Checking tower v0.5.2
[INFO] [stderr]    Compiling toml_edit v0.22.27
[INFO] [stderr]     Checking tokio-postgres v0.7.13
[INFO] [stderr]     Checking hyper-util v0.1.14
[INFO] [stderr]     Checking diesel v2.1.6
[INFO] [stderr]     Checking axum v0.7.9
[INFO] [stderr]     Checking toml v0.7.8
[INFO] [stderr]    Compiling proc-macro-crate v3.3.0
[INFO] [stderr]     Checking migrations_internals v2.1.0
[INFO] [stderr]    Compiling num_enum_derive v0.7.4
[INFO] [stderr]     Checking bb8-postgres v0.8.1
[INFO] [stderr]    Compiling migrations_macros v2.1.0
[INFO] [stderr]     Checking num_enum v0.7.4
[INFO] [stderr] error: could not compile `diesel` (lib)
[INFO] [stderr] 
[INFO] [stderr] Caused by:
[INFO] [stderr]   process didn't exit successfully: `/opt/rustwide/rustup-home/toolchains/0335fc7ee9e33d92e03d99f3e2fb0fe6119f3cc0/bin/rustc --crate-name diesel --edition=2021 /opt/rustwide/cargo-home/registry/src/index.crates.io-1949cf8c6b5b557f/diesel-2.1.6/src/lib.rs --error-format=json --json=diagnostic-rendered-ansi,artifacts,future-incompat,unused-externs-silent --crate-type lib --emit=dep-info,metadata -C embed-bitcode=no -C debuginfo=2 --cfg 'feature="32-column-tables"' --cfg 'feature="bigdecimal"' --cfg 'feature="bitflags"' --cfg 'feature="byteorder"' --cfg 'feature="chrono"' --cfg 'feature="default"' --cfg 'feature="i-implement-a-third-party-backend-and-opt-into-breaking-changes"' --cfg 'feature="itoa"' --cfg 'feature="num-bigint"' --cfg 'feature="num-integer"' --cfg 'feature="num-traits"' --cfg 'feature="numeric"' --cfg 'feature="postgres"' --cfg 'feature="postgres_backend"' --cfg 'feature="pq-sys"' --cfg 'feature="serde_json"' --cfg 'feature="uuid"' --cfg 'feature="with-deprecated"' --check-cfg 'cfg(docsrs,test)' --check-cfg 'cfg(feature, values("128-column-tables", "32-column-tables", "64-column-tables", "bigdecimal", "bitflags", "byteorder", "chrono", "default", "extras", "huge-tables", "i-implement-a-third-party-backend-and-opt-into-breaking-changes", "ipnet", "ipnet-address", "ipnetwork", "itoa", "large-tables", "libc", "libsqlite3-sys", "mysql", "mysql_backend", "mysqlclient-sys", "network-address", "nightly-error-messages", "num-bigint", "num-integer", "num-traits", "numeric", "percent-encoding", "postgres", "postgres_backend", "pq-sys", "quickcheck", "r2d2", "returning_clauses_for_sqlite_3_35", "serde_json", "sqlite", "time", "unstable", "url", "uuid", "with-deprecated", "without-deprecated"))' -C metadata=01cc6a4edf9254d3 -C extra-filename=-d0a3882de209b1c5 --out-dir /opt/rustwide/target/debug/build/diesel/d0a3882de209b1c5/out -L dependency=/opt/rustwide/target/debug/build/cfg-if/bf1857b7a1b2d30e/out -L dependency=/opt/rustwide/target/debug/build/getrandom/5286bdd37570c22f/out -L dependency=/opt/rustwide/target/debug/build/iana-time-zone/c1ed282b0b4f66e4/out -L dependency=/opt/rustwide/target/debug/build/itoa/aa1c64fbdc4f12a7/out -L dependency=/opt/rustwide/target/debug/build/libc/fa2de38355b1d9e2/out -L dependency=/opt/rustwide/target/debug/build/libm/abf86e159bd3ea85/out -L dependency=/opt/rustwide/target/debug/build/memchr/2998dc56ed90fbb0/out -L dependency=/opt/rustwide/target/debug/build/num-bigint/e75a431ee7681a3c/out -L dependency=/opt/rustwide/target/debug/build/num-integer/73d7188e19b30f48/out -L dependency=/opt/rustwide/target/debug/build/num-traits/3f20bdcfe3eb0a45/out -L dependency=/opt/rustwide/target/debug/build/ryu/e5cf39b0424d7e5c/out -L dependency=/opt/rustwide/target/debug/build/serde/a605bf1647efcf54/out -L dependency=/opt/rustwide/target/debug/build/serde_derive/1c6d24c626c8ed80/out --extern bigdecimal=/opt/rustwide/target/debug/build/bigdecimal/b9176dab92447583/out/libbigdecimal-b9176dab92447583.rmeta --extern bitflags=/opt/rustwide/target/debug/build/bitflags/ea053be2d80892bf/out/libbitflags-ea053be2d80892bf.rmeta --extern byteorder=/opt/rustwide/target/debug/build/byteorder/d92705dd1d5353b1/out/libbyteorder-d92705dd1d5353b1.rmeta --extern chrono=/opt/rustwide/target/debug/build/chrono/0ac0bbd58e365539/out/libchrono-0ac0bbd58e365539.rmeta --extern diesel_derives=/opt/rustwide/target/debug/build/diesel_derives/0a7ce2c5846d11bf/out/libdiesel_derives-0a7ce2c5846d11bf.so --extern itoa=/opt/rustwide/target/debug/build/itoa/aa1c64fbdc4f12a7/out/libitoa-aa1c64fbdc4f12a7.rmeta --extern num_bigint=/opt/rustwide/target/debug/build/num-bigint/e75a431ee7681a3c/out/libnum_bigint-e75a431ee7681a3c.rmeta --extern num_integer=/opt/rustwide/target/debug/build/num-integer/73d7188e19b30f48/out/libnum_integer-73d7188e19b30f48.rmeta --extern num_traits=/opt/rustwide/target/debug/build/num-traits/3f20bdcfe3eb0a45/out/libnum_traits-3f20bdcfe3eb0a45.rmeta --extern pq_sys=/opt/rustwide/target/debug/build/pq-sys/a0a6e4bebad38e05/out/libpq_sys-a0a6e4bebad38e05.rmeta --extern serde_json=/opt/rustwide/target/debug/build/serde_json/f0cedda43acbeeff/out/libserde_json-f0cedda43acbeeff.rmeta --extern uuid=/opt/rustwide/target/debug/build/uuid/2daa0c908ce7091f/out/libuuid-2daa0c908ce7091f.rmeta --cap-lints allow --cap-lints=forbid --force-warn=unused_crate_dependencies -L native=/usr/lib/x86_64-linux-gnu` (signal: 9, SIGKILL: kill)
[INFO] [stderr] warning: build failed, waiting for other jobs to finish...
[INFO] [stderr] error: failed to run custom build command for `rdkafka-sys v4.8.0+2.3.0`
[INFO] [stderr] note: To improve backtraces for build dependencies, set the CARGO_PROFILE_DEV_BUILD_OVERRIDE_DEBUG=true environment variable to enable debug information generation.
[INFO] [stderr] 
[INFO] [stderr] Caused by:
[INFO] [stderr]   process didn't exit successfully: `/opt/rustwide/target/debug/build/rdkafka-sys/c74e47612cb85129/out/build_script_build` (exit status: 101)
[INFO] [stderr]   --- stdout
[INFO] [stderr]   Cloning librdkafka
[INFO] [stderr]   Configuring librdkafka
[INFO] [stderr]   checking for OS or distribution... ok (ubuntu)
[INFO] [stderr]   checking for C compiler from CC env... failed
[INFO] [stderr]   checking for gcc (by command)... ok
[INFO] [stderr]   checking for C++ compiler from CXX env... failed
[INFO] [stderr]   checking for C++ compiler (g++)... ok
[INFO] [stderr]   checking executable ld... ok
[INFO] [stderr]   checking executable nm... ok
[INFO] [stderr]   checking executable objdump... ok
[INFO] [stderr]   checking executable strip... ok
[INFO] [stderr]   checking executable libtool... ok
[INFO] [stderr]   checking executable ranlib... ok
[INFO] [stderr]   checking for pkgconfig (by command)... ok
[INFO] [stderr]   checking for install (by command)... ok
[INFO] [stderr]   checking for GNU ar... ok
[INFO] [stderr]   checking for PIC (by compile)... ok
[INFO] [stderr]   checking for GNU-compatible linker options... ok
[INFO] [stderr]   checking for GNU linker-script ld flag... ok
[INFO] [stderr]   checking for __atomic_32 (by compile)... ok
[INFO] [stderr]   checking for __atomic_64 (by compile)... ok
[INFO] [stderr]   checking for socket (by compile)... ok
[INFO] [stderr]   parsing version '0x020300ff'... ok (2.3.0)
[INFO] [stderr]   checking for librt (by pkg-config)... failed
[INFO] [stderr]   checking for librt (by compile)... ok
[INFO] [stderr]   checking for libpthread (by pkg-config)... failed
[INFO] [stderr]   checking for libpthread (by compile)... ok
[INFO] [stderr]   checking for c11threads (by pkg-config)... failed
[INFO] [stderr]   checking for c11threads (by compile)... ok
[INFO] [stderr]   checking for libdl (by pkg-config)... failed
[INFO] [stderr]   checking for libdl (by compile)... ok
[INFO] [stderr]   checking for zlib (by pkg-config)... ok
[INFO] [stderr]   checking for libm (by pkg-config)... failed
[INFO] [stderr]   checking for libm (by compile)... ok
[INFO] [stderr]   checking for syslog (by compile)... ok
[INFO] [stderr]   checking for rapidjson (by compile)... failed (disable)
[INFO] [stderr]   checking for crc32chw (by compile)... ok
[INFO] [stderr]   checking for regex (by compile)... ok
[INFO] [stderr]   checking for rand_r (by compile)... ok
[INFO] [stderr]   checking for strndup (by compile)... ok
[INFO] [stderr]   checking for strlcpy (by compile)... ok
[INFO] [stderr]   checking for strerror_r (by compile)... ok
[INFO] [stderr]   checking for strcasestr (by compile)... ok
[INFO] [stderr]   checking for pthread_setname_gnu (by compile)... ok
[INFO] [stderr]   checking for nm (by env NM)... ok (cached)
[INFO] [stderr]   checking for python3 (by command)... ok
[INFO] [stderr]   checking for getrusage (by compile)... ok
[INFO] [stderr]   Generated Makefile.config
[INFO] [stderr]   Generated config.h
[INFO] [stderr] 
[INFO] [stderr]   Configuration summary:
[INFO] [stderr]     prefix                   /usr/local
[INFO] [stderr]     MKL_DISTRO               ubuntu
[INFO] [stderr]     SOLIB_EXT                .so
[INFO] [stderr]     ARCH                     x86_64
[INFO] [stderr]     CPU                      generic
[INFO] [stderr]     GEN_PKG_CONFIG           y
[INFO] [stderr]     MKL_APP_NAME             librdkafka
[INFO] [stderr]     MKL_APP_DESC_ONELINE     The Apache Kafka C/C++ library
[INFO] [stderr]     CC                       gcc
[INFO] [stderr]     CXX                      g++
[INFO] [stderr]     LD                       ld
[INFO] [stderr]     NM                       nm
[INFO] [stderr]     OBJDUMP                  objdump
[INFO] [stderr]     STRIP                    strip
[INFO] [stderr]     LIBTOOL                  libtool
[INFO] [stderr]     RANLIB                   ranlib
[INFO] [stderr]     CPPFLAGS                 -g -O2 -fPIC -Wall -Wsign-compare -Wfloat-equal -Wpointer-arith -Wcast-align
[INFO] [stderr]     PKG_CONFIG               pkg-config
[INFO] [stderr]     INSTALL                  /usr/bin/install
[INFO] [stderr]     HAS_GNU_AR               y
[INFO] [stderr]     LIB_LDFLAGS              -shared -Wl,-soname,$(LIBFILENAME)
[INFO] [stderr]     LDFLAG_LINKERSCRIPT      -Wl,--version-script=
[INFO] [stderr]     RDKAFKA_VERSION_STR      2.3.0
[INFO] [stderr]     MKL_APP_VERSION          2.3.0
[INFO] [stderr]     LIBS                     -lm -lz -ldl -lpthread -lrt -lpthread -lrt
[INFO] [stderr]     MKL_PKGCONFIG_LIBS_PRIVATE -lm -ldl -lpthread -lrt -lpthread -lrt
[INFO] [stderr]     MKL_PKGCONFIG_REQUIRES_PRIVATE zlib
[INFO] [stderr]     CFLAGS                   
[INFO] [stderr]     MKL_PKGCONFIG_REQUIRES   zlib
[INFO] [stderr]     CXXFLAGS                 -Wno-non-virtual-dtor
[INFO] [stderr]     SYMDUMPER                $(NM) -D
[INFO] [stderr]     MKL_DYNAMIC_LIBS         -lm -lz -ldl -lpthread -lrt -lpthread -lrt
[INFO] [stderr]     exec_prefix              /usr/local
[INFO] [stderr]     bindir                   /usr/local/bin
[INFO] [stderr]     sbindir                  /usr/local/sbin
[INFO] [stderr]     libexecdir               /usr/local/libexec
[INFO] [stderr]     datadir                  /usr/local/share
[INFO] [stderr]     sysconfdir               /usr/local/etc
[INFO] [stderr]     sharedstatedir           /usr/local/com
[INFO] [stderr]     localstatedir            /usr/local/var
[INFO] [stderr]     runstatedir              /usr/local/var/run
[INFO] [stderr]     libdir                   /usr/local/lib
[INFO] [stderr]     includedir               /usr/local/include
[INFO] [stderr]     infodir                  /usr/local/info
[INFO] [stderr]     mandir                   /usr/local/man
[INFO] [stderr]     BUILT_WITH               GCC GXX PKGCONFIG INSTALL GNULD LDS C11THREADS LIBDL PLUGINS ZLIB HDRHISTOGRAM SYSLOG SNAPPY SOCKEM CRC32C_HW
[INFO] [stderr]   Generated config.cache
[INFO] [stderr] 
[INFO] [stderr]   Now type 'make' to build
[INFO] [stderr]   Compiling librdkafka
[INFO] [stderr]   make[1]: Entering directory '/opt/rustwide/target/debug/build/rdkafka-sys/cbc8a78eff3ab7b8/out/src'
[INFO] [stderr]   gcc -MD -MP -g -O2 -fPIC -Wall -Wsign-compare -Wfloat-equal -Wpointer-arith -Wcast-align  -c rdkafka.c -o rdkafka.o
[INFO] [stderr]   gcc -MD -MP -g -O2 -fPIC -Wall -Wsign-compare -Wfloat-equal -Wpointer-arith -Wcast-align  -c rdkafka_broker.c -o rdkafka_broker.o
[INFO] [stderr]   gcc -MD -MP -g -O2 -fPIC -Wall -Wsign-compare -Wfloat-equal -Wpointer-arith -Wcast-align  -c rdkafka_msg.c -o rdkafka_msg.o
[INFO] [stderr]   gcc -MD -MP -g -O2 -fPIC -Wall -Wsign-compare -Wfloat-equal -Wpointer-arith -Wcast-align  -c rdkafka_topic.c -o rdkafka_topic.o
[INFO] [stderr]   gcc -MD -MP -g -O2 -fPIC -Wall -Wsign-compare -Wfloat-equal -Wpointer-arith -Wcast-align  -c rdkafka_conf.c -o rdkafka_conf.o
[INFO] [stderr]   gcc -MD -MP -g -O2 -fPIC -Wall -Wsign-compare -Wfloat-equal -Wpointer-arith -Wcast-align  -c rdkafka_timer.c -o rdkafka_timer.o
[INFO] [stderr]   gcc -MD -MP -g -O2 -fPIC -Wall -Wsign-compare -Wfloat-equal -Wpointer-arith -Wcast-align  -c rdkafka_offset.c -o rdkafka_offset.o
[INFO] [stderr]   gcc -MD -MP -g -O2 -fPIC -Wall -Wsign-compare -Wfloat-equal -Wpointer-arith -Wcast-align  -c rdkafka_transport.c -o rdkafka_transport.o
[INFO] [stderr]   gcc -MD -MP -g -O2 -fPIC -Wall -Wsign-compare -Wfloat-equal -Wpointer-arith -Wcast-align  -c rdkafka_buf.c -o rdkafka_buf.o
[INFO] [stderr]   gcc -MD -MP -g -O2 -fPIC -Wall -Wsign-compare -Wfloat-equal -Wpointer-arith -Wcast-align  -c rdkafka_queue.c -o rdkafka_queue.o
[INFO] [stderr]   gcc -MD -MP -g -O2 -fPIC -Wall -Wsign-compare -Wfloat-equal -Wpointer-arith -Wcast-align  -c rdkafka_op.c -o rdkafka_op.o
[INFO] [stderr]   gcc -MD -MP -g -O2 -fPIC -Wall -Wsign-compare -Wfloat-equal -Wpointer-arith -Wcast-align  -c rdkafka_request.c -o rdkafka_request.o
[INFO] [stderr]   gcc -MD -MP -g -O2 -fPIC -Wall -Wsign-compare -Wfloat-equal -Wpointer-arith -Wcast-align  -c rdkafka_cgrp.c -o rdkafka_cgrp.o
[INFO] [stderr]   gcc -MD -MP -g -O2 -fPIC -Wall -Wsign-compare -Wfloat-equal -Wpointer-arith -Wcast-align  -c rdkafka_pattern.c -o rdkafka_pattern.o
[INFO] [stderr]   gcc -MD -MP -g -O2 -fPIC -Wall -Wsign-compare -Wfloat-equal -Wpointer-arith -Wcast-align  -c rdkafka_partition.c -o rdkafka_partition.o
[INFO] [stderr]   gcc -MD -MP -g -O2 -fPIC -Wall -Wsign-compare -Wfloat-equal -Wpointer-arith -Wcast-align  -c rdkafka_subscription.c -o rdkafka_subscription.o
[INFO] [stderr]   gcc -MD -MP -g -O2 -fPIC -Wall -Wsign-compare -Wfloat-equal -Wpointer-arith -Wcast-align  -c rdkafka_assignment.c -o rdkafka_assignment.o
[INFO] [stderr]   gcc -MD -MP -g -O2 -fPIC -Wall -Wsign-compare -Wfloat-equal -Wpointer-arith -Wcast-align  -c rdkafka_assignor.c -o rdkafka_assignor.o
[INFO] [stderr]   gcc -MD -MP -g -O2 -fPIC -Wall -Wsign-compare -Wfloat-equal -Wpointer-arith -Wcast-align  -c rdkafka_range_assignor.c -o rdkafka_range_assignor.o
[INFO] [stderr]   gcc -MD -MP -g -O2 -fPIC -Wall -Wsign-compare -Wfloat-equal -Wpointer-arith -Wcast-align  -c rdkafka_roundrobin_assignor.c -o rdkafka_roundrobin_assignor.o
[INFO] [stderr]   gcc -MD -MP -g -O2 -fPIC -Wall -Wsign-compare -Wfloat-equal -Wpointer-arith -Wcast-align  -c rdkafka_sticky_assignor.c -o rdkafka_sticky_assignor.o
[INFO] [stderr]   gcc -MD -MP -g -O2 -fPIC -Wall -Wsign-compare -Wfloat-equal -Wpointer-arith -Wcast-align  -c rdkafka_feature.c -o rdkafka_feature.o
[INFO] [stderr]   gcc -MD -MP -g -O2 -fPIC -Wall -Wsign-compare -Wfloat-equal -Wpointer-arith -Wcast-align  -c rdcrc32.c -o rdcrc32.o
[INFO] [stderr]   gcc -MD -MP -g -O2 -fPIC -Wall -Wsign-compare -Wfloat-equal -Wpointer-arith -Wcast-align  -c crc32c.c -o crc32c.o
[INFO] [stderr]   gcc -MD -MP -g -O2 -fPIC -Wall -Wsign-compare -Wfloat-equal -Wpointer-arith -Wcast-align  -c rdmurmur2.c -o rdmurmur2.o
[INFO] [stderr]   gcc -MD -MP -g -O2 -fPIC -Wall -Wsign-compare -Wfloat-equal -Wpointer-arith -Wcast-align  -c rdfnv1a.c -o rdfnv1a.o
[INFO] [stderr]   gcc -MD -MP -g -O2 -fPIC -Wall -Wsign-compare -Wfloat-equal -Wpointer-arith -Wcast-align  -c cJSON.c -o cJSON.o
[INFO] [stderr]   gcc -MD -MP -g -O2 -fPIC -Wall -Wsign-compare -Wfloat-equal -Wpointer-arith -Wcast-align  -c rdaddr.c -o rdaddr.o
[INFO] [stderr]   gcc -MD -MP -g -O2 -fPIC -Wall -Wsign-compare -Wfloat-equal -Wpointer-arith -Wcast-align  -c rdrand.c -o rdrand.o
[INFO] [stderr]   gcc -MD -MP -g -O2 -fPIC -Wall -Wsign-compare -Wfloat-equal -Wpointer-arith -Wcast-align  -c rdlist.c -o rdlist.o
[INFO] [stderr]   gcc -MD -MP -g -O2 -fPIC -Wall -Wsign-compare -Wfloat-equal -Wpointer-arith -Wcast-align  -c tinycthread.c -o tinycthread.o
[INFO] [stderr]   gcc -MD -MP -g -O2 -fPIC -Wall -Wsign-compare -Wfloat-equal -Wpointer-arith -Wcast-align  -c tinycthread_extra.c -o tinycthread_extra.o
[INFO] [stderr]   gcc -MD -MP -g -O2 -fPIC -Wall -Wsign-compare -Wfloat-equal -Wpointer-arith -Wcast-align  -c rdlog.c -o rdlog.o
[INFO] [stderr]   gcc -MD -MP -g -O2 -fPIC -Wall -Wsign-compare -Wfloat-equal -Wpointer-arith -Wcast-align  -c rdstring.c -o rdstring.o
[INFO] [stderr]   gcc -MD -MP -g -O2 -fPIC -Wall -Wsign-compare -Wfloat-equal -Wpointer-arith -Wcast-align  -c rdkafka_event.c -o rdkafka_event.o
[INFO] [stderr]   gcc -MD -MP -g -O2 -fPIC -Wall -Wsign-compare -Wfloat-equal -Wpointer-arith -Wcast-align  -c rdkafka_metadata.c -o rdkafka_metadata.o
[INFO] [stderr]   gcc -MD -MP -g -O2 -fPIC -Wall -Wsign-compare -Wfloat-equal -Wpointer-arith -Wcast-align  -c rdregex.c -o rdregex.o
[INFO] [stderr]   gcc -MD -MP -g -O2 -fPIC -Wall -Wsign-compare -Wfloat-equal -Wpointer-arith -Wcast-align  -c rdports.c -o rdports.o
[INFO] [stderr]   gcc -MD -MP -g -O2 -fPIC -Wall -Wsign-compare -Wfloat-equal -Wpointer-arith -Wcast-align  -c rdkafka_metadata_cache.c -o rdkafka_metadata_cache.o
[INFO] [stderr]   gcc -MD -MP -g -O2 -fPIC -Wall -Wsign-compare -Wfloat-equal -Wpointer-arith -Wcast-align  -c rdavl.c -o rdavl.o
[INFO] [stderr]   gcc -MD -MP -g -O2 -fPIC -Wall -Wsign-compare -Wfloat-equal -Wpointer-arith -Wcast-align  -c rdkafka_sasl.c -o rdkafka_sasl.o
[INFO] [stderr]   gcc -MD -MP -g -O2 -fPIC -Wall -Wsign-compare -Wfloat-equal -Wpointer-arith -Wcast-align  -c rdkafka_sasl_plain.c -o rdkafka_sasl_plain.o
[INFO] [stderr]   gcc -MD -MP -g -O2 -fPIC -Wall -Wsign-compare -Wfloat-equal -Wpointer-arith -Wcast-align  -c rdkafka_interceptor.c -o rdkafka_interceptor.o
[INFO] [stderr]   gcc -MD -MP -g -O2 -fPIC -Wall -Wsign-compare -Wfloat-equal -Wpointer-arith -Wcast-align  -c rdkafka_msgset_writer.c -o rdkafka_msgset_writer.o
[INFO] [stderr]   gcc -MD -MP -g -O2 -fPIC -Wall -Wsign-compare -Wfloat-equal -Wpointer-arith -Wcast-align  -c rdkafka_msgset_reader.c -o rdkafka_msgset_reader.o
[INFO] [stderr]   gcc -MD -MP -g -O2 -fPIC -Wall -Wsign-compare -Wfloat-equal -Wpointer-arith -Wcast-align  -c rdkafka_header.c -o rdkafka_header.o
[INFO] [stderr]   gcc -MD -MP -g -O2 -fPIC -Wall -Wsign-compare -Wfloat-equal -Wpointer-arith -Wcast-align  -c rdkafka_admin.c -o rdkafka_admin.o
[INFO] [stderr]   gcc -MD -MP -g -O2 -fPIC -Wall -Wsign-compare -Wfloat-equal -Wpointer-arith -Wcast-align  -c rdkafka_aux.c -o rdkafka_aux.o
[INFO] [stderr]   gcc -MD -MP -g -O2 -fPIC -Wall -Wsign-compare -Wfloat-equal -Wpointer-arith -Wcast-align  -c rdkafka_background.c -o rdkafka_background.o
[INFO] [stderr]   gcc -MD -MP -g -O2 -fPIC -Wall -Wsign-compare -Wfloat-equal -Wpointer-arith -Wcast-align  -c rdkafka_idempotence.c -o rdkafka_idempotence.o
[INFO] [stderr]   gcc -MD -MP -g -O2 -fPIC -Wall -Wsign-compare -Wfloat-equal -Wpointer-arith -Wcast-align  -c rdkafka_cert.c -o rdkafka_cert.o
[INFO] [stderr]   gcc -MD -MP -g -O2 -fPIC -Wall -Wsign-compare -Wfloat-equal -Wpointer-arith -Wcast-align  -c rdkafka_txnmgr.c -o rdkafka_txnmgr.o
[INFO] [stderr]   gcc -MD -MP -g -O2 -fPIC -Wall -Wsign-compare -Wfloat-equal -Wpointer-arith -Wcast-align  -c rdkafka_coord.c -o rdkafka_coord.o
[INFO] [stderr]   gcc -MD -MP -g -O2 -fPIC -Wall -Wsign-compare -Wfloat-equal -Wpointer-arith -Wcast-align  -c rdbase64.c -o rdbase64.o
[INFO] [stderr]   gcc -MD -MP -g -O2 -fPIC -Wall -Wsign-compare -Wfloat-equal -Wpointer-arith -Wcast-align  -c rdvarint.c -o rdvarint.o
[INFO] [stderr]   gcc -MD -MP -g -O2 -fPIC -Wall -Wsign-compare -Wfloat-equal -Wpointer-arith -Wcast-align  -c rdbuf.c -o rdbuf.o
[INFO] [stderr]   gcc -MD -MP -g -O2 -fPIC -Wall -Wsign-compare -Wfloat-equal -Wpointer-arith -Wcast-align  -c rdmap.c -o rdmap.o
[INFO] [stderr]   gcc -MD -MP -g -O2 -fPIC -Wall -Wsign-compare -Wfloat-equal -Wpointer-arith -Wcast-align  -c rdunittest.c -o rdunittest.o
[INFO] [stderr]   gcc -MD -MP -g -O2 -fPIC -Wall -Wsign-compare -Wfloat-equal -Wpointer-arith -Wcast-align  -c rdkafka_mock.c -o rdkafka_mock.o
[INFO] [stderr]   gcc -MD -MP -g -O2 -fPIC -Wall -Wsign-compare -Wfloat-equal -Wpointer-arith -Wcast-align  -c rdkafka_mock_handlers.c -o rdkafka_mock_handlers.o
[INFO] [stderr]   gcc -MD -MP -g -O2 -fPIC -Wall -Wsign-compare -Wfloat-equal -Wpointer-arith -Wcast-align  -c rdkafka_mock_cgrp.c -o rdkafka_mock_cgrp.o
[INFO] [stderr]   gcc -MD -MP -g -O2 -fPIC -Wall -Wsign-compare -Wfloat-equal -Wpointer-arith -Wcast-align  -c rdkafka_error.c -o rdkafka_error.o
[INFO] [stderr]   gcc -MD -MP -g -O2 -fPIC -Wall -Wsign-compare -Wfloat-equal -Wpointer-arith -Wcast-align  -c rdkafka_fetcher.c -o rdkafka_fetcher.o
[INFO] [stderr]   gcc -MD -MP -g -O2 -fPIC -Wall -Wsign-compare -Wfloat-equal -Wpointer-arith -Wcast-align  -c snappy.c -o snappy.o
[INFO] [stderr]   gcc -MD -MP -g -O2 -fPIC -Wall -Wsign-compare -Wfloat-equal -Wpointer-arith -Wcast-align  -c rdgz.c -o rdgz.o
[INFO] [stderr]   gcc -MD -MP -g -O2 -fPIC -Wall -Wsign-compare -Wfloat-equal -Wpointer-arith -Wcast-align  -c rdhdrhistogram.c -o rdhdrhistogram.o
[INFO] [stderr]   gcc -MD -MP -g -O2 -fPIC -Wall -Wsign-compare -Wfloat-equal -Wpointer-arith -Wcast-align  -c rdkafka_lz4.c -o rdkafka_lz4.o
[INFO] [stderr]   gcc -MD -MP -g -O2 -fPIC -Wall -Wsign-compare -Wfloat-equal -Wpointer-arith -Wcast-align  -O3 -c rdxxhash.c -o rdxxhash.o
[INFO] [stderr]   gcc -MD -MP -g -O2 -fPIC -Wall -Wsign-compare -Wfloat-equal -Wpointer-arith -Wcast-align  -O3 -c lz4.c -o lz4.o
[INFO] [stderr]   gcc -MD -MP -g -O2 -fPIC -Wall -Wsign-compare -Wfloat-equal -Wpointer-arith -Wcast-align  -O3 -c lz4frame.c -o lz4frame.o
[INFO] [stderr]   gcc -MD -MP -g -O2 -fPIC -Wall -Wsign-compare -Wfloat-equal -Wpointer-arith -Wcast-align  -O3 -c lz4hc.c -o lz4hc.o
[INFO] [stderr]   gcc -MD -MP -g -O2 -fPIC -Wall -Wsign-compare -Wfloat-equal -Wpointer-arith -Wcast-align  -c rddl.c -o rddl.o
[INFO] [stderr]   gcc -MD -MP -g -O2 -fPIC -Wall -Wsign-compare -Wfloat-equal -Wpointer-arith -Wcast-align  -c rdkafka_plugin.c -o rdkafka_plugin.o
[INFO] [stderr]   Generating linker script librdkafka.lds from rdkafka.h rdkafka_mock.h
[INFO] [stderr]   Generating pkg-config file rdkafka.pc
[INFO] [stderr]   Creating shared library librdkafka.so.1
[INFO] [stderr]   gcc  -shared -Wl,-soname,librdkafka.so.1 -Wl,--version-script=librdkafka.lds rdkafka.o rdkafka_broker.o rdkafka_msg.o rdkafka_topic.o rdkafka_conf.o rdkafka_timer.o rdkafka_offset.o rdkafka_transport.o rdkafka_buf.o rdkafka_queue.o rdkafka_op.o rdkafka_request.o rdkafka_cgrp.o rdkafka_pattern.o rdkafka_partition.o rdkafka_subscription.o rdkafka_assignment.o rdkafka_assignor.o rdkafka_range_assignor.o rdkafka_roundrobin_assignor.o rdkafka_sticky_assignor.o rdkafka_feature.o rdcrc32.o crc32c.o rdmurmur2.o rdfnv1a.o cJSON.o rdaddr.o rdrand.o rdlist.o tinycthread.o tinycthread_extra.o rdlog.o rdstring.o rdkafka_event.o rdkafka_metadata.o rdregex.o rdports.o rdkafka_metadata_cache.o rdavl.o rdkafka_sasl.o rdkafka_sasl_plain.o rdkafka_interceptor.o rdkafka_msgset_writer.o rdkafka_msgset_reader.o rdkafka_header.o rdkafka_admin.o rdkafka_aux.o rdkafka_background.o rdkafka_idempotence.o rdkafka_cert.o rdkafka_txnmgr.o rdkafka_coord.o rdbase64.o rdvarint.o rdbuf.o rdmap.o rdunittest.o rdkafka_mock.o rdkafka_mock_handlers.o rdkafka_mock_cgrp.o rdkafka_error.o rdkafka_fetcher.o snappy.o rdgz.o rdhdrhistogram.o rdkafka_lz4.o rdxxhash.o lz4.o lz4frame.o lz4hc.o rddl.o rdkafka_plugin.o -o librdkafka.so.1 -lm -lz -ldl -lpthread -lrt -lpthread -lrt
[INFO] [stderr]   Creating static library librdkafka.a
[INFO] [stderr]   ar rcs librdkafka.a rdkafka.o rdkafka_broker.o rdkafka_msg.o rdkafka_topic.o rdkafka_conf.o rdkafka_timer.o rdkafka_offset.o rdkafka_transport.o rdkafka_buf.o rdkafka_queue.o rdkafka_op.o rdkafka_request.o rdkafka_cgrp.o rdkafka_pattern.o rdkafka_partition.o rdkafka_subscription.o rdkafka_assignment.o rdkafka_assignor.o rdkafka_range_assignor.o rdkafka_roundrobin_assignor.o rdkafka_sticky_assignor.o rdkafka_feature.o rdcrc32.o crc32c.o rdmurmur2.o rdfnv1a.o cJSON.o rdaddr.o rdrand.o rdlist.o tinycthread.o tinycthread_extra.o rdlog.o rdstring.o rdkafka_event.o rdkafka_metadata.o rdregex.o rdports.o rdkafka_metadata_cache.o rdavl.o rdkafka_sasl.o rdkafka_sasl_plain.o rdkafka_interceptor.o rdkafka_msgset_writer.o rdkafka_msgset_reader.o rdkafka_header.o rdkafka_admin.o rdkafka_aux.o rdkafka_background.o rdkafka_idempotence.o rdkafka_cert.o rdkafka_txnmgr.o rdkafka_coord.o rdbase64.o rdvarint.o rdbuf.o rdmap.o rdunittest.o rdkafka_mock.o rdkafka_mock_handlers.o rdkafka_mock_cgrp.o rdkafka_error.o rdkafka_fetcher.o snappy.o rdgz.o rdhdrhistogram.o rdkafka_lz4.o rdxxhash.o lz4.o lz4frame.o lz4hc.o rddl.o rdkafka_plugin.o
[INFO] [stderr]   cp librdkafka.a librdkafka-dbg.a
[INFO] [stderr]   WARNING: librdkafka-static.a: No static libraries available/enabled for inclusion in self-contained static library librdkafka-static.a: this library will be identical to librdkafka.a
[INFO] [stderr]   WARNING: librdkafka-static.a: The following libraries were not available as static libraries and need to be linked dynamically: -lm -lz -ldl -lpthread -lrt -lpthread -lrt
[INFO] [stderr]   cp librdkafka.a librdkafka-static.a
[INFO] [stderr]   cp librdkafka-dbg.a librdkafka-static-dbg.a
[INFO] [stderr]   cp librdkafka-static.a librdkafka-static-dbg.a
[INFO] [stderr]   Generating pkg-config file rdkafka-static.pc
[INFO] [stderr]   cp librdkafka.so.1 librdkafka-dbg.so.1
[INFO] [stderr]   Creating librdkafka.so symlink
[INFO] [stderr]   rm -f "librdkafka.so" && ln -s "librdkafka.so.1" "librdkafka.so"
[INFO] [stderr]   Checking librdkafka integrity
[INFO] [stderr]   librdkafka.so.1                OK
[INFO] [stderr]   librdkafka.a                   OK
[INFO] [stderr]   Symbol visibility              OK
[INFO] [stderr]   make[1]: Leaving directory '/opt/rustwide/target/debug/build/rdkafka-sys/cbc8a78eff3ab7b8/out/src'
[INFO] [stderr]   make[1]: Entering directory '/opt/rustwide/target/debug/build/rdkafka-sys/cbc8a78eff3ab7b8/out/src-cpp'
[INFO] [stderr]   g++ -MD -MP -g -O2 -fPIC -Wall -Wsign-compare -Wfloat-equal -Wpointer-arith -Wcast-align -Wno-non-virtual-dtor -c RdKafka.cpp -o RdKafka.o
[INFO] [stderr]   g++ -MD -MP -g -O2 -fPIC -Wall -Wsign-compare -Wfloat-equal -Wpointer-arith -Wcast-align -Wno-non-virtual-dtor -c ConfImpl.cpp -o ConfImpl.o
[INFO] [stderr]   g++ -MD -MP -g -O2 -fPIC -Wall -Wsign-compare -Wfloat-equal -Wpointer-arith -Wcast-align -Wno-non-virtual-dtor -c HandleImpl.cpp -o HandleImpl.o
[INFO] [stderr]   g++ -MD -MP -g -O2 -fPIC -Wall -Wsign-compare -Wfloat-equal -Wpointer-arith -Wcast-align -Wno-non-virtual-dtor -c ConsumerImpl.cpp -o ConsumerImpl.o
[INFO] [stderr]   g++ -MD -MP -g -O2 -fPIC -Wall -Wsign-compare -Wfloat-equal -Wpointer-arith -Wcast-align -Wno-non-virtual-dtor -c ProducerImpl.cpp -o ProducerImpl.o
[INFO] [stderr]   g++ -MD -MP -g -O2 -fPIC -Wall -Wsign-compare -Wfloat-equal -Wpointer-arith -Wcast-align -Wno-non-virtual-dtor -c KafkaConsumerImpl.cpp -o KafkaConsumerImpl.o
[INFO] [stderr]   g++ -MD -MP -g -O2 -fPIC -Wall -Wsign-compare -Wfloat-equal -Wpointer-arith -Wcast-align -Wno-non-virtual-dtor -c TopicImpl.cpp -o TopicImpl.o
[INFO] [stderr]   g++ -MD -MP -g -O2 -fPIC -Wall -Wsign-compare -Wfloat-equal -Wpointer-arith -Wcast-align -Wno-non-virtual-dtor -c TopicPartitionImpl.cpp -o TopicPartitionImpl.o
[INFO] [stderr]   g++ -MD -MP -g -O2 -fPIC -Wall -Wsign-compare -Wfloat-equal -Wpointer-arith -Wcast-align -Wno-non-virtual-dtor -c MessageImpl.cpp -o MessageImpl.o
[INFO] [stderr]   g++ -MD -MP -g -O2 -fPIC -Wall -Wsign-compare -Wfloat-equal -Wpointer-arith -Wcast-align -Wno-non-virtual-dtor -c HeadersImpl.cpp -o HeadersImpl.o
[INFO] [stderr]   g++ -MD -MP -g -O2 -fPIC -Wall -Wsign-compare -Wfloat-equal -Wpointer-arith -Wcast-align -Wno-non-virtual-dtor -c QueueImpl.cpp -o QueueImpl.o
[INFO] [stderr]   g++ -MD -MP -g -O2 -fPIC -Wall -Wsign-compare -Wfloat-equal -Wpointer-arith -Wcast-align -Wno-non-virtual-dtor -c MetadataImpl.cpp -o MetadataImpl.o
[INFO] [stderr]   Generating pkg-config file rdkafka++.pc
[INFO] [stderr]   Generating pkg-config file rdkafka++-static.pc
[INFO] [stderr]   make[1]: Leaving directory '/opt/rustwide/target/debug/build/rdkafka-sys/cbc8a78eff3ab7b8/out/src-cpp'
[INFO] [stderr] 
[INFO] [stderr]   --- stderr
[INFO] [stderr]   Building and linking librdkafka statically
[INFO] [stderr]   Running command: "cp -a librdkafka/. /opt/rustwide/target/debug/build/rdkafka-sys/cbc8a78eff3ab7b8/out" in dir: .
[INFO] [stderr]   Running command: "/opt/rustwide/target/debug/build/rdkafka-sys/cbc8a78eff3ab7b8/out/configure --disable-ssl --disable-gssapi --disable-curl --disable-zstd --disable-lz4-ext" in dir: /opt/rustwide/target/debug/build/rdkafka-sys/cbc8a78eff3ab7b8/out
[INFO] [stderr]   Running command: "make libs" in dir: /opt/rustwide/target/debug/build/rdkafka-sys/cbc8a78eff3ab7b8/out
[INFO] [stderr]   rdkafka_aux.c: In function 'rd_kafka_Node_new_from_brokers':
[INFO] [stderr]   rdkafka_aux.c:270:13: warning: initialization discards 'const' qualifier from pointer target type [-Wdiscarded-qualifiers]
[INFO] [stderr]     270 |             bsearch(&key_sorted, brokers_sorted, broker_cnt,
[INFO] [stderr]         |             ^~~~~~~
[INFO] [stderr]   rdkafka_aux.c:275:13: warning: initialization discards 'const' qualifier from pointer target type [-Wdiscarded-qualifiers]
[INFO] [stderr]     275 |             bsearch(&key_internal, brokers_internal, broker_cnt,
[INFO] [stderr]         |             ^~~~~~~
[INFO] [stderr]   g++: fatal error: Killed signal terminated program cc1plus
[INFO] [stderr]   compilation terminated.
[INFO] [stderr]   make[1]: *** [../mklove/Makefile.base:100: MetadataImpl.o] Error 1
[INFO] [stderr]   make[1]: *** Waiting for unfinished jobs....
[INFO] [stderr]   make: *** [Makefile:27: libs] Error 2
[INFO] [stderr] 
[INFO] [stderr]   thread 'main' (451) panicked at /opt/rustwide/cargo-home/registry/src/index.crates.io-1949cf8c6b5b557f/rdkafka-sys-4.8.0+2.3.0/build.rs:36:33:
[INFO] [stderr]   Command failed with error code 2
[INFO] [stderr]   stack backtrace:
[INFO] [stderr]      0:     0x5e1c75dfcd61 - std[6ef242c1f0979732]::backtrace_rs::backtrace::libunwind::trace
[INFO] [stderr]                                  at /rustc/0335fc7ee9e33d92e03d99f3e2fb0fe6119f3cc0/library/std/src/../../backtrace/src/backtrace/libunwind.rs:117:9
[INFO] [stderr]      1:     0x5e1c75dfcd61 - std[6ef242c1f0979732]::backtrace_rs::backtrace::trace_unsynchronized::<std[6ef242c1f0979732]::sys::backtrace::_print_fmt::{closure#1}>
[INFO] [stderr]                                  at /rustc/0335fc7ee9e33d92e03d99f3e2fb0fe6119f3cc0/library/std/src/../../backtrace/src/backtrace/mod.rs:66:14
[INFO] [stderr]      2:     0x5e1c75dfcd61 - std[6ef242c1f0979732]::sys::backtrace::_print_fmt
[INFO] [stderr]                                  at /rustc/0335fc7ee9e33d92e03d99f3e2fb0fe6119f3cc0/library/std/src/sys/backtrace.rs:74:9
[INFO] [stderr]      3:     0x5e1c75dfcd61 - <<std[6ef242c1f0979732]::sys::backtrace::BacktraceLock>::print::DisplayBacktrace as core[df73c6affdc16dad]::fmt::Display>::fmt
[INFO] [stderr]                                  at /rustc/0335fc7ee9e33d92e03d99f3e2fb0fe6119f3cc0/library/std/src/sys/backtrace.rs:44:26
[INFO] [stderr]      4:     0x5e1c75e0e74a - <core[df73c6affdc16dad]::fmt::rt::Argument>::fmt
[INFO] [stderr]                                  at /rustc/0335fc7ee9e33d92e03d99f3e2fb0fe6119f3cc0/library/core/src/fmt/rt.rs:152:76
[INFO] [stderr]      5:     0x5e1c75e0e74a - core[df73c6affdc16dad]::fmt::write
[INFO] [stderr]      6:     0x5e1c75e00dec - core[df73c6affdc16dad]::io::write::default_write_fmt::<std[6ef242c1f0979732]::sys::stdio::unix::Stderr>
[INFO] [stderr]                                  at /rustc/0335fc7ee9e33d92e03d99f3e2fb0fe6119f3cc0/library/core/src/io/write.rs:402:11
[INFO] [stderr]      7:     0x5e1c75e00dec - <std[6ef242c1f0979732]::sys::stdio::unix::Stderr as core[df73c6affdc16dad]::io::write::Write>::write_fmt
[INFO] [stderr]                                  at /rustc/0335fc7ee9e33d92e03d99f3e2fb0fe6119f3cc0/library/core/src/io/write.rs:335:13
[INFO] [stderr]      8:     0x5e1c75dddb56 - <std[6ef242c1f0979732]::sys::backtrace::BacktraceLock>::print
[INFO] [stderr]                                  at /rustc/0335fc7ee9e33d92e03d99f3e2fb0fe6119f3cc0/library/std/src/sys/backtrace.rs:47:9
[INFO] [stderr]      9:     0x5e1c75dddb56 - std[6ef242c1f0979732]::panicking::default_hook::{closure#0}
[INFO] [stderr]                                  at /rustc/0335fc7ee9e33d92e03d99f3e2fb0fe6119f3cc0/library/std/src/panicking.rs:289:27
[INFO] [stderr]     10:     0x5e1c75df80b1 - std[6ef242c1f0979732]::panicking::default_hook
[INFO] [stderr]                                  at /rustc/0335fc7ee9e33d92e03d99f3e2fb0fe6119f3cc0/library/std/src/panicking.rs:316:9
[INFO] [stderr]     11:     0x5e1c75df826b - std[6ef242c1f0979732]::panicking::panic_with_hook
[INFO] [stderr]                                  at /rustc/0335fc7ee9e33d92e03d99f3e2fb0fe6119f3cc0/library/std/src/panicking.rs:811:13
[INFO] [stderr]     12:     0x5e1c75dddc02 - std[6ef242c1f0979732]::panicking::panic_handler::{closure#0}
[INFO] [stderr]                                  at /rustc/0335fc7ee9e33d92e03d99f3e2fb0fe6119f3cc0/library/std/src/panicking.rs:685:13
[INFO] [stderr]     13:     0x5e1c75dd62e9 - std[6ef242c1f0979732]::sys::backtrace::__rust_end_short_backtrace::<std[6ef242c1f0979732]::panicking::panic_handler::{closure#0}, !>
[INFO] [stderr]                                  at /rustc/0335fc7ee9e33d92e03d99f3e2fb0fe6119f3cc0/library/std/src/sys/backtrace.rs:182:18
[INFO] [stderr]     14:     0x5e1c75dde48d - __rustc[db1a081c10ab11d6]::rust_begin_unwind
[INFO] [stderr]                                  at /rustc/0335fc7ee9e33d92e03d99f3e2fb0fe6119f3cc0/library/std/src/panicking.rs:676:5
[INFO] [stderr]     15:     0x5e1c75e0eedc - core[df73c6affdc16dad]::panicking::panic_fmt
[INFO] [stderr]                                  at /rustc/0335fc7ee9e33d92e03d99f3e2fb0fe6119f3cc0/library/core/src/panicking.rs:80:14
[INFO] [stderr]     16:     0x5e1c75da5b18 - build_script_build[c95eaa66e18af37c]::run_command_or_fail::<&str, &str>
[INFO] [stderr]     17:     0x5e1c75da8ad8 - build_script_build[c95eaa66e18af37c]::build_librdkafka
[INFO] [stderr]     18:     0x5e1c75da8ed0 - build_script_build[c95eaa66e18af37c]::main
[INFO] [stderr]     19:     0x5e1c75da9c73 - <fn() as core[df73c6affdc16dad]::ops::function::FnOnce<()>>::call_once
[INFO] [stderr]     20:     0x5e1c75da6b56 - std[6ef242c1f0979732]::sys::backtrace::__rust_begin_short_backtrace::<fn(), ()>
[INFO] [stderr]     21:     0x5e1c75da6ce9 - std[6ef242c1f0979732]::rt::lang_start::<()>::{closure#0}
[INFO] [stderr]     22:     0x5e1c75df74b8 - <&dyn core[df73c6affdc16dad]::ops::function::Fn<(), Output = i32> + core[df73c6affdc16dad]::panic::unwind_safe::RefUnwindSafe + core[df73c6affdc16dad]::marker::Sync as core[df73c6affdc16dad]::ops::function::FnOnce<()>>::call_once
[INFO] [stderr]                                  at /rustc/0335fc7ee9e33d92e03d99f3e2fb0fe6119f3cc0/library/core/src/ops/function.rs:287:21
[INFO] [stderr]     23:     0x5e1c75df74b8 - std[6ef242c1f0979732]::panicking::catch_unwind::do_call::<&dyn core[df73c6affdc16dad]::ops::function::Fn<(), Output = i32> + core[df73c6affdc16dad]::panic::unwind_safe::RefUnwindSafe + core[df73c6affdc16dad]::marker::Sync, i32>
[INFO] [stderr]                                  at /rustc/0335fc7ee9e33d92e03d99f3e2fb0fe6119f3cc0/library/std/src/panicking.rs:573:43
[INFO] [stderr]     24:     0x5e1c75df74b8 - std[6ef242c1f0979732]::panicking::catch_unwind::<i32, &dyn core[df73c6affdc16dad]::ops::function::Fn<(), Output = i32> + core[df73c6affdc16dad]::panic::unwind_safe::RefUnwindSafe + core[df73c6affdc16dad]::marker::Sync>
[INFO] [stderr]                                  at /rustc/0335fc7ee9e33d92e03d99f3e2fb0fe6119f3cc0/library/std/src/panicking.rs:541:19
[INFO] [stderr]     25:     0x5e1c75df74b8 - std[6ef242c1f0979732]::panic::catch_unwind::<&dyn core[df73c6affdc16dad]::ops::function::Fn<(), Output = i32> + core[df73c6affdc16dad]::panic::unwind_safe::RefUnwindSafe + core[df73c6affdc16dad]::marker::Sync, i32>
[INFO] [stderr]                                  at /rustc/0335fc7ee9e33d92e03d99f3e2fb0fe6119f3cc0/library/std/src/panic.rs:359:14
[INFO] [stderr]     26:     0x5e1c75df74b8 - std[6ef242c1f0979732]::rt::lang_start_internal::{closure#0}
[INFO] [stderr]                                  at /rustc/0335fc7ee9e33d92e03d99f3e2fb0fe6119f3cc0/library/std/src/rt.rs:175:24
[INFO] [stderr]     27:     0x5e1c75df74b8 - std[6ef242c1f0979732]::panicking::catch_unwind::do_call::<std[6ef242c1f0979732]::rt::lang_start_internal::{closure#0}, isize>
[INFO] [stderr]                                  at /rustc/0335fc7ee9e33d92e03d99f3e2fb0fe6119f3cc0/library/std/src/panicking.rs:573:43
[INFO] [stderr]     28:     0x5e1c75df74b8 - std[6ef242c1f0979732]::panicking::catch_unwind::<isize, std[6ef242c1f0979732]::rt::lang_start_internal::{closure#0}>
[INFO] [stderr]                                  at /rustc/0335fc7ee9e33d92e03d99f3e2fb0fe6119f3cc0/library/std/src/panicking.rs:541:19
[INFO] [stderr]     29:     0x5e1c75df74b8 - std[6ef242c1f0979732]::panic::catch_unwind::<std[6ef242c1f0979732]::rt::lang_start_internal::{closure#0}, isize>
[INFO] [stderr]                                  at /rustc/0335fc7ee9e33d92e03d99f3e2fb0fe6119f3cc0/library/std/src/panic.rs:359:14
[INFO] [stderr]     30:     0x5e1c75df74b8 - std[6ef242c1f0979732]::rt::lang_start_internal
[INFO] [stderr]                                  at /rustc/0335fc7ee9e33d92e03d99f3e2fb0fe6119f3cc0/library/std/src/rt.rs:171:5
[INFO] [stderr]     31:     0x5e1c75da68a1 - std[6ef242c1f0979732]::rt::lang_start::<()>
[INFO] [stderr]     32:     0x5e1c75da9cc5 - main
[INFO] [stderr]     33:     0x74520d930601 - <unknown>
[INFO] [stderr]     34:     0x74520d930718 - __libc_start_main
[INFO] [stderr]     35:     0x5e1c75da5405 - _start
[INFO] [stderr]     36:                0x0 - <unknown>
[INFO] running `Command { std: "docker" "inspect" "39209e3d5381138027dfa7a08439d5de43e7d6499cd198b4628768b6fa976cdd", kill_on_drop: false }`
[INFO] running `Command { std: "docker" "rm" "-f" "39209e3d5381138027dfa7a08439d5de43e7d6499cd198b4628768b6fa976cdd", kill_on_drop: false }`
[INFO] [stdout] 39209e3d5381138027dfa7a08439d5de43e7d6499cd198b4628768b6fa976cdd
