[INFO] fetching crate xgrammar 0.5.0...
[INFO] checking xgrammar-0.5.0 against ed77b7b8699e342c2dc842c83cb5fe4025252ee8 for pr-158915-1
[INFO] extracting crate xgrammar 0.5.0 into /workspace/builds/worker-1-tc1/source
[INFO] started tweaking crates.io crate xgrammar 0.5.0
[INFO] removed 0 missing tests
[INFO] finished tweaking crates.io crate xgrammar 0.5.0
[INFO] tweaked toml for crates.io crate xgrammar 0.5.0 written to /workspace/builds/worker-1-tc1/source/Cargo.toml
[INFO] validating manifest of crates.io crate xgrammar 0.5.0 on toolchain ed77b7b8699e342c2dc842c83cb5fe4025252ee8
[INFO] running `Command { std: CARGO_HOME="/workspace/cargo-home" RUSTUP_HOME="/workspace/rustup-home" "/workspace/cargo-home/bin/cargo" "+ed77b7b8699e342c2dc842c83cb5fe4025252ee8" "metadata" "--manifest-path" "Cargo.toml" "--no-deps", kill_on_drop: false }`
[INFO] crate crates.io crate xgrammar 0.5.0 already has a lockfile, it will not be regenerated
[INFO] running `Command { std: CARGO_HOME="/workspace/cargo-home" RUSTUP_HOME="/workspace/rustup-home" "/workspace/cargo-home/bin/cargo" "+ed77b7b8699e342c2dc842c83cb5fe4025252ee8" "fetch" "--manifest-path" "Cargo.toml", kill_on_drop: false }`
[INFO] [stderr] warning: explicit `package.readme` can be inferred
[INFO] [stderr]   --> Cargo.toml:79:1
[INFO] [stderr]    |
[INFO] [stderr] 79 | readme = "README.md"
[INFO] [stderr]    | ^^^^^^^^^^^^^^^^^^^^
[INFO] [stderr]    |
[INFO] [stderr]    = note: `cargo::manual_readme` is set to `warn` by default
[INFO] [stderr] help: consider removing `package.readme`
[INFO] [stderr] warning: `xgrammar` (manifest) generated 1 warning
[INFO] [stderr]     Updating crates.io index
[INFO] [stderr]  Downloading crates ...
[INFO] [stderr]   Downloaded ndarray-rand v0.15.0
[INFO] [stderr]   Downloaded tokenizers v0.21.4
[INFO] [stderr]   Downloaded dlpark v0.6.0
[INFO] [stderr]   Downloaded cpp_common v0.5.11
[INFO] [stderr]   Downloaded cpp v0.5.11
[INFO] [stderr]   Downloaded cpp_build v0.5.11
[INFO] [stderr]   Downloaded cpp_macros v0.5.11
[INFO] running `Command { std: "docker" "create" "-v" "/var/lib/crater-agent-workspace/builds/worker-1-tc1/source:/opt/rustwide/workdir:ro,Z" "-v" "/var/lib/crater-agent-workspace/builds/worker-1-tc1/target:/opt/rustwide/target:rw,Z" "-v" "/var/lib/crater-agent-workspace/cargo-home:/opt/rustwide/cargo-home:ro,Z" "-v" "/var/lib/crater-agent-workspace/rustup-home:/opt/rustwide/rustup-home:ro,Z" "-m" "1610612736" "--network" "none" "ghcr.io/rust-lang/crates-build-env/linux@sha256:3111399a4047eeb3a02b7a90e478d715f38a8c6669b5c4b49d30a17385265909" "sleep" "infinity", kill_on_drop: false }`
[INFO] [stdout] 49f9ef5719feefbcf631de02315a9ce3c3b5ffacf3ecf383d7f9dd3286353b02
[INFO] running `Command { std: "docker" "start" "49f9ef5719feefbcf631de02315a9ce3c3b5ffacf3ecf383d7f9dd3286353b02", kill_on_drop: false }`
[INFO] running `Command { std: "docker" "inspect" "49f9ef5719feefbcf631de02315a9ce3c3b5ffacf3ecf383d7f9dd3286353b02", kill_on_drop: false }`
[INFO] running `Command { std: "docker" "exec" "-e" "SOURCE_DIR=/opt/rustwide/workdir" "-e" "CARGO_HOME=/opt/rustwide/cargo-home" "-e" "RUSTUP_HOME=/opt/rustwide/rustup-home" "-e" "CARGO_TARGET_DIR=/opt/rustwide/target" "-w" "/opt/rustwide/workdir" "--user" "0:0" "49f9ef5719feefbcf631de02315a9ce3c3b5ffacf3ecf383d7f9dd3286353b02" "/opt/rustwide/cargo-home/bin/cargo" "+ed77b7b8699e342c2dc842c83cb5fe4025252ee8" "metadata" "--no-deps" "--format-version=1", kill_on_drop: false }`
[INFO] running `Command { std: "docker" "inspect" "49f9ef5719feefbcf631de02315a9ce3c3b5ffacf3ecf383d7f9dd3286353b02", kill_on_drop: false }`
[INFO] running `Command { std: "docker" "exec" "-e" "SOURCE_DIR=/opt/rustwide/workdir" "-e" "CARGO_HOME=/opt/rustwide/cargo-home" "-e" "RUSTUP_HOME=/opt/rustwide/rustup-home" "-e" "CARGO_TARGET_DIR=/opt/rustwide/target" "-e" "CARGO_INCREMENTAL=0" "-e" "RUST_BACKTRACE=full" "-e" "RUSTFLAGS=--cap-lints=forbid" "-e" "RUSTDOCFLAGS=--cap-lints=forbid" "-w" "/opt/rustwide/workdir" "--user" "0:0" "49f9ef5719feefbcf631de02315a9ce3c3b5ffacf3ecf383d7f9dd3286353b02" "/opt/rustwide/cargo-home/bin/cargo" "+ed77b7b8699e342c2dc842c83cb5fe4025252ee8" "check" "--frozen" "--all" "--all-targets" "--message-format=json", kill_on_drop: false }`
[INFO] [stderr] warning: explicit `package.readme` can be inferred
[INFO] [stderr]   --> Cargo.toml:79:1
[INFO] [stderr]    |
[INFO] [stderr] 79 | readme = "README.md"
[INFO] [stderr]    | ^^^^^^^^^^^^^^^^^^^^
[INFO] [stderr]    |
[INFO] [stderr]    = note: `cargo::manual_readme` is set to `warn` by default
[INFO] [stderr] help: consider removing `package.readme`
[INFO] [stderr] warning: `xgrammar` (manifest) generated 1 warning
[INFO] [stderr]    Compiling zerocopy v0.8.52
[INFO] [stderr]     Checking smallvec v1.15.2
[INFO] [stderr]    Compiling num-traits v0.2.19
[INFO] [stderr]    Compiling memchr v2.8.2
[INFO] [stderr]    Compiling ring v0.17.14
[INFO] [stderr]    Compiling syn v2.0.118
[INFO] [stderr]     Checking rustls-pki-types v1.15.0
[INFO] [stderr]    Compiling matrixmultiply v0.3.10
[INFO] [stderr]    Compiling onig_sys v69.9.3
[INFO] [stderr]     Checking aho-corasick v1.1.4
[INFO] [stderr]    Compiling rustls v0.23.41
[INFO] [stderr]     Checking either v1.16.0
[INFO] [stderr]     Checking console v0.15.11
[INFO] [stderr]     Checking serde_json v1.0.150
[INFO] [stderr]    Compiling esaxx-rs v0.1.10
[INFO] [stderr]     Checking dirs-sys v0.5.0
[INFO] [stderr]     Checking nom v7.1.3
[INFO] [stderr]     Checking socks v0.3.4
[INFO] [stderr]    Compiling cmake v0.1.58
[INFO] [stderr]     Checking bytes v1.12.0
[INFO] [stderr]     Checking rayon v1.12.0
[INFO] [stderr]     Checking itertools v0.14.0
[INFO] [stderr]     Checking indicatif v0.17.11
[INFO] [stderr]     Checking webpki-roots v1.0.8
[INFO] [stderr]     Checking webpki-roots v0.26.11
[INFO] [stderr]    Compiling macro_rules_attribute-proc_macro v0.2.2
[INFO] [stderr]     Checking unicode-normalization-alignments v0.1.12
[INFO] [stderr]     Checking dirs v6.0.0
[INFO] [stderr]     Checking bstr v1.12.3
[INFO] [stderr]     Checking unicode_categories v0.1.1
[INFO] [stderr]     Checking http v1.4.2
[INFO] [stderr]     Checking tracing-log v0.2.0
[INFO] [stderr]     Checking num-complex v0.4.6
[INFO] [stderr]     Checking num-integer v0.1.46
[INFO] [stderr]     Checking macro_rules_attribute v0.2.2
[INFO] [stderr]     Checking tracing-subscriber v0.3.23
[INFO] [stderr]     Checking regex-automata v0.4.14
[INFO] [stderr]     Checking ndarray v0.16.1
[INFO] [stderr]     Checking rayon-cond v0.4.0
[INFO] [stderr]     Checking regex v1.12.4
[INFO] [stderr]     Checking globset v0.4.18
[INFO] [stderr]     Checking rustls-webpki v0.103.13
[INFO] [stderr]     Checking onig v6.5.3
[INFO] [stderr]    Compiling synstructure v0.13.2
[INFO] [stderr]    Compiling darling_core v0.20.11
[INFO] [stderr]    Compiling cpp_common v0.5.11
[INFO] [stderr]    Compiling cpp_build v0.5.11
[INFO] [stderr]    Compiling zerofrom-derive v0.1.7
[INFO] [stderr]    Compiling yoke-derive v0.8.2
[INFO] [stderr]    Compiling zerovec-derive v0.11.3
[INFO] [stderr]    Compiling displaydoc v0.2.6
[INFO] [stderr]    Compiling serde_derive v1.0.228
[INFO] [stderr]    Compiling thiserror-impl v2.0.18
[INFO] [stderr]    Compiling snafu-derive v0.8.9
[INFO] [stderr]    Compiling monostate-impl v0.1.18
[INFO] [stderr]    Compiling tracing-attributes v0.1.31
[INFO] [stderr]    Compiling ctor v0.2.9
[INFO] [stderr]    Compiling cpp_macros v0.5.11
[INFO] [stderr]     Checking ppv-lite86 v0.2.21
[INFO] [stderr]     Checking rand_chacha v0.9.0
[INFO] [stderr]     Checking rand_chacha v0.3.1
[INFO] [stderr]     Checking monostate v0.1.18
[INFO] [stderr]     Checking rand v0.8.6
[INFO] [stderr]     Checking rand v0.9.4
[INFO] [stderr]    Compiling xgrammar v0.5.0 (/opt/rustwide/workdir)
[INFO] [stderr]     Checking cpp v0.5.11
[INFO] [stderr]     Checking zerofrom v0.1.8
[INFO] [stderr]     Checking yoke v0.8.3
[INFO] [stderr]     Checking thiserror v2.0.18
[INFO] [stderr]     Checking zerotrie v0.2.4
[INFO] [stderr]     Checking zerovec v0.11.6
[INFO] [stderr]     Checking rand_distr v0.4.3
[INFO] [stderr]     Checking tracing v0.1.44
[INFO] [stderr]    Compiling darling_macro v0.20.11
[INFO] [stderr]     Checking ndarray-rand v0.15.0
[INFO] [stderr]     Checking snafu v0.8.9
[INFO] [stderr]    Compiling darling v0.20.11
[INFO] [stderr]    Compiling derive_builder_core v0.20.2
[INFO] [stderr]     Checking tinystr v0.8.3
[INFO] [stderr]     Checking potential_utf v0.1.5
[INFO] [stderr]     Checking dlpark v0.6.0
[INFO] [stderr]     Checking icu_collections v2.2.0
[INFO] [stderr]     Checking icu_locale_core v2.2.0
[INFO] [stderr]     Checking serde v1.0.228
[INFO] [stderr]     Checking icu_provider v2.2.0
[INFO] [stderr]    Compiling derive_builder_macro v0.20.2
[INFO] [stderr]     Checking icu_properties v2.2.0
[INFO] [stderr]     Checking icu_normalizer v2.2.0
[INFO] [stderr]     Checking compact_str v0.9.1
[INFO] [stderr]     Checking ahash v0.8.12
[INFO] [stderr]     Checking dary_heap v0.3.9
[INFO] [stderr]     Checking spm_precompiled v0.1.4
[INFO] [stderr]     Checking derive_builder v0.20.2
[INFO] [stderr]     Checking idna_adapter v1.2.2
[INFO] [stderr]     Checking tokenizers v0.21.4
[INFO] [stderr]     Checking idna v1.1.0
[INFO] [stderr]     Checking url v2.5.8
[INFO] [stderr]     Checking ureq v2.12.1
[INFO] [stderr]     Checking hf-hub v0.4.3
[INFO] [stderr] error: could not compile `tokenizers` (lib)
[INFO] [stderr] 
[INFO] [stderr] Caused by:
[INFO] [stderr]   process didn't exit successfully: `/opt/rustwide/rustup-home/toolchains/ed77b7b8699e342c2dc842c83cb5fe4025252ee8/bin/rustc --crate-name tokenizers --edition=2018 /opt/rustwide/cargo-home/registry/src/index.crates.io-1949cf8c6b5b557f/tokenizers-0.21.4/src/lib.rs --error-format=json --json=diagnostic-rendered-ansi,artifacts,future-incompat,unused-externs-silent --crate-type lib --emit=dep-info,metadata -C embed-bitcode=no -C debuginfo=2 --cfg 'feature="default"' --cfg 'feature="esaxx_fast"' --cfg 'feature="indicatif"' --cfg 'feature="onig"' --cfg 'feature="progressbar"' --check-cfg 'cfg(docsrs,test)' --check-cfg 'cfg(feature, values("default", "esaxx_fast", "fancy-regex", "hf-hub", "http", "indicatif", "onig", "progressbar", "rustls-tls", "unstable_wasm"))' -C metadata=bcbac2cd1b3489e2 -C extra-filename=-5f5dbd262a424329 --out-dir /opt/rustwide/target/debug/build/tokenizers/5f5dbd262a424329/out -L dependency=/opt/rustwide/target/debug/build/aho-corasick/9738fdd189828e3c/out -L dependency=/opt/rustwide/target/debug/build/base64/751017f340c066d6/out -L dependency=/opt/rustwide/target/debug/build/bitflags/42a213aab8397fad/out -L dependency=/opt/rustwide/target/debug/build/castaway/636317c4e15ede4f/out -L dependency=/opt/rustwide/target/debug/build/cfg-if/190c9021fd162845/out -L dependency=/opt/rustwide/target/debug/build/console/416802a6d8194a42/out -L dependency=/opt/rustwide/target/debug/build/crossbeam-deque/fdad849b02bfa1ea/out -L dependency=/opt/rustwide/target/debug/build/crossbeam-epoch/b76a30c82221d246/out -L dependency=/opt/rustwide/target/debug/build/crossbeam-utils/1c9006e854b046b8/out -L dependency=/opt/rustwide/target/debug/build/derive_builder_macro/3b4eda188d08bd26/out -L dependency=/opt/rustwide/target/debug/build/either/1c3a0474c97fdee4/out -L dependency=/opt/rustwide/target/debug/build/getrandom/fc229b79b8b58474/out -L dependency=/opt/rustwide/target/debug/build/itertools/a5ecadda4070dd20/out -L dependency=/opt/rustwide/target/debug/build/itoa/488dcf4f13423b18/out -L dependency=/opt/rustwide/target/debug/build/libc/7d2af120e89c619c/out -L dependency=/opt/rustwide/target/debug/build/macro_rules_attribute-proc_macro/f98a3aed7cf0cc21/out -L dependency=/opt/rustwide/target/debug/build/memchr/8d81e02c28e032d9/out -L dependency=/opt/rustwide/target/debug/build/minimal-lexical/b988ba17985965f5/out -L dependency=/opt/rustwide/target/debug/build/monostate-impl/e804a4895af549f1/out -L dependency=/opt/rustwide/target/debug/build/nom/fab54908b6e03c1a/out -L dependency=/opt/rustwide/target/debug/build/number_prefix/50a93f48ca9dc3b7/out -L dependency=/opt/rustwide/target/debug/build/once_cell/6f8123b0c2eed634/out -L dependency=/opt/rustwide/target/debug/build/onig_sys/87d8319eb06da7b6/out -L dependency=/opt/rustwide/target/debug/build/paste/c5e5e8a2bd161c29/out -L dependency=/opt/rustwide/target/debug/build/portable-atomic/1db95b1b44ff4bb7/out -L dependency=/opt/rustwide/target/debug/build/ppv-lite86/34907a1c9aaa9eb8/out -L dependency=/opt/rustwide/target/debug/build/rand_chacha/cc4b6711b2c5bd71/out -L dependency=/opt/rustwide/target/debug/build/rand_core/20eb4a5744f4eee6/out -L dependency=/opt/rustwide/target/debug/build/rayon-core/7a884365b0b2f48a/out -L dependency=/opt/rustwide/target/debug/build/rayon/58ea0a754ed84cd6/out -L dependency=/opt/rustwide/target/debug/build/regex-automata/20c770e3f9c88c27/out -L dependency=/opt/rustwide/target/debug/build/regex-syntax/aa2c0ef21912879c/out -L dependency=/opt/rustwide/target/debug/build/rustversion/5a027c01becb027b/out -L dependency=/opt/rustwide/target/debug/build/ryu/3da2ab8eb39d89f2/out -L dependency=/opt/rustwide/target/debug/build/serde/a7ab3503c1440de4/out -L dependency=/opt/rustwide/target/debug/build/serde_core/3c925aec2ec92997/out -L dependency=/opt/rustwide/target/debug/build/serde_derive/055cdb89968b251d/out -L dependency=/opt/rustwide/target/debug/build/smallvec/080f157bb083b6ef/out -L dependency=/opt/rustwide/target/debug/build/static_assertions/f2154b0bf273423d/out -L dependency=/opt/rustwide/target/debug/build/thiserror-impl/2790e4b81c470679/out -L dependency=/opt/rustwide/target/debug/build/unicode-segmentation/e19b1e2ed5cbf77b/out -L dependency=/opt/rustwide/target/debug/build/unicode-width/831b79c958a0d7a0/out -L dependency=/opt/rustwide/target/debug/build/zerocopy/5e0ed4f629363321/out -L dependency=/opt/rustwide/target/debug/build/zmij/7606d3367d7489bc/out --extern ahash=/opt/rustwide/target/debug/build/ahash/7f6f8630750b89e7/out/libahash-7f6f8630750b89e7.rmeta --extern aho_corasick=/opt/rustwide/target/debug/build/aho-corasick/9738fdd189828e3c/out/libaho_corasick-9738fdd189828e3c.rmeta --extern compact_str=/opt/rustwide/target/debug/build/compact_str/fdae104886843c33/out/libcompact_str-fdae104886843c33.rmeta --extern dary_heap=/opt/rustwide/target/debug/build/dary_heap/86ed2e16703672cb/out/libdary_heap-86ed2e16703672cb.rmeta --extern derive_builder=/opt/rustwide/target/debug/build/derive_builder/eb29ff374d7e9dea/out/libderive_builder-eb29ff374d7e9dea.rmeta --extern esaxx_rs=/opt/rustwide/target/debug/build/esaxx-rs/88c04a3f25c04c0b/out/libesaxx_rs-88c04a3f25c04c0b.rmeta --extern getrandom=/opt/rustwide/target/debug/build/getrandom/fc229b79b8b58474/out/libgetrandom-fc229b79b8b58474.rmeta --extern indicatif=/opt/rustwide/target/debug/build/indicatif/0ad5cb6abd359652/out/libindicatif-0ad5cb6abd359652.rmeta --extern itertools=/opt/rustwide/target/debug/build/itertools/a5ecadda4070dd20/out/libitertools-a5ecadda4070dd20.rmeta --extern log=/opt/rustwide/target/debug/build/log/55ad662771f624ae/out/liblog-55ad662771f624ae.rmeta --extern macro_rules_attribute=/opt/rustwide/target/debug/build/macro_rules_attribute/7f2a89d8e9560acb/out/libmacro_rules_attribute-7f2a89d8e9560acb.rmeta --extern monostate=/opt/rustwide/target/debug/build/monostate/e2f5394e29e81b7c/out/libmonostate-e2f5394e29e81b7c.rmeta --extern onig=/opt/rustwide/target/debug/build/onig/bc429cf5fbca0210/out/libonig-bc429cf5fbca0210.rmeta --extern paste=/opt/rustwide/target/debug/build/paste/c5e5e8a2bd161c29/out/libpaste-c5e5e8a2bd161c29.so --extern rand=/opt/rustwide/target/debug/build/rand/507e77466e8a46cd/out/librand-507e77466e8a46cd.rmeta --extern rayon=/opt/rustwide/target/debug/build/rayon/58ea0a754ed84cd6/out/librayon-58ea0a754ed84cd6.rmeta --extern rayon_cond=/opt/rustwide/target/debug/build/rayon-cond/6851b8c6da5e070d/out/librayon_cond-6851b8c6da5e070d.rmeta --extern regex=/opt/rustwide/target/debug/build/regex/1c5acf8df3d31799/out/libregex-1c5acf8df3d31799.rmeta --extern regex_syntax=/opt/rustwide/target/debug/build/regex-syntax/aa2c0ef21912879c/out/libregex_syntax-aa2c0ef21912879c.rmeta --extern serde=/opt/rustwide/target/debug/build/serde/a7ab3503c1440de4/out/libserde-a7ab3503c1440de4.rmeta --extern serde_json=/opt/rustwide/target/debug/build/serde_json/31187c2f05a5f6d8/out/libserde_json-31187c2f05a5f6d8.rmeta --extern spm_precompiled=/opt/rustwide/target/debug/build/spm_precompiled/d380ae711d3ee187/out/libspm_precompiled-d380ae711d3ee187.rmeta --extern thiserror=/opt/rustwide/target/debug/build/thiserror/ae5e4e7af7781762/out/libthiserror-ae5e4e7af7781762.rmeta --extern unicode_normalization_alignments=/opt/rustwide/target/debug/build/unicode-normalization-alignments/dcaa06ee6985140c/out/libunicode_normalization_alignments-dcaa06ee6985140c.rmeta --extern unicode_segmentation=/opt/rustwide/target/debug/build/unicode-segmentation/e19b1e2ed5cbf77b/out/libunicode_segmentation-e19b1e2ed5cbf77b.rmeta --extern unicode_categories=/opt/rustwide/target/debug/build/unicode_categories/f5a7746b80b61f3e/out/libunicode_categories-f5a7746b80b61f3e.rmeta --cap-lints allow --cap-lints=forbid --force-warn=unused_crate_dependencies -L native=/opt/rustwide/target/debug/build/esaxx-rs/be4750a776e8161f/out -L native=/opt/rustwide/target/debug/build/onig_sys/3c5d7b5ed388fa1a/out` (signal: 9, SIGKILL: kill)
[INFO] [stderr] warning: build failed, waiting for other jobs to finish...
[INFO] [stderr] error: failed to run custom build command for `xgrammar v0.5.0 (/opt/rustwide/workdir)`
[INFO] [stderr] note: To improve backtraces for build dependencies, set the CARGO_PROFILE_DEV_BUILD_OVERRIDE_DEBUG=true environment variable to enable debug information generation.
[INFO] [stderr] 
[INFO] [stderr] Caused by:
[INFO] [stderr]   process didn't exit successfully: `/opt/rustwide/target/debug/build/xgrammar/e5655c657c9b9aab/out/build_script_build` (exit status: 101)
[INFO] [stderr]   --- stdout
[INFO] [stderr]   CMAKE_TOOLCHAIN_FILE_x86_64-unknown-linux-gnu = None
[INFO] [stderr]   CMAKE_TOOLCHAIN_FILE_x86_64_unknown_linux_gnu = None
[INFO] [stderr]   HOST_CMAKE_TOOLCHAIN_FILE = None
[INFO] [stderr]   CMAKE_TOOLCHAIN_FILE = None
[INFO] [stderr]   CMAKE_GENERATOR_x86_64-unknown-linux-gnu = None
[INFO] [stderr]   CMAKE_GENERATOR_x86_64_unknown_linux_gnu = None
[INFO] [stderr]   HOST_CMAKE_GENERATOR = None
[INFO] [stderr]   CMAKE_GENERATOR = None
[INFO] [stderr]   CMAKE_PREFIX_PATH_x86_64-unknown-linux-gnu = None
[INFO] [stderr]   CMAKE_PREFIX_PATH_x86_64_unknown_linux_gnu = None
[INFO] [stderr]   HOST_CMAKE_PREFIX_PATH = None
[INFO] [stderr]   CMAKE_PREFIX_PATH = None
[INFO] [stderr]   CMAKE_x86_64-unknown-linux-gnu = None
[INFO] [stderr]   CMAKE_x86_64_unknown_linux_gnu = None
[INFO] [stderr]   HOST_CMAKE = None
[INFO] [stderr]   CMAKE = None
[INFO] [stderr]   -- The CXX compiler identification is Clang 21.1.8
[INFO] [stderr]   -- Detecting CXX compiler ABI info
[INFO] [stderr]   -- Detecting CXX compiler ABI info - done
[INFO] [stderr]   -- Check for working CXX compiler: /usr/bin/clang++ - skipped
[INFO] [stderr]   -- Detecting CXX compile features
[INFO] [stderr]   -- Detecting CXX compile features - done
[INFO] [stderr]   -- Config file: /opt/rustwide/target/debug/build/xgrammar/0272a9c449391eec/out/build/config.cmake
[INFO] [stderr]   -- Build type: Debug
[INFO] [stderr]   -- Build Python bindings: OFF
[INFO] [stderr]   -- Build C++ tests: OFF
[INFO] [stderr]   -- CUDA architectures: native
[INFO] [stderr]   -- Enable C++ trace: OFF
[INFO] [stderr]   -- Configuring done (1.8s)
[INFO] [stderr]   -- Generating done (0.0s)
[INFO] [stderr]   -- Build files have been written to: /opt/rustwide/target/debug/build/xgrammar/0272a9c449391eec/out/build
[INFO] [stderr]   [  9%] Building CXX object CMakeFiles/xgrammar.dir/cpp/compiled_grammar.cc.o
[INFO] [stderr]   [ 14%] Building CXX object CMakeFiles/xgrammar.dir/cpp/fsm.cc.o
[INFO] [stderr]   [ 19%] Building CXX object CMakeFiles/xgrammar.dir/cpp/grammar_compiler.cc.o
[INFO] [stderr]   [ 14%] Building CXX object CMakeFiles/xgrammar.dir/cpp/earley_parser.cc.o
[INFO] [stderr]   [ 23%] Building CXX object CMakeFiles/xgrammar.dir/cpp/grammar.cc.o
[INFO] [stderr]   [ 28%] Building CXX object CMakeFiles/xgrammar.dir/cpp/config.cc.o
[INFO] [stderr]   [ 38%] Building CXX object CMakeFiles/xgrammar.dir/cpp/fsm_builder.cc.o
[INFO] [stderr]   [ 38%] Building CXX object CMakeFiles/xgrammar.dir/cpp/grammar_builder.cc.o
[INFO] [stderr]   [ 42%] Building CXX object CMakeFiles/xgrammar.dir/cpp/grammar_printer.cc.o
[INFO] [stderr]   [ 47%] Building CXX object CMakeFiles/xgrammar.dir/cpp/grammar_functor.cc.o
[INFO] [stderr]   [ 52%] Building CXX object CMakeFiles/xgrammar.dir/cpp/grammar_parser.cc.o
[INFO] [stderr]   [ 57%] Building CXX object CMakeFiles/xgrammar.dir/cpp/grammar_matcher.cc.o
[INFO] [stderr]   [ 61%] Building CXX object CMakeFiles/xgrammar.dir/cpp/json_schema_converter.cc.o
[INFO] [stderr]   [ 66%] Building CXX object CMakeFiles/xgrammar.dir/cpp/json_schema_converter_ext.cc.o
[INFO] [stderr]   [ 71%] Building CXX object CMakeFiles/xgrammar.dir/cpp/regex_converter.cc.o
[INFO] [stderr]   [ 76%] Building CXX object CMakeFiles/xgrammar.dir/cpp/structural_tag.cc.o
[INFO] [stderr]   [ 80%] Building CXX object CMakeFiles/xgrammar.dir/cpp/support/logging.cc.o
[INFO] [stderr]   [ 85%] Building CXX object CMakeFiles/xgrammar.dir/cpp/support/recursion_guard.cc.o
[INFO] [stderr]   [ 90%] Building CXX object CMakeFiles/xgrammar.dir/cpp/testing.cc.o
[INFO] [stderr]   [ 95%] Building CXX object CMakeFiles/xgrammar.dir/cpp/tokenizer_info.cc.o
[INFO] [stderr] 
[INFO] [stderr]   --- stderr
[INFO] [stderr]   running: cd "/opt/rustwide/target/debug/build/xgrammar/0272a9c449391eec/out/build" && CMAKE_PREFIX_PATH="" LC_ALL="C" "cmake" "/opt/rustwide/workdir/thirdparty/xgrammar" "-B" "/opt/rustwide/target/debug/build/xgrammar/0272a9c449391eec/out/build" "-DCMAKE_CXX_COMPILER=clang++" "-DCMAKE_CXX_FLAGS=-Wno-deprecated-declarations" "-DCMAKE_INSTALL_PREFIX=/opt/rustwide/target/debug/build/xgrammar/0272a9c449391eec/out" "-DCMAKE_C_FLAGS= -ffunction-sections -fdata-sections -fPIC -m64 -w" "-DCMAKE_C_COMPILER=/usr/bin/cc" "-DCMAKE_ASM_FLAGS= -ffunction-sections -fdata-sections -fPIC -m64 -w" "-DCMAKE_ASM_COMPILER=/usr/bin/cc" "-DCMAKE_BUILD_TYPE=Debug"
[INFO] [stderr]   CMake Warning:
[INFO] [stderr]     Manually-specified variables were not used by the project:
[INFO] [stderr] 
[INFO] [stderr]       CMAKE_ASM_COMPILER
[INFO] [stderr]       CMAKE_ASM_FLAGS
[INFO] [stderr]       CMAKE_C_COMPILER
[INFO] [stderr]       CMAKE_C_FLAGS
[INFO] [stderr] 
[INFO] [stderr] 
[INFO] [stderr]   running: cd "/opt/rustwide/target/debug/build/xgrammar/0272a9c449391eec/out/build" && LC_ALL="C" MAKEFLAGS="-j --jobserver-fds=4,5 --jobserver-auth=4,5" "cmake" "--build" "/opt/rustwide/target/debug/build/xgrammar/0272a9c449391eec/out/build" "--target" "xgrammar" "--config" "Debug"
[INFO] [stderr]   gmake[3]: *** [CMakeFiles/xgrammar.dir/build.make:79: CMakeFiles/xgrammar.dir/cpp/compiled_grammar.cc.o] Killed
[INFO] [stderr]   gmake[3]: *** Waiting for unfinished jobs....
[INFO] [stderr]   gmake[2]: *** [CMakeFiles/Makefile2:87: CMakeFiles/xgrammar.dir/all] Error 2
[INFO] [stderr]   gmake[1]: *** [CMakeFiles/Makefile2:94: CMakeFiles/xgrammar.dir/rule] Error 2
[INFO] [stderr]   gmake: *** [Makefile:169: xgrammar] Error 2
[INFO] [stderr] 
[INFO] [stderr]   thread 'main' (1114) panicked at /opt/rustwide/cargo-home/registry/src/index.crates.io-1949cf8c6b5b557f/cmake-0.1.58/src/lib.rs:1132:5:
[INFO] [stderr] 
[INFO] [stderr]   command did not execute successfully, got: exit status: 2
[INFO] [stderr] 
[INFO] [stderr]   build script failed, must exit now
[INFO] [stderr]   stack backtrace:
[INFO] [stderr]      0:     0x583427883661 - std[69db903323f584ec]::backtrace_rs::backtrace::libunwind::trace
[INFO] [stderr]                                  at /rustc/ed77b7b8699e342c2dc842c83cb5fe4025252ee8/library/std/src/../../backtrace/src/backtrace/libunwind.rs:117:9
[INFO] [stderr]      1:     0x583427883661 - std[69db903323f584ec]::backtrace_rs::backtrace::trace_unsynchronized::<std[69db903323f584ec]::sys::backtrace::_print_fmt::{closure#1}>
[INFO] [stderr]                                  at /rustc/ed77b7b8699e342c2dc842c83cb5fe4025252ee8/library/std/src/../../backtrace/src/backtrace/mod.rs:66:14
[INFO] [stderr]      2:     0x583427883661 - std[69db903323f584ec]::sys::backtrace::_print_fmt
[INFO] [stderr]                                  at /rustc/ed77b7b8699e342c2dc842c83cb5fe4025252ee8/library/std/src/sys/backtrace.rs:74:9
[INFO] [stderr]      3:     0x583427883661 - <<std[69db903323f584ec]::sys::backtrace::BacktraceLock>::print::DisplayBacktrace as core[f960d09af7566be7]::fmt::Display>::fmt
[INFO] [stderr]                                  at /rustc/ed77b7b8699e342c2dc842c83cb5fe4025252ee8/library/std/src/sys/backtrace.rs:44:26
[INFO] [stderr]      4:     0x58342789999a - <core[f960d09af7566be7]::fmt::rt::Argument>::fmt
[INFO] [stderr]                                  at /rustc/ed77b7b8699e342c2dc842c83cb5fe4025252ee8/library/core/src/fmt/rt.rs:152:76
[INFO] [stderr]      5:     0x58342789999a - core[f960d09af7566be7]::fmt::write
[INFO] [stderr]      6:     0x583427888fdc - core[f960d09af7566be7]::io::write::default_write_fmt::<std[69db903323f584ec]::sys::stdio::unix::Stderr>
[INFO] [stderr]                                  at /rustc/ed77b7b8699e342c2dc842c83cb5fe4025252ee8/library/core/src/io/write.rs:402:11
[INFO] [stderr]      7:     0x583427888fdc - <std[69db903323f584ec]::sys::stdio::unix::Stderr as core[f960d09af7566be7]::io::write::Write>::write_fmt
[INFO] [stderr]                                  at /rustc/ed77b7b8699e342c2dc842c83cb5fe4025252ee8/library/core/src/io/write.rs:335:13
[INFO] [stderr]      8:     0x583427860d06 - <std[69db903323f584ec]::sys::backtrace::BacktraceLock>::print
[INFO] [stderr]                                  at /rustc/ed77b7b8699e342c2dc842c83cb5fe4025252ee8/library/std/src/sys/backtrace.rs:47:9
[INFO] [stderr]      9:     0x583427860d06 - std[69db903323f584ec]::panicking::default_hook::{closure#0}
[INFO] [stderr]                                  at /rustc/ed77b7b8699e342c2dc842c83cb5fe4025252ee8/library/std/src/panicking.rs:289:27
[INFO] [stderr]     10:     0x58342787cee1 - std[69db903323f584ec]::panicking::default_hook
[INFO] [stderr]                                  at /rustc/ed77b7b8699e342c2dc842c83cb5fe4025252ee8/library/std/src/panicking.rs:316:9
[INFO] [stderr]     11:     0x58342787d20b - std[69db903323f584ec]::panicking::panic_with_hook
[INFO] [stderr]                                  at /rustc/ed77b7b8699e342c2dc842c83cb5fe4025252ee8/library/std/src/panicking.rs:811:13
[INFO] [stderr]     12:     0x583427860db2 - std[69db903323f584ec]::panicking::panic_handler::{closure#0}
[INFO] [stderr]                                  at /rustc/ed77b7b8699e342c2dc842c83cb5fe4025252ee8/library/std/src/panicking.rs:685:13
[INFO] [stderr]     13:     0x58342785a789 - std[69db903323f584ec]::sys::backtrace::__rust_end_short_backtrace::<std[69db903323f584ec]::panicking::panic_handler::{closure#0}, !>
[INFO] [stderr]                                  at /rustc/ed77b7b8699e342c2dc842c83cb5fe4025252ee8/library/std/src/sys/backtrace.rs:182:18
[INFO] [stderr]     14:     0x5834278616dd - __rustc[a117f566bec10e26]::rust_begin_unwind
[INFO] [stderr]                                  at /rustc/ed77b7b8699e342c2dc842c83cb5fe4025252ee8/library/std/src/panicking.rs:676:5
[INFO] [stderr]     15:     0x58342789a23c - core[f960d09af7566be7]::panicking::panic_fmt
[INFO] [stderr]                                  at /rustc/ed77b7b8699e342c2dc842c83cb5fe4025252ee8/library/core/src/panicking.rs:80:14
[INFO] [stderr]     16:     0x5834277db237 - cmake[c5f9c6a62327da6]::fail
[INFO] [stderr]     17:     0x5834277daec3 - cmake[c5f9c6a62327da6]::run
[INFO] [stderr]     18:     0x5834277e0f55 - <cmake[c5f9c6a62327da6]::Config>::build
[INFO] [stderr]     19:     0x583427481db1 - build_script_build[43d61a9789eddd84]::main
[INFO] [stderr]     20:     0x583427482bb3 - <fn() as core[f960d09af7566be7]::ops::function::FnOnce<()>>::call_once
[INFO] [stderr]     21:     0x58342748196e - std[69db903323f584ec]::sys::backtrace::__rust_begin_short_backtrace::<fn(), ()>
[INFO] [stderr]     22:     0x583427481979 - std[69db903323f584ec]::rt::lang_start::<()>::{closure#0}
[INFO] [stderr]     23:     0x58342787c1d8 - <&dyn core[f960d09af7566be7]::ops::function::Fn<(), Output = i32> + core[f960d09af7566be7]::marker::Sync + core[f960d09af7566be7]::panic::unwind_safe::RefUnwindSafe as core[f960d09af7566be7]::ops::function::FnOnce<()>>::call_once
[INFO] [stderr]                                  at /rustc/ed77b7b8699e342c2dc842c83cb5fe4025252ee8/library/core/src/ops/function.rs:287:21
[INFO] [stderr]     24:     0x58342787c1d8 - std[69db903323f584ec]::panicking::catch_unwind::do_call::<&dyn core[f960d09af7566be7]::ops::function::Fn<(), Output = i32> + core[f960d09af7566be7]::marker::Sync + core[f960d09af7566be7]::panic::unwind_safe::RefUnwindSafe, i32>
[INFO] [stderr]                                  at /rustc/ed77b7b8699e342c2dc842c83cb5fe4025252ee8/library/std/src/panicking.rs:573:43
[INFO] [stderr]     25:     0x58342787c1d8 - std[69db903323f584ec]::panicking::catch_unwind::<i32, &dyn core[f960d09af7566be7]::ops::function::Fn<(), Output = i32> + core[f960d09af7566be7]::marker::Sync + core[f960d09af7566be7]::panic::unwind_safe::RefUnwindSafe>
[INFO] [stderr]                                  at /rustc/ed77b7b8699e342c2dc842c83cb5fe4025252ee8/library/std/src/panicking.rs:541:19
[INFO] [stderr]     26:     0x58342787c1d8 - std[69db903323f584ec]::panic::catch_unwind::<&dyn core[f960d09af7566be7]::ops::function::Fn<(), Output = i32> + core[f960d09af7566be7]::marker::Sync + core[f960d09af7566be7]::panic::unwind_safe::RefUnwindSafe, i32>
[INFO] [stderr]                                  at /rustc/ed77b7b8699e342c2dc842c83cb5fe4025252ee8/library/std/src/panic.rs:359:14
[INFO] [stderr]     27:     0x58342787c1d8 - std[69db903323f584ec]::rt::lang_start_internal::{closure#0}
[INFO] [stderr]                                  at /rustc/ed77b7b8699e342c2dc842c83cb5fe4025252ee8/library/std/src/rt.rs:175:24
[INFO] [stderr]     28:     0x58342787c1d8 - std[69db903323f584ec]::panicking::catch_unwind::do_call::<std[69db903323f584ec]::rt::lang_start_internal::{closure#0}, isize>
[INFO] [stderr]                                  at /rustc/ed77b7b8699e342c2dc842c83cb5fe4025252ee8/library/std/src/panicking.rs:573:43
[INFO] [stderr]     29:     0x58342787c1d8 - std[69db903323f584ec]::panicking::catch_unwind::<isize, std[69db903323f584ec]::rt::lang_start_internal::{closure#0}>
[INFO] [stderr]                                  at /rustc/ed77b7b8699e342c2dc842c83cb5fe4025252ee8/library/std/src/panicking.rs:541:19
[INFO] [stderr]     30:     0x58342787c1d8 - std[69db903323f584ec]::panic::catch_unwind::<std[69db903323f584ec]::rt::lang_start_internal::{closure#0}, isize>
[INFO] [stderr]                                  at /rustc/ed77b7b8699e342c2dc842c83cb5fe4025252ee8/library/std/src/panic.rs:359:14
[INFO] [stderr]     31:     0x58342787c1d8 - std[69db903323f584ec]::rt::lang_start_internal
[INFO] [stderr]                                  at /rustc/ed77b7b8699e342c2dc842c83cb5fe4025252ee8/library/std/src/rt.rs:171:5
[INFO] [stderr]     32:     0x5834274811b1 - std[69db903323f584ec]::rt::lang_start::<()>
[INFO] [stderr]     33:     0x583427482c25 - main
[INFO] [stderr]     34:     0x73f1582f3601 - <unknown>
[INFO] [stderr]     35:     0x73f1582f3718 - __libc_start_main
[INFO] [stderr]     36:     0x58342747fe55 - _start
[INFO] [stderr]     37:                0x0 - <unknown>
[INFO] running `Command { std: "docker" "inspect" "49f9ef5719feefbcf631de02315a9ce3c3b5ffacf3ecf383d7f9dd3286353b02", kill_on_drop: false }`
[INFO] running `Command { std: "docker" "rm" "-f" "49f9ef5719feefbcf631de02315a9ce3c3b5ffacf3ecf383d7f9dd3286353b02", kill_on_drop: false }`
[INFO] [stdout] 49f9ef5719feefbcf631de02315a9ce3c3b5ffacf3ecf383d7f9dd3286353b02
