[INFO] fetching crate draco-rs 0.1.3...
[INFO] checking draco-rs-0.1.3 against ed77b7b8699e342c2dc842c83cb5fe4025252ee8 for pr-158915-1
[INFO] extracting crate draco-rs 0.1.3 into /workspace/builds/worker-5-tc1/source
[INFO] removed /workspace/builds/worker-5-tc1/source/.cargo/config.toml
[INFO] started tweaking crates.io crate draco-rs 0.1.3
[INFO] removed 0 missing examples
[INFO] finished tweaking crates.io crate draco-rs 0.1.3
[INFO] tweaked toml for crates.io crate draco-rs 0.1.3 written to /workspace/builds/worker-5-tc1/source/Cargo.toml
[INFO] validating manifest of crates.io crate draco-rs 0.1.3 on toolchain ed77b7b8699e342c2dc842c83cb5fe4025252ee8
[INFO] running `Command { std: CARGO_HOME="/workspace/cargo-home" RUSTUP_HOME="/workspace/rustup-home" "/workspace/cargo-home/bin/cargo" "+ed77b7b8699e342c2dc842c83cb5fe4025252ee8" "metadata" "--manifest-path" "Cargo.toml" "--no-deps", kill_on_drop: false }`
[INFO] crate crates.io crate draco-rs 0.1.3 already has a lockfile, it will not be regenerated
[INFO] running `Command { std: CARGO_HOME="/workspace/cargo-home" RUSTUP_HOME="/workspace/rustup-home" "/workspace/cargo-home/bin/cargo" "+ed77b7b8699e342c2dc842c83cb5fe4025252ee8" "fetch" "--manifest-path" "Cargo.toml", kill_on_drop: false }`
[INFO] [stderr] warning: explicit `package.readme` can be inferred
[INFO] [stderr]   --> Cargo.toml:41:1
[INFO] [stderr]    |
[INFO] [stderr] 41 | readme = "README.md"
[INFO] [stderr]    | ^^^^^^^^^^^^^^^^^^^^
[INFO] [stderr]    |
[INFO] [stderr]    = note: `cargo::manual_readme` is set to `warn` by default
[INFO] [stderr] help: consider removing `package.readme`
[INFO] [stderr] warning: `draco-rs` (manifest) generated 1 warning
[INFO] [stderr]     Updating crates.io index
[INFO] [stderr]  Downloading crates ...
[INFO] [stderr]   Downloaded hermit-abi v0.5.0
[INFO] [stderr]   Downloaded smawk v0.3.2
[INFO] [stderr]   Downloaded cc v1.2.19
[INFO] [stderr]   Downloaded itertools v0.9.0
[INFO] [stderr]   Downloaded clap v4.5.37
[INFO] [stderr]   Downloaded cxxbridge-flags v1.0.157
[INFO] [stderr]   Downloaded indoc v1.0.9
[INFO] [stderr]   Downloaded autocxx-parser v0.28.0
[INFO] [stderr]   Downloaded autocxx v0.28.0
[INFO] [stderr]   Downloaded moveit v0.6.0
[INFO] [stderr]   Downloaded cxxbridge-macro v1.0.157
[INFO] [stderr]   Downloaded env_logger v0.9.3
[INFO] [stderr]   Downloaded codespan-reporting v0.12.0
[INFO] [stderr]   Downloaded cmake v0.1.54
[INFO] [stderr]   Downloaded cxxbridge-cmd v1.0.157
[INFO] [stderr]   Downloaded cxx-gen v0.7.157
[INFO] [stderr]   Downloaded errno v0.3.11
[INFO] [stderr]   Downloaded autocxx-build v0.28.0
[INFO] [stderr]   Downloaded autocxx-engine v0.28.0
[INFO] [stderr]   Downloaded clap_builder v4.5.37
[INFO] [stderr]   Downloaded cxx v1.0.157
[INFO] [stderr]   Downloaded autocxx-bindgen v0.72.0
[INFO] [stderr]   Downloaded aquamarine v0.1.12
[INFO] [stderr]   Downloaded rustix v1.0.5
[INFO] [stderr]   Downloaded link-cplusplus v1.0.10
[INFO] [stderr]   Downloaded autocxx-macro v0.28.0
[INFO] running `Command { std: "docker" "create" "-v" "/var/lib/crater-agent-workspace/builds/worker-5-tc1/source:/opt/rustwide/workdir:ro,Z" "-v" "/var/lib/crater-agent-workspace/builds/worker-5-tc1/target:/opt/rustwide/target:rw,Z" "-v" "/var/lib/crater-agent-workspace/cargo-home:/opt/rustwide/cargo-home:ro,Z" "-v" "/var/lib/crater-agent-workspace/rustup-home:/opt/rustwide/rustup-home:ro,Z" "-m" "1610612736" "--network" "none" "ghcr.io/rust-lang/crates-build-env/linux@sha256:8683fc1fc2eb5c9ac98e0d076ab094b2ffac7f99da555d2b6a2e27f346de2ec7" "sleep" "infinity", kill_on_drop: false }`
[INFO] [stdout] e1598d36b4c3adac4202e0b65c9bdf6cc7d9e8eed7038474817225d7109e9aab
[INFO] running `Command { std: "docker" "start" "e1598d36b4c3adac4202e0b65c9bdf6cc7d9e8eed7038474817225d7109e9aab", kill_on_drop: false }`
[INFO] running `Command { std: "docker" "inspect" "e1598d36b4c3adac4202e0b65c9bdf6cc7d9e8eed7038474817225d7109e9aab", kill_on_drop: false }`
[INFO] running `Command { std: "docker" "exec" "-e" "SOURCE_DIR=/opt/rustwide/workdir" "-e" "CARGO_HOME=/opt/rustwide/cargo-home" "-e" "RUSTUP_HOME=/opt/rustwide/rustup-home" "-e" "CARGO_TARGET_DIR=/opt/rustwide/target" "-w" "/opt/rustwide/workdir" "--user" "0:0" "e1598d36b4c3adac4202e0b65c9bdf6cc7d9e8eed7038474817225d7109e9aab" "/opt/rustwide/cargo-home/bin/cargo" "+ed77b7b8699e342c2dc842c83cb5fe4025252ee8" "metadata" "--no-deps" "--format-version=1", kill_on_drop: false }`
[INFO] running `Command { std: "docker" "inspect" "e1598d36b4c3adac4202e0b65c9bdf6cc7d9e8eed7038474817225d7109e9aab", kill_on_drop: false }`
[INFO] running `Command { std: "docker" "exec" "-e" "SOURCE_DIR=/opt/rustwide/workdir" "-e" "CARGO_HOME=/opt/rustwide/cargo-home" "-e" "RUSTUP_HOME=/opt/rustwide/rustup-home" "-e" "CARGO_TARGET_DIR=/opt/rustwide/target" "-e" "CARGO_INCREMENTAL=0" "-e" "RUST_BACKTRACE=full" "-e" "RUSTFLAGS=--cap-lints=forbid" "-e" "RUSTDOCFLAGS=--cap-lints=forbid" "-w" "/opt/rustwide/workdir" "--user" "0:0" "e1598d36b4c3adac4202e0b65c9bdf6cc7d9e8eed7038474817225d7109e9aab" "/opt/rustwide/cargo-home/bin/cargo" "+ed77b7b8699e342c2dc842c83cb5fe4025252ee8" "check" "--frozen" "--all" "--all-targets" "--message-format=json", kill_on_drop: false }`
[INFO] [stderr] warning: explicit `package.readme` can be inferred
[INFO] [stderr]   --> Cargo.toml:41:1
[INFO] [stderr]    |
[INFO] [stderr] 41 | readme = "README.md"
[INFO] [stderr]    | ^^^^^^^^^^^^^^^^^^^^
[INFO] [stderr]    |
[INFO] [stderr]    = note: `cargo::manual_readme` is set to `warn` by default
[INFO] [stderr] help: consider removing `package.readme`
[INFO] [stderr] warning: `draco-rs` (manifest) generated 1 warning
[INFO] [stderr]    Compiling proc-macro2 v1.0.95
[INFO] [stderr]    Compiling libc v0.2.172
[INFO] [stderr]    Compiling memchr v2.7.4
[INFO] [stderr]    Compiling cfg-if v1.0.0
[INFO] [stderr]    Compiling cc v1.2.19
[INFO] [stderr]    Compiling serde v1.0.219
[INFO] [stderr]    Compiling proc-macro-error-attr v1.0.4
[INFO] [stderr]    Compiling syn v1.0.109
[INFO] [stderr]    Compiling autocfg v1.4.0
[INFO] [stderr]    Compiling rustversion v1.0.20
[INFO] [stderr]    Compiling thiserror v1.0.69
[INFO] [stderr]    Compiling proc-macro-error v1.0.4
[INFO] [stderr]    Compiling serde_json v1.0.140
[INFO] [stderr]    Compiling once_cell v1.21.3
[INFO] [stderr]    Compiling object v0.36.7
[INFO] [stderr]    Compiling log v0.4.27
[INFO] [stderr]    Compiling indexmap v1.9.3
[INFO] [stderr]    Compiling glob v0.3.2
[INFO] [stderr]    Compiling adler2 v2.0.0
[INFO] [stderr]    Compiling hashbrown v0.12.3
[INFO] [stderr]    Compiling gimli v0.31.1
[INFO] [stderr]    Compiling quote v1.0.40
[INFO] [stderr]    Compiling clang-sys v1.8.1
[INFO] [stderr]    Compiling aho-corasick v1.1.3
[INFO] [stderr]    Compiling is-terminal v0.4.16
[INFO] [stderr]    Compiling syn v2.0.100
[INFO] [stderr]    Compiling regex-syntax v0.8.5
[INFO] [stderr]    Compiling ryu v1.0.20
[INFO] [stderr]    Compiling itoa v1.0.15
[INFO] [stderr]    Compiling link-cplusplus v1.0.10
[INFO] [stderr]    Compiling miniz_oxide v0.8.8
[INFO] [stderr]    Compiling itertools v0.10.5
[INFO] [stderr]    Compiling cxxbridge-flags v1.0.157
[INFO] [stderr]    Compiling minimal-lexical v0.2.1
[INFO] [stderr]    Compiling rustc-demangle v0.1.24
[INFO] [stderr]    Compiling getrandom v0.3.2
[INFO] [stderr]    Compiling rustix v1.0.5
[INFO] [stderr]    Compiling bitflags v2.9.0
[INFO] [stderr]    Compiling nom v7.1.3
[INFO] [stderr]    Compiling cxx v1.0.157
[INFO] [stderr]    Compiling regex-automata v0.4.9
[INFO] [stderr]    Compiling libloading v0.8.6
[INFO] [stderr]    Compiling addr2line v0.24.2
[INFO] [stderr]    Compiling itertools v0.9.0
[INFO] [stderr]    Compiling is_ci v1.2.0
[INFO] [stderr]    Compiling unicode-width v0.1.14
[INFO] [stderr]    Compiling autocxx-bindgen v0.72.0
[INFO] [stderr]    Compiling unicode-width v0.2.0
[INFO] [stderr]    Compiling linux-raw-sys v0.9.4
[INFO] [stderr]    Compiling prettyplease v0.2.32
[INFO] [stderr]    Compiling smawk v0.3.2
[INFO] [stderr]    Compiling unicode-linebreak v0.1.5
[INFO] [stderr]    Compiling aquamarine v0.1.12
[INFO] [stderr]    Compiling codespan-reporting v0.12.0
[INFO] [stderr]    Compiling textwrap v0.15.2
[INFO] [stderr]    Compiling supports-color v2.1.0
[INFO] [stderr]    Compiling supports-hyperlinks v2.1.0
[INFO] [stderr]    Compiling supports-unicode v2.1.0
[INFO] [stderr]    Compiling terminal_size v0.1.17
[INFO] [stderr]    Compiling itertools v0.13.0
[INFO] [stderr]    Compiling backtrace v0.3.74
[INFO] [stderr]    Compiling cexpr v0.6.0
[INFO] [stderr]    Compiling regex v1.11.1
[INFO] [stderr]    Compiling backtrace-ext v0.2.1
[INFO] [stderr]    Compiling rustc-hash v2.1.1
[INFO] [stderr]    Compiling owo-colors v3.5.0
[INFO] [stderr]    Compiling fastrand v2.3.0
[INFO] [stderr]    Compiling cxx-gen v0.7.157
[INFO] [stderr]    Compiling serde_derive v1.0.219
[INFO] [stderr]    Compiling thiserror-impl v1.0.69
[INFO] [stderr]    Compiling miette-derive v5.10.0
[INFO] [stderr]    Compiling tempfile v3.19.1
[INFO] [stderr]    Compiling atty v0.2.14
[INFO] [stderr]    Compiling humantime v2.2.0
[INFO] [stderr]    Compiling indoc v1.0.9
[INFO] [stderr]    Compiling miette v5.10.0
[INFO] [stderr]    Compiling env_logger v0.9.3
[INFO] [stderr]    Compiling cxxbridge-macro v1.0.157
[INFO] [stderr]     Checking foldhash v0.1.5
[INFO] [stderr]    Compiling cmake v0.1.54
[INFO] [stderr]    Compiling autocxx v0.28.0
[INFO] [stderr]     Checking moveit v0.6.0
[INFO] [stderr]    Compiling autocxx-parser v0.28.0
[INFO] [stderr]    Compiling autocxx-engine v0.28.0
[INFO] [stderr]    Compiling autocxx-macro v0.28.0
[INFO] [stderr]    Compiling autocxx-build v0.28.0
[INFO] [stderr]    Compiling draco-rs v0.1.3 (/opt/rustwide/workdir)
[INFO] [stderr] error: failed to run custom build command for `draco-rs v0.1.3 (/opt/rustwide/workdir)`
[INFO] [stderr] note: To improve backtraces for build dependencies, set the CARGO_PROFILE_DEV_BUILD_OVERRIDE_DEBUG=true environment variable to enable debug information generation.
[INFO] [stderr] 
[INFO] [stderr] Caused by:
[INFO] [stderr]   process didn't exit successfully: `/opt/rustwide/target/debug/build/draco-rs/bde1cd3a73888ba6/out/build_script_build` (exit status: 101)
[INFO] [stderr]   --- stdout
[INFO] [stderr]   CMAKE_TOOLCHAIN_FILE_x86_64-unknown-linux-gnu = None
[INFO] [stderr]   CMAKE_TOOLCHAIN_FILE_x86_64_unknown_linux_gnu = None
[INFO] [stderr]   HOST_CMAKE_TOOLCHAIN_FILE = None
[INFO] [stderr]   CMAKE_TOOLCHAIN_FILE = None
[INFO] [stderr]   CMAKE_GENERATOR_x86_64-unknown-linux-gnu = None
[INFO] [stderr]   CMAKE_GENERATOR_x86_64_unknown_linux_gnu = None
[INFO] [stderr]   HOST_CMAKE_GENERATOR = None
[INFO] [stderr]   CMAKE_GENERATOR = None
[INFO] [stderr]   CMAKE_PREFIX_PATH_x86_64-unknown-linux-gnu = None
[INFO] [stderr]   CMAKE_PREFIX_PATH_x86_64_unknown_linux_gnu = None
[INFO] [stderr]   HOST_CMAKE_PREFIX_PATH = None
[INFO] [stderr]   CMAKE_PREFIX_PATH = None
[INFO] [stderr]   CMAKE_x86_64-unknown-linux-gnu = None
[INFO] [stderr]   CMAKE_x86_64_unknown_linux_gnu = None
[INFO] [stderr]   HOST_CMAKE = None
[INFO] [stderr]   CMAKE = None
[INFO] [stderr]   running: cd "/opt/rustwide/target/debug/build/draco-rs/72126877f99e7ae2/out/build" && CMAKE_PREFIX_PATH="" LC_ALL="C" "cmake" "/opt/rustwide/workdir/draco" "-DCMAKE_BUILD_TYPE=Release" "-DDRACO_POINT_CLOUD_COMPRESSION=ON" "-DDRACO_MESH_COMPRESSION=ON" "-DCMAKE_POSITION_INDEPENDENT_CODE=ON" "-DBUILD_SHARED_LIBS=OFF" "-DCMAKE_INSTALL_PREFIX=/opt/rustwide/target/debug/build/draco-rs/72126877f99e7ae2/out" "-DCMAKE_C_FLAGS= -ffunction-sections -fdata-sections -fPIC -m64" "-DCMAKE_C_COMPILER=/usr/bin/cc" "-DCMAKE_CXX_FLAGS= -fPIC -w -Wno-everything -ffunction-sections -fdata-sections -fPIC -m64" "-DCMAKE_CXX_COMPILER=/usr/bin/c++" "-DCMAKE_ASM_FLAGS= -ffunction-sections -fdata-sections -fPIC -m64" "-DCMAKE_ASM_COMPILER=/usr/bin/cc"
[INFO] [stderr]   -- The C compiler identification is GNU 15.2.0
[INFO] [stderr]   -- The CXX compiler identification is GNU 15.2.0
[INFO] [stderr]   -- Detecting C compiler ABI info
[INFO] [stderr]   -- Detecting C compiler ABI info - done
[INFO] [stderr]   -- Check for working C compiler: /usr/bin/cc - skipped
[INFO] [stderr]   -- Detecting C compile features
[INFO] [stderr]   -- Detecting C compile features - done
[INFO] [stderr]   -- Detecting CXX compiler ABI info
[INFO] [stderr]   -- Detecting CXX compiler ABI info - done
[INFO] [stderr]   -- Check for working CXX compiler: /usr/bin/c++ - skipped
[INFO] [stderr]   -- Detecting CXX compile features
[INFO] [stderr]   -- Detecting CXX compile features - done
[INFO] [stderr]   -- Found PythonInterp: /usr/bin/python3 (found version "3.14.4")
[INFO] [stderr]   -- Configuring done (1.7s)
[INFO] [stderr]   -- Generating done (0.2s)
[INFO] [stderr]   -- Build files have been written to: /opt/rustwide/target/debug/build/draco-rs/72126877f99e7ae2/out/build
[INFO] [stderr]   running: cd "/opt/rustwide/target/debug/build/draco-rs/72126877f99e7ae2/out/build" && LC_ALL="C" MAKEFLAGS="-j --jobserver-fds=4,5 --jobserver-auth=4,5" "cmake" "--build" "/opt/rustwide/target/debug/build/draco-rs/72126877f99e7ae2/out/build" "--target" "install" "--config" "Debug"
[INFO] [stderr]   [  0%] Building CXX object CMakeFiles/draco_attributes.dir/src/draco/attributes/attribute_octahedron_transform.cc.o
[INFO] [stderr]   [  1%] Building CXX object CMakeFiles/draco_compression_attributes_enc.dir/src/draco/compression/attributes/attributes_encoder.cc.o
[INFO] [stderr]   [  2%] Building CXX object CMakeFiles/draco_compression_attributes_pred_schemes_enc.dir/src/draco/compression/attributes/prediction_schemes/prediction_scheme_encoder_factory.cc.o
[INFO] [stderr]   [  3%] Building CXX object CMakeFiles/draco_compression_bit_coders.dir/src/draco/compression/bit_coders/adaptive_rans_bit_decoder.cc.o
[INFO] [stderr]   [  3%] Built target draco_enc_config
[INFO] [stderr]   [  3%] Built target draco_dec_config
[INFO] [stderr]   [  3%] Built target draco_compression_attributes_pred_schemes_dec
[INFO] [stderr]   [  4%] Building CXX object CMakeFiles/draco_attributes.dir/src/draco/attributes/attribute_quantization_transform.cc.o
[INFO] [stderr]   [  5%] Building CXX object CMakeFiles/draco_compression_attributes_enc.dir/src/draco/compression/attributes/kd_tree_attributes_encoder.cc.o
[INFO] [stderr]   [  6%] Building CXX object CMakeFiles/draco_compression_attributes_dec.dir/src/draco/compression/attributes/attributes_decoder.cc.o
[INFO] [stderr]   [  7%] Building CXX object CMakeFiles/draco_compression_decode.dir/src/draco/compression/decode.cc.o
[INFO] [stderr]   [  7%] Building CXX object CMakeFiles/draco_compression_bit_coders.dir/src/draco/compression/bit_coders/adaptive_rans_bit_encoder.cc.o
[INFO] [stderr]   [  8%] Building CXX object CMakeFiles/draco_attributes.dir/src/draco/attributes/attribute_transform.cc.o
[INFO] [stderr]   [  9%] Building CXX object CMakeFiles/draco_compression_attributes_dec.dir/src/draco/compression/attributes/kd_tree_attributes_decoder.cc.o
[INFO] [stderr]   [ 10%] Building CXX object CMakeFiles/draco_compression_bit_coders.dir/src/draco/compression/bit_coders/direct_bit_decoder.cc.o
[INFO] [stderr]   [ 10%] Built target draco_compression_attributes_pred_schemes_enc
[INFO] [stderr]   [ 11%] Building CXX object CMakeFiles/draco_compression_bit_coders.dir/src/draco/compression/bit_coders/direct_bit_encoder.cc.o
[INFO] [stderr]   [ 12%] Building CXX object CMakeFiles/draco_attributes.dir/src/draco/attributes/geometry_attribute.cc.o
[INFO] [stderr]   [ 12%] Building CXX object CMakeFiles/draco_compression_attributes_enc.dir/src/draco/compression/attributes/sequential_attribute_encoder.cc.o
[INFO] [stderr]   [ 12%] Building CXX object CMakeFiles/draco_compression_attributes_dec.dir/src/draco/compression/attributes/sequential_attribute_decoder.cc.o
[INFO] [stderr]   [ 13%] Building CXX object CMakeFiles/draco_compression_bit_coders.dir/src/draco/compression/bit_coders/rans_bit_decoder.cc.o
[INFO] [stderr]   [ 13%] Building CXX object CMakeFiles/draco_compression_encode.dir/src/draco/compression/encode.cc.o
[INFO] [stderr]   [ 13%] Built target draco_compression_decode
[INFO] [stderr]   [ 13%] Building CXX object CMakeFiles/draco_attributes.dir/src/draco/attributes/point_attribute.cc.o
[INFO] [stderr]   [ 14%] Building CXX object CMakeFiles/draco_compression_entropy.dir/src/draco/compression/entropy/shannon_entropy.cc.o
[INFO] [stderr]   [ 14%] Building CXX object CMakeFiles/draco_compression_bit_coders.dir/src/draco/compression/bit_coders/rans_bit_encoder.cc.o
[INFO] [stderr]   [ 15%] Building CXX object CMakeFiles/draco_compression_attributes_enc.dir/src/draco/compression/attributes/sequential_attribute_encoders_controller.cc.o
[INFO] [stderr]   [ 15%] Building CXX object CMakeFiles/draco_compression_entropy.dir/src/draco/compression/entropy/symbol_decoding.cc.o
[INFO] [stderr]   [ 16%] Building CXX object CMakeFiles/draco_compression_encode.dir/src/draco/compression/expert_encode.cc.o
[INFO] [stderr]   [ 17%] Building CXX object CMakeFiles/draco_compression_bit_coders.dir/src/draco/compression/bit_coders/symbol_bit_decoder.cc.o
[INFO] [stderr]   [ 18%] Building CXX object CMakeFiles/draco_compression_bit_coders.dir/src/draco/compression/bit_coders/symbol_bit_encoder.cc.o
[INFO] [stderr]   [ 19%] Building CXX object CMakeFiles/draco_compression_attributes_enc.dir/src/draco/compression/attributes/sequential_integer_attribute_encoder.cc.o
[INFO] [stderr]   [ 19%] Built target draco_compression_bit_coders
[INFO] [stderr]   [ 19%] Built target draco_compression_mesh_traverser
[INFO] [stderr]   [ 20%] Building CXX object CMakeFiles/draco_compression_entropy.dir/src/draco/compression/entropy/symbol_encoding.cc.o
[INFO] [stderr]   [ 21%] Building CXX object CMakeFiles/draco_compression_attributes_dec.dir/src/draco/compression/attributes/sequential_attribute_decoders_controller.cc.o
[INFO] [stderr]   [ 21%] Built target draco_compression_encode
[INFO] [stderr]   [ 22%] Building CXX object CMakeFiles/draco_compression_mesh_dec.dir/src/draco/compression/mesh/mesh_decoder.cc.o
[INFO] [stderr]   [ 23%] Building CXX object CMakeFiles/draco_compression_mesh_enc.dir/src/draco/compression/mesh/mesh_edgebreaker_encoder.cc.o
[INFO] [stderr]   [ 24%] Building CXX object CMakeFiles/draco_compression_attributes_enc.dir/src/draco/compression/attributes/sequential_normal_attribute_encoder.cc.o
[INFO] [stderr]   [ 25%] Building CXX object CMakeFiles/draco_compression_mesh_dec.dir/src/draco/compression/mesh/mesh_edgebreaker_decoder.cc.o
[INFO] [stderr]   [ 25%] Built target draco_attributes
[INFO] [stderr]   [ 26%] Building CXX object CMakeFiles/draco_compression_attributes_dec.dir/src/draco/compression/attributes/sequential_integer_attribute_decoder.cc.o
[INFO] [stderr]   [ 27%] Building CXX object CMakeFiles/draco_compression_attributes_dec.dir/src/draco/compression/attributes/sequential_normal_attribute_decoder.cc.o
[INFO] [stderr]   [ 27%] Building CXX object CMakeFiles/draco_compression_mesh_enc.dir/src/draco/compression/mesh/mesh_edgebreaker_encoder_impl.cc.o
[INFO] [stderr]   [ 27%] Building CXX object CMakeFiles/draco_compression_mesh_dec.dir/src/draco/compression/mesh/mesh_edgebreaker_decoder_impl.cc.o
[INFO] [stderr]   [ 28%] Building CXX object CMakeFiles/draco_compression_mesh_enc.dir/src/draco/compression/mesh/mesh_encoder.cc.o
[INFO] [stderr]   [ 28%] Building CXX object CMakeFiles/draco_compression_attributes_dec.dir/src/draco/compression/attributes/sequential_quantization_attribute_decoder.cc.o
[INFO] [stderr]   [ 29%] Building CXX object CMakeFiles/draco_compression_options.dir/src/draco/compression/draco_compression_options.cc.o
[INFO] [stderr]   [ 29%] Built target draco_compression_options
[INFO] [stderr]   [ 30%] Building CXX object CMakeFiles/draco_compression_mesh_dec.dir/src/draco/compression/mesh/mesh_sequential_decoder.cc.o
[INFO] [stderr]   [ 31%] Building CXX object CMakeFiles/draco_compression_mesh_enc.dir/src/draco/compression/mesh/mesh_sequential_encoder.cc.o
[INFO] [stderr]   [ 31%] Building CXX object CMakeFiles/draco_compression_point_cloud_dec.dir/src/draco/compression/point_cloud/point_cloud_decoder.cc.o
[INFO] [stderr]   [ 32%] Building CXX object CMakeFiles/draco_compression_point_cloud_dec.dir/src/draco/compression/point_cloud/point_cloud_kd_tree_decoder.cc.o
[INFO] [stderr]   [ 33%] Building CXX object CMakeFiles/draco_compression_point_cloud_dec.dir/src/draco/compression/point_cloud/point_cloud_sequential_decoder.cc.o
[INFO] [stderr]   [ 33%] Built target draco_compression_attributes_dec
[INFO] [stderr]   [ 33%] Built target draco_compression_point_cloud_dec
[INFO] [stderr]   [ 33%] Built target draco_compression_mesh_enc
[INFO] [stderr]   [ 33%] Built target draco_compression_mesh_dec
[INFO] [stderr]   [ 33%] Built target draco_compression_entropy
[INFO] [stderr] 
[INFO] [stderr]   --- stderr
[INFO] [stderr]   CMake Warning (dev) at CMakeLists.txt:40 (include):
[INFO] [stderr]     Policy CMP0148 is not set: The FindPythonInterp and FindPythonLibs modules
[INFO] [stderr]     are removed.  Run "cmake --help-policy CMP0148" for policy details.  Use
[INFO] [stderr]     the cmake_policy command to set the policy and suppress this warning.
[INFO] [stderr] 
[INFO] [stderr]   This warning is for project developers.  Use -Wno-dev to suppress it.
[INFO] [stderr] 
[INFO] [stderr]   --- Running combined CXX flags test, flags: -Wno-deprecated-declarations
[INFO] [stderr]   --- Passed combined CXX flags test
[INFO] [stderr]   CMake Warning:
[INFO] [stderr]     Manually-specified variables were not used by the project:
[INFO] [stderr] 
[INFO] [stderr]       CMAKE_ASM_COMPILER
[INFO] [stderr]       CMAKE_ASM_FLAGS
[INFO] [stderr] 
[INFO] [stderr] 
[INFO] [stderr]   c++: fatal error: Killed signal terminated program cc1plus
[INFO] [stderr]   compilation terminated.
[INFO] [stderr]   gmake[2]: *** [CMakeFiles/draco_compression_attributes_enc.dir/build.make:135: CMakeFiles/draco_compression_attributes_enc.dir/src/draco/compression/attributes/sequential_integer_attribute_encoder.cc.o] Error 1
[INFO] [stderr]   gmake[2]: *** Waiting for unfinished jobs....
[INFO] [stderr]   gmake[1]: *** [CMakeFiles/Makefile2:244: CMakeFiles/draco_compression_attributes_enc.dir/all] Error 2
[INFO] [stderr]   gmake[1]: *** Waiting for unfinished jobs....
[INFO] [stderr]   gmake: *** [Makefile:136: all] Error 2
[INFO] [stderr] 
[INFO] [stderr]   thread 'main' (1460) panicked at /opt/rustwide/cargo-home/registry/src/index.crates.io-1949cf8c6b5b557f/cmake-0.1.54/src/lib.rs:1119:5:
[INFO] [stderr] 
[INFO] [stderr]   command did not execute successfully, got: exit status: 2
[INFO] [stderr] 
[INFO] [stderr]   build script failed, must exit now
[INFO] [stderr]   stack backtrace:
[INFO] [stderr]      0:     0x5893f222a001 - std[69db903323f584ec]::backtrace_rs::backtrace::libunwind::trace
[INFO] [stderr]                                  at /rustc/ed77b7b8699e342c2dc842c83cb5fe4025252ee8/library/std/src/../../backtrace/src/backtrace/libunwind.rs:117:9
[INFO] [stderr]      1:     0x5893f222a001 - std[69db903323f584ec]::backtrace_rs::backtrace::trace_unsynchronized::<std[69db903323f584ec]::sys::backtrace::_print_fmt::{closure#1}>
[INFO] [stderr]                                  at /rustc/ed77b7b8699e342c2dc842c83cb5fe4025252ee8/library/std/src/../../backtrace/src/backtrace/mod.rs:66:14
[INFO] [stderr]      2:     0x5893f222a001 - std[69db903323f584ec]::sys::backtrace::_print_fmt
[INFO] [stderr]                                  at /rustc/ed77b7b8699e342c2dc842c83cb5fe4025252ee8/library/std/src/sys/backtrace.rs:74:9
[INFO] [stderr]      3:     0x5893f222a001 - <<std[69db903323f584ec]::sys::backtrace::BacktraceLock>::print::DisplayBacktrace as core[f960d09af7566be7]::fmt::Display>::fmt
[INFO] [stderr]                                  at /rustc/ed77b7b8699e342c2dc842c83cb5fe4025252ee8/library/std/src/sys/backtrace.rs:44:26
[INFO] [stderr]      4:     0x5893f224367a - <core[f960d09af7566be7]::fmt::rt::Argument>::fmt
[INFO] [stderr]                                  at /rustc/ed77b7b8699e342c2dc842c83cb5fe4025252ee8/library/core/src/fmt/rt.rs:152:76
[INFO] [stderr]      5:     0x5893f224367a - core[f960d09af7566be7]::fmt::write
[INFO] [stderr]      6:     0x5893f22307ec - core[f960d09af7566be7]::io::write::default_write_fmt::<std[69db903323f584ec]::sys::stdio::unix::Stderr>
[INFO] [stderr]                                  at /rustc/ed77b7b8699e342c2dc842c83cb5fe4025252ee8/library/core/src/io/write.rs:402:11
[INFO] [stderr]      7:     0x5893f22307ec - <std[69db903323f584ec]::sys::stdio::unix::Stderr as core[f960d09af7566be7]::io::write::Write>::write_fmt
[INFO] [stderr]                                  at /rustc/ed77b7b8699e342c2dc842c83cb5fe4025252ee8/library/core/src/io/write.rs:335:13
[INFO] [stderr]      8:     0x5893f2205836 - <std[69db903323f584ec]::sys::backtrace::BacktraceLock>::print
[INFO] [stderr]                                  at /rustc/ed77b7b8699e342c2dc842c83cb5fe4025252ee8/library/std/src/sys/backtrace.rs:47:9
[INFO] [stderr]      9:     0x5893f2205836 - std[69db903323f584ec]::panicking::default_hook::{closure#0}
[INFO] [stderr]                                  at /rustc/ed77b7b8699e342c2dc842c83cb5fe4025252ee8/library/std/src/panicking.rs:289:27
[INFO] [stderr]     10:     0x5893f2222981 - std[69db903323f584ec]::panicking::default_hook
[INFO] [stderr]                                  at /rustc/ed77b7b8699e342c2dc842c83cb5fe4025252ee8/library/std/src/panicking.rs:316:9
[INFO] [stderr]     11:     0x5893f2222cab - std[69db903323f584ec]::panicking::panic_with_hook
[INFO] [stderr]                                  at /rustc/ed77b7b8699e342c2dc842c83cb5fe4025252ee8/library/std/src/panicking.rs:811:13
[INFO] [stderr]     12:     0x5893f22058e2 - std[69db903323f584ec]::panicking::panic_handler::{closure#0}
[INFO] [stderr]                                  at /rustc/ed77b7b8699e342c2dc842c83cb5fe4025252ee8/library/std/src/panicking.rs:685:13
[INFO] [stderr]     13:     0x5893f21fec69 - std[69db903323f584ec]::sys::backtrace::__rust_end_short_backtrace::<std[69db903323f584ec]::panicking::panic_handler::{closure#0}, !>
[INFO] [stderr]                                  at /rustc/ed77b7b8699e342c2dc842c83cb5fe4025252ee8/library/std/src/sys/backtrace.rs:182:18
[INFO] [stderr]     14:     0x5893f220620d - __rustc[a117f566bec10e26]::rust_begin_unwind
[INFO] [stderr]                                  at /rustc/ed77b7b8699e342c2dc842c83cb5fe4025252ee8/library/std/src/panicking.rs:676:5
[INFO] [stderr]     15:     0x5893f2243f4c - core[f960d09af7566be7]::panicking::panic_fmt
[INFO] [stderr]                                  at /rustc/ed77b7b8699e342c2dc842c83cb5fe4025252ee8/library/core/src/panicking.rs:80:14
[INFO] [stderr]     16:     0x5893f2183c57 - cmake[5835fd4b44ff0206]::fail
[INFO] [stderr]     17:     0x5893f21838e3 - cmake[5835fd4b44ff0206]::run
[INFO] [stderr]     18:     0x5893f2189734 - <cmake[5835fd4b44ff0206]::Config>::build
[INFO] [stderr]     19:     0x5893f17983b7 - build_script_build[fc037b63b3176e4c]::compile
[INFO] [stderr]     20:     0x5893f179818e - build_script_build[fc037b63b3176e4c]::main
[INFO] [stderr]     21:     0x5893f1794323 - <fn() -> core[f960d09af7566be7]::result::Result<(), miette[ad352dd464aa85e8]::eyreish::Report> as core[f960d09af7566be7]::ops::function::FnOnce<()>>::call_once
[INFO] [stderr]     22:     0x5893f1796086 - std[69db903323f584ec]::sys::backtrace::__rust_begin_short_backtrace::<fn() -> core[f960d09af7566be7]::result::Result<(), miette[ad352dd464aa85e8]::eyreish::Report>, core[f960d09af7566be7]::result::Result<(), miette[ad352dd464aa85e8]::eyreish::Report>>
[INFO] [stderr]     23:     0x5893f1796ff9 - std[69db903323f584ec]::rt::lang_start::<core[f960d09af7566be7]::result::Result<(), miette[ad352dd464aa85e8]::eyreish::Report>>::{closure#0}
[INFO] [stderr]     24:     0x5893f2221c78 - <&dyn core[f960d09af7566be7]::ops::function::Fn<(), Output = i32> + core[f960d09af7566be7]::marker::Sync + core[f960d09af7566be7]::panic::unwind_safe::RefUnwindSafe as core[f960d09af7566be7]::ops::function::FnOnce<()>>::call_once
[INFO] [stderr]                                  at /rustc/ed77b7b8699e342c2dc842c83cb5fe4025252ee8/library/core/src/ops/function.rs:287:21
[INFO] [stderr]     25:     0x5893f2221c78 - std[69db903323f584ec]::panicking::catch_unwind::do_call::<&dyn core[f960d09af7566be7]::ops::function::Fn<(), Output = i32> + core[f960d09af7566be7]::marker::Sync + core[f960d09af7566be7]::panic::unwind_safe::RefUnwindSafe, i32>
[INFO] [stderr]                                  at /rustc/ed77b7b8699e342c2dc842c83cb5fe4025252ee8/library/std/src/panicking.rs:573:43
[INFO] [stderr]     26:     0x5893f2221c78 - std[69db903323f584ec]::panicking::catch_unwind::<i32, &dyn core[f960d09af7566be7]::ops::function::Fn<(), Output = i32> + core[f960d09af7566be7]::marker::Sync + core[f960d09af7566be7]::panic::unwind_safe::RefUnwindSafe>
[INFO] [stderr]                                  at /rustc/ed77b7b8699e342c2dc842c83cb5fe4025252ee8/library/std/src/panicking.rs:541:19
[INFO] [stderr]     27:     0x5893f2221c78 - std[69db903323f584ec]::panic::catch_unwind::<&dyn core[f960d09af7566be7]::ops::function::Fn<(), Output = i32> + core[f960d09af7566be7]::marker::Sync + core[f960d09af7566be7]::panic::unwind_safe::RefUnwindSafe, i32>
[INFO] [stderr]                                  at /rustc/ed77b7b8699e342c2dc842c83cb5fe4025252ee8/library/std/src/panic.rs:359:14
[INFO] [stderr]     28:     0x5893f2221c78 - std[69db903323f584ec]::rt::lang_start_internal::{closure#0}
[INFO] [stderr]                                  at /rustc/ed77b7b8699e342c2dc842c83cb5fe4025252ee8/library/std/src/rt.rs:175:24
[INFO] [stderr]     29:     0x5893f2221c78 - std[69db903323f584ec]::panicking::catch_unwind::do_call::<std[69db903323f584ec]::rt::lang_start_internal::{closure#0}, isize>
[INFO] [stderr]                                  at /rustc/ed77b7b8699e342c2dc842c83cb5fe4025252ee8/library/std/src/panicking.rs:573:43
[INFO] [stderr]     30:     0x5893f2221c78 - std[69db903323f584ec]::panicking::catch_unwind::<isize, std[69db903323f584ec]::rt::lang_start_internal::{closure#0}>
[INFO] [stderr]                                  at /rustc/ed77b7b8699e342c2dc842c83cb5fe4025252ee8/library/std/src/panicking.rs:541:19
[INFO] [stderr]     31:     0x5893f2221c78 - std[69db903323f584ec]::panic::catch_unwind::<std[69db903323f584ec]::rt::lang_start_internal::{closure#0}, isize>
[INFO] [stderr]                                  at /rustc/ed77b7b8699e342c2dc842c83cb5fe4025252ee8/library/std/src/panic.rs:359:14
[INFO] [stderr]     32:     0x5893f2221c78 - std[69db903323f584ec]::rt::lang_start_internal
[INFO] [stderr]                                  at /rustc/ed77b7b8699e342c2dc842c83cb5fe4025252ee8/library/std/src/rt.rs:171:5
[INFO] [stderr]     33:     0x5893f1795981 - std[69db903323f584ec]::rt::lang_start::<core[f960d09af7566be7]::result::Result<(), miette[ad352dd464aa85e8]::eyreish::Report>>
[INFO] [stderr]     34:     0x5893f179a635 - main
[INFO] [stderr]     35:     0x7727d44e6601 - <unknown>
[INFO] [stderr]     36:     0x7727d44e6718 - __libc_start_main
[INFO] [stderr]     37:     0x5893f178ab55 - _start
[INFO] [stderr]     38:                0x0 - <unknown>
[INFO] running `Command { std: "docker" "inspect" "e1598d36b4c3adac4202e0b65c9bdf6cc7d9e8eed7038474817225d7109e9aab", kill_on_drop: false }`
[INFO] running `Command { std: "docker" "rm" "-f" "e1598d36b4c3adac4202e0b65c9bdf6cc7d9e8eed7038474817225d7109e9aab", kill_on_drop: false }`
[INFO] [stdout] e1598d36b4c3adac4202e0b65c9bdf6cc7d9e8eed7038474817225d7109e9aab
