[INFO] cloning repository https://github.com/zantinger/rust-scraper
[INFO] running `Command { std: "git" "-c" "credential.helper=" "-c" "credential.helper=/workspace/cargo-home/bin/git-credential-null" "clone" "--bare" "https://github.com/zantinger/rust-scraper" "/workspace/cache/git-repos/https%3A%2F%2Fgithub.com%2Fzantinger%2Frust-scraper", kill_on_drop: false }`
[INFO] [stderr] Cloning into bare repository '/workspace/cache/git-repos/https%3A%2F%2Fgithub.com%2Fzantinger%2Frust-scraper'...
[INFO] running `Command { std: "git" "rev-parse" "HEAD", kill_on_drop: false }`
[INFO] [stdout] 2e0426dfd60e798b62bd00e5942dde5cc954b556
[INFO] checking zantinger/rust-scraper against 0335fc7ee9e33d92e03d99f3e2fb0fe6119f3cc0 for pr-158915-1
[INFO] running `Command { std: "git" "clone" "/workspace/cache/git-repos/https%3A%2F%2Fgithub.com%2Fzantinger%2Frust-scraper" "/workspace/builds/worker-5-tc2/source", kill_on_drop: false }`
[INFO] [stderr] Cloning into '/workspace/builds/worker-5-tc2/source'...
[INFO] [stderr] done.
[INFO] started tweaking git repo https://github.com/zantinger/rust-scraper
[INFO] finished tweaking git repo https://github.com/zantinger/rust-scraper
[INFO] tweaked toml for git repo https://github.com/zantinger/rust-scraper written to /workspace/builds/worker-5-tc2/source/Cargo.toml
[INFO] validating manifest of git repo https://github.com/zantinger/rust-scraper on toolchain 0335fc7ee9e33d92e03d99f3e2fb0fe6119f3cc0
[INFO] running `Command { std: CARGO_HOME="/workspace/cargo-home" RUSTUP_HOME="/workspace/rustup-home" "/workspace/cargo-home/bin/cargo" "+0335fc7ee9e33d92e03d99f3e2fb0fe6119f3cc0" "metadata" "--manifest-path" "Cargo.toml" "--no-deps", kill_on_drop: false }`
[INFO] crate git repo https://github.com/zantinger/rust-scraper already has a lockfile, it will not be regenerated
[INFO] running `Command { std: CARGO_HOME="/workspace/cargo-home" RUSTUP_HOME="/workspace/rustup-home" "/workspace/cargo-home/bin/cargo" "+0335fc7ee9e33d92e03d99f3e2fb0fe6119f3cc0" "fetch" "--manifest-path" "Cargo.toml", kill_on_drop: false }`
[INFO] [stderr] warning: binary `cookie_scraper` should have a kebab-case name
[INFO] [stderr]    |
[INFO] [stderr]  1 | /workspace/builds/worker-5-tc2/source/target/.../cookie_scraper
[INFO] [stderr]    |                                                  ^^^^^^^^^^^^^^
[INFO] [stderr]    |
[INFO] [stderr]    = note: `cargo::non_kebab_case_bins` is set to `warn` by default
[INFO] [stderr] help: to change the binary name to `cookie-scraper`, convert `package.name`
[INFO] [stderr]   --> Cargo.toml:7:8
[INFO] [stderr]    |
[INFO] [stderr]  7 - name = "cookie_scraper"
[INFO] [stderr]  7 + name = "cookie-scraper"
[INFO] [stderr]    |
[INFO] [stderr] help: to change the binary name to `cookie-scraper`, specify `bin.name`
[INFO] [stderr]   --> Cargo.toml:8:19
[INFO] [stderr]    |
[INFO] [stderr]  8 ~ version = "0.1.0"
[INFO] [stderr]  9 + [[bin]]
[INFO] [stderr] 10 + name = "cookie-scraper"
[INFO] [stderr] 11 + path = "src/main.rs"
[INFO] [stderr]    |
[INFO] [stderr] warning: `cookie_scraper` (manifest) generated 1 warning
[INFO] [stderr]     Blocking waiting for file lock on package cache
[INFO] [stderr]     Updating crates.io index
[INFO] [stderr]     Blocking waiting for file lock on package cache
[ERROR] error running command: no output for 300 seconds
[INFO] checking zantinger/rust-scraper against 0335fc7ee9e33d92e03d99f3e2fb0fe6119f3cc0 for pr-158915-1
[INFO] running `Command { std: "git" "clone" "/workspace/cache/git-repos/https%3A%2F%2Fgithub.com%2Fzantinger%2Frust-scraper" "/workspace/builds/worker-5-tc2/source", kill_on_drop: false }`
[INFO] [stderr] Cloning into '/workspace/builds/worker-5-tc2/source'...
[INFO] [stderr] done.
[INFO] started tweaking git repo https://github.com/zantinger/rust-scraper
[INFO] finished tweaking git repo https://github.com/zantinger/rust-scraper
[INFO] tweaked toml for git repo https://github.com/zantinger/rust-scraper written to /workspace/builds/worker-5-tc2/source/Cargo.toml
[INFO] validating manifest of git repo https://github.com/zantinger/rust-scraper on toolchain 0335fc7ee9e33d92e03d99f3e2fb0fe6119f3cc0
[INFO] running `Command { std: CARGO_HOME="/workspace/cargo-home" RUSTUP_HOME="/workspace/rustup-home" "/workspace/cargo-home/bin/cargo" "+0335fc7ee9e33d92e03d99f3e2fb0fe6119f3cc0" "metadata" "--manifest-path" "Cargo.toml" "--no-deps", kill_on_drop: false }`
[INFO] crate git repo https://github.com/zantinger/rust-scraper already has a lockfile, it will not be regenerated
[INFO] running `Command { std: CARGO_HOME="/workspace/cargo-home" RUSTUP_HOME="/workspace/rustup-home" "/workspace/cargo-home/bin/cargo" "+0335fc7ee9e33d92e03d99f3e2fb0fe6119f3cc0" "fetch" "--manifest-path" "Cargo.toml", kill_on_drop: false }`
[INFO] [stderr] warning: binary `cookie_scraper` should have a kebab-case name
[INFO] [stderr]    |
[INFO] [stderr]  1 | /workspace/builds/worker-5-tc2/source/target/.../cookie_scraper
[INFO] [stderr]    |                                                  ^^^^^^^^^^^^^^
[INFO] [stderr]    |
[INFO] [stderr]    = note: `cargo::non_kebab_case_bins` is set to `warn` by default
[INFO] [stderr] help: to change the binary name to `cookie-scraper`, convert `package.name`
[INFO] [stderr]   --> Cargo.toml:7:8
[INFO] [stderr]    |
[INFO] [stderr]  7 - name = "cookie_scraper"
[INFO] [stderr]  7 + name = "cookie-scraper"
[INFO] [stderr]    |
[INFO] [stderr] help: to change the binary name to `cookie-scraper`, specify `bin.name`
[INFO] [stderr]   --> Cargo.toml:8:19
[INFO] [stderr]    |
[INFO] [stderr]  8 ~ version = "0.1.0"
[INFO] [stderr]  9 + [[bin]]
[INFO] [stderr] 10 + name = "cookie-scraper"
[INFO] [stderr] 11 + path = "src/main.rs"
[INFO] [stderr]    |
[INFO] [stderr] warning: `cookie_scraper` (manifest) generated 1 warning
[INFO] [stderr]     Blocking waiting for file lock on package cache
[INFO] [stderr]     Blocking waiting for file lock on package cache
[INFO] [stderr]  Downloading crates ...
[INFO] [stderr]   Downloaded darling v0.9.0
[INFO] [stderr]   Downloaded websocket v0.23.0
[INFO] [stderr]   Downloaded darling_macro v0.9.0
[INFO] [stderr]   Downloaded tinyvec v1.3.1
[INFO] [stderr]   Downloaded derive_builder v0.7.2
[INFO] [stderr]   Downloaded headless_chrome v0.9.0
[INFO] [stderr]   Downloaded darling_core v0.9.0
[INFO] [stderr]   Downloaded derive_builder_core v0.5.0
[INFO] [stderr]   Downloaded object v0.26.2
[INFO] running `Command { std: "docker" "create" "-v" "/var/lib/crater-agent-workspace/builds/worker-5-tc2/source:/opt/rustwide/workdir:ro,Z" "-v" "/var/lib/crater-agent-workspace/builds/worker-5-tc2/target:/opt/rustwide/target:rw,Z" "-v" "/var/lib/crater-agent-workspace/cargo-home:/opt/rustwide/cargo-home:ro,Z" "-v" "/var/lib/crater-agent-workspace/rustup-home:/opt/rustwide/rustup-home:ro,Z" "-m" "1610612736" "--network" "none" "ghcr.io/rust-lang/crates-build-env/linux@sha256:8683fc1fc2eb5c9ac98e0d076ab094b2ffac7f99da555d2b6a2e27f346de2ec7" "sleep" "infinity", kill_on_drop: false }`
[INFO] [stdout] 0b4cc6756b3703c7c0bbb9578daf9f4afffb78895007d9f8b0a7db259aa3e38e
[INFO] running `Command { std: "docker" "start" "0b4cc6756b3703c7c0bbb9578daf9f4afffb78895007d9f8b0a7db259aa3e38e", kill_on_drop: false }`
[INFO] running `Command { std: "docker" "inspect" "0b4cc6756b3703c7c0bbb9578daf9f4afffb78895007d9f8b0a7db259aa3e38e", kill_on_drop: false }`
[INFO] running `Command { std: "docker" "exec" "-e" "SOURCE_DIR=/opt/rustwide/workdir" "-e" "CARGO_HOME=/opt/rustwide/cargo-home" "-e" "RUSTUP_HOME=/opt/rustwide/rustup-home" "-e" "CARGO_TARGET_DIR=/opt/rustwide/target" "-w" "/opt/rustwide/workdir" "--user" "0:0" "0b4cc6756b3703c7c0bbb9578daf9f4afffb78895007d9f8b0a7db259aa3e38e" "/opt/rustwide/cargo-home/bin/cargo" "+0335fc7ee9e33d92e03d99f3e2fb0fe6119f3cc0" "metadata" "--no-deps" "--format-version=1", kill_on_drop: false }`
[INFO] running `Command { std: "docker" "inspect" "0b4cc6756b3703c7c0bbb9578daf9f4afffb78895007d9f8b0a7db259aa3e38e", kill_on_drop: false }`
[INFO] running `Command { std: "docker" "exec" "-e" "SOURCE_DIR=/opt/rustwide/workdir" "-e" "CARGO_HOME=/opt/rustwide/cargo-home" "-e" "RUSTUP_HOME=/opt/rustwide/rustup-home" "-e" "CARGO_TARGET_DIR=/opt/rustwide/target" "-e" "CARGO_INCREMENTAL=0" "-e" "RUST_BACKTRACE=full" "-e" "RUSTFLAGS=--cap-lints=forbid" "-e" "RUSTDOCFLAGS=--cap-lints=forbid" "-w" "/opt/rustwide/workdir" "--user" "0:0" "0b4cc6756b3703c7c0bbb9578daf9f4afffb78895007d9f8b0a7db259aa3e38e" "/opt/rustwide/cargo-home/bin/cargo" "+0335fc7ee9e33d92e03d99f3e2fb0fe6119f3cc0" "check" "--frozen" "--all" "--all-targets" "--message-format=json", kill_on_drop: false }`
[INFO] [stderr] warning: binary `cookie_scraper` should have a kebab-case name
[INFO] [stderr]    |
[INFO] [stderr]  1 | /opt/rustwide/target/.../cookie_scraper
[INFO] [stderr]    |                          ^^^^^^^^^^^^^^
[INFO] [stderr]    |
[INFO] [stderr]    = note: `cargo::non_kebab_case_bins` is set to `warn` by default
[INFO] [stderr] help: to change the binary name to `cookie-scraper`, convert `package.name`
[INFO] [stderr]   --> Cargo.toml:7:8
[INFO] [stderr]    |
[INFO] [stderr]  7 - name = "cookie_scraper"
[INFO] [stderr]  7 + name = "cookie-scraper"
[INFO] [stderr]    |
[INFO] [stderr] help: to change the binary name to `cookie-scraper`, specify `bin.name`
[INFO] [stderr]   --> Cargo.toml:8:19
[INFO] [stderr]    |
[INFO] [stderr]  8 ~ version = "0.1.0"
[INFO] [stderr]  9 + [[bin]]
[INFO] [stderr] 10 + name = "cookie-scraper"
[INFO] [stderr] 11 + path = "src/main.rs"
[INFO] [stderr]    |
[INFO] [stderr] warning: `cookie_scraper` (manifest) generated 1 warning
[INFO] [stderr]    Compiling libc v0.2.101
[INFO] [stderr]     Checking rand_core v0.4.2
[INFO] [stderr]    Compiling syn v1.0.75
[INFO] [stderr]    Compiling syn v0.15.44
[INFO] [stderr]    Compiling cc v1.0.70
[INFO] [stderr]     Checking tinyvec v1.3.1
[INFO] [stderr]    Compiling strsim v0.7.0
[INFO] [stderr]    Compiling unicase v1.4.2
[INFO] [stderr]    Compiling rand_chacha v0.1.1
[INFO] [stderr]    Compiling rand_pcg v0.1.2
[INFO] [stderr]    Compiling quote v1.0.9
[INFO] [stderr]    Compiling serde_derive v1.0.130
[INFO] [stderr]     Checking matches v0.1.9
[INFO] [stderr]     Checking unicode-bidi v0.3.6
[INFO] [stderr]    Compiling failure_derive v0.1.8
[INFO] [stderr]    Compiling httparse v1.5.1
[INFO] [stderr]     Checking gimli v0.25.0
[INFO] [stderr]     Checking rand_core v0.3.1
[INFO] [stderr]     Checking object v0.26.2
[INFO] [stderr]     Checking log v0.3.9
[INFO] [stderr]    Compiling rand v0.6.5
[INFO] [stderr]     Checking rustc-demangle v0.1.21
[INFO] [stderr]    Compiling serde v1.0.130
[INFO] [stderr]     Checking percent-encoding v1.0.1
[INFO] [stderr]     Checking base64 v0.9.3
[INFO] [stderr]     Checking mime v0.2.6
[INFO] [stderr]     Checking rand_isaac v0.1.1
[INFO] [stderr]     Checking rand_xorshift v0.1.1
[INFO] [stderr]     Checking rand_hc v0.1.0
[INFO] [stderr]     Checking rand_jitter v0.1.4
[INFO] [stderr]    Compiling serde_json v1.0.67
[INFO] [stderr]     Checking typeable v0.1.2
[INFO] [stderr]     Checking language-tags v0.2.2
[INFO] [stderr]    Compiling derive_builder v0.7.2
[INFO] [stderr]     Checking traitobject v0.1.0
[INFO] [stderr]     Checking humantime v1.3.0
[INFO] [stderr]     Checking base64 v0.10.1
[INFO] [stderr]     Checking sha1 v0.6.0
[INFO] [stderr]     Checking itoa v0.4.8
[INFO] [stdout] error[E0119]: conflicting implementations of trait `Trait` for type `(dyn Send + Sync + 'static)`
[INFO] [stdout]   --> /opt/rustwide/cargo-home/registry/src/index.crates.io-1949cf8c6b5b557f/traitobject-0.1.0/src/impls.rs:72:1
[INFO] [stdout]    |
[INFO] [stdout] 71 | unsafe impl Trait for ::std::marker::Send + Sync { }
[INFO] [stdout]    | ------------------------------------------------ first implementation here
[INFO] [stdout] 72 | unsafe impl Trait for ::std::marker::Send + Send + Sync { }
[INFO] [stdout]    | ^^^^^^^^^^^^^^^^^^^^^^^^^^^^^^^^^^^^^^^^^^^^^^^^^^^^^^^ conflicting implementation for `(dyn Send + Sync + 'static)`
[INFO] [stdout] 
[INFO] [stdout] 
[INFO] [stdout] error[E0119]: conflicting implementations of trait `Trait` for type `(dyn Send + Sync + 'static)`
[INFO] [stdout]   --> /opt/rustwide/cargo-home/registry/src/index.crates.io-1949cf8c6b5b557f/traitobject-0.1.0/src/impls.rs:73:1
[INFO] [stdout]    |
[INFO] [stdout] 71 | unsafe impl Trait for ::std::marker::Send + Sync { }
[INFO] [stdout]    | ------------------------------------------------ first implementation here
[INFO] [stdout] 72 | unsafe impl Trait for ::std::marker::Send + Send + Sync { }
[INFO] [stdout] 73 | unsafe impl Trait for ::std::marker::Sync + Send { }
[INFO] [stdout]    | ^^^^^^^^^^^^^^^^^^^^^^^^^^^^^^^^^^^^^^^^^^^^^^^^ conflicting implementation for `(dyn Send + Sync + 'static)`
[INFO] [stdout] 
[INFO] [stdout] 
[INFO] [stdout] error[E0119]: conflicting implementations of trait `Trait` for type `(dyn Send + Sync + 'static)`
[INFO] [stdout]   --> /opt/rustwide/cargo-home/registry/src/index.crates.io-1949cf8c6b5b557f/traitobject-0.1.0/src/impls.rs:75:1
[INFO] [stdout]    |
[INFO] [stdout] 71 | unsafe impl Trait for ::std::marker::Send + Sync { }
[INFO] [stdout]    | ------------------------------------------------ first implementation here
[INFO] [stdout] ...
[INFO] [stdout] 75 | unsafe impl Trait for ::std::marker::Sync + Send + Sync { }
[INFO] [stdout]    | ^^^^^^^^^^^^^^^^^^^^^^^^^^^^^^^^^^^^^^^^^^^^^^^^^^^^^^^ conflicting implementation for `(dyn Send + Sync + 'static)`
[INFO] [stdout] 
[INFO] [stdout] 
[INFO] [stdout] For more information about this error, try `rustc --explain E0119`.
[INFO] [stdout] 
[INFO] [stderr] error: could not compile `traitobject` (lib) due to 3 previous errors
[INFO] [stderr] warning: build failed, waiting for other jobs to finish...
[INFO] running `Command { std: "docker" "inspect" "0b4cc6756b3703c7c0bbb9578daf9f4afffb78895007d9f8b0a7db259aa3e38e", kill_on_drop: false }`
[INFO] running `Command { std: "docker" "rm" "-f" "0b4cc6756b3703c7c0bbb9578daf9f4afffb78895007d9f8b0a7db259aa3e38e", kill_on_drop: false }`
[INFO] [stdout] 0b4cc6756b3703c7c0bbb9578daf9f4afffb78895007d9f8b0a7db259aa3e38e
