[INFO] cloning repository https://github.com/tmtk75/envsec
[INFO] running `Command { std: "git" "-c" "credential.helper=" "-c" "credential.helper=/workspace/cargo-home/bin/git-credential-null" "clone" "--bare" "https://github.com/tmtk75/envsec" "/workspace/cache/git-repos/https%3A%2F%2Fgithub.com%2Ftmtk75%2Fenvsec", kill_on_drop: false }`
[INFO] [stderr] Cloning into bare repository '/workspace/cache/git-repos/https%3A%2F%2Fgithub.com%2Ftmtk75%2Fenvsec'...
[INFO] running `Command { std: "git" "rev-parse" "HEAD", kill_on_drop: false }`
[INFO] [stdout] b16a3134ee3f8fa0501df48f1d37c0c4e0f3207f
[INFO] checking tmtk75/envsec against 0335fc7ee9e33d92e03d99f3e2fb0fe6119f3cc0 for pr-158915-1
[INFO] running `Command { std: "git" "clone" "/workspace/cache/git-repos/https%3A%2F%2Fgithub.com%2Ftmtk75%2Fenvsec" "/workspace/builds/worker-1-tc2/source", kill_on_drop: false }`
[INFO] [stderr] Cloning into '/workspace/builds/worker-1-tc2/source'...
[INFO] [stderr] done.
[INFO] started tweaking git repo https://github.com/tmtk75/envsec
[INFO] finished tweaking git repo https://github.com/tmtk75/envsec
[INFO] tweaked toml for git repo https://github.com/tmtk75/envsec written to /workspace/builds/worker-1-tc2/source/Cargo.toml
[INFO] validating manifest of git repo https://github.com/tmtk75/envsec on toolchain 0335fc7ee9e33d92e03d99f3e2fb0fe6119f3cc0
[INFO] running `Command { std: CARGO_HOME="/workspace/cargo-home" RUSTUP_HOME="/workspace/rustup-home" "/workspace/cargo-home/bin/cargo" "+0335fc7ee9e33d92e03d99f3e2fb0fe6119f3cc0" "metadata" "--manifest-path" "Cargo.toml" "--no-deps", kill_on_drop: false }`
[INFO] crate git repo https://github.com/tmtk75/envsec already has a lockfile, it will not be regenerated
[INFO] running `Command { std: CARGO_HOME="/workspace/cargo-home" RUSTUP_HOME="/workspace/rustup-home" "/workspace/cargo-home/bin/cargo" "+0335fc7ee9e33d92e03d99f3e2fb0fe6119f3cc0" "fetch" "--manifest-path" "Cargo.toml", kill_on_drop: false }`
[INFO] [stderr]     Blocking waiting for file lock on package cache
[INFO] [stderr]     Blocking waiting for file lock on package cache
[INFO] [stderr]  Downloading crates ...
[INFO] [stderr]   Downloaded rtoolbox v0.0.3
[INFO] running `Command { std: "docker" "create" "-v" "/var/lib/crater-agent-workspace/builds/worker-1-tc2/source:/opt/rustwide/workdir:ro,Z" "-v" "/var/lib/crater-agent-workspace/builds/worker-1-tc2/target:/opt/rustwide/target:rw,Z" "-v" "/var/lib/crater-agent-workspace/cargo-home:/opt/rustwide/cargo-home:ro,Z" "-v" "/var/lib/crater-agent-workspace/rustup-home:/opt/rustwide/rustup-home:ro,Z" "-m" "1610612736" "--network" "none" "ghcr.io/rust-lang/crates-build-env/linux@sha256:8683fc1fc2eb5c9ac98e0d076ab094b2ffac7f99da555d2b6a2e27f346de2ec7" "sleep" "infinity", kill_on_drop: false }`
[INFO] [stdout] 811e782a1d073e14725a691196d86b8068b9645965e46393f99d9c406cd2e34f
[INFO] running `Command { std: "docker" "start" "811e782a1d073e14725a691196d86b8068b9645965e46393f99d9c406cd2e34f", kill_on_drop: false }`
[INFO] running `Command { std: "docker" "inspect" "811e782a1d073e14725a691196d86b8068b9645965e46393f99d9c406cd2e34f", kill_on_drop: false }`
[INFO] running `Command { std: "docker" "exec" "-e" "SOURCE_DIR=/opt/rustwide/workdir" "-e" "CARGO_HOME=/opt/rustwide/cargo-home" "-e" "RUSTUP_HOME=/opt/rustwide/rustup-home" "-e" "CARGO_TARGET_DIR=/opt/rustwide/target" "-w" "/opt/rustwide/workdir" "--user" "0:0" "811e782a1d073e14725a691196d86b8068b9645965e46393f99d9c406cd2e34f" "/opt/rustwide/cargo-home/bin/cargo" "+0335fc7ee9e33d92e03d99f3e2fb0fe6119f3cc0" "metadata" "--no-deps" "--format-version=1", kill_on_drop: false }`
[INFO] running `Command { std: "docker" "inspect" "811e782a1d073e14725a691196d86b8068b9645965e46393f99d9c406cd2e34f", kill_on_drop: false }`
[INFO] running `Command { std: "docker" "exec" "-e" "SOURCE_DIR=/opt/rustwide/workdir" "-e" "CARGO_HOME=/opt/rustwide/cargo-home" "-e" "RUSTUP_HOME=/opt/rustwide/rustup-home" "-e" "CARGO_TARGET_DIR=/opt/rustwide/target" "-e" "CARGO_INCREMENTAL=0" "-e" "RUST_BACKTRACE=full" "-e" "RUSTFLAGS=--cap-lints=forbid" "-e" "RUSTDOCFLAGS=--cap-lints=forbid" "-w" "/opt/rustwide/workdir" "--user" "0:0" "811e782a1d073e14725a691196d86b8068b9645965e46393f99d9c406cd2e34f" "/opt/rustwide/cargo-home/bin/cargo" "+0335fc7ee9e33d92e03d99f3e2fb0fe6119f3cc0" "check" "--frozen" "--all" "--all-targets" "--message-format=json", kill_on_drop: false }`
[INFO] [stderr]     Checking core-foundation-sys v0.8.7
[INFO] [stderr]     Checking clap_lex v1.0.0
[INFO] [stderr]    Compiling serde_derive v1.0.228
[INFO] [stderr]    Compiling thiserror-impl v2.0.18
[INFO] [stderr]    Compiling clap_derive v4.5.55
[INFO] [stderr]     Checking dirs-sys v0.5.0
[INFO] [stderr]     Checking toml_parser v1.0.9+spec-1.1.0
[INFO] [stderr]     Checking toml_datetime v1.0.0+spec-1.1.0
[INFO] [stderr]     Checking clap_builder v4.5.60
[INFO] [stderr]     Checking rtoolbox v0.0.3
[INFO] [stderr]    Compiling envsec v0.1.0 (/opt/rustwide/workdir)
[INFO] [stderr]     Checking security-framework-sys v2.17.0
[INFO] [stderr]     Checking core-foundation v0.10.1
[INFO] [stderr]     Checking secrecy v0.10.3
[INFO] [stderr]     Checking rpassword v7.4.0
[INFO] [stderr]     Checking dirs v6.0.0
[INFO] [stderr]     Checking security-framework v3.7.0
[INFO] [stderr]     Checking toml v1.0.3+spec-1.1.0
[INFO] [stderr]     Checking thiserror v2.0.18
[INFO] [stderr]     Checking clap v4.5.60
[INFO] [stderr]     Checking serde v1.0.228
[INFO] [stdout] error[E0432]: unresolved import `security_framework::passwords`
[INFO] [stdout]   --> src/backend/keychain.rs:10:25
[INFO] [stdout]    |
[INFO] [stdout] 10 | use security_framework::passwords::{delete_generic_password, get_generic_password};
[INFO] [stdout]    |                         ^^^^^^^^^ could not find `passwords` in `security_framework`
[INFO] [stdout] 
[INFO] [stdout] 
[INFO] [stdout] error[E0432]: unresolved import `security_framework::passwords`
[INFO] [stdout]  --> src/resolve.rs:5:25
[INFO] [stdout]   |
[INFO] [stdout] 5 | use security_framework::passwords::get_generic_password;
[INFO] [stdout]   |                         ^^^^^^^^^ could not find `passwords` in `security_framework`
[INFO] [stdout] 
[INFO] [stdout] 
[INFO] [stdout] error[E0432]: unresolved import `security_framework::passwords`
[INFO] [stdout]   --> src/backend/keychain.rs:10:25
[INFO] [stdout]    |
[INFO] [stdout] 10 | use security_framework::passwords::{delete_generic_password, get_generic_password};
[INFO] [stdout]    |                         ^^^^^^^^^ could not find `passwords` in `security_framework`
[INFO] [stdout] 
[INFO] [stdout] 
[INFO] [stdout] error[E0432]: unresolved import `security_framework::passwords`
[INFO] [stdout]  --> src/resolve.rs:5:25
[INFO] [stdout]   |
[INFO] [stdout] 5 | use security_framework::passwords::get_generic_password;
[INFO] [stdout]   |                         ^^^^^^^^^ could not find `passwords` in `security_framework`
[INFO] [stdout] 
[INFO] [stdout] 
[INFO] [stdout] For more information about this error, try `rustc --explain E0432`.
[INFO] [stdout] 
[INFO] [stderr] error: could not compile `envsec` (bin "envsec" test) due to 2 previous errors
[INFO] [stderr] warning: build failed, waiting for other jobs to finish...
[INFO] [stdout] For more information about this error, try `rustc --explain E0432`.
[INFO] [stdout] 
[INFO] [stderr] error: could not compile `envsec` (bin "envsec") due to 2 previous errors
[INFO] running `Command { std: "docker" "inspect" "811e782a1d073e14725a691196d86b8068b9645965e46393f99d9c406cd2e34f", kill_on_drop: false }`
[INFO] running `Command { std: "docker" "rm" "-f" "811e782a1d073e14725a691196d86b8068b9645965e46393f99d9c406cd2e34f", kill_on_drop: false }`
[INFO] [stdout] 811e782a1d073e14725a691196d86b8068b9645965e46393f99d9c406cd2e34f
