[INFO] cloning repository https://github.com/thedoctor095/passwd_manager
[INFO] running `Command { std: "git" "-c" "credential.helper=" "-c" "credential.helper=/workspace/cargo-home/bin/git-credential-null" "clone" "--bare" "https://github.com/thedoctor095/passwd_manager" "/workspace/cache/git-repos/https%3A%2F%2Fgithub.com%2Fthedoctor095%2Fpasswd_manager", kill_on_drop: false }`
[INFO] [stderr] Cloning into bare repository '/workspace/cache/git-repos/https%3A%2F%2Fgithub.com%2Fthedoctor095%2Fpasswd_manager'...
[INFO] running `Command { std: "git" "rev-parse" "HEAD", kill_on_drop: false }`
[INFO] [stdout] f39382b5b0a66694e5aca90ebcc719d99cfb9755
[INFO] checking thedoctor095/passwd_manager against 0335fc7ee9e33d92e03d99f3e2fb0fe6119f3cc0 for pr-158915-1
[INFO] running `Command { std: "git" "clone" "/workspace/cache/git-repos/https%3A%2F%2Fgithub.com%2Fthedoctor095%2Fpasswd_manager" "/workspace/builds/worker-6-tc2/source", kill_on_drop: false }`
[INFO] [stderr] Cloning into '/workspace/builds/worker-6-tc2/source'...
[INFO] [stderr] done.
[INFO] started tweaking git repo https://github.com/thedoctor095/passwd_manager
[INFO] finished tweaking git repo https://github.com/thedoctor095/passwd_manager
[INFO] tweaked toml for git repo https://github.com/thedoctor095/passwd_manager written to /workspace/builds/worker-6-tc2/source/Cargo.toml
[INFO] validating manifest of git repo https://github.com/thedoctor095/passwd_manager on toolchain 0335fc7ee9e33d92e03d99f3e2fb0fe6119f3cc0
[INFO] running `Command { std: CARGO_HOME="/workspace/cargo-home" RUSTUP_HOME="/workspace/rustup-home" "/workspace/cargo-home/bin/cargo" "+0335fc7ee9e33d92e03d99f3e2fb0fe6119f3cc0" "metadata" "--manifest-path" "Cargo.toml" "--no-deps", kill_on_drop: false }`
[INFO] crate git repo https://github.com/thedoctor095/passwd_manager already has a lockfile, it will not be regenerated
[INFO] running `Command { std: CARGO_HOME="/workspace/cargo-home" RUSTUP_HOME="/workspace/rustup-home" "/workspace/cargo-home/bin/cargo" "+0335fc7ee9e33d92e03d99f3e2fb0fe6119f3cc0" "fetch" "--manifest-path" "Cargo.toml", kill_on_drop: false }`
[INFO] [stderr]     Blocking waiting for file lock on package cache
[INFO] [stderr]     Blocking waiting for file lock on package cache
[INFO] running `Command { std: "docker" "create" "-v" "/var/lib/crater-agent-workspace/builds/worker-6-tc2/source:/opt/rustwide/workdir:ro,Z" "-v" "/var/lib/crater-agent-workspace/builds/worker-6-tc2/target:/opt/rustwide/target:rw,Z" "-v" "/var/lib/crater-agent-workspace/cargo-home:/opt/rustwide/cargo-home:ro,Z" "-v" "/var/lib/crater-agent-workspace/rustup-home:/opt/rustwide/rustup-home:ro,Z" "-m" "1610612736" "--network" "none" "ghcr.io/rust-lang/crates-build-env/linux@sha256:8683fc1fc2eb5c9ac98e0d076ab094b2ffac7f99da555d2b6a2e27f346de2ec7" "sleep" "infinity", kill_on_drop: false }`
[INFO] [stdout] ce04849533020c59d919cd02ae3f0802f615ada2d6a3352209065ff22e48ef21
[INFO] running `Command { std: "docker" "start" "ce04849533020c59d919cd02ae3f0802f615ada2d6a3352209065ff22e48ef21", kill_on_drop: false }`
[INFO] running `Command { std: "docker" "inspect" "ce04849533020c59d919cd02ae3f0802f615ada2d6a3352209065ff22e48ef21", kill_on_drop: false }`
[INFO] running `Command { std: "docker" "exec" "-e" "SOURCE_DIR=/opt/rustwide/workdir" "-e" "CARGO_HOME=/opt/rustwide/cargo-home" "-e" "RUSTUP_HOME=/opt/rustwide/rustup-home" "-e" "CARGO_TARGET_DIR=/opt/rustwide/target" "-w" "/opt/rustwide/workdir" "--user" "0:0" "ce04849533020c59d919cd02ae3f0802f615ada2d6a3352209065ff22e48ef21" "/opt/rustwide/cargo-home/bin/cargo" "+0335fc7ee9e33d92e03d99f3e2fb0fe6119f3cc0" "metadata" "--no-deps" "--format-version=1", kill_on_drop: false }`
[INFO] running `Command { std: "docker" "inspect" "ce04849533020c59d919cd02ae3f0802f615ada2d6a3352209065ff22e48ef21", kill_on_drop: false }`
[INFO] running `Command { std: "docker" "exec" "-e" "SOURCE_DIR=/opt/rustwide/workdir" "-e" "CARGO_HOME=/opt/rustwide/cargo-home" "-e" "RUSTUP_HOME=/opt/rustwide/rustup-home" "-e" "CARGO_TARGET_DIR=/opt/rustwide/target" "-e" "CARGO_INCREMENTAL=0" "-e" "RUST_BACKTRACE=full" "-e" "RUSTFLAGS=--cap-lints=forbid" "-e" "RUSTDOCFLAGS=--cap-lints=forbid" "-w" "/opt/rustwide/workdir" "--user" "0:0" "ce04849533020c59d919cd02ae3f0802f615ada2d6a3352209065ff22e48ef21" "/opt/rustwide/cargo-home/bin/cargo" "+0335fc7ee9e33d92e03d99f3e2fb0fe6119f3cc0" "check" "--frozen" "--all" "--all-targets" "--message-format=json", kill_on_drop: false }`
[INFO] [stderr]    Compiling libc v0.2.176
[INFO] [stderr]    Compiling find-msvc-tools v0.1.2
[INFO] [stderr]    Compiling serde_core v1.0.228
[INFO] [stderr]     Checking serde v1.0.228
[INFO] [stderr]    Compiling cfg-if v1.0.3
[INFO] [stderr]     Checking generic-array v0.14.7
[INFO] [stderr]    Compiling zerofrom v0.1.6
[INFO] [stderr]     Checking yoke v0.8.0
[INFO] [stderr]    Compiling cc v1.2.39
[INFO] [stderr]     Checking zerovec v0.11.4
[INFO] [stderr]     Checking crypto-common v0.1.6
[INFO] [stderr]     Checking smallvec v1.15.1
[INFO] [stderr]    Compiling block-buffer v0.10.4
[INFO] [stderr]    Compiling openssl v0.10.73
[INFO] [stderr]    Compiling digest v0.10.7
[INFO] [stderr]     Checking num-traits v0.2.19
[INFO] [stderr]    Compiling openssl-macros v0.1.1
[INFO] [stderr]    Compiling libm v0.2.15
[INFO] [stderr]     Checking getrandom v0.2.16
[INFO] [stderr]     Checking parking_lot_core v0.9.11
[INFO] [stderr]    Compiling zerotrie v0.2.2
[INFO] [stderr]     Checking tinystr v0.8.1
[INFO] [stderr]    Compiling native-tls v0.2.14
[INFO] [stderr]     Checking potential_utf v0.1.3
[INFO] [stderr]     Checking icu_locale_core v2.0.0
[INFO] [stderr]    Compiling openssl-sys v0.9.109
[INFO] [stderr]     Checking parking_lot v0.12.4
[INFO] [stderr]    Compiling icu_collections v2.0.0
[INFO] [stderr]    Compiling rand_core v0.6.4
[INFO] [stderr]     Checking mio v1.0.4
[INFO] [stderr]     Checking signal-hook-registry v1.4.6
[INFO] [stderr]     Checking icu_provider v2.0.0
[INFO] [stderr]     Checking socket2 v0.6.0
[INFO] [stderr]    Compiling zerocopy v0.8.27
[INFO] [stderr]    Compiling base64ct v1.8.0
[INFO] [stderr]    Compiling num-bigint-dig v0.8.4
[INFO] [stderr]     Checking futures-sink v0.3.31
[INFO] [stderr]     Checking tracing v0.1.41
[INFO] [stderr]     Checking tokio v1.47.1
[INFO] [stderr]    Compiling pem-rfc7468 v0.7.0
[INFO] [stderr]    Compiling foreign-types-shared v0.1.1
[INFO] [stderr]     Checking icu_properties v2.0.1
[INFO] [stderr]    Compiling foreign-types v0.3.2
[INFO] [stderr]     Checking icu_normalizer v2.0.0
[INFO] [stderr]    Compiling der v0.7.10
[INFO] [stderr]     Checking num-integer v0.1.46
[INFO] [stderr]    Compiling bitflags v2.9.4
[INFO] [stderr]    Compiling tinyvec_macros v0.1.1
[INFO] [stderr]    Compiling form_urlencoded v1.2.2
[INFO] [stderr]    Compiling tinyvec v1.10.0
[INFO] [stderr]    Compiling spki v0.7.3
[INFO] [stderr]    Compiling idna_adapter v1.2.1
[INFO] [stderr]    Compiling hashbrown v0.15.5
[INFO] [stderr]    Compiling idna v1.1.0
[INFO] [stderr]    Compiling ppv-lite86 v0.2.21
[INFO] [stderr]     Checking serde_json v1.0.145
[INFO] [stderr]    Compiling concurrent-queue v2.5.0
[INFO] [stderr]    Compiling rand_chacha v0.3.1
[INFO] [stderr]    Compiling parking v2.2.1
[INFO] [stderr]    Compiling rand v0.8.5
[INFO] [stderr]    Compiling openssl-probe v0.1.6
[INFO] [stderr]    Compiling slab v0.4.11
[INFO] [stderr]     Checking spin v0.9.8
[INFO] [stderr]     Checking lazy_static v1.5.0
[INFO] [stderr]    Compiling futures-util v0.3.31
[INFO] [stderr]    Compiling num-iter v0.1.45
[INFO] [stderr]    Compiling chrono v0.4.42
[INFO] [stderr]    Compiling event-listener v5.4.1
[INFO] [stderr]    Compiling hashlink v0.10.0
[INFO] [stderr]    Compiling futures-intrusive v0.5.0
[INFO] [stderr]    Compiling unicode-normalization v0.1.24
[INFO] [stderr]    Compiling url v2.5.7
[INFO] [stderr]    Compiling pkcs8 v0.10.2
[INFO] [stderr]    Compiling sha2 v0.10.9
[INFO] [stderr]    Compiling either v1.15.0
[INFO] [stderr]     Checking futures-channel v0.3.31
[INFO] [stderr]    Compiling thiserror v2.0.17
[INFO] [stderr]    Compiling hmac v0.12.1
[INFO] [stderr]    Compiling unicode-properties v0.1.3
[INFO] [stderr]    Compiling unicode-bidi v0.3.18
[INFO] [stderr]    Compiling base64 v0.22.1
[INFO] [stderr]    Compiling hkdf v0.12.4
[INFO] [stderr]    Compiling pkcs1 v0.7.5
[INFO] [stderr]    Compiling stringprep v0.1.5
[INFO] [stderr]    Compiling atoi v2.0.0
[INFO] [stderr]    Compiling signature v2.2.0
[INFO] [stderr]    Compiling md-5 v0.10.6
[INFO] [stderr]    Compiling whoami v1.6.1
[INFO] [stderr]    Compiling darling_core v0.20.11
[INFO] [stderr]     Checking regex-automata v0.4.11
[INFO] [stderr]     Checking indexmap v2.11.4
[INFO] [stderr]    Compiling tokio-stream v0.1.17
[INFO] [stderr]    Compiling rsa v0.9.8
[INFO] [stderr]    Compiling sqlx-core v0.8.6
[INFO] [stderr]    Compiling sha1 v0.10.6
[INFO] [stderr]    Compiling ring v0.17.14
[INFO] [stderr]     Checking inout v0.1.4
[INFO] [stderr]     Checking sync_wrapper v1.0.2
[INFO] [stderr]     Checking hyper v1.7.0
[INFO] [stderr]     Checking cipher v0.4.4
[INFO] [stderr]     Checking time v0.3.44
[INFO] [stderr]     Checking getrandom v0.3.3
[INFO] [stderr]     Checking num-bigint v0.4.6
[INFO] [stderr]    Compiling darling_macro v0.20.11
[INFO] [stderr]     Checking home v0.5.11
[INFO] [stderr]     Checking hyper-util v0.1.17
[INFO] [stderr]    Compiling darling v0.20.11
[INFO] [stderr]    Compiling validator_derive v0.20.0
[INFO] [stderr]     Checking axum-core v0.5.5
[INFO] [stderr]     Checking blowfish v0.9.1
[INFO] [stderr]     Checking regex v1.11.3
[INFO] [stderr]     Checking matchers v0.2.0
[INFO] [stderr]     Checking tower v0.5.2
[INFO] [stderr]     Checking sharded-slab v0.1.7
[INFO] [stderr]     Checking simple_asn1 v0.6.3
[INFO] [stderr]     Checking pem v3.0.5
[INFO] [stderr]     Checking serde_urlencoded v0.7.1
[INFO] [stderr]     Checking password-hash v0.5.0
[INFO] [stderr]     Checking blake2 v0.10.6
[INFO] [stderr]     Checking serde_path_to_error v0.1.20
[INFO] [stderr]     Checking nu-ansi-term v0.50.1
[INFO] [stderr]     Checking validator v0.20.0
[INFO] [stderr]     Checking argon2 v0.5.3
[INFO] [stderr]     Checking tracing-subscriber v0.3.20
[INFO] [stderr]    Compiling sqlx-mysql v0.8.6
[INFO] [stderr]    Compiling sqlx-postgres v0.8.6
[INFO] [stderr]     Checking bcrypt v0.17.1
[INFO] [stderr]     Checking uuid v1.18.1
[INFO] [stderr]     Checking tower-http v0.6.6
[INFO] [stderr]    Compiling axum-macros v0.5.0
[INFO] [stderr]     Checking axum v0.8.6
[INFO] [stderr]     Checking jsonwebtoken v9.3.1
[INFO] [stderr]    Compiling sqlx-macros-core v0.8.6
[INFO] [stderr]    Compiling sqlx-macros v0.8.6
[INFO] [stderr]     Checking sqlx v0.8.6
[INFO] [stderr]     Checking api v0.1.0 (/opt/rustwide/workdir/api)
[INFO] [stdout] error: error communicating with database: failed to lookup address information: Temporary failure in name resolution
[INFO] [stdout]   --> api/src/users/services.rs:20:5
[INFO] [stdout]    |
[INFO] [stdout] 20 | /     sqlx::query!(
[INFO] [stdout] 21 | |         "
[INFO] [stdout] 22 | |         INSERT INTO users (id, username, email, hashed_password) 
[INFO] [stdout] 23 | |         VALUES( ?, ?, ?, ? )",
[INFO] [stdout] 24 | |         user_id, payload.username, payload.email, payload.password
[INFO] [stdout] 25 | |     )
[INFO] [stdout]    | |_____^
[INFO] [stdout]    |
[INFO] [stdout]    = note: this error originates in the macro `$crate::sqlx_macros::expand_query` which comes from the expansion of the macro `sqlx::query` (in Nightly builds, run with -Z macro-backtrace for more info)
[INFO] [stdout] 
[INFO] [stdout] 
[INFO] [stdout] error: error communicating with database: failed to lookup address information: Temporary failure in name resolution
[INFO] [stdout]   --> api/src/users/services.rs:20:5
[INFO] [stdout]    |
[INFO] [stdout] 20 | /     sqlx::query!(
[INFO] [stdout] 21 | |         "
[INFO] [stdout] 22 | |         INSERT INTO users (id, username, email, hashed_password) 
[INFO] [stdout] 23 | |         VALUES( ?, ?, ?, ? )",
[INFO] [stdout] 24 | |         user_id, payload.username, payload.email, payload.password
[INFO] [stdout] 25 | |     )
[INFO] [stdout]    | |_____^
[INFO] [stdout]    |
[INFO] [stdout]    = note: this error originates in the macro `$crate::sqlx_macros::expand_query` which comes from the expansion of the macro `sqlx::query` (in Nightly builds, run with -Z macro-backtrace for more info)
[INFO] [stdout] 
[INFO] [stdout] 
[INFO] [stdout] error: error communicating with database: failed to lookup address information: Temporary failure in name resolution
[INFO] [stdout]   --> api/src/users/services.rs:35:21
[INFO] [stdout]    |
[INFO] [stdout] 35 |       let user_info = sqlx::query_as!(
[INFO] [stdout]    |  _____________________^
[INFO] [stdout] 36 | |         UserLoginOut,
[INFO] [stdout] 37 | |         "
[INFO] [stdout] 38 | |         SELECT id, hashed_password FROM users 
[INFO] [stdout] 39 | |         WHERE username=(?)",
[INFO] [stdout] 40 | |         username
[INFO] [stdout] 41 | |     )
[INFO] [stdout]    | |_____^
[INFO] [stdout]    |
[INFO] [stdout]    = note: this error originates in the macro `$crate::sqlx_macros::expand_query` which comes from the expansion of the macro `sqlx::query_as` (in Nightly builds, run with -Z macro-backtrace for more info)
[INFO] [stdout] 
[INFO] [stdout] 
[INFO] [stdout] error: error communicating with database: failed to lookup address information: Temporary failure in name resolution
[INFO] [stdout]   --> api/src/users/services.rs:53:5
[INFO] [stdout]    |
[INFO] [stdout] 53 | /     sqlx::query!(
[INFO] [stdout] 54 | |         "
[INFO] [stdout] 55 | |         DELETE FROM users 
[INFO] [stdout] 56 | |         WHERE id=(?)
[INFO] [stdout] 57 | |         ",
[INFO] [stdout] 58 | |         user_id
[INFO] [stdout] 59 | |     )
[INFO] [stdout]    | |_____^
[INFO] [stdout]    |
[INFO] [stdout]    = note: this error originates in the macro `$crate::sqlx_macros::expand_query` which comes from the expansion of the macro `sqlx::query` (in Nightly builds, run with -Z macro-backtrace for more info)
[INFO] [stdout] 
[INFO] [stdout] 
[INFO] [stdout] error: error communicating with database: failed to lookup address information: Temporary failure in name resolution
[INFO] [stdout]   --> api/src/users/services.rs:35:21
[INFO] [stdout]    |
[INFO] [stdout] 35 |       let user_info = sqlx::query_as!(
[INFO] [stdout]    |  _____________________^
[INFO] [stdout] 36 | |         UserLoginOut,
[INFO] [stdout] 37 | |         "
[INFO] [stdout] 38 | |         SELECT id, hashed_password FROM users 
[INFO] [stdout] 39 | |         WHERE username=(?)",
[INFO] [stdout] 40 | |         username
[INFO] [stdout] 41 | |     )
[INFO] [stdout]    | |_____^
[INFO] [stdout]    |
[INFO] [stdout]    = note: this error originates in the macro `$crate::sqlx_macros::expand_query` which comes from the expansion of the macro `sqlx::query_as` (in Nightly builds, run with -Z macro-backtrace for more info)
[INFO] [stdout] 
[INFO] [stdout] 
[INFO] [stdout] error: error communicating with database: failed to lookup address information: Temporary failure in name resolution
[INFO] [stdout]   --> api/src/users/services.rs:68:17
[INFO] [stdout]    |
[INFO] [stdout] 68 |       let users = sqlx::query_as!(
[INFO] [stdout]    |  _________________^
[INFO] [stdout] 69 | |         UserOut,
[INFO] [stdout] 70 | |         "
[INFO] [stdout] 71 | |         SELECT id, username, email, created_at, modified_at
[INFO] [stdout] 72 | |         FROM users
[INFO] [stdout] 73 | |         "
[INFO] [stdout] 74 | |     )
[INFO] [stdout]    | |_____^
[INFO] [stdout]    |
[INFO] [stdout]    = note: this error originates in the macro `$crate::sqlx_macros::expand_query` which comes from the expansion of the macro `sqlx::query_as` (in Nightly builds, run with -Z macro-backtrace for more info)
[INFO] [stdout] 
[INFO] [stdout] 
[INFO] [stdout] error: error communicating with database: failed to lookup address information: Temporary failure in name resolution
[INFO] [stdout]   --> api/src/users/services.rs:53:5
[INFO] [stdout]    |
[INFO] [stdout] 53 | /     sqlx::query!(
[INFO] [stdout] 54 | |         "
[INFO] [stdout] 55 | |         DELETE FROM users 
[INFO] [stdout] 56 | |         WHERE id=(?)
[INFO] [stdout] 57 | |         ",
[INFO] [stdout] 58 | |         user_id
[INFO] [stdout] 59 | |     )
[INFO] [stdout]    | |_____^
[INFO] [stdout]    |
[INFO] [stdout]    = note: this error originates in the macro `$crate::sqlx_macros::expand_query` which comes from the expansion of the macro `sqlx::query` (in Nightly builds, run with -Z macro-backtrace for more info)
[INFO] [stdout] 
[INFO] [stdout] 
[INFO] [stdout] error: error communicating with database: failed to lookup address information: Temporary failure in name resolution
[INFO] [stdout]   --> api/src/users/services.rs:68:17
[INFO] [stdout]    |
[INFO] [stdout] 68 |       let users = sqlx::query_as!(
[INFO] [stdout]    |  _________________^
[INFO] [stdout] 69 | |         UserOut,
[INFO] [stdout] 70 | |         "
[INFO] [stdout] 71 | |         SELECT id, username, email, created_at, modified_at
[INFO] [stdout] 72 | |         FROM users
[INFO] [stdout] 73 | |         "
[INFO] [stdout] 74 | |     )
[INFO] [stdout]    | |_____^
[INFO] [stdout]    |
[INFO] [stdout]    = note: this error originates in the macro `$crate::sqlx_macros::expand_query` which comes from the expansion of the macro `sqlx::query_as` (in Nightly builds, run with -Z macro-backtrace for more info)
[INFO] [stdout] 
[INFO] [stdout] 
[INFO] [stdout] error: error communicating with database: failed to lookup address information: Temporary failure in name resolution
[INFO] [stdout]   --> api/src/vault/services.rs:12:5
[INFO] [stdout]    |
[INFO] [stdout] 12 | /     sqlx::query!(
[INFO] [stdout] 13 | |         "
[INFO] [stdout] 14 | |         INSERT INTO vault (uuid, domain, email, passwd, username, comment)
[INFO] [stdout] 15 | |         VALUES( ?, ?, ?, ?, ?, ?)
[INFO] [stdout] 16 | |         ",
[INFO] [stdout] 17 | |         uuid, payload.domain, payload.email, payload.password, payload.username, payload.comment
[INFO] [stdout] 18 | |     )
[INFO] [stdout]    | |_____^
[INFO] [stdout]    |
[INFO] [stdout]    = note: this error originates in the macro `$crate::sqlx_macros::expand_query` which comes from the expansion of the macro `sqlx::query` (in Nightly builds, run with -Z macro-backtrace for more info)
[INFO] [stdout] 
[INFO] [stdout] 
[INFO] [stdout] error: error communicating with database: failed to lookup address information: Temporary failure in name resolution
[INFO] [stdout]   --> api/src/vault/services.rs:28:19
[INFO] [stdout]    |
[INFO] [stdout] 28 |       let entries = sqlx::query_as!(
[INFO] [stdout]    |  ___________________^
[INFO] [stdout] 29 | |         EntryOut,
[INFO] [stdout] 30 | |         "
[INFO] [stdout] 31 | |         SELECT id, domain, email, passwd, username, comment FROM vault
[INFO] [stdout] ...  |
[INFO] [stdout] 34 | |         user_id
[INFO] [stdout] 35 | |     )
[INFO] [stdout]    | |_____^
[INFO] [stdout]    |
[INFO] [stdout]    = note: this error originates in the macro `$crate::sqlx_macros::expand_query` which comes from the expansion of the macro `sqlx::query_as` (in Nightly builds, run with -Z macro-backtrace for more info)
[INFO] [stdout] 
[INFO] [stdout] 
[INFO] [stdout] error: error communicating with database: failed to lookup address information: Temporary failure in name resolution
[INFO] [stdout]   --> api/src/vault/services.rs:46:5
[INFO] [stdout]    |
[INFO] [stdout] 46 | /     sqlx::query!(
[INFO] [stdout] 47 | |         "
[INFO] [stdout] 48 | |         DELETE FROM vault
[INFO] [stdout] 49 | |         WHERE id=(?) AND uuid=(?)
[INFO] [stdout] 50 | |         ",
[INFO] [stdout] 51 | |         entry_id, user_id
[INFO] [stdout] 52 | |     )
[INFO] [stdout]    | |_____^
[INFO] [stdout]    |
[INFO] [stdout]    = note: this error originates in the macro `$crate::sqlx_macros::expand_query` which comes from the expansion of the macro `sqlx::query` (in Nightly builds, run with -Z macro-backtrace for more info)
[INFO] [stdout] 
[INFO] [stdout] 
[INFO] [stdout] error: error communicating with database: failed to lookup address information: Temporary failure in name resolution
[INFO] [stdout]   --> api/src/vault/services.rs:12:5
[INFO] [stdout]    |
[INFO] [stdout] 12 | /     sqlx::query!(
[INFO] [stdout] 13 | |         "
[INFO] [stdout] 14 | |         INSERT INTO vault (uuid, domain, email, passwd, username, comment)
[INFO] [stdout] 15 | |         VALUES( ?, ?, ?, ?, ?, ?)
[INFO] [stdout] 16 | |         ",
[INFO] [stdout] 17 | |         uuid, payload.domain, payload.email, payload.password, payload.username, payload.comment
[INFO] [stdout] 18 | |     )
[INFO] [stdout]    | |_____^
[INFO] [stdout]    |
[INFO] [stdout]    = note: this error originates in the macro `$crate::sqlx_macros::expand_query` which comes from the expansion of the macro `sqlx::query` (in Nightly builds, run with -Z macro-backtrace for more info)
[INFO] [stdout] 
[INFO] [stdout] 
[INFO] [stdout] error: error communicating with database: failed to lookup address information: Temporary failure in name resolution
[INFO] [stdout]   --> api/src/vault/services.rs:28:19
[INFO] [stdout]    |
[INFO] [stdout] 28 |       let entries = sqlx::query_as!(
[INFO] [stdout]    |  ___________________^
[INFO] [stdout] 29 | |         EntryOut,
[INFO] [stdout] 30 | |         "
[INFO] [stdout] 31 | |         SELECT id, domain, email, passwd, username, comment FROM vault
[INFO] [stdout] ...  |
[INFO] [stdout] 34 | |         user_id
[INFO] [stdout] 35 | |     )
[INFO] [stdout]    | |_____^
[INFO] [stdout]    |
[INFO] [stdout]    = note: this error originates in the macro `$crate::sqlx_macros::expand_query` which comes from the expansion of the macro `sqlx::query_as` (in Nightly builds, run with -Z macro-backtrace for more info)
[INFO] [stdout] 
[INFO] [stdout] 
[INFO] [stdout] error: error communicating with database: failed to lookup address information: Temporary failure in name resolution
[INFO] [stdout]   --> api/src/vault/services.rs:46:5
[INFO] [stdout]    |
[INFO] [stdout] 46 | /     sqlx::query!(
[INFO] [stdout] 47 | |         "
[INFO] [stdout] 48 | |         DELETE FROM vault
[INFO] [stdout] 49 | |         WHERE id=(?) AND uuid=(?)
[INFO] [stdout] 50 | |         ",
[INFO] [stdout] 51 | |         entry_id, user_id
[INFO] [stdout] 52 | |     )
[INFO] [stdout]    | |_____^
[INFO] [stdout]    |
[INFO] [stdout]    = note: this error originates in the macro `$crate::sqlx_macros::expand_query` which comes from the expansion of the macro `sqlx::query` (in Nightly builds, run with -Z macro-backtrace for more info)
[INFO] [stdout] 
[INFO] [stdout] 
[INFO] [stderr] error: could not compile `api` (lib test) due to 7 previous errors
[INFO] [stderr] warning: build failed, waiting for other jobs to finish...
[INFO] [stderr] error: could not compile `api` (lib) due to 7 previous errors
[INFO] [stderr] warning: unused dependency `axum-macros`
[INFO] [stderr]   --> api/Cargo.toml:10:1
[INFO] [stderr]    |
[INFO] [stderr] 10 | axum-macros = "0.5.0"
[INFO] [stderr]    | ^^^^^^^^^^^^^^^^^^^^^
[INFO] [stderr]    |
[INFO] [stderr]    = note: `cargo::unused_dependencies` is set to `warn` by default
[INFO] [stderr] help: consider removing the dependency on `axum-macros`
[INFO] [stderr] warning: unused dependency `bcrypt`
[INFO] [stderr]   --> api/Cargo.toml:11:1
[INFO] [stderr]    |
[INFO] [stderr] 11 | bcrypt = "0.17.1"
[INFO] [stderr]    | ^^^^^^^^^^^^^^^^^
[INFO] [stderr]    |
[INFO] [stderr] help: consider removing the dependency on `bcrypt`
[INFO] [stderr] warning: `api` (manifest) generated 2 warnings
[INFO] running `Command { std: "docker" "inspect" "ce04849533020c59d919cd02ae3f0802f615ada2d6a3352209065ff22e48ef21", kill_on_drop: false }`
[INFO] running `Command { std: "docker" "rm" "-f" "ce04849533020c59d919cd02ae3f0802f615ada2d6a3352209065ff22e48ef21", kill_on_drop: false }`
[INFO] [stdout] ce04849533020c59d919cd02ae3f0802f615ada2d6a3352209065ff22e48ef21
