[INFO] cloning repository https://github.com/sshcrack/obs-window-helper
[INFO] running `Command { std: "git" "-c" "credential.helper=" "-c" "credential.helper=/workspace/cargo-home/bin/git-credential-null" "clone" "--bare" "https://github.com/sshcrack/obs-window-helper" "/workspace/cache/git-repos/https%3A%2F%2Fgithub.com%2Fsshcrack%2Fobs-window-helper", kill_on_drop: false }`
[INFO] [stderr] Cloning into bare repository '/workspace/cache/git-repos/https%3A%2F%2Fgithub.com%2Fsshcrack%2Fobs-window-helper'...
[INFO] running `Command { std: "git" "rev-parse" "HEAD", kill_on_drop: false }`
[INFO] [stdout] 6ed614aabf38f2a4f7fa58a72e5a31d002aaa0a1
[INFO] checking sshcrack/obs-window-helper against 0335fc7ee9e33d92e03d99f3e2fb0fe6119f3cc0 for pr-158915-1
[INFO] running `Command { std: "git" "clone" "/workspace/cache/git-repos/https%3A%2F%2Fgithub.com%2Fsshcrack%2Fobs-window-helper" "/workspace/builds/worker-5-tc2/source", kill_on_drop: false }`
[INFO] [stderr] Cloning into '/workspace/builds/worker-5-tc2/source'...
[INFO] [stderr] done.
[INFO] started tweaking git repo https://github.com/sshcrack/obs-window-helper
[INFO] finished tweaking git repo https://github.com/sshcrack/obs-window-helper
[INFO] tweaked toml for git repo https://github.com/sshcrack/obs-window-helper written to /workspace/builds/worker-5-tc2/source/Cargo.toml
[INFO] validating manifest of git repo https://github.com/sshcrack/obs-window-helper on toolchain 0335fc7ee9e33d92e03d99f3e2fb0fe6119f3cc0
[INFO] running `Command { std: CARGO_HOME="/workspace/cargo-home" RUSTUP_HOME="/workspace/rustup-home" "/workspace/cargo-home/bin/cargo" "+0335fc7ee9e33d92e03d99f3e2fb0fe6119f3cc0" "metadata" "--manifest-path" "Cargo.toml" "--no-deps", kill_on_drop: false }`
[INFO] crate git repo https://github.com/sshcrack/obs-window-helper already has a lockfile, it will not be regenerated
[INFO] running `Command { std: CARGO_HOME="/workspace/cargo-home" RUSTUP_HOME="/workspace/rustup-home" "/workspace/cargo-home/bin/cargo" "+0335fc7ee9e33d92e03d99f3e2fb0fe6119f3cc0" "fetch" "--manifest-path" "Cargo.toml", kill_on_drop: false }`
[INFO] [stderr] warning: explicit `package.readme` can be inferred
[INFO] [stderr]   --> Cargo.toml:28:1
[INFO] [stderr]    |
[INFO] [stderr] 28 | readme = "README.md"
[INFO] [stderr]    | ^^^^^^^^^^^^^^^^^^^^
[INFO] [stderr]    |
[INFO] [stderr]    = note: `cargo::manual_readme` is set to `warn` by default
[INFO] [stderr] help: consider removing `package.readme`
[INFO] [stderr] warning: `libobs-window-helper` (manifest) generated 1 warning
[INFO] [stderr]     Blocking waiting for file lock on package cache
[INFO] [stderr]     Blocking waiting for file lock on package cache
[INFO] [stderr]  Downloading crates ...
[INFO] [stderr]   Downloaded rustc-demangle v0.1.24
[INFO] [stderr]   Downloaded anyhow v1.0.86
[INFO] [stderr]   Downloaded serde_derive v1.0.204
[INFO] [stderr]   Downloaded addr2line v0.22.0
[INFO] [stderr]   Downloaded serde v1.0.204
[INFO] [stderr]   Downloaded miniz_oxide v0.7.4
[INFO] [stderr]   Downloaded syn v2.0.72
[INFO] [stderr]   Downloaded backtrace v0.3.72
[INFO] [stderr]   Downloaded cc v1.1.6
[INFO] [stderr]   Downloaded serde_json v1.0.120
[INFO] [stderr]   Downloaded gimli v0.29.0
[INFO] [stderr]   Downloaded object v0.35.0
[INFO] running `Command { std: "docker" "create" "-v" "/var/lib/crater-agent-workspace/builds/worker-5-tc2/source:/opt/rustwide/workdir:ro,Z" "-v" "/var/lib/crater-agent-workspace/builds/worker-5-tc2/target:/opt/rustwide/target:rw,Z" "-v" "/var/lib/crater-agent-workspace/cargo-home:/opt/rustwide/cargo-home:ro,Z" "-v" "/var/lib/crater-agent-workspace/rustup-home:/opt/rustwide/rustup-home:ro,Z" "-m" "1610612736" "--network" "none" "ghcr.io/rust-lang/crates-build-env/linux@sha256:8683fc1fc2eb5c9ac98e0d076ab094b2ffac7f99da555d2b6a2e27f346de2ec7" "sleep" "infinity", kill_on_drop: false }`
[INFO] [stdout] eafd58408da3a6141c44d56e31600feb5127e2d189c2d59ab6be859a7ac4b969
[INFO] running `Command { std: "docker" "start" "eafd58408da3a6141c44d56e31600feb5127e2d189c2d59ab6be859a7ac4b969", kill_on_drop: false }`
[INFO] running `Command { std: "docker" "inspect" "eafd58408da3a6141c44d56e31600feb5127e2d189c2d59ab6be859a7ac4b969", kill_on_drop: false }`
[INFO] running `Command { std: "docker" "exec" "-e" "SOURCE_DIR=/opt/rustwide/workdir" "-e" "CARGO_HOME=/opt/rustwide/cargo-home" "-e" "RUSTUP_HOME=/opt/rustwide/rustup-home" "-e" "CARGO_TARGET_DIR=/opt/rustwide/target" "-w" "/opt/rustwide/workdir" "--user" "0:0" "eafd58408da3a6141c44d56e31600feb5127e2d189c2d59ab6be859a7ac4b969" "/opt/rustwide/cargo-home/bin/cargo" "+0335fc7ee9e33d92e03d99f3e2fb0fe6119f3cc0" "metadata" "--no-deps" "--format-version=1", kill_on_drop: false }`
[INFO] running `Command { std: "docker" "inspect" "eafd58408da3a6141c44d56e31600feb5127e2d189c2d59ab6be859a7ac4b969", kill_on_drop: false }`
[INFO] running `Command { std: "docker" "exec" "-e" "SOURCE_DIR=/opt/rustwide/workdir" "-e" "CARGO_HOME=/opt/rustwide/cargo-home" "-e" "RUSTUP_HOME=/opt/rustwide/rustup-home" "-e" "CARGO_TARGET_DIR=/opt/rustwide/target" "-e" "CARGO_INCREMENTAL=0" "-e" "RUST_BACKTRACE=full" "-e" "RUSTFLAGS=--cap-lints=forbid" "-e" "RUSTDOCFLAGS=--cap-lints=forbid" "-w" "/opt/rustwide/workdir" "--user" "0:0" "eafd58408da3a6141c44d56e31600feb5127e2d189c2d59ab6be859a7ac4b969" "/opt/rustwide/cargo-home/bin/cargo" "+0335fc7ee9e33d92e03d99f3e2fb0fe6119f3cc0" "check" "--frozen" "--all" "--all-targets" "--message-format=json", kill_on_drop: false }`
[INFO] [stderr] warning: explicit `package.readme` can be inferred
[INFO] [stderr]   --> Cargo.toml:28:1
[INFO] [stderr]    |
[INFO] [stderr] 28 | readme = "README.md"
[INFO] [stderr]    | ^^^^^^^^^^^^^^^^^^^^
[INFO] [stderr]    |
[INFO] [stderr]    = note: `cargo::manual_readme` is set to `warn` by default
[INFO] [stderr] help: consider removing `package.readme`
[INFO] [stderr] warning: `libobs-window-helper` (manifest) generated 1 warning
[INFO] [stderr]    Compiling proc-macro2 v1.0.86
[INFO] [stderr]    Compiling windows_x86_64_gnu v0.52.6
[INFO] [stderr]    Compiling unicode-ident v1.0.12
[INFO] [stderr]    Compiling serde v1.0.204
[INFO] [stderr]    Compiling anyhow v1.0.86
[INFO] [stderr]    Compiling serde_json v1.0.120
[INFO] [stderr]     Checking windows-targets v0.52.6
[INFO] [stderr]     Checking windows-result v0.2.0
[INFO] [stderr]     Checking windows-strings v0.1.0
[INFO] [stderr]    Compiling quote v1.0.36
[INFO] [stderr]    Compiling syn v2.0.72
[INFO] [stderr]    Compiling windows-implement v0.58.0
[INFO] [stderr]    Compiling windows-interface v0.58.0
[INFO] [stderr]     Checking windows-core v0.58.0
[INFO] [stderr]     Checking windows v0.58.0
[INFO] [stderr]     Checking libobs-window-helper v0.1.1 (/opt/rustwide/workdir)
[INFO] [stdout] error: This library only supports windows!
[INFO] [stdout]  --> src/lib.rs:8:1
[INFO] [stdout]   |
[INFO] [stdout] 8 | compile_error!("This library only supports windows!");
[INFO] [stdout]   | ^^^^^^^^^^^^^^^^^^^^^^^^^^^^^^^^^^^^^^^^^^^^^^^^^^^^^
[INFO] [stdout] 
[INFO] [stdout] 
[INFO] [stdout] error[E0433]: cannot find `Win32` in `windows`
[INFO] [stdout]  --> src/util/helper.rs:2:14
[INFO] [stdout]   |
[INFO] [stdout] 2 | use windows::Win32::{Foundation::HWND, UI::WindowsAndMessaging::GetWindowThreadProcessId};
[INFO] [stdout]   |              ^^^^^ could not find `Win32` in `windows`
[INFO] [stdout] 
[INFO] [stdout] 
[INFO] [stdout] error[E0433]: cannot find `Win32` in `windows`
[INFO] [stdout]  --> src/util/validators.rs:2:14
[INFO] [stdout]   |
[INFO] [stdout] 2 | use windows::Win32::UI::WindowsAndMessaging::{GetClientRect, GetWindowLongPtrW, IsIconic, IsWindowVisible, GWL_EXSTYLE, GWL_STYLE, WS...
[INFO] [stdout]   |              ^^^^^ could not find `Win32` in `windows`
[INFO] [stdout] 
[INFO] [stdout] 
[INFO] [stdout] error[E0433]: cannot find `Win32` in `windows`
[INFO] [stdout]  --> src/util/validators.rs:3:14
[INFO] [stdout]   |
[INFO] [stdout] 3 | use windows::Win32::{
[INFO] [stdout]   |              ^^^^^ could not find `Win32` in `windows`
[INFO] [stdout] 
[INFO] [stdout] 
[INFO] [stdout] error[E0433]: cannot find `Win32` in `windows`
[INFO] [stdout]  --> src/util/win_iterator.rs:4:5
[INFO] [stdout]   |
[INFO] [stdout] 4 |     Win32::{
[INFO] [stdout]   |     ^^^^^ could not find `Win32` in `windows`
[INFO] [stdout] 
[INFO] [stdout] 
[INFO] [stdout] error[E0433]: cannot find `Win32` in `windows`
[INFO] [stdout]  --> src/monitor.rs:1:14
[INFO] [stdout]   |
[INFO] [stdout] 1 | use windows::Win32::Graphics::Gdi::{GetMonitorInfoW, HMONITOR, MONITORINFOEXW};
[INFO] [stdout]   |              ^^^^^ could not find `Win32` in `windows`
[INFO] [stdout] 
[INFO] [stdout] 
[INFO] [stdout] error[E0433]: cannot find `windows` in `os`
[INFO] [stdout]  --> src/window.rs:3:9
[INFO] [stdout]   |
[INFO] [stdout] 3 |     os::windows::ffi::OsStrExt,
[INFO] [stdout]   |         ^^^^^^^ could not find `windows` in `os`
[INFO] [stdout]   |
[INFO] [stdout] note: found an item that was configured out
[INFO] [stdout]  --> /rustc/0335fc7ee9e33d92e03d99f3e2fb0fe6119f3cc0/library/std/src/os/mod.rs:62:4
[INFO] [stdout]   |
[INFO] [stdout]   = note: the item is gated behind the `windows` feature
[INFO] [stdout] 
[INFO] [stdout] 
[INFO] [stdout] error[E0432]: unresolved import `windows::core`
[INFO] [stdout]  --> src/util/win_iterator.rs:3:5
[INFO] [stdout]   |
[INFO] [stdout] 3 |     core::PWSTR,
[INFO] [stdout]   |     ^^^^ could not find `core` in `windows`
[INFO] [stdout] 
[INFO] [stdout] 
[INFO] [stdout] error[E0433]: cannot find `Wdk` in `windows`
[INFO] [stdout]   --> src/window.rs:12:5
[INFO] [stdout]    |
[INFO] [stdout] 12 |     Wdk::System::Threading::{NtQueryInformationProcess, ProcessBasicInformation},
[INFO] [stdout]    |     ^^^ could not find `Wdk` in `windows`
[INFO] [stdout] 
[INFO] [stdout] 
[INFO] [stdout] error[E0433]: cannot find `Win32` in `windows`
[INFO] [stdout]   --> src/window.rs:13:5
[INFO] [stdout]    |
[INFO] [stdout] 13 |     Win32::{
[INFO] [stdout]    |     ^^^^^ could not find `Win32` in `windows`
[INFO] [stdout] 
[INFO] [stdout] 
[INFO] [stdout] error[E0433]: cannot find `Win32` in `windows`
[INFO] [stdout]   --> src/lib.rs:25:14
[INFO] [stdout]    |
[INFO] [stdout] 25 | use windows::Win32::{Foundation::HWND, System::Console::GetConsoleWindow};
[INFO] [stdout]    |              ^^^^^ could not find `Win32` in `windows`
[INFO] [stdout] 
[INFO] [stdout] 
[INFO] [stdout] error[E0432]: unresolved import `windows::core`
[INFO] [stdout]   --> src/window.rs:11:5
[INFO] [stdout]    |
[INFO] [stdout] 11 |     core::HSTRING,
[INFO] [stdout]    |     ^^^^ could not find `core` in `windows`
[INFO] [stdout] 
[INFO] [stdout] 
[INFO] [stdout] warning: unused import: `WindowInfo`
[INFO] [stdout]  --> src/util/mod.rs:6:35
[INFO] [stdout]   |
[INFO] [stdout] 6 | pub use helper::{get_window_info, WindowInfo};
[INFO] [stdout]   |                                   ^^^^^^^^^^
[INFO] [stdout]   |
[INFO] [stdout]   = note: `#[warn(unused_imports)]` (part of `#[warn(unused)]`) on by default
[INFO] [stdout] 
[INFO] [stdout] 
[INFO] [stdout] error: This library only supports windows!
[INFO] [stdout]  --> src/lib.rs:8:1
[INFO] [stdout]   |
[INFO] [stdout] 8 | compile_error!("This library only supports windows!");
[INFO] [stdout]   | ^^^^^^^^^^^^^^^^^^^^^^^^^^^^^^^^^^^^^^^^^^^^^^^^^^^^^
[INFO] [stdout] 
[INFO] [stdout] 
[INFO] [stdout] error[E0433]: cannot find `Win32` in `windows`
[INFO] [stdout]  --> src/util/helper.rs:2:14
[INFO] [stdout]   |
[INFO] [stdout] 2 | use windows::Win32::{Foundation::HWND, UI::WindowsAndMessaging::GetWindowThreadProcessId};
[INFO] [stdout]   |              ^^^^^ could not find `Win32` in `windows`
[INFO] [stdout] 
[INFO] [stdout] 
[INFO] [stdout] error[E0433]: cannot find `Win32` in `windows`
[INFO] [stdout]  --> src/util/validators.rs:2:14
[INFO] [stdout]   |
[INFO] [stdout] 2 | use windows::Win32::UI::WindowsAndMessaging::{GetClientRect, GetWindowLongPtrW, IsIconic, IsWindowVisible, GWL_EXSTYLE, GWL_STYLE, WS...
[INFO] [stdout]   |              ^^^^^ could not find `Win32` in `windows`
[INFO] [stdout] 
[INFO] [stdout] 
[INFO] [stdout] error[E0433]: cannot find `Win32` in `windows`
[INFO] [stdout]  --> src/util/validators.rs:3:14
[INFO] [stdout]   |
[INFO] [stdout] 3 | use windows::Win32::{
[INFO] [stdout]   |              ^^^^^ could not find `Win32` in `windows`
[INFO] [stdout] 
[INFO] [stdout] 
[INFO] [stdout] error[E0433]: cannot find `Win32` in `windows`
[INFO] [stdout]  --> src/util/win_iterator.rs:4:5
[INFO] [stdout]   |
[INFO] [stdout] 4 |     Win32::{
[INFO] [stdout]   |     ^^^^^ could not find `Win32` in `windows`
[INFO] [stdout] 
[INFO] [stdout] 
[INFO] [stdout] error[E0433]: cannot find `Win32` in `windows`
[INFO] [stdout]  --> src/monitor.rs:1:14
[INFO] [stdout]   |
[INFO] [stdout] 1 | use windows::Win32::Graphics::Gdi::{GetMonitorInfoW, HMONITOR, MONITORINFOEXW};
[INFO] [stdout]   |              ^^^^^ could not find `Win32` in `windows`
[INFO] [stdout] 
[INFO] [stdout] 
[INFO] [stdout] error[E0433]: cannot find `windows` in `os`
[INFO] [stdout]  --> src/window.rs:3:9
[INFO] [stdout]   |
[INFO] [stdout] 3 |     os::windows::ffi::OsStrExt,
[INFO] [stdout]   |         ^^^^^^^ could not find `windows` in `os`
[INFO] [stdout]   |
[INFO] [stdout] note: found an item that was configured out
[INFO] [stdout]  --> /rustc/0335fc7ee9e33d92e03d99f3e2fb0fe6119f3cc0/library/std/src/os/mod.rs:62:4
[INFO] [stdout]   |
[INFO] [stdout]   = note: the item is gated behind the `windows` feature
[INFO] [stdout] 
[INFO] [stdout] 
[INFO] [stdout] error[E0432]: unresolved import `windows::core`
[INFO] [stdout]  --> src/util/win_iterator.rs:3:5
[INFO] [stdout]   |
[INFO] [stdout] 3 |     core::PWSTR,
[INFO] [stdout]   |     ^^^^ could not find `core` in `windows`
[INFO] [stdout] 
[INFO] [stdout] 
[INFO] [stdout] error[E0433]: cannot find `Wdk` in `windows`
[INFO] [stdout]   --> src/window.rs:12:5
[INFO] [stdout]    |
[INFO] [stdout] 12 |     Wdk::System::Threading::{NtQueryInformationProcess, ProcessBasicInformation},
[INFO] [stdout]    |     ^^^ could not find `Wdk` in `windows`
[INFO] [stdout] 
[INFO] [stdout] 
[INFO] [stdout] error[E0433]: cannot find `Win32` in `windows`
[INFO] [stdout]   --> src/window.rs:13:5
[INFO] [stdout]    |
[INFO] [stdout] 13 |     Win32::{
[INFO] [stdout]    |     ^^^^^ could not find `Win32` in `windows`
[INFO] [stdout] 
[INFO] [stdout] 
[INFO] [stdout] error[E0433]: cannot find `Win32` in `windows`
[INFO] [stdout]   --> src/lib.rs:25:14
[INFO] [stdout]    |
[INFO] [stdout] 25 | use windows::Win32::{Foundation::HWND, System::Console::GetConsoleWindow};
[INFO] [stdout]    |              ^^^^^ could not find `Win32` in `windows`
[INFO] [stdout] 
[INFO] [stdout] 
[INFO] [stdout] error[E0432]: unresolved import `windows::core`
[INFO] [stdout]   --> src/window.rs:11:5
[INFO] [stdout]    |
[INFO] [stdout] 11 |     core::HSTRING,
[INFO] [stdout]    |     ^^^^ could not find `core` in `windows`
[INFO] [stdout] 
[INFO] [stdout] 
[INFO] [stdout] warning: unused import: `WindowInfo`
[INFO] [stdout]  --> src/util/mod.rs:6:35
[INFO] [stdout]   |
[INFO] [stdout] 6 | pub use helper::{get_window_info, WindowInfo};
[INFO] [stdout]   |                                   ^^^^^^^^^^
[INFO] [stdout]   |
[INFO] [stdout]   = note: `#[warn(unused_imports)]` (part of `#[warn(unused)]`) on by default
[INFO] [stdout] 
[INFO] [stdout] 
[INFO] [stdout] error[E0599]: no method named `encode_wide` found for struct `OsString` in the current scope
[INFO] [stdout]    --> src/window.rs:136:6
[INFO] [stdout]     |
[INFO] [stdout] 132 |       let query_key: Vec<u16> = OsString::from(format!(
[INFO] [stdout]     |  _______________________________-
[INFO] [stdout] 133 | |         "\\{}\\{}{}\\{}",
[INFO] [stdout] 134 | |         SZ_STRING_FILE_INFO, lang_id, SZ_HEX_CODE_PAGE_ID_UNICODE, SZ_PRODUCT_NAME
[INFO] [stdout] 135 | |     ))
[INFO] [stdout] 136 | |     .encode_wide()
[INFO] [stdout]     | |     -^^^^^^^^^^^ method not found in `OsString`
[INFO] [stdout]     | |_____|
[INFO] [stdout]     |
[INFO] [stdout] 
[INFO] [stdout] 
[INFO] [stdout] Some errors have detailed explanations: E0432, E0433, E0599.
[INFO] [stdout] 
[INFO] [stdout] For more information about an error, try `rustc --explain E0432`.
[INFO] [stdout] 
[INFO] [stderr] error: could not compile `libobs-window-helper` (lib) due to 13 previous errors; 1 warning emitted
[INFO] [stderr] warning: build failed, waiting for other jobs to finish...
[INFO] [stdout] error[E0599]: no method named `encode_wide` found for struct `OsString` in the current scope
[INFO] [stdout]    --> src/window.rs:136:6
[INFO] [stdout]     |
[INFO] [stdout] 132 |       let query_key: Vec<u16> = OsString::from(format!(
[INFO] [stdout]     |  _______________________________-
[INFO] [stdout] 133 | |         "\\{}\\{}{}\\{}",
[INFO] [stdout] 134 | |         SZ_STRING_FILE_INFO, lang_id, SZ_HEX_CODE_PAGE_ID_UNICODE, SZ_PRODUCT_NAME
[INFO] [stdout] 135 | |     ))
[INFO] [stdout] 136 | |     .encode_wide()
[INFO] [stdout]     | |     -^^^^^^^^^^^ method not found in `OsString`
[INFO] [stdout]     | |_____|
[INFO] [stdout]     |
[INFO] [stdout] 
[INFO] [stdout] 
[INFO] [stdout] Some errors have detailed explanations: E0432, E0433, E0599.
[INFO] [stdout] 
[INFO] [stdout] For more information about an error, try `rustc --explain E0432`.
[INFO] [stdout] 
[INFO] [stderr] error: could not compile `libobs-window-helper` (lib test) due to 13 previous errors; 1 warning emitted
[INFO] running `Command { std: "docker" "inspect" "eafd58408da3a6141c44d56e31600feb5127e2d189c2d59ab6be859a7ac4b969", kill_on_drop: false }`
[INFO] running `Command { std: "docker" "rm" "-f" "eafd58408da3a6141c44d56e31600feb5127e2d189c2d59ab6be859a7ac4b969", kill_on_drop: false }`
[INFO] [stdout] eafd58408da3a6141c44d56e31600feb5127e2d189c2d59ab6be859a7ac4b969
