[INFO] cloning repository https://github.com/security-union/yew-webtransport
[INFO] running `Command { std: "git" "-c" "credential.helper=" "-c" "credential.helper=/workspace/cargo-home/bin/git-credential-null" "clone" "--bare" "https://github.com/security-union/yew-webtransport" "/workspace/cache/git-repos/https%3A%2F%2Fgithub.com%2Fsecurity-union%2Fyew-webtransport", kill_on_drop: false }`
[INFO] [stderr] Cloning into bare repository '/workspace/cache/git-repos/https%3A%2F%2Fgithub.com%2Fsecurity-union%2Fyew-webtransport'...
[INFO] running `Command { std: "git" "rev-parse" "HEAD", kill_on_drop: false }`
[INFO] [stdout] d091bacad14cddf9ed2cabea4f35d3dd16f40680
[INFO] checking security-union/yew-webtransport against 0335fc7ee9e33d92e03d99f3e2fb0fe6119f3cc0 for pr-158915-1
[INFO] running `Command { std: "git" "clone" "/workspace/cache/git-repos/https%3A%2F%2Fgithub.com%2Fsecurity-union%2Fyew-webtransport" "/workspace/builds/worker-4-tc2/source", kill_on_drop: false }`
[INFO] [stderr] Cloning into '/workspace/builds/worker-4-tc2/source'...
[INFO] [stderr] done.
[INFO] removed /workspace/builds/worker-4-tc2/source/.cargo/config.toml
[INFO] started tweaking git repo https://github.com/security-union/yew-webtransport
[INFO] finished tweaking git repo https://github.com/security-union/yew-webtransport
[INFO] tweaked toml for git repo https://github.com/security-union/yew-webtransport written to /workspace/builds/worker-4-tc2/source/Cargo.toml
[INFO] validating manifest of git repo https://github.com/security-union/yew-webtransport on toolchain 0335fc7ee9e33d92e03d99f3e2fb0fe6119f3cc0
[INFO] running `Command { std: CARGO_HOME="/workspace/cargo-home" RUSTUP_HOME="/workspace/rustup-home" "/workspace/cargo-home/bin/cargo" "+0335fc7ee9e33d92e03d99f3e2fb0fe6119f3cc0" "metadata" "--manifest-path" "Cargo.toml" "--no-deps", kill_on_drop: false }`
[INFO] running `Command { std: CARGO_HOME="/workspace/cargo-home" RUSTUP_HOME="/workspace/rustup-home" "/workspace/cargo-home/bin/cargo" "+0335fc7ee9e33d92e03d99f3e2fb0fe6119f3cc0" "generate-lockfile" "--manifest-path" "Cargo.toml", kill_on_drop: false }`
[INFO] [stderr]     Blocking waiting for file lock on package cache
[INFO] [stderr]     Updating crates.io index
[INFO] [stderr]     Blocking waiting for file lock on package cache
[INFO] [stderr]      Locking 93 packages to highest compatible versions
[INFO] [stderr]       Adding gloo-console v0.3.0 (available: v0.4.0)
[INFO] [stderr]       Adding yew v0.22.0 (available: v0.23.0)
[INFO] running `Command { std: CARGO_HOME="/workspace/cargo-home" RUSTUP_HOME="/workspace/rustup-home" "/workspace/cargo-home/bin/cargo" "+0335fc7ee9e33d92e03d99f3e2fb0fe6119f3cc0" "fetch" "--manifest-path" "Cargo.toml", kill_on_drop: false }`
[INFO] [stderr]     Blocking waiting for file lock on package cache
[INFO] [stderr]     Blocking waiting for file lock on package cache
[INFO] [stderr]  Downloading crates ...
[INFO] [stderr]   Downloaded unicode-ident v1.0.26
[INFO] [stderr]   Downloaded wasm-bindgen v0.2.128
[INFO] [stderr]   Downloaded wasm-bindgen-macro v0.2.128
[INFO] [stderr]   Downloaded wasm-bindgen-futures v0.4.78
[INFO] [stderr]   Downloaded gloo-worker v0.5.0
[INFO] [stderr]   Downloaded wasm-bindgen-shared v0.2.128
[INFO] [stderr]   Downloaded implicit-clone v0.6.0
[INFO] [stderr]   Downloaded cfg-if v1.0.5
[INFO] [stderr]   Downloaded implicit-clone-derive v0.1.2
[INFO] [stderr]   Downloaded hermit-abi v0.5.3
[INFO] [stderr]   Downloaded gloo-net v0.5.0
[INFO] [stderr]   Downloaded serde-wasm-bindgen v0.6.5
[INFO] [stderr]   Downloaded tokise v0.2.1
[INFO] [stderr]   Downloaded yew-macro v0.22.0
[INFO] [stderr]   Downloaded wasm-bindgen-macro-support v0.2.128
[INFO] [stderr]   Downloaded yew v0.22.0
[INFO] [stderr]   Downloaded js-sys v0.3.105
[INFO] [stderr]   Downloaded indexmap v2.14.2
[INFO] [stderr]   Downloaded syn v3.0.6
[INFO] [stderr]   Downloaded gloo v0.11.0
[INFO] [stderr]   Downloaded web-sys v0.3.105
[INFO] running `Command { std: "docker" "create" "-v" "/var/lib/crater-agent-workspace/builds/worker-4-tc2/source:/opt/rustwide/workdir:ro,Z" "-v" "/var/lib/crater-agent-workspace/builds/worker-4-tc2/target:/opt/rustwide/target:rw,Z" "-v" "/var/lib/crater-agent-workspace/cargo-home:/opt/rustwide/cargo-home:ro,Z" "-v" "/var/lib/crater-agent-workspace/rustup-home:/opt/rustwide/rustup-home:ro,Z" "-m" "1610612736" "--network" "none" "ghcr.io/rust-lang/crates-build-env/linux@sha256:8683fc1fc2eb5c9ac98e0d076ab094b2ffac7f99da555d2b6a2e27f346de2ec7" "sleep" "infinity", kill_on_drop: false }`
[INFO] [stdout] 5dbf58d829035cb552bc5c2f3e10cce86ba6b085ec5b732d2f992bd9948e798c
[INFO] running `Command { std: "docker" "start" "5dbf58d829035cb552bc5c2f3e10cce86ba6b085ec5b732d2f992bd9948e798c", kill_on_drop: false }`
[INFO] running `Command { std: "docker" "inspect" "5dbf58d829035cb552bc5c2f3e10cce86ba6b085ec5b732d2f992bd9948e798c", kill_on_drop: false }`
[INFO] running `Command { std: "docker" "exec" "-e" "SOURCE_DIR=/opt/rustwide/workdir" "-e" "CARGO_HOME=/opt/rustwide/cargo-home" "-e" "RUSTUP_HOME=/opt/rustwide/rustup-home" "-e" "CARGO_TARGET_DIR=/opt/rustwide/target" "-w" "/opt/rustwide/workdir" "--user" "0:0" "5dbf58d829035cb552bc5c2f3e10cce86ba6b085ec5b732d2f992bd9948e798c" "/opt/rustwide/cargo-home/bin/cargo" "+0335fc7ee9e33d92e03d99f3e2fb0fe6119f3cc0" "metadata" "--no-deps" "--format-version=1", kill_on_drop: false }`
[INFO] running `Command { std: "docker" "inspect" "5dbf58d829035cb552bc5c2f3e10cce86ba6b085ec5b732d2f992bd9948e798c", kill_on_drop: false }`
[INFO] running `Command { std: "docker" "exec" "-e" "SOURCE_DIR=/opt/rustwide/workdir" "-e" "CARGO_HOME=/opt/rustwide/cargo-home" "-e" "RUSTUP_HOME=/opt/rustwide/rustup-home" "-e" "CARGO_TARGET_DIR=/opt/rustwide/target" "-e" "CARGO_INCREMENTAL=0" "-e" "RUST_BACKTRACE=full" "-e" "RUSTFLAGS=--cap-lints=forbid" "-e" "RUSTDOCFLAGS=--cap-lints=forbid" "-w" "/opt/rustwide/workdir" "--user" "0:0" "5dbf58d829035cb552bc5c2f3e10cce86ba6b085ec5b732d2f992bd9948e798c" "/opt/rustwide/cargo-home/bin/cargo" "+0335fc7ee9e33d92e03d99f3e2fb0fe6119f3cc0" "check" "--frozen" "--all" "--all-targets" "--message-format=json", kill_on_drop: false }`
[INFO] [stderr]    Compiling unicode-ident v1.0.26
[INFO] [stderr]    Compiling wasm-bindgen-shared v0.2.128
[INFO] [stderr]     Checking futures-core v0.3.34
[INFO] [stderr]     Checking futures-sink v0.3.34
[INFO] [stderr]     Checking memchr v2.8.3
[INFO] [stderr]     Checking futures-io v0.3.34
[INFO] [stderr]     Checking futures-task v0.3.34
[INFO] [stderr]    Compiling bumpalo v3.20.3
[INFO] [stderr]     Checking cfg-if v1.0.5
[INFO] [stderr]    Compiling serde_core v1.0.229
[INFO] [stderr]    Compiling serde v1.0.229
[INFO] [stderr]    Compiling zmij v1.0.23
[INFO] [stderr]    Compiling wasm-bindgen v0.2.128
[INFO] [stderr]    Compiling serde_json v1.0.151
[INFO] [stderr]    Compiling hashbrown v0.17.1
[INFO] [stderr]    Compiling winnow v0.5.40
[INFO] [stderr]    Compiling toml_datetime v0.6.11
[INFO] [stderr]    Compiling proc-macro2 v1.0.107
[INFO] [stderr]    Compiling proc-macro-error-attr v1.0.4
[INFO] [stderr]     Checking futures-channel v0.3.34
[INFO] [stderr]     Checking percent-encoding v2.3.2
[INFO] [stderr]    Compiling libc v0.2.189
[INFO] [stderr]    Compiling syn v1.0.109
[INFO] [stderr]    Compiling proc-macro-error v1.0.4
[INFO] [stderr]     Checking form_urlencoded v1.2.2
[INFO] [stderr]     Checking bytes v1.12.1
[INFO] [stderr]    Compiling prettyplease v0.2.37
[INFO] [stderr]     Checking tokio v1.53.1
[INFO] [stderr]    Compiling thiserror v2.0.20
[INFO] [stderr]     Checking tracing-core v0.1.36
[INFO] [stderr]    Compiling anyhow v1.0.104
[INFO] [stderr]    Compiling quote v1.0.47
[INFO] [stderr]    Compiling syn v3.0.6
[INFO] [stderr]    Compiling syn v2.0.119
[INFO] [stderr]    Compiling indexmap v2.14.2
[INFO] [stderr]     Checking http v0.2.12
[INFO] [stderr]     Checking num_cpus v1.17.0
[INFO] [stderr]    Compiling toml_edit v0.19.15
[INFO] [stderr]     Checking tokio-stream v0.1.19
[INFO] [stderr]    Compiling proc-macro-crate v1.3.1
[INFO] [stderr]    Compiling wasm-bindgen-macro-support v0.2.128
[INFO] [stderr]    Compiling thiserror-impl v1.0.69
[INFO] [stderr]    Compiling pin-project-internal v1.1.13
[INFO] [stderr]    Compiling tracing-attributes v0.1.31
[INFO] [stderr]    Compiling implicit-clone-derive v0.1.2
[INFO] [stderr]    Compiling gloo-worker-macros v0.1.0
[INFO] [stderr]    Compiling yew-macro v0.22.0
[INFO] [stderr]    Compiling futures-macro v0.3.34
[INFO] [stderr]    Compiling serde_derive v1.0.229
[INFO] [stderr]    Compiling thiserror-impl v2.0.20
[INFO] [stderr]     Checking implicit-clone v0.6.0
[INFO] [stderr]     Checking futures-util v0.3.34
[INFO] [stderr]     Checking thiserror v1.0.69
[INFO] [stderr]     Checking pin-project v1.1.13
[INFO] [stderr]     Checking tracing v0.1.44
[INFO] [stderr]     Checking serde_urlencoded v0.7.1
[INFO] [stderr]     Checking bincode v1.3.3
[INFO] [stderr]     Checking futures-executor v0.3.34
[INFO] [stderr]     Checking futures v0.3.34
[INFO] [stderr]     Checking pinned v0.1.0
[INFO] [stderr]     Checking tokise v0.2.1
[INFO] [stderr]    Compiling wasm-bindgen-macro v0.2.128
[INFO] [stderr]     Checking js-sys v0.3.105
[INFO] [stderr]     Checking console_error_panic_hook v0.1.7
[INFO] [stderr]     Checking web-sys v0.3.105
[INFO] [stderr]     Checking wasm-bindgen-futures v0.4.78
[INFO] [stderr]     Checking serde-wasm-bindgen v0.6.5
[INFO] [stderr]     Checking gloo-timers v0.3.0
[INFO] [stderr]     Checking gloo-utils v0.2.0
[INFO] [stderr]     Checking gloo-events v0.2.0
[INFO] [stderr]     Checking gloo-render v0.2.0
[INFO] [stderr]     Checking gloo-dialogs v0.2.0
[INFO] [stderr]     Checking gloo-worker v0.5.0
[INFO] [stderr]     Checking gloo-storage v0.3.0
[INFO] [stderr]     Checking gloo-console v0.3.0
[INFO] [stderr]     Checking gloo-net v0.5.0
[INFO] [stderr]     Checking gloo-history v0.2.2
[INFO] [stderr]     Checking gloo-file v0.3.0
[INFO] [stderr]     Checking gloo v0.11.0
[INFO] [stderr]     Checking yew v0.22.0
[INFO] [stderr]     Checking yew-webtransport v0.22.0 (/opt/rustwide/workdir)
[INFO] [stdout] error[E0432]: unresolved imports `web_sys::WebTransport`, `web_sys::WebTransportBidirectionalStream`, `web_sys::WebTransportCloseInfo`, `web_sys::WebTransportDatagramDuplexStream`, `web_sys::WebTransportReceiveStream`
[INFO] [stdout]   --> src/webtransport.rs:38:50
[INFO] [stdout]    |
[INFO] [stdout] 38 |     ReadableStream, ReadableStreamDefaultReader, WebTransport, WebTransportBidirectionalStream,
[INFO] [stdout]    |                                                  ^^^^^^^^^^^^  ^^^^^^^^^^^^^^^^^^^^^^^^^^^^^^^ no `WebTransportBidirectionalStream` in the root
[INFO] [stdout]    |                                                  |
[INFO] [stdout]    |                                                  no `WebTransport` in the root
[INFO] [stdout] 39 |     WebTransportCloseInfo, WebTransportDatagramDuplexStream, WebTransportReceiveStream,
[INFO] [stdout]    |     ^^^^^^^^^^^^^^^^^^^^^  ^^^^^^^^^^^^^^^^^^^^^^^^^^^^^^^^  ^^^^^^^^^^^^^^^^^^^^^^^^^ no `WebTransportReceiveStream` in the root
[INFO] [stdout]    |     |                      |
[INFO] [stdout]    |     |                      no `WebTransportDatagramDuplexStream` in the root
[INFO] [stdout]    |     no `WebTransportCloseInfo` in the root
[INFO] [stdout] 
[INFO] [stdout] 
[INFO] [stdout] error[E0432]: unresolved imports `web_sys::WebTransport`, `web_sys::WebTransportBidirectionalStream`, `web_sys::WebTransportCloseInfo`, `web_sys::WebTransportDatagramDuplexStream`, `web_sys::WebTransportReceiveStream`
[INFO] [stdout]   --> src/webtransport.rs:38:50
[INFO] [stdout]    |
[INFO] [stdout] 38 |     ReadableStream, ReadableStreamDefaultReader, WebTransport, WebTransportBidirectionalStream,
[INFO] [stdout]    |                                                  ^^^^^^^^^^^^  ^^^^^^^^^^^^^^^^^^^^^^^^^^^^^^^ no `WebTransportBidirectionalStream` in the root
[INFO] [stdout]    |                                                  |
[INFO] [stdout]    |                                                  no `WebTransport` in the root
[INFO] [stdout] 39 |     WebTransportCloseInfo, WebTransportDatagramDuplexStream, WebTransportReceiveStream,
[INFO] [stdout]    |     ^^^^^^^^^^^^^^^^^^^^^  ^^^^^^^^^^^^^^^^^^^^^^^^^^^^^^^^  ^^^^^^^^^^^^^^^^^^^^^^^^^ no `WebTransportReceiveStream` in the root
[INFO] [stdout]    |     |                      |
[INFO] [stdout]    |     |                      no `WebTransportDatagramDuplexStream` in the root
[INFO] [stdout]    |     no `WebTransportCloseInfo` in the root
[INFO] [stdout] 
[INFO] [stdout] 
[INFO] [stdout] warning: method call on a diverging inference variable
[INFO] [stdout]    --> src/webtransport.rs:360:26
[INFO] [stdout]     |
[INFO] [stdout] 360 |                         .unchecked_into();
[INFO] [stdout]     |                          ^^^^^^^^^^^^^^
[INFO] [stdout]     |
[INFO] [stdout]     = help: consider providing a type annotation
[INFO] [stdout]     = warning: this was previously accepted by the compiler but is being phased out; it will become a hard error in a future release!
[INFO] [stdout]     = note: for more information, see issue #156047 <https://github.com/rust-lang/rust/issues/156047>
[INFO] [stdout]     = note: `#[warn(method_call_on_diverging_infer_var)]` (part of `#[warn(future_incompatible)]`) on by default
[INFO] [stdout] 
[INFO] [stdout] 
[INFO] [stdout] warning: method call on a diverging inference variable
[INFO] [stdout]    --> src/webtransport.rs:360:26
[INFO] [stdout]     |
[INFO] [stdout] 360 |                         .unchecked_into();
[INFO] [stdout]     |                          ^^^^^^^^^^^^^^
[INFO] [stdout]     |
[INFO] [stdout]     = help: consider providing a type annotation
[INFO] [stdout]     = warning: this was previously accepted by the compiler but is being phased out; it will become a hard error in a future release!
[INFO] [stdout]     = note: for more information, see issue #156047 <https://github.com/rust-lang/rust/issues/156047>
[INFO] [stdout]     = note: `#[warn(method_call_on_diverging_infer_var)]` (part of `#[warn(future_incompatible)]`) on by default
[INFO] [stdout] 
[INFO] [stdout] 
[INFO] [stdout] error[E0277]: the trait bound `JsValue: From<!>` is not satisfied
[INFO] [stdout]    --> src/webtransport.rs:360:26
[INFO] [stdout]     |
[INFO] [stdout] 360 |                         .unchecked_into();
[INFO] [stdout]     |                          ^^^^^^^^^^^^^^ the trait `From<!>` is not implemented for `JsValue`
[INFO] [stdout]     |
[INFO] [stdout]     = help: `JsValue` implements trait `From<T>`:
[INFO] [stdout]               From<&String>
[INFO] [stdout]               From<&T>
[INFO] [stdout]               From<&str>
[INFO] [stdout]               From<*const T>
[INFO] [stdout]               From<*mut T>
[INFO] [stdout]               From<AbortSignal>
[INFO] [stdout]               From<AddEventListenerOptions>
[INFO] [stdout]               From<AggregateError>
[INFO] [stdout]             and 256 others
[INFO] [stdout]     = note: required for `!` to implement `Into<JsValue>`
[INFO] [stdout] note: required by a bound in `unchecked_into`
[INFO] [stdout]    --> /opt/rustwide/cargo-home/registry/src/index.crates.io-1949cf8c6b5b557f/wasm-bindgen-0.2.128/src/cast.rs:21:28
[INFO] [stdout]     |
[INFO] [stdout]  21 |     Self: AsRef<JsValue> + Into<JsValue>,
[INFO] [stdout]     |                            ^^^^^^^^^^^^^ required by this bound in `JsCast::unchecked_into`
[INFO] [stdout] ...
[INFO] [stdout]  82 |     fn unchecked_into<T>(self) -> T
[INFO] [stdout]     |        -------------- required by a bound in this associated function
[INFO] [stdout] 
[INFO] [stdout] 
[INFO] [stdout] error[E0277]: the trait bound `JsValue: From<!>` is not satisfied
[INFO] [stdout]    --> src/webtransport.rs:360:26
[INFO] [stdout]     |
[INFO] [stdout] 360 |                         .unchecked_into();
[INFO] [stdout]     |                          ^^^^^^^^^^^^^^ the trait `From<!>` is not implemented for `JsValue`
[INFO] [stdout]     |
[INFO] [stdout]     = help: `JsValue` implements trait `From<T>`:
[INFO] [stdout]               From<&String>
[INFO] [stdout]               From<&T>
[INFO] [stdout]               From<&str>
[INFO] [stdout]               From<*const T>
[INFO] [stdout]               From<*mut T>
[INFO] [stdout]               From<AbortSignal>
[INFO] [stdout]               From<AddEventListenerOptions>
[INFO] [stdout]               From<AggregateError>
[INFO] [stdout]             and 256 others
[INFO] [stdout]     = note: required for `!` to implement `Into<JsValue>`
[INFO] [stdout] note: required by a bound in `unchecked_into`
[INFO] [stdout]    --> /opt/rustwide/cargo-home/registry/src/index.crates.io-1949cf8c6b5b557f/wasm-bindgen-0.2.128/src/cast.rs:21:28
[INFO] [stdout]     |
[INFO] [stdout]  21 |     Self: AsRef<JsValue> + Into<JsValue>,
[INFO] [stdout]     |                            ^^^^^^^^^^^^^ required by this bound in `JsCast::unchecked_into`
[INFO] [stdout] ...
[INFO] [stdout]  82 |     fn unchecked_into<T>(self) -> T
[INFO] [stdout]     |        -------------- required by a bound in this associated function
[INFO] [stdout] 
[INFO] [stdout] 
[INFO] [stdout] error[E0277]: the trait bound `!: JsCast` is not satisfied
[INFO] [stdout]    --> src/webtransport.rs:360:26
[INFO] [stdout]     |
[INFO] [stdout] 360 |                         .unchecked_into();
[INFO] [stdout]     |                          ^^^^^^^^^^^^^^ the trait `JsCast` is not implemented for `!`
[INFO] [stdout]     |
[INFO] [stdout]     = help: the following other types implement trait `JsCast`:
[INFO] [stdout]               AbortSignal
[INFO] [stdout]               AddEventListenerOptions
[INFO] [stdout]               AggregateError
[INFO] [stdout]               AnimationEvent
[INFO] [stdout]               ArrayBuffer
[INFO] [stdout]               ArrayBufferOptions
[INFO] [stdout]               ArrayTuple<T>
[INFO] [stdout]               AsyncGenerator<T>
[INFO] [stdout]             and 169 others
[INFO] [stdout] 
[INFO] [stdout] 
[INFO] [stdout] error[E0277]: the trait bound `!: JsCast` is not satisfied
[INFO] [stdout]    --> src/webtransport.rs:360:26
[INFO] [stdout]     |
[INFO] [stdout] 360 |                         .unchecked_into();
[INFO] [stdout]     |                          ^^^^^^^^^^^^^^ the trait `JsCast` is not implemented for `!`
[INFO] [stdout]     |
[INFO] [stdout]     = help: the following other types implement trait `JsCast`:
[INFO] [stdout]               AbortSignal
[INFO] [stdout]               AddEventListenerOptions
[INFO] [stdout]               AggregateError
[INFO] [stdout]               AnimationEvent
[INFO] [stdout]               ArrayBuffer
[INFO] [stdout]               ArrayBufferOptions
[INFO] [stdout]               ArrayTuple<T>
[INFO] [stdout]               AsyncGenerator<T>
[INFO] [stdout]             and 169 others
[INFO] [stdout] 
[INFO] [stdout] 
[INFO] [stdout] warning: method call on a diverging inference variable
[INFO] [stdout]    --> src/webtransport.rs:399:65
[INFO] [stdout]     |
[INFO] [stdout] 399 |                         stream.map_err(|e| anyhow!("{:?}", e))?.unchecked_into();
[INFO] [stdout]     |                                                                 ^^^^^^^^^^^^^^
[INFO] [stdout]     |
[INFO] [stdout]     = help: consider providing a type annotation
[INFO] [stdout]     = warning: this was previously accepted by the compiler but is being phased out; it will become a hard error in a future release!
[INFO] [stdout]     = note: for more information, see issue #156047 <https://github.com/rust-lang/rust/issues/156047>
[INFO] [stdout] 
[INFO] [stdout] 
[INFO] [stdout] warning: method call on a diverging inference variable
[INFO] [stdout]    --> src/webtransport.rs:399:65
[INFO] [stdout]     |
[INFO] [stdout] 399 |                         stream.map_err(|e| anyhow!("{:?}", e))?.unchecked_into();
[INFO] [stdout]     |                                                                 ^^^^^^^^^^^^^^
[INFO] [stdout]     |
[INFO] [stdout]     = help: consider providing a type annotation
[INFO] [stdout]     = warning: this was previously accepted by the compiler but is being phased out; it will become a hard error in a future release!
[INFO] [stdout]     = note: for more information, see issue #156047 <https://github.com/rust-lang/rust/issues/156047>
[INFO] [stdout] 
[INFO] [stdout] 
[INFO] [stdout] error[E0277]: the trait bound `JsValue: From<!>` is not satisfied
[INFO] [stdout]    --> src/webtransport.rs:399:65
[INFO] [stdout]     |
[INFO] [stdout] 399 |                         stream.map_err(|e| anyhow!("{:?}", e))?.unchecked_into();
[INFO] [stdout]     |                                                                 ^^^^^^^^^^^^^^ the trait `From<!>` is not implemented for `JsValue`
[INFO] [stdout]     |
[INFO] [stdout]     = help: `JsValue` implements trait `From<T>`:
[INFO] [stdout]               From<&String>
[INFO] [stdout]               From<&T>
[INFO] [stdout]               From<&str>
[INFO] [stdout]               From<*const T>
[INFO] [stdout]               From<*mut T>
[INFO] [stdout]               From<AbortSignal>
[INFO] [stdout]               From<AddEventListenerOptions>
[INFO] [stdout]               From<AggregateError>
[INFO] [stdout]             and 256 others
[INFO] [stdout]     = note: required for `!` to implement `Into<JsValue>`
[INFO] [stdout] note: required by a bound in `unchecked_into`
[INFO] [stdout]    --> /opt/rustwide/cargo-home/registry/src/index.crates.io-1949cf8c6b5b557f/wasm-bindgen-0.2.128/src/cast.rs:21:28
[INFO] [stdout]     |
[INFO] [stdout]  21 |     Self: AsRef<JsValue> + Into<JsValue>,
[INFO] [stdout]     |                            ^^^^^^^^^^^^^ required by this bound in `JsCast::unchecked_into`
[INFO] [stdout] ...
[INFO] [stdout]  82 |     fn unchecked_into<T>(self) -> T
[INFO] [stdout]     |        -------------- required by a bound in this associated function
[INFO] [stdout] 
[INFO] [stdout] 
[INFO] [stdout] error[E0277]: the trait bound `JsValue: From<!>` is not satisfied
[INFO] [stdout]    --> src/webtransport.rs:399:65
[INFO] [stdout]     |
[INFO] [stdout] 399 |                         stream.map_err(|e| anyhow!("{:?}", e))?.unchecked_into();
[INFO] [stdout]     |                                                                 ^^^^^^^^^^^^^^ the trait `From<!>` is not implemented for `JsValue`
[INFO] [stdout]     |
[INFO] [stdout]     = help: `JsValue` implements trait `From<T>`:
[INFO] [stdout]               From<&String>
[INFO] [stdout]               From<&T>
[INFO] [stdout]               From<&str>
[INFO] [stdout]               From<*const T>
[INFO] [stdout]               From<*mut T>
[INFO] [stdout]               From<AbortSignal>
[INFO] [stdout]               From<AddEventListenerOptions>
[INFO] [stdout]               From<AggregateError>
[INFO] [stdout]             and 256 others
[INFO] [stdout]     = note: required for `!` to implement `Into<JsValue>`
[INFO] [stdout] note: required by a bound in `unchecked_into`
[INFO] [stdout]    --> /opt/rustwide/cargo-home/registry/src/index.crates.io-1949cf8c6b5b557f/wasm-bindgen-0.2.128/src/cast.rs:21:28
[INFO] [stdout]     |
[INFO] [stdout]  21 |     Self: AsRef<JsValue> + Into<JsValue>,
[INFO] [stdout]     |                            ^^^^^^^^^^^^^ required by this bound in `JsCast::unchecked_into`
[INFO] [stdout] ...
[INFO] [stdout]  82 |     fn unchecked_into<T>(self) -> T
[INFO] [stdout]     |        -------------- required by a bound in this associated function
[INFO] [stdout] 
[INFO] [stdout] 
[INFO] [stdout] error[E0277]: the trait bound `!: JsCast` is not satisfied
[INFO] [stdout]    --> src/webtransport.rs:399:65
[INFO] [stdout]     |
[INFO] [stdout] 399 |                         stream.map_err(|e| anyhow!("{:?}", e))?.unchecked_into();
[INFO] [stdout]     |                                                                 ^^^^^^^^^^^^^^ the trait `JsCast` is not implemented for `!`
[INFO] [stdout]     |
[INFO] [stdout]     = help: the following other types implement trait `JsCast`:
[INFO] [stdout]               AbortSignal
[INFO] [stdout]               AddEventListenerOptions
[INFO] [stdout]               AggregateError
[INFO] [stdout]               AnimationEvent
[INFO] [stdout]               ArrayBuffer
[INFO] [stdout]               ArrayBufferOptions
[INFO] [stdout]               ArrayTuple<T>
[INFO] [stdout]               AsyncGenerator<T>
[INFO] [stdout]             and 169 others
[INFO] [stdout] 
[INFO] [stdout] 
[INFO] [stdout] error[E0277]: the trait bound `!: JsCast` is not satisfied
[INFO] [stdout]    --> src/webtransport.rs:399:65
[INFO] [stdout]     |
[INFO] [stdout] 399 |                         stream.map_err(|e| anyhow!("{:?}", e))?.unchecked_into();
[INFO] [stdout]     |                                                                 ^^^^^^^^^^^^^^ the trait `JsCast` is not implemented for `!`
[INFO] [stdout]     |
[INFO] [stdout]     = help: the following other types implement trait `JsCast`:
[INFO] [stdout]               AbortSignal
[INFO] [stdout]               AddEventListenerOptions
[INFO] [stdout]               AggregateError
[INFO] [stdout]               AnimationEvent
[INFO] [stdout]               ArrayBuffer
[INFO] [stdout]               ArrayBufferOptions
[INFO] [stdout]               ArrayTuple<T>
[INFO] [stdout]               AsyncGenerator<T>
[INFO] [stdout]             and 169 others
[INFO] [stdout] 
[INFO] [stdout] 
[INFO] [stdout] Some errors have detailed explanations: E0277, E0432.
[INFO] [stdout] 
[INFO] [stdout] Some errors have detailed explanations: E0277, E0432.
[INFO] [stdout] 
[INFO] [stdout] For more information about an error, try `rustc --explain E0277`.
[INFO] [stdout] 
[INFO] [stdout] For more information about an error, try `rustc --explain E0277`.
[INFO] [stdout] 
[INFO] [stderr] error: could not compile `yew-webtransport` (lib test) due to 5 previous errors; 4 warnings emitted
[INFO] [stderr] warning: build failed, waiting for other jobs to finish...
[INFO] [stderr] error: could not compile `yew-webtransport` (lib) due to 5 previous errors; 4 warnings emitted
[INFO] running `Command { std: "docker" "inspect" "5dbf58d829035cb552bc5c2f3e10cce86ba6b085ec5b732d2f992bd9948e798c", kill_on_drop: false }`
[INFO] running `Command { std: "docker" "rm" "-f" "5dbf58d829035cb552bc5c2f3e10cce86ba6b085ec5b732d2f992bd9948e798c", kill_on_drop: false }`
[INFO] [stdout] 5dbf58d829035cb552bc5c2f3e10cce86ba6b085ec5b732d2f992bd9948e798c
