[INFO] cloning repository https://github.com/scen1c/todo_tasks
[INFO] running `Command { std: "git" "-c" "credential.helper=" "-c" "credential.helper=/workspace/cargo-home/bin/git-credential-null" "clone" "--bare" "https://github.com/scen1c/todo_tasks" "/workspace/cache/git-repos/https%3A%2F%2Fgithub.com%2Fscen1c%2Ftodo_tasks", kill_on_drop: false }`
[INFO] [stderr] Cloning into bare repository '/workspace/cache/git-repos/https%3A%2F%2Fgithub.com%2Fscen1c%2Ftodo_tasks'...
[INFO] running `Command { std: "git" "rev-parse" "HEAD", kill_on_drop: false }`
[INFO] [stdout] 02640386ea7952c55e77cc2772262f83f88a6032
[INFO] checking scen1c/todo_tasks/02640386ea7952c55e77cc2772262f83f88a6032 against ed77b7b8699e342c2dc842c83cb5fe4025252ee8 for pr-158915-1
[INFO] running `Command { std: "git" "clone" "/workspace/cache/git-repos/https%3A%2F%2Fgithub.com%2Fscen1c%2Ftodo_tasks" "/workspace/builds/worker-2-tc1/source", kill_on_drop: false }`
[INFO] [stderr] Cloning into '/workspace/builds/worker-2-tc1/source'...
[INFO] [stderr] done.
[INFO] started tweaking git repo https://github.com/scen1c/todo_tasks
[INFO] finished tweaking git repo https://github.com/scen1c/todo_tasks
[INFO] tweaked toml for git repo https://github.com/scen1c/todo_tasks written to /workspace/builds/worker-2-tc1/source/Cargo.toml
[INFO] validating manifest of git repo https://github.com/scen1c/todo_tasks on toolchain ed77b7b8699e342c2dc842c83cb5fe4025252ee8
[INFO] running `Command { std: CARGO_HOME="/workspace/cargo-home" RUSTUP_HOME="/workspace/rustup-home" "/workspace/cargo-home/bin/cargo" "+ed77b7b8699e342c2dc842c83cb5fe4025252ee8" "metadata" "--manifest-path" "Cargo.toml" "--no-deps", kill_on_drop: false }`
[INFO] crate git repo https://github.com/scen1c/todo_tasks already has a lockfile, it will not be regenerated
[INFO] running `Command { std: CARGO_HOME="/workspace/cargo-home" RUSTUP_HOME="/workspace/rustup-home" "/workspace/cargo-home/bin/cargo" "+ed77b7b8699e342c2dc842c83cb5fe4025252ee8" "fetch" "--manifest-path" "Cargo.toml", kill_on_drop: false }`
[INFO] [stderr]     Updating crates.io index
[INFO] [stderr]  Downloading crates ...
[INFO] [stderr]   Downloaded generator v0.7.5
[INFO] [stderr]   Downloaded state v0.6.0
[INFO] [stderr]   Downloaded loom v0.5.6
[INFO] [stderr]   Downloaded spin_on v0.1.1
[INFO] [stderr]   Downloaded vtable-macro v0.3.0
[INFO] [stderr]   Downloaded const-field-offset v0.1.5
[INFO] [stderr]   Downloaded pin-weak v1.1.0
[INFO] [stderr]   Downloaded wayland-cursor v0.31.13
[INFO] [stderr]   Downloaded pulldown-cmark-escape v0.11.0
[INFO] [stderr]   Downloaded text-size v1.1.1
[INFO] [stderr]   Downloaded countme v3.0.1
[INFO] [stderr]   Downloaded unicode-ccc v0.4.0
[INFO] [stderr]   Downloaded zvariant_utils v3.3.0
[INFO] [stderr]   Downloaded integer-sqrt v0.1.5
[INFO] [stderr]   Downloaded natord v1.0.9
[INFO] [stderr]   Downloaded const-field-offset-macro v0.1.5
[INFO] [stderr]   Downloaded unicode-bidi-mirroring v0.4.0
[INFO] [stderr]   Downloaded wasm-bindgen-shared v0.2.111
[INFO] [stderr]   Downloaded yeslogic-fontconfig-sys v6.0.0
[INFO] [stderr]   Downloaded wasm-bindgen-macro v0.2.111
[INFO] [stderr]   Downloaded avif-serialize v0.8.8
[INFO] [stderr]   Downloaded lyon_extra v1.1.0
[INFO] [stderr]   Downloaded skia-bindings v0.90.0
[INFO] [stderr]   Downloaded filetime v0.2.27
[INFO] [stderr]   Downloaded linked_hash_set v0.1.6
[INFO] [stderr]   Downloaded profiling-procmacros v1.0.17
[INFO] [stderr]   Downloaded ctor-lite v0.1.2
[INFO] [stderr]   Downloaded derive_utils v0.15.1
[INFO] [stderr]   Downloaded uds_windows v1.2.0
[INFO] [stderr]   Downloaded vtable v0.3.0
[INFO] [stderr]   Downloaded slint-macros v1.15.1
[INFO] [stderr]   Downloaded i-slint-core-macros v1.15.1
[INFO] [stderr]   Downloaded yazi v0.2.1
[INFO] [stderr]   Downloaded clru v0.6.3
[INFO] [stderr]   Downloaded getopts v0.2.24
[INFO] [stderr]   Downloaded zbus_names v4.3.1
[INFO] [stderr]   Downloaded scoped-tls-hkt v0.1.5
[INFO] [stderr]   Downloaded snafu-derive v0.8.9
[INFO] [stderr]   Downloaded toml_datetime v1.0.0+spec-1.1.0
[INFO] [stderr]   Downloaded htmlparser v0.2.1
[INFO] [stderr]   Downloaded zvariant_derive v5.10.0
[INFO] [stderr]   Downloaded tar v0.4.44
[INFO] [stderr]   Downloaded ravif v0.12.0
[INFO] [stderr]   Downloaded font-types v0.10.1
[INFO] [stderr]   Downloaded lyon_path v1.0.19
[INFO] [stderr]   Downloaded zbus_macros v5.14.0
[INFO] [stderr]   Downloaded async-signal v0.2.13
[INFO] [stderr]   Downloaded wayland-protocols-wlr v0.3.11
[INFO] [stderr]   Downloaded tiny-xlib v0.2.4
[INFO] [stderr]   Downloaded slint-build v1.15.1
[INFO] [stderr]   Downloaded rowan v0.16.1
[INFO] [stderr]   Downloaded imagesize v0.14.0
[INFO] [stderr]   Downloaded gif v0.14.1
[INFO] [stderr]   Downloaded copypasta v0.10.2
[INFO] [stderr]   Downloaded zbus_xml v5.1.0
[INFO] [stderr]   Downloaded x11-clipboard v0.9.3
[INFO] [stderr]   Downloaded wayland-protocols-misc v0.3.11
[INFO] [stderr]   Downloaded accesskit_unix v0.18.0
[INFO] [stderr]   Downloaded atspi v0.29.0
[INFO] [stderr]   Downloaded zbus-lockstep-macros v0.5.2
[INFO] [stderr]   Downloaded wayland-sys v0.31.10
[INFO] [stderr]   Downloaded built v0.8.0
[INFO] [stderr]   Downloaded wayland-scanner v0.31.9
[INFO] [stderr]   Downloaded wasm-bindgen-futures v0.4.61
[INFO] [stderr]   Downloaded zbus-lockstep v0.5.2
[INFO] [stderr]   Downloaded lyon_geom v1.0.19
[INFO] [stderr]   Downloaded annotate-snippets v0.12.13
[INFO] [stderr]   Downloaded lyon_algorithms v1.0.19
[INFO] [stderr]   Downloaded uuid v1.22.0
[INFO] [stderr]   Downloaded typed-index-collections v3.5.0
[INFO] [stderr]   Downloaded i-slint-backend-selector v1.15.1
[INFO] [stderr]   Downloaded objc2-core-video v0.3.2
[INFO] [stderr]   Downloaded cpp v0.5.10
[INFO] [stderr]   Downloaded cpp_macros v0.5.10
[INFO] [stderr]   Downloaded gbm v0.18.0
[INFO] [stderr]   Downloaded gbm-sys v0.4.0
[INFO] [stderr]   Downloaded drm-sys v0.8.1
[INFO] [stderr]   Downloaded toml_edit v0.24.1+spec-1.1.0
[INFO] [stderr]   Downloaded cpp_build v0.5.10
[INFO] [stderr]   Downloaded cpp_common v0.5.10
[INFO] [stderr]   Downloaded fontique v0.7.0
[INFO] [stderr]   Downloaded accesskit_macos v0.23.0
[INFO] [stderr]   Downloaded i-slint-renderer-software v1.15.1
[INFO] [stderr]   Downloaded zeno v0.3.3
[INFO] [stderr]   Downloaded auto_enums v0.8.8
[INFO] [stderr]   Downloaded i-slint-renderer-femtovg v1.15.1
[INFO] [stderr]   Downloaded accesskit_winit v0.30.0
[INFO] [stderr]   Downloaded accesskit_atspi_common v0.15.0
[INFO] [stderr]   Downloaded borsh v1.6.0
[INFO] [stderr]   Downloaded rspolib v0.1.2
[INFO] [stderr]   Downloaded snafu v0.8.9
[INFO] [stderr]   Downloaded resvg v0.46.0
[INFO] [stderr]   Downloaded toml_edit v0.25.4+spec-1.1.0
[INFO] [stderr]   Downloaded wasm-bindgen-macro-support v0.2.111
[INFO] [stderr]   Downloaded bitstream-io v4.9.0
[INFO] [stderr]   Downloaded imgref v1.12.0
[INFO] [stderr]   Downloaded js-sys v0.3.88
[INFO] [stderr]   Downloaded zvariant v5.10.0
[INFO] [stderr]   Downloaded wayland-protocols-plasma v0.3.11
[INFO] [stderr]   Downloaded wayland-client v0.31.13
[INFO] [stderr]   Downloaded wayland-backend v0.3.14
[INFO] [stderr]   Downloaded i-slint-renderer-skia v1.15.1
[INFO] [stderr]   Downloaded accesskit_windows v0.30.0
[INFO] [stderr]   Downloaded accesskit_consumer v0.32.0
[INFO] [stderr]   Downloaded atspi-proxies v0.13.0
[INFO] [stderr]   Downloaded qttypes v0.2.12
[INFO] [stderr]   Downloaded udev v0.9.3
[INFO] [stderr]   Downloaded drm-fourcc v2.2.0
[INFO] [stderr]   Downloaded drm-ffi v0.9.1
[INFO] [stderr]   Downloaded zune-jpeg v0.5.12
[INFO] [stderr]   Downloaded wasm-bindgen v0.2.111
[INFO] [stderr]   Downloaded i-slint-backend-winit v1.15.1
[INFO] [stderr]   Downloaded accesskit v0.22.0
[INFO] [stderr]   Downloaded fontdb v0.23.0
[INFO] [stderr]   Downloaded slint v1.15.1
[INFO] [stderr]   Downloaded parley v0.7.0
[INFO] [stderr]   Downloaded openssl-sys v0.9.111
[INFO] [stderr]   Downloaded usvg v0.46.0
[INFO] [stderr]   Downloaded libfuzzer-sys v0.4.12
[INFO] [stderr]   Downloaded pulldown-cmark v0.13.1
[INFO] [stderr]   Downloaded muda v0.17.1
[INFO] [stderr]   Downloaded kurbo v0.13.0
[INFO] [stderr]   Downloaded fontdue v0.9.3
[INFO] [stderr]   Downloaded zbus v5.14.0
[INFO] [stderr]   Downloaded wayland-protocols v0.32.11
[INFO] [stderr]   Downloaded kurbo v0.12.0
[INFO] [stderr]   Downloaded input v0.9.1
[INFO] [stderr]   Downloaded drm v0.14.2
[INFO] [stderr]   Downloaded i-slint-backend-linuxkms v1.15.1
[INFO] [stderr]   Downloaded swash v0.2.6
[INFO] [stderr]   Downloaded i-slint-backend-qt v1.15.1
[INFO] [stderr]   Downloaded xkbcommon v0.9.0
[INFO] [stderr]   Downloaded skrifa v0.37.0
[INFO] [stderr]   Downloaded i-slint-core v1.15.1
[INFO] [stderr]   Downloaded femtovg v0.20.4
[INFO] [stderr]   Downloaded write-fonts v0.43.0
[INFO] [stderr]   Downloaded atspi-common v0.13.0
[INFO] [stderr]   Downloaded rustybuzz v0.20.1
[INFO] [stderr]   Downloaded harfrust v0.3.2
[INFO] [stderr]   Downloaded openssl v0.10.75
[INFO] [stderr]   Downloaded i-slint-common v1.15.1
[INFO] [stderr]   Downloaded axum-macros v0.4.2
[INFO] [stderr]   Downloaded read-fonts v0.35.0
[INFO] [stderr]   Downloaded input-sys v1.18.0
[INFO] [stderr]   Downloaded sqlx-core v0.7.4
[INFO] [stderr]   Downloaded sqlformat v0.2.6
[INFO] [stderr]   Downloaded hashlink v0.8.4
[INFO] [stderr]   Downloaded sqlx-sqlite v0.7.4
[INFO] [stderr]   Downloaded i-slint-compiler v1.15.1
[INFO] [stderr]   Downloaded web-sys v0.3.88
[INFO] [stderr]   Downloaded sqlx v0.7.4
[INFO] [stderr]   Downloaded skia-safe v0.90.0
[INFO] [stderr]   Downloaded sqlx-postgres v0.7.4
[INFO] [stderr]   Downloaded pxfm v0.1.28
[INFO] [stderr]   Downloaded rsa v0.9.10
[INFO] [stderr]   Downloaded sqlx-mysql v0.7.4
[INFO] [stderr]   Downloaded sqlx-macros v0.7.4
[INFO] [stderr]   Downloaded sqlx-macros-core v0.7.4
[INFO] [stderr]   Downloaded num-bigint-dig v0.8.6
[INFO] [stderr]   Downloaded libsqlite3-sys v0.27.0
[INFO] running `Command { std: "docker" "create" "-v" "/var/lib/crater-agent-workspace/builds/worker-2-tc1/source:/opt/rustwide/workdir:ro,Z" "-v" "/var/lib/crater-agent-workspace/builds/worker-2-tc1/target:/opt/rustwide/target:rw,Z" "-v" "/var/lib/crater-agent-workspace/cargo-home:/opt/rustwide/cargo-home:ro,Z" "-v" "/var/lib/crater-agent-workspace/rustup-home:/opt/rustwide/rustup-home:ro,Z" "-m" "1610612736" "--network" "none" "ghcr.io/rust-lang/crates-build-env/linux@sha256:8683fc1fc2eb5c9ac98e0d076ab094b2ffac7f99da555d2b6a2e27f346de2ec7" "sleep" "infinity", kill_on_drop: false }`
[INFO] [stdout] 23b4e4c145c5e85396c73d44c7570ca5b70140405775062f2662daa07090d750
[INFO] running `Command { std: "docker" "start" "23b4e4c145c5e85396c73d44c7570ca5b70140405775062f2662daa07090d750", kill_on_drop: false }`
[INFO] running `Command { std: "docker" "inspect" "23b4e4c145c5e85396c73d44c7570ca5b70140405775062f2662daa07090d750", kill_on_drop: false }`
[INFO] running `Command { std: "docker" "exec" "-e" "SOURCE_DIR=/opt/rustwide/workdir" "-e" "CARGO_HOME=/opt/rustwide/cargo-home" "-e" "RUSTUP_HOME=/opt/rustwide/rustup-home" "-e" "CARGO_TARGET_DIR=/opt/rustwide/target" "-w" "/opt/rustwide/workdir" "--user" "0:0" "23b4e4c145c5e85396c73d44c7570ca5b70140405775062f2662daa07090d750" "/opt/rustwide/cargo-home/bin/cargo" "+ed77b7b8699e342c2dc842c83cb5fe4025252ee8" "metadata" "--no-deps" "--format-version=1", kill_on_drop: false }`
[INFO] running `Command { std: "docker" "inspect" "23b4e4c145c5e85396c73d44c7570ca5b70140405775062f2662daa07090d750", kill_on_drop: false }`
[INFO] running `Command { std: "docker" "exec" "-e" "SOURCE_DIR=/opt/rustwide/workdir" "-e" "CARGO_HOME=/opt/rustwide/cargo-home" "-e" "RUSTUP_HOME=/opt/rustwide/rustup-home" "-e" "CARGO_TARGET_DIR=/opt/rustwide/target" "-e" "CARGO_INCREMENTAL=0" "-e" "RUST_BACKTRACE=full" "-e" "RUSTFLAGS=--cap-lints=forbid" "-e" "RUSTDOCFLAGS=--cap-lints=forbid" "-w" "/opt/rustwide/workdir" "--user" "0:0" "23b4e4c145c5e85396c73d44c7570ca5b70140405775062f2662daa07090d750" "/opt/rustwide/cargo-home/bin/cargo" "+ed77b7b8699e342c2dc842c83cb5fe4025252ee8" "check" "--frozen" "--all" "--all-targets" "--message-format=json", kill_on_drop: false }`
[INFO] [stderr]    Compiling proc-macro2 v1.0.106
[INFO] [stderr]    Compiling quote v1.0.44
[INFO] [stderr]    Compiling libc v0.2.182
[INFO] [stderr]    Compiling libm v0.2.16
[INFO] [stderr]    Compiling memchr v2.8.0
[INFO] [stderr]    Compiling serde_core v1.0.228
[INFO] [stderr]    Compiling portable-atomic v1.13.1
[INFO] [stderr]     Checking critical-section v1.2.0
[INFO] [stderr]    Compiling pkg-config v0.3.32
[INFO] [stderr]     Checking bitflags v2.11.0
[INFO] [stderr]    Compiling serde v1.0.228
[INFO] [stderr]     Checking smallvec v1.15.1
[INFO] [stderr]     Checking pin-project-lite v0.2.16
[INFO] [stderr]    Compiling num-traits v0.2.19
[INFO] [stderr]    Compiling shlex v1.3.0
[INFO] [stderr]    Compiling find-msvc-tools v0.1.9
[INFO] [stderr]     Checking futures-core v0.3.32
[INFO] [stderr]    Compiling cc v1.2.56
[INFO] [stderr]    Compiling syn v2.0.116
[INFO] [stderr]     Checking once_cell v1.21.3
[INFO] [stderr]    Compiling rustix v1.1.3
[INFO] [stderr]     Checking linux-raw-sys v0.11.0
[INFO] [stderr]    Compiling indexmap v2.13.0
[INFO] [stderr]     Checking libloading v0.8.9
[INFO] [stderr]    Compiling log v0.4.29
[INFO] [stderr]    Compiling crc32fast v1.5.0
[INFO] [stderr]     Checking dlib v0.5.3
[INFO] [stderr]     Checking tracing-core v0.1.36
[INFO] [stderr]     Checking futures-io v0.3.32
[INFO] [stderr]    Compiling winnow v0.7.15
[INFO] [stderr]     Checking errno v0.3.14
[INFO] [stderr]     Checking signal-hook-registry v1.4.8
[INFO] [stderr]    Compiling toml_datetime v1.0.0+spec-1.1.0
[INFO] [stderr]    Compiling thiserror v2.0.18
[INFO] [stderr]    Compiling getrandom v0.3.4
[INFO] [stderr]    Compiling crossbeam-utils v0.8.21
[INFO] [stderr]    Compiling icu_normalizer_data v2.1.1
[INFO] [stderr]    Compiling icu_properties_data v2.1.2
[INFO] [stderr]    Compiling typenum v1.19.0
[INFO] [stderr]     Checking core_maths v0.1.1
[INFO] [stderr]    Compiling wayland-sys v0.31.10
[INFO] [stderr]     Checking futures-sink v0.3.32
[INFO] [stderr]     Checking itoa v1.0.17
[INFO] [stderr]    Compiling zerocopy v0.8.39
[INFO] [stderr]     Checking writeable v0.6.2
[INFO] [stderr]    Compiling litemap v0.8.1
[INFO] [stderr]     Checking bytes v1.11.1
[INFO] [stderr]    Compiling serde_json v1.0.149
[INFO] [stderr]     Checking futures-channel v0.3.32
[INFO] [stderr]    Compiling wayland-backend v0.3.14
[INFO] [stderr]     Checking downcast-rs v1.2.1
[INFO] [stderr]     Checking scoped-tls v1.0.1
[INFO] [stderr]    Compiling quick-xml v0.39.2
[INFO] [stderr]    Compiling unicode-segmentation v1.12.0
[INFO] [stderr]    Compiling wayland-client v0.31.13
[INFO] [stderr]     Checking futures-task v0.3.32
[INFO] [stderr]    Compiling unicode-xid v0.2.6
[INFO] [stderr]     Checking parking_lot_core v0.9.12
[INFO] [stderr]     Checking simd-adler32 v0.3.8
[INFO] [stderr]     Checking concurrent-queue v2.5.0
[INFO] [stderr]    Compiling toml_parser v1.0.9+spec-1.1.0
[INFO] [stderr]     Checking adler2 v2.0.1
[INFO] [stderr]     Checking arrayvec v0.7.6
[INFO] [stderr]     Checking parking_lot v0.12.5
[INFO] [stderr]    Compiling paste v1.0.15
[INFO] [stderr]     Checking miniz_oxide v0.8.9
[INFO] [stderr]     Checking ttf-parser v0.25.1
[INFO] [stderr]     Checking mio v1.1.1
[INFO] [stderr]     Checking socket2 v0.6.2
[INFO] [stderr]    Compiling synstructure v0.13.2
[INFO] [stderr]    Compiling toml_edit v0.25.4+spec-1.1.0
[INFO] [stderr]     Checking memmap2 v0.9.10
[INFO] [stderr]    Compiling lazy_static v1.5.0
[INFO] [stderr]    Compiling wayland-scanner v0.31.9
[INFO] [stderr]     Checking flate2 v1.1.9
[INFO] [stderr]    Compiling ahash v0.8.12
[INFO] [stderr]     Checking fastrand v2.3.0
[INFO] [stderr]    Compiling tinyvec_macros v0.1.1
[INFO] [stderr]    Compiling semver v1.0.27
[INFO] [stderr]    Compiling proc-macro-crate v3.5.0
[INFO] [stderr]    Compiling tinyvec v1.10.0
[INFO] [stderr]     Checking fdeflate v0.3.7
[INFO] [stderr]    Compiling crossbeam-epoch v0.9.18
[INFO] [stderr]     Checking polling v3.11.0
[INFO] [stderr]    Compiling serde_derive v1.0.228
[INFO] [stderr]    Compiling zerofrom-derive v0.1.6
[INFO] [stderr]    Compiling yoke-derive v0.8.1
[INFO] [stderr]    Compiling zerovec-derive v0.11.2
[INFO] [stderr]    Compiling displaydoc v0.2.5
[INFO] [stderr]    Compiling bytemuck_derive v1.10.2
[INFO] [stderr]    Compiling tracing-attributes v0.1.31
[INFO] [stderr]    Compiling thiserror-impl v2.0.18
[INFO] [stderr]    Compiling zerocopy-derive v0.8.39
[INFO] [stderr]     Checking zerofrom v0.1.6
[INFO] [stderr]     Checking yoke v0.8.1
[INFO] [stderr]     Checking zerovec v0.11.5
[INFO] [stderr]     Checking bytemuck v1.25.0
[INFO] [stderr]     Checking tracing v0.1.44
[INFO] [stderr]    Compiling enumflags2_derive v0.7.12
[INFO] [stderr]    Compiling futures-macro v0.3.32
[INFO] [stderr]    Compiling thiserror-impl v1.0.69
[INFO] [stderr]     Checking tinystr v0.8.2
[INFO] [stderr]     Checking icu_locale_core v2.1.1
[INFO] [stderr]     Checking futures-util v0.3.32
[INFO] [stderr]    Compiling potential_utf v0.1.4
[INFO] [stderr]    Compiling zerotrie v0.2.3
[INFO] [stderr]    Compiling either v1.15.0
[INFO] [stderr]    Compiling zvariant_utils v3.3.0
[INFO] [stderr]    Compiling tokio-macros v2.6.0
[INFO] [stderr]    Compiling icu_collections v2.1.1
[INFO] [stderr]    Compiling icu_provider v2.1.1
[INFO] [stderr]    Compiling zvariant_derive v5.10.0
[INFO] [stderr]    Compiling rayon-core v1.13.0
[INFO] [stderr]     Checking tokio v1.49.0
[INFO] [stderr]    Compiling icu_properties v2.1.2
[INFO] [stderr]    Compiling icu_normalizer v2.1.1
[INFO] [stderr]    Compiling enumflags2 v0.7.12
[INFO] [stderr]    Compiling crossbeam-deque v0.8.6
[INFO] [stderr]    Compiling async-trait v0.1.89
[INFO] [stderr]     Checking event-listener v5.4.1
[INFO] [stderr]    Compiling zmij v1.0.21
[INFO] [stderr]     Checking float-cmp v0.9.0
[INFO] [stderr]    Compiling unicode-properties v0.1.4
[INFO] [stderr]    Compiling endi v1.1.1
[INFO] [stderr]    Compiling zvariant v5.10.0
[INFO] [stderr]     Checking event-listener-strategy v0.5.4
[INFO] [stderr]     Checking strict-num v0.1.1
[INFO] [stderr]    Compiling idna_adapter v1.2.1
[INFO] [stderr]     Checking wayland-protocols v0.32.11
[INFO] [stderr]     Checking thiserror v1.0.69
[INFO] [stderr]     Checking futures-lite v2.6.1
[INFO] [stderr]    Compiling convert_case v0.10.0
[INFO] [stderr]    Compiling unicode-bidi v0.3.18
[INFO] [stderr]    Compiling rustversion v1.0.22
[INFO] [stderr]     Checking arrayref v0.3.9
[INFO] [stderr]     Checking tiny-skia-path v0.11.4
[INFO] [stderr]    Compiling form_urlencoded v1.2.2
[INFO] [stderr]    Compiling idna v1.1.0
[INFO] [stderr]    Compiling derive_more-impl v2.1.1
[INFO] [stderr]    Compiling zbus_names v4.3.1
[INFO] [stderr]     Checking font-types v0.10.1
[INFO] [stderr]    Compiling hashbrown v0.14.5
[INFO] [stderr]    Compiling equator-macro v0.4.2
[INFO] [stderr]    Compiling strum_macros v0.27.2
[INFO] [stderr]    Compiling aho-corasick v1.1.4
[INFO] [stderr]    Compiling async-io v2.6.0
[INFO] [stderr]    Compiling khronos_api v3.1.0
[INFO] [stderr]    Compiling equator v0.4.2
[INFO] [stderr]     Checking png v0.17.16
[INFO] [stderr]     Checking read-fonts v0.35.0
[INFO] [stderr]    Compiling url v2.5.8
[INFO] [stderr]    Compiling rayon v1.11.0
[INFO] [stderr]    Compiling num-integer v0.1.46
[INFO] [stderr]     Checking getrandom v0.2.17
[INFO] [stderr]    Compiling yeslogic-fontconfig-sys v6.0.0
[INFO] [stderr]    Compiling slotmap v1.1.1
[INFO] [stderr]    Compiling anyhow v1.0.101
[INFO] [stderr]     Checking async-task v4.7.1
[INFO] [stderr]    Compiling num-bigint v0.4.6
[INFO] [stderr]     Checking tiny-skia v0.11.4
[INFO] [stderr]    Compiling aligned-vec v0.6.4
[INFO] [stderr]     Checking async-channel v2.5.0
[INFO] [stderr]    Compiling quick-xml v0.38.4
[INFO] [stderr]     Checking generic-array v0.14.7
[INFO] [stderr]    Compiling rustc_version v0.4.1
[INFO] [stderr]    Compiling cpp_common v0.5.10
[INFO] [stderr]    Compiling memoffset v0.9.1
[INFO] [stderr]     Checking cursor-icon v1.2.0
[INFO] [stderr]    Compiling regex-syntax v0.8.9
[INFO] [stderr]    Compiling rustix v0.38.44
[INFO] [stderr]    Compiling xml-rs v0.8.28
[INFO] [stderr]     Checking xcursor v0.3.10
[INFO] [stderr]     Checking xkeysym v0.2.1
[INFO] [stderr]     Checking wayland-cursor v0.31.13
[INFO] [stderr]    Compiling openssl-sys v0.9.111
[INFO] [stderr]     Checking wayland-csd-frame v0.3.0
[INFO] [stderr]    Compiling num-rational v0.4.2
[INFO] [stderr]    Compiling gl_generator v0.14.0
[INFO] [stderr]    Compiling zbus_xml v5.1.0
[INFO] [stderr]    Compiling field-offset v0.3.6
[INFO] [stderr]    Compiling v_frame v0.3.9
[INFO] [stderr]     Checking async-signal v0.2.13
[INFO] [stderr]     Checking wayland-protocols-wlr v0.3.11
[INFO] [stderr]     Checking async-lock v3.4.2
[INFO] [stderr]     Checking piper v0.2.5
[INFO] [stderr]     Checking euclid v0.22.13
[INFO] [stderr]    Compiling regex-automata v0.4.14
[INFO] [stderr]    Compiling as-slice v0.2.1
[INFO] [stderr]     Checking linux-raw-sys v0.4.15
[INFO] [stderr]     Checking zune-core v0.5.1
[INFO] [stderr]    Compiling quick-error v2.0.1
[INFO] [stderr]    Compiling av-scenechange v0.14.1
[INFO] [stderr]    Compiling built v0.8.0
[INFO] [stderr]     Checking byteorder-lite v0.1.0
[INFO] [stderr]    Compiling linebender_resource_handle v0.1.1
[INFO] [stderr]     Checking as-raw-xcb-connection v1.0.1
[INFO] [stderr]     Checking zune-jpeg v0.5.12
[INFO] [stderr]     Checking lyon_geom v1.0.19
[INFO] [stderr]    Compiling rav1e v0.8.1
[INFO] [stderr]    Compiling aligned v0.4.3
[INFO] [stderr]     Checking blocking v1.6.2
[INFO] [stderr]     Checking async-process v2.5.0
[INFO] [stderr]    Compiling zbus-lockstep v0.5.2
[INFO] [stderr]    Compiling crypto-common v0.1.7
[INFO] [stderr]    Compiling block-buffer v0.10.4
[INFO] [stderr]     Checking async-executor v1.14.0
[INFO] [stderr]    Compiling zbus_macros v5.14.0
[INFO] [stderr]     Checking async-broadcast v0.7.2
[INFO] [stderr]    Compiling profiling-procmacros v1.0.17
[INFO] [stderr]    Compiling async-recursion v1.1.1
[INFO] [stderr]    Compiling arg_enum_proc_macro v0.3.4
[INFO] [stderr]    Compiling serde_repr v0.1.20
[INFO] [stderr]     Checking gethostname v1.1.0
[INFO] [stderr]     Checking kurbo v0.13.0
[INFO] [stderr]     Checking http v1.4.0
[INFO] [stderr]     Checking uuid v1.22.0
[INFO] [stderr]     Checking ordered-stream v0.2.0
[INFO] [stderr]    Compiling x11-dl v2.21.0
[INFO] [stderr]    Compiling core2 v0.4.0
[INFO] [stderr]    Compiling nom v8.0.0
[INFO] [stderr]    Compiling weezl v0.1.12
[INFO] [stderr]    Compiling regex v1.12.3
[INFO] [stderr]     Checking siphasher v1.0.2
[INFO] [stderr]     Checking unicode-script v0.5.8
[INFO] [stderr]     Checking x11rb-protocol v0.13.2
[INFO] [stderr]     Checking pxfm v0.1.28
[INFO] [stderr]    Compiling y4m v0.8.0
[INFO] [stderr]    Compiling pastey v0.1.1
[INFO] [stderr]     Checking unicode-bidi-mirroring v0.4.0
[INFO] [stderr]     Checking unicode-ccc v0.4.0
[INFO] [stderr]    Compiling subtle v2.6.1
[INFO] [stderr]     Checking rustybuzz v0.20.1
[INFO] [stderr]    Compiling digest v0.10.7
[INFO] [stderr]     Checking zbus v5.14.0
[INFO] [stderr]     Checking calloop v0.13.0
[INFO] [stderr]     Checking fontique v0.7.0
[INFO] [stderr]    Compiling cpp_build v0.5.10
[INFO] [stderr]     Checking svgtypes v0.16.1
[INFO] [stderr]     Checking moxcms v0.7.11
[INFO] [stderr]     Checking http-body v1.0.1
[INFO] [stderr]    Compiling bitstream-io v4.9.0
[INFO] [stderr]    Compiling profiling v1.0.17
[INFO] [stderr]     Checking skrifa v0.37.0
[INFO] [stderr]    Compiling i-slint-common v1.15.1
[INFO] [stderr]    Compiling zbus-lockstep-macros v0.5.2
[INFO] [stderr]    Compiling av1-grain v0.2.5
[INFO] [stderr]     Checking lyon_path v1.0.19
[INFO] [stderr]     Checking fontdb v0.23.0
[INFO] [stderr]    Compiling maybe-rayon v0.1.1
[INFO] [stderr]    Compiling half v2.7.1
[INFO] [stderr]    Compiling itertools v0.14.0
[INFO] [stderr]    Compiling rgb v0.8.53
[INFO] [stderr]     Checking png v0.18.1
[INFO] [stderr]    Compiling num-derive v0.4.2
[INFO] [stderr]    Compiling const-field-offset-macro v0.1.5
[INFO] [stderr]    Compiling fax_derive v0.2.0
[INFO] [stderr]     Checking roxmltree v0.21.1
[INFO] [stderr]    Compiling simd_helpers v0.1.0
[INFO] [stderr]     Checking simplecss v0.2.2
[INFO] [stderr]     Checking color_quant v1.1.0
[INFO] [stderr]     Checking data-url v0.3.2
[INFO] [stderr]    Compiling smithay-client-toolkit v0.19.2
[INFO] [stderr]    Compiling noop_proc_macro v0.3.0
[INFO] [stderr]    Compiling pulldown-cmark v0.13.1
[INFO] [stderr]    Compiling zune-core v0.4.12
[INFO] [stderr]    Compiling imgref v1.12.0
[INFO] [stderr]     Checking pico-args v0.5.0
[INFO] [stderr]     Checking unicode-vo v0.1.0
[INFO] [stderr]     Checking xmlwriter v0.1.0
[INFO] [stderr]     Checking unicode-width v0.2.2
[INFO] [stderr]     Checking imagesize v0.14.0
[INFO] [stderr]     Checking getopts v0.2.24
[INFO] [stderr]    Compiling gif v0.14.1
[INFO] [stderr]     Checking usvg v0.46.0
[INFO] [stderr]    Compiling loop9 v0.1.5
[INFO] [stderr]     Checking atspi-common v0.13.0
[INFO] [stderr]    Compiling zune-jpeg v0.4.21
[INFO] [stderr]    Compiling image-webp v0.2.4
[INFO] [stderr]     Checking image v0.25.9
[INFO] [stderr]    Compiling fax v0.2.6
[INFO] [stderr]     Checking const-field-offset v0.1.5
[INFO] [stderr]     Checking swash v0.2.6
[INFO] [stderr]     Checking calloop-wayland-source v0.3.0
[INFO] [stderr]     Checking harfrust v0.3.2
[INFO] [stderr]     Checking owned_ttf_parser v0.25.1
[INFO] [stderr]    Compiling vtable-macro v0.3.0
[INFO] [stderr]     Checking x11rb v0.13.2
[INFO] [stderr]    Compiling pin-project-internal v1.1.11
[INFO] [stderr]    Compiling snafu-derive v0.8.9
[INFO] [stderr]    Compiling zune-inflate v0.2.54
[INFO] [stderr]    Compiling derive_utils v0.15.1
[INFO] [stderr]    Compiling avif-serialize v0.8.8
[INFO] [stderr]    Compiling num-conv v0.2.0
[INFO] [stderr]     Checking pulldown-cmark-escape v0.11.0
[INFO] [stderr]     Checking unicase v2.9.0
[INFO] [stderr]    Compiling rspolib v0.1.2
[INFO] [stderr]    Compiling openssl v0.10.75
[INFO] [stderr]    Compiling foldhash v0.1.5
[INFO] [stderr]     Checking foreign-types-shared v0.1.1
[INFO] [stderr]     Checking ab_glyph_rasterizer v0.1.10
[INFO] [stderr]     Checking base64 v0.21.7
[INFO] [stderr]    Compiling time-core v0.1.8
[INFO] [stderr]    Compiling bit_field v0.10.3
[INFO] [stderr]    Compiling lebe v0.5.3
[INFO] [stderr]     Checking chrono v0.4.44
[INFO] [stderr]     Checking deranged v0.5.8
[INFO] [stderr]    Compiling time-macros v0.2.27
[INFO] [stderr]    Compiling exr v1.74.0
[INFO] [stderr]     Checking parley v0.7.0
[INFO] [stderr]    Compiling snafu v0.8.9
[INFO] [stderr]    Compiling ravif v0.12.0
[INFO] [stderr]     Checking ab_glyph v0.2.32
[INFO] [stderr]    Compiling hashbrown v0.15.5
[INFO] [stderr]     Checking foreign-types v0.3.2
[INFO] [stderr]    Compiling auto_enums v0.8.8
[INFO] [stderr]     Checking pin-project v1.1.11
[INFO] [stderr]     Checking vtable v0.3.0
[INFO] [stderr]     Checking resvg v0.46.0
[INFO] [stderr]    Compiling tiff v0.10.3
[INFO] [stderr]     Checking lyon_algorithms v1.0.19
[INFO] [stderr]     Checking lyon_extra v1.1.0
[INFO] [stderr]    Compiling qttypes v0.2.12
[INFO] [stderr]    Compiling glutin_egl_sys v0.7.1
[INFO] [stderr]    Compiling glutin_glx_sys v0.6.1
[INFO] [stderr]     Checking http v0.2.12
[INFO] [stderr]     Checking derive_more v2.1.1
[INFO] [stderr]     Checking strum v0.27.2
[INFO] [stderr]    Compiling winit v0.30.13
[INFO] [stderr]    Compiling i-slint-core-macros v1.15.1
[INFO] [stderr]    Compiling qoi v0.4.1
[INFO] [stderr]     Checking calloop v0.14.4
[INFO] [stderr]    Compiling num_enum_derive v0.7.5
[INFO] [stderr]    Compiling openssl-macros v0.1.1
[INFO] [stderr]     Checking clru v0.6.3
[INFO] [stderr]    Compiling ring v0.17.14
[INFO] [stderr]    Compiling i-slint-compiler v1.15.1
[INFO] [stderr]    Compiling anstyle v1.0.13
[INFO] [stderr]     Checking accesskit v0.22.0
[INFO] [stderr]    Compiling unicode-linebreak v0.1.5
[INFO] [stderr]    Compiling ttf-parser v0.21.1
[INFO] [stderr]     Checking sys-locale v0.3.2
[INFO] [stderr]    Compiling text-size v1.1.1
[INFO] [stderr]    Compiling countme v3.0.1
[INFO] [stderr]    Compiling linked-hash-map v0.5.6
[INFO] [stderr]    Compiling minimal-lexical v0.2.1
[INFO] [stderr]    Compiling rustc-hash v1.1.0
[INFO] [stderr]     Checking scoped-tls-hkt v0.1.5
[INFO] [stderr]     Checking pin-weak v1.1.0
[INFO] [stderr]    Compiling smithay-client-toolkit v0.20.0
[INFO] [stderr]    Compiling native-tls v0.2.18
[INFO] [stderr]     Checking htmlparser v0.2.1
[INFO] [stderr]    Compiling natord v1.0.9
[INFO] [stderr]    Compiling nom v7.1.3
[INFO] [stderr]     Checking time v0.3.47
[INFO] [stderr]    Compiling linked_hash_set v0.1.6
[INFO] [stderr]     Checking hyper v1.8.1
[INFO] [stderr]     Checking i-slint-core v1.15.1
[INFO] [stderr]    Compiling rowan v0.16.1
[INFO] [stderr]    Compiling fontdue v0.9.3
[INFO] [stderr]     Checking accesskit_consumer v0.32.0
[INFO] [stderr]    Compiling num_enum v0.7.5
[INFO] [stderr]    Compiling annotate-snippets v0.12.13
[INFO] [stderr]     Checking serde_urlencoded v0.7.1
[INFO] [stderr]     Checking calloop-wayland-source v0.4.1
[INFO] [stderr]    Compiling rand_core v0.6.4
[INFO] [stderr]     Checking sctk-adwaita v0.10.1
[INFO] [stderr]     Checking atspi-proxies v0.13.0
[INFO] [stderr]     Checking http-body-util v0.1.3
[INFO] [stderr]     Checking xkbcommon-dl v0.4.2
[INFO] [stderr]     Checking wayland-protocols-experimental v20250721.0.1
[INFO] [stderr]     Checking wayland-protocols-plasma v0.3.11
[INFO] [stderr]     Checking wayland-protocols-misc v0.3.11
[INFO] [stderr]     Checking tokio-util v0.7.18
[INFO] [stderr]    Compiling ppv-lite86 v0.2.21
[INFO] [stderr]    Compiling glutin v0.32.3
[INFO] [stderr]    Compiling tiny-xlib v0.2.4
[INFO] [stderr]    Compiling by_address v1.2.1
[INFO] [stderr]    Compiling typed-index-collections v3.5.0
[INFO] [stderr]    Compiling unicode_categories v0.1.1
[INFO] [stderr]    Compiling smol_str v0.3.6
[INFO] [stderr]    Compiling getrandom v0.4.1
[INFO] [stderr]    Compiling pin-utils v0.1.0
[INFO] [stderr]     Checking dpi v0.1.2
[INFO] [stderr]    Compiling crc-catalog v2.4.0
[INFO] [stderr]     Checking smol_str v0.2.2
[INFO] [stderr]    Compiling crc v3.4.0
[INFO] [stderr]    Compiling spin_on v0.1.1
[INFO] [stderr]    Compiling sqlformat v0.2.6
[INFO] [stderr]    Compiling sha2 v0.10.9
[INFO] [stderr]     Checking atspi v0.29.0
[INFO] [stderr]     Checking h2 v0.3.27
[INFO] [stderr]    Compiling rand_chacha v0.3.1
[INFO] [stderr]    Compiling tokio-stream v0.1.18
[INFO] [stderr]     Checking axum-core v0.4.5
[INFO] [stderr]     Checking simple_asn1 v0.6.4
[INFO] [stderr]    Compiling futures-intrusive v0.5.0
[INFO] [stderr]     Checking accesskit_atspi_common v0.15.0
[INFO] [stderr]     Checking hyper-util v0.1.20
[INFO] [stderr]     Checking tower v0.5.3
[INFO] [stderr]     Checking http-body v0.4.6
[INFO] [stderr]    Compiling i-slint-backend-qt v1.15.1
[INFO] [stderr]    Compiling hmac v0.12.1
[INFO] [stderr]    Compiling cpp_macros v0.5.10
[INFO] [stderr]    Compiling hashlink v0.8.4
[INFO] [stderr]    Compiling glutin-winit v0.5.0
[INFO] [stderr]     Checking pem v3.0.6
[INFO] [stderr]    Compiling axum-macros v0.4.2
[INFO] [stderr]    Compiling unicode-normalization v0.1.25
[INFO] [stderr]     Checking serde_path_to_error v0.1.20
[INFO] [stderr]    Compiling crossbeam-queue v0.3.12
[INFO] [stderr]    Compiling atoi v2.0.0
[INFO] [stderr]     Checking socket2 v0.5.10
[INFO] [stderr]    Compiling syn v1.0.109
[INFO] [stderr]     Checking glow v0.16.0
[INFO] [stderr]     Checking matchit v0.7.3
[INFO] [stderr]     Checking ctor-lite v0.1.2
[INFO] [stderr]    Compiling event-listener v2.5.3
[INFO] [stderr]    Compiling sqlx-core v0.7.4
[INFO] [stderr]     Checking hyper v0.14.32
[INFO] [stderr]     Checking axum v0.7.9
[INFO] [stderr]     Checking femtovg v0.20.4
[INFO] [stderr]    Compiling stringprep v0.1.5
[INFO] [stderr]     Checking jsonwebtoken v9.3.1
[INFO] [stderr]     Checking cpp v0.5.10
[INFO] [stderr]    Compiling hkdf v0.12.4
[INFO] [stderr]     Checking accesskit_unix v0.18.0
[INFO] [stderr]     Checking smithay-clipboard v0.7.3
[INFO] [stderr]    Compiling rand v0.8.5
[INFO] [stderr]     Checking tokio-native-tls v0.3.1
[INFO] [stderr]     Checking x11-clipboard v0.9.3
[INFO] [stderr]    Compiling md-5 v0.10.6
[INFO] [stderr]    Compiling i-slint-backend-winit v1.15.1
[INFO] [stderr]     Checking futures-executor v0.3.32
[INFO] [stderr]     Checking integer-sqrt v0.1.5
[INFO] [stderr]    Compiling home v0.5.12
[INFO] [stderr]    Compiling toml_datetime v0.7.5+spec-1.1.0
[INFO] [stderr]    Compiling whoami v1.6.1
[INFO] [stderr]     Checking state v0.6.0
[INFO] [stderr]     Checking zeno v0.3.3
[INFO] [stderr]    Compiling toml_writer v1.0.6+spec-1.1.0
[INFO] [stderr]     Checking accesskit_winit v0.30.0
[INFO] [stderr]    Compiling toml_edit v0.24.1+spec-1.1.0
[INFO] [stderr]    Compiling sqlx-postgres v0.7.4
[INFO] [stderr]     Checking i-slint-renderer-software v1.15.1
[INFO] [stderr]    Compiling tempfile v3.25.0
[INFO] [stderr]     Checking futures v0.3.32
[INFO] [stdout] error[E0277]: the trait bound `!: sqlx_core::io::Decode<'_>` is not satisfied
[INFO] [stdout]   --> /opt/rustwide/cargo-home/registry/src/index.crates.io-1949cf8c6b5b557f/sqlx-postgres-0.7.4/src/connection/executor.rs:66:13
[INFO] [stdout]    |
[INFO] [stdout] 66 |       let _ = conn
[INFO] [stdout]    |  _____________^
[INFO] [stdout] 67 | |         .stream
[INFO] [stdout] 68 | |         .recv_expect(MessageFormat::ParseComplete)
[INFO] [stdout]    | |__________________________________________________^ the trait `sqlx_core::io::Decode<'_>` is not implemented for `!`
[INFO] [stdout]    |
[INFO] [stdout]    = help: the following other types implement trait `sqlx_core::io::Decode<'de, Context>`:
[INFO] [stdout]              ()
[INFO] [stdout]              Authentication
[INFO] [stdout]              AuthenticationSaslContinue
[INFO] [stdout]              AuthenticationSaslFinal
[INFO] [stdout]              BackendKeyData
[INFO] [stdout]              CommandComplete
[INFO] [stdout]              CopyData<sqlx_core::bytes::Bytes>
[INFO] [stdout]              CopyDone
[INFO] [stdout]            and 10 others
[INFO] [stdout]    = note: this error might have been caused by changes to Rust's type-inference algorithm (see issue #148922 <https://github.com/rust-lang/rust/issues/148922> for more information)
[INFO] [stdout]    = help: you might have intended to use the type `()` here instead
[INFO] [stdout] note: required by a bound in `PgStream::recv_expect`
[INFO] [stdout]   --> /opt/rustwide/cargo-home/registry/src/index.crates.io-1949cf8c6b5b557f/sqlx-postgres-0.7.4/src/connection/stream.rs:68:45
[INFO] [stdout]    |
[INFO] [stdout] 68 |     pub(crate) async fn recv_expect<'de, T: Decode<'de>>(
[INFO] [stdout]    |                                             ^^^^^^^^^^^ required by this bound in `PgStream::recv_expect`
[INFO] [stdout] 
[INFO] [stdout] 
[INFO] [stdout] error[E0277]: the trait bound `!: sqlx_core::io::Decode<'_>` is not satisfied
[INFO] [stdout]   --> /opt/rustwide/cargo-home/registry/src/index.crates.io-1949cf8c6b5b557f/sqlx-postgres-0.7.4/src/connection/executor.rs:68:10
[INFO] [stdout]    |
[INFO] [stdout] 68 |         .recv_expect(MessageFormat::ParseComplete)
[INFO] [stdout]    |          ^^^^^^^^^^^ the trait `sqlx_core::io::Decode<'_>` is not implemented for `!`
[INFO] [stdout]    |
[INFO] [stdout]    = help: the following other types implement trait `sqlx_core::io::Decode<'de, Context>`:
[INFO] [stdout]              ()
[INFO] [stdout]              Authentication
[INFO] [stdout]              AuthenticationSaslContinue
[INFO] [stdout]              AuthenticationSaslFinal
[INFO] [stdout]              BackendKeyData
[INFO] [stdout]              CommandComplete
[INFO] [stdout]              CopyData<sqlx_core::bytes::Bytes>
[INFO] [stdout]              CopyDone
[INFO] [stdout]            and 10 others
[INFO] [stdout]    = note: this error might have been caused by changes to Rust's type-inference algorithm (see issue #148922 <https://github.com/rust-lang/rust/issues/148922> for more information)
[INFO] [stdout]    = help: you might have intended to use the type `()` here instead
[INFO] [stdout] note: required by a bound in `PgStream::recv_expect`
[INFO] [stdout]   --> /opt/rustwide/cargo-home/registry/src/index.crates.io-1949cf8c6b5b557f/sqlx-postgres-0.7.4/src/connection/stream.rs:68:45
[INFO] [stdout]    |
[INFO] [stdout] 68 |     pub(crate) async fn recv_expect<'de, T: Decode<'de>>(
[INFO] [stdout]    |                                             ^^^^^^^^^^^ required by this bound in `PgStream::recv_expect`
[INFO] [stdout] 
[INFO] [stdout] 
[INFO] [stdout] error[E0277]: the trait bound `!: sqlx_core::io::Decode<'_>` is not satisfied
[INFO] [stdout]   --> /opt/rustwide/cargo-home/registry/src/index.crates.io-1949cf8c6b5b557f/sqlx-postgres-0.7.4/src/connection/executor.rs:69:10
[INFO] [stdout]    |
[INFO] [stdout] 69 |         .await?;
[INFO] [stdout]    |          ^^^^^ the trait `sqlx_core::io::Decode<'_>` is not implemented for `!`
[INFO] [stdout]    |
[INFO] [stdout]    = help: the following other types implement trait `sqlx_core::io::Decode<'de, Context>`:
[INFO] [stdout]              ()
[INFO] [stdout]              Authentication
[INFO] [stdout]              AuthenticationSaslContinue
[INFO] [stdout]              AuthenticationSaslFinal
[INFO] [stdout]              BackendKeyData
[INFO] [stdout]              CommandComplete
[INFO] [stdout]              CopyData<sqlx_core::bytes::Bytes>
[INFO] [stdout]              CopyDone
[INFO] [stdout]            and 10 others
[INFO] [stdout]    = note: this error might have been caused by changes to Rust's type-inference algorithm (see issue #148922 <https://github.com/rust-lang/rust/issues/148922> for more information)
[INFO] [stdout]    = help: you might have intended to use the type `()` here instead
[INFO] [stdout] note: required by a bound in `PgStream::recv_expect`
[INFO] [stdout]   --> /opt/rustwide/cargo-home/registry/src/index.crates.io-1949cf8c6b5b557f/sqlx-postgres-0.7.4/src/connection/stream.rs:68:45
[INFO] [stdout]    |
[INFO] [stdout] 68 |     pub(crate) async fn recv_expect<'de, T: Decode<'de>>(
[INFO] [stdout]    |                                             ^^^^^^^^^^^ required by this bound in `PgStream::recv_expect`
[INFO] [stdout] 
[INFO] [stdout] 
[INFO] [stderr]     Checking hyper-tls v0.5.0
[INFO] [stderr]     Checking copypasta v0.10.2
[INFO] [stderr]     Checking i-slint-renderer-femtovg v1.15.1
[INFO] [stdout] error[E0277]: the trait bound `!: sqlx_core::io::Decode<'_>` is not satisfied
[INFO] [stdout]    --> /opt/rustwide/cargo-home/registry/src/index.crates.io-1949cf8c6b5b557f/sqlx-postgres-0.7.4/src/copy.rs:279:25
[INFO] [stdout]     |
[INFO] [stdout] 279 | /                         conn.stream
[INFO] [stdout] 280 | |                             .recv_expect(MessageFormat::ReadyForQuery)
[INFO] [stdout]     | |______________________________________________________________________^ the trait `sqlx_core::io::Decode<'_>` is not implemented for `!`
[INFO] [stdout]     |
[INFO] [stdout]     = help: the following other types implement trait `sqlx_core::io::Decode<'de, Context>`:
[INFO] [stdout]               ()
[INFO] [stdout]               Authentication
[INFO] [stdout]               AuthenticationSaslContinue
[INFO] [stdout]               AuthenticationSaslFinal
[INFO] [stdout]               BackendKeyData
[INFO] [stdout]               CommandComplete
[INFO] [stdout]               CopyData<sqlx_core::bytes::Bytes>
[INFO] [stdout]               CopyDone
[INFO] [stdout]             and 10 others
[INFO] [stdout]     = note: this error might have been caused by changes to Rust's type-inference algorithm (see issue #148922 <https://github.com/rust-lang/rust/issues/148922> for more information)
[INFO] [stdout]     = help: you might have intended to use the type `()` here instead
[INFO] [stdout] note: required by a bound in `PgStream::recv_expect`
[INFO] [stdout]    --> /opt/rustwide/cargo-home/registry/src/index.crates.io-1949cf8c6b5b557f/sqlx-postgres-0.7.4/src/connection/stream.rs:68:45
[INFO] [stdout]     |
[INFO] [stdout]  68 |     pub(crate) async fn recv_expect<'de, T: Decode<'de>>(
[INFO] [stdout]     |                                             ^^^^^^^^^^^ required by this bound in `PgStream::recv_expect`
[INFO] [stdout] 
[INFO] [stdout] 
[INFO] [stdout] error[E0277]: the trait bound `!: sqlx_core::io::Decode<'_>` is not satisfied
[INFO] [stdout]    --> /opt/rustwide/cargo-home/registry/src/index.crates.io-1949cf8c6b5b557f/sqlx-postgres-0.7.4/src/copy.rs:280:30
[INFO] [stdout]     |
[INFO] [stdout] 280 | ...                   .recv_expect(MessageFormat::ReadyForQuery)
[INFO] [stdout]     |                        ^^^^^^^^^^^ the trait `sqlx_core::io::Decode<'_>` is not implemented for `!`
[INFO] [stdout]     |
[INFO] [stdout]     = help: the following other types implement trait `sqlx_core::io::Decode<'de, Context>`:
[INFO] [stdout]               ()
[INFO] [stdout]               Authentication
[INFO] [stdout]               AuthenticationSaslContinue
[INFO] [stdout]               AuthenticationSaslFinal
[INFO] [stdout]               BackendKeyData
[INFO] [stdout]               CommandComplete
[INFO] [stdout]               CopyData<sqlx_core::bytes::Bytes>
[INFO] [stdout]               CopyDone
[INFO] [stdout]             and 10 others
[INFO] [stdout]     = note: this error might have been caused by changes to Rust's type-inference algorithm (see issue #148922 <https://github.com/rust-lang/rust/issues/148922> for more information)
[INFO] [stdout]     = help: you might have intended to use the type `()` here instead
[INFO] [stdout] note: required by a bound in `PgStream::recv_expect`
[INFO] [stdout]    --> /opt/rustwide/cargo-home/registry/src/index.crates.io-1949cf8c6b5b557f/sqlx-postgres-0.7.4/src/connection/stream.rs:68:45
[INFO] [stdout]     |
[INFO] [stdout]  68 |     pub(crate) async fn recv_expect<'de, T: Decode<'de>>(
[INFO] [stdout]     |                                             ^^^^^^^^^^^ required by this bound in `PgStream::recv_expect`
[INFO] [stdout] 
[INFO] [stdout] 
[INFO] [stdout] error[E0277]: the trait bound `!: sqlx_core::io::Decode<'_>` is not satisfied
[INFO] [stdout]    --> /opt/rustwide/cargo-home/registry/src/index.crates.io-1949cf8c6b5b557f/sqlx-postgres-0.7.4/src/copy.rs:281:30
[INFO] [stdout]     |
[INFO] [stdout] 281 | ...                   .await?;
[INFO] [stdout]     |                        ^^^^^ the trait `sqlx_core::io::Decode<'_>` is not implemented for `!`
[INFO] [stdout]     |
[INFO] [stdout]     = help: the following other types implement trait `sqlx_core::io::Decode<'de, Context>`:
[INFO] [stdout]               ()
[INFO] [stdout]               Authentication
[INFO] [stdout]               AuthenticationSaslContinue
[INFO] [stdout]               AuthenticationSaslFinal
[INFO] [stdout]               BackendKeyData
[INFO] [stdout]               CommandComplete
[INFO] [stdout]               CopyData<sqlx_core::bytes::Bytes>
[INFO] [stdout]               CopyDone
[INFO] [stdout]             and 10 others
[INFO] [stdout]     = note: this error might have been caused by changes to Rust's type-inference algorithm (see issue #148922 <https://github.com/rust-lang/rust/issues/148922> for more information)
[INFO] [stdout]     = help: you might have intended to use the type `()` here instead
[INFO] [stdout] note: required by a bound in `PgStream::recv_expect`
[INFO] [stdout]    --> /opt/rustwide/cargo-home/registry/src/index.crates.io-1949cf8c6b5b557f/sqlx-postgres-0.7.4/src/connection/stream.rs:68:45
[INFO] [stdout]     |
[INFO] [stdout]  68 |     pub(crate) async fn recv_expect<'de, T: Decode<'de>>(
[INFO] [stdout]     |                                             ^^^^^^^^^^^ required by this bound in `PgStream::recv_expect`
[INFO] [stdout] 
[INFO] [stdout] 
[INFO] [stdout] error[E0277]: the trait bound `!: sqlx_core::io::Decode<'_>` is not satisfied
[INFO] [stdout]    --> /opt/rustwide/cargo-home/registry/src/index.crates.io-1949cf8c6b5b557f/sqlx-postgres-0.7.4/src/copy.rs:313:9
[INFO] [stdout]     |
[INFO] [stdout] 313 | /         conn.stream
[INFO] [stdout] 314 | |             .recv_expect(MessageFormat::ReadyForQuery)
[INFO] [stdout]     | |______________________________________________________^ the trait `sqlx_core::io::Decode<'_>` is not implemented for `!`
[INFO] [stdout]     |
[INFO] [stdout]     = help: the following other types implement trait `sqlx_core::io::Decode<'de, Context>`:
[INFO] [stdout]               ()
[INFO] [stdout]               Authentication
[INFO] [stdout]               AuthenticationSaslContinue
[INFO] [stdout]               AuthenticationSaslFinal
[INFO] [stdout]               BackendKeyData
[INFO] [stdout]               CommandComplete
[INFO] [stdout]               CopyData<sqlx_core::bytes::Bytes>
[INFO] [stdout]               CopyDone
[INFO] [stdout]             and 10 others
[INFO] [stdout]     = note: this error might have been caused by changes to Rust's type-inference algorithm (see issue #148922 <https://github.com/rust-lang/rust/issues/148922> for more information)
[INFO] [stdout]     = help: you might have intended to use the type `()` here instead
[INFO] [stdout] note: required by a bound in `PgStream::recv_expect`
[INFO] [stdout]    --> /opt/rustwide/cargo-home/registry/src/index.crates.io-1949cf8c6b5b557f/sqlx-postgres-0.7.4/src/connection/stream.rs:68:45
[INFO] [stdout]     |
[INFO] [stdout]  68 |     pub(crate) async fn recv_expect<'de, T: Decode<'de>>(
[INFO] [stdout]     |                                             ^^^^^^^^^^^ required by this bound in `PgStream::recv_expect`
[INFO] [stdout] 
[INFO] [stdout] 
[INFO] [stdout] error[E0277]: the trait bound `!: sqlx_core::io::Decode<'_>` is not satisfied
[INFO] [stdout]    --> /opt/rustwide/cargo-home/registry/src/index.crates.io-1949cf8c6b5b557f/sqlx-postgres-0.7.4/src/copy.rs:314:14
[INFO] [stdout]     |
[INFO] [stdout] 314 |             .recv_expect(MessageFormat::ReadyForQuery)
[INFO] [stdout]     |              ^^^^^^^^^^^ the trait `sqlx_core::io::Decode<'_>` is not implemented for `!`
[INFO] [stdout]     |
[INFO] [stdout]     = help: the following other types implement trait `sqlx_core::io::Decode<'de, Context>`:
[INFO] [stdout]               ()
[INFO] [stdout]               Authentication
[INFO] [stdout]               AuthenticationSaslContinue
[INFO] [stdout]               AuthenticationSaslFinal
[INFO] [stdout]               BackendKeyData
[INFO] [stdout]               CommandComplete
[INFO] [stdout]               CopyData<sqlx_core::bytes::Bytes>
[INFO] [stdout]               CopyDone
[INFO] [stdout]             and 10 others
[INFO] [stdout]     = note: this error might have been caused by changes to Rust's type-inference algorithm (see issue #148922 <https://github.com/rust-lang/rust/issues/148922> for more information)
[INFO] [stdout]     = help: you might have intended to use the type `()` here instead
[INFO] [stdout] note: required by a bound in `PgStream::recv_expect`
[INFO] [stdout]    --> /opt/rustwide/cargo-home/registry/src/index.crates.io-1949cf8c6b5b557f/sqlx-postgres-0.7.4/src/connection/stream.rs:68:45
[INFO] [stdout]     |
[INFO] [stdout]  68 |     pub(crate) async fn recv_expect<'de, T: Decode<'de>>(
[INFO] [stdout]     |                                             ^^^^^^^^^^^ required by this bound in `PgStream::recv_expect`
[INFO] [stdout] 
[INFO] [stdout] 
[INFO] [stdout] error[E0277]: the trait bound `!: sqlx_core::io::Decode<'_>` is not satisfied
[INFO] [stdout]    --> /opt/rustwide/cargo-home/registry/src/index.crates.io-1949cf8c6b5b557f/sqlx-postgres-0.7.4/src/copy.rs:315:14
[INFO] [stdout]     |
[INFO] [stdout] 315 |             .await?;
[INFO] [stdout]     |              ^^^^^ the trait `sqlx_core::io::Decode<'_>` is not implemented for `!`
[INFO] [stdout]     |
[INFO] [stdout]     = help: the following other types implement trait `sqlx_core::io::Decode<'de, Context>`:
[INFO] [stdout]               ()
[INFO] [stdout]               Authentication
[INFO] [stdout]               AuthenticationSaslContinue
[INFO] [stdout]               AuthenticationSaslFinal
[INFO] [stdout]               BackendKeyData
[INFO] [stdout]               CommandComplete
[INFO] [stdout]               CopyData<sqlx_core::bytes::Bytes>
[INFO] [stdout]               CopyDone
[INFO] [stdout]             and 10 others
[INFO] [stdout]     = note: this error might have been caused by changes to Rust's type-inference algorithm (see issue #148922 <https://github.com/rust-lang/rust/issues/148922> for more information)
[INFO] [stdout]     = help: you might have intended to use the type `()` here instead
[INFO] [stdout] note: required by a bound in `PgStream::recv_expect`
[INFO] [stdout]    --> /opt/rustwide/cargo-home/registry/src/index.crates.io-1949cf8c6b5b557f/sqlx-postgres-0.7.4/src/connection/stream.rs:68:45
[INFO] [stdout]     |
[INFO] [stdout]  68 |     pub(crate) async fn recv_expect<'de, T: Decode<'de>>(
[INFO] [stdout]     |                                             ^^^^^^^^^^^ required by this bound in `PgStream::recv_expect`
[INFO] [stdout] 
[INFO] [stdout] 
[INFO] [stdout] error[E0277]: the trait bound `!: sqlx_core::io::Decode<'_>` is not satisfied
[INFO] [stdout]    --> /opt/rustwide/cargo-home/registry/src/index.crates.io-1949cf8c6b5b557f/sqlx-postgres-0.7.4/src/copy.rs:350:21
[INFO] [stdout]     |
[INFO] [stdout] 350 |                     conn.stream.recv_expect(MessageFormat::CommandComplete).await?;
[INFO] [stdout]     |                     ^^^^^^^^^^^^^^^^^^^^^^^^^^^^^^^^^^^^^^^^^^^^^^^^^^^^^^^ the trait `sqlx_core::io::Decode<'_>` is not implemented for `!`
[INFO] [stdout]     |
[INFO] [stdout]     = help: the following other types implement trait `sqlx_core::io::Decode<'de, Context>`:
[INFO] [stdout]               ()
[INFO] [stdout]               Authentication
[INFO] [stdout]               AuthenticationSaslContinue
[INFO] [stdout]               AuthenticationSaslFinal
[INFO] [stdout]               BackendKeyData
[INFO] [stdout]               CommandComplete
[INFO] [stdout]               CopyData<sqlx_core::bytes::Bytes>
[INFO] [stdout]               CopyDone
[INFO] [stdout]             and 10 others
[INFO] [stdout]     = note: this error might have been caused by changes to Rust's type-inference algorithm (see issue #148922 <https://github.com/rust-lang/rust/issues/148922> for more information)
[INFO] [stdout]     = help: you might have intended to use the type `()` here instead
[INFO] [stdout] note: required by a bound in `PgStream::recv_expect`
[INFO] [stdout]    --> /opt/rustwide/cargo-home/registry/src/index.crates.io-1949cf8c6b5b557f/sqlx-postgres-0.7.4/src/connection/stream.rs:68:45
[INFO] [stdout]     |
[INFO] [stdout]  68 |     pub(crate) async fn recv_expect<'de, T: Decode<'de>>(
[INFO] [stdout]     |                                             ^^^^^^^^^^^ required by this bound in `PgStream::recv_expect`
[INFO] [stdout] 
[INFO] [stdout] 
[INFO] [stdout] error[E0277]: the trait bound `!: sqlx_core::io::Decode<'_>` is not satisfied
[INFO] [stdout]    --> /opt/rustwide/cargo-home/registry/src/index.crates.io-1949cf8c6b5b557f/sqlx-postgres-0.7.4/src/copy.rs:350:33
[INFO] [stdout]     |
[INFO] [stdout] 350 |                     conn.stream.recv_expect(MessageFormat::CommandComplete).await?;
[INFO] [stdout]     |                                 ^^^^^^^^^^^ the trait `sqlx_core::io::Decode<'_>` is not implemented for `!`
[INFO] [stdout]     |
[INFO] [stdout]     = help: the following other types implement trait `sqlx_core::io::Decode<'de, Context>`:
[INFO] [stdout]               ()
[INFO] [stdout]               Authentication
[INFO] [stdout]               AuthenticationSaslContinue
[INFO] [stdout]               AuthenticationSaslFinal
[INFO] [stdout]               BackendKeyData
[INFO] [stdout]               CommandComplete
[INFO] [stdout]               CopyData<sqlx_core::bytes::Bytes>
[INFO] [stdout]               CopyDone
[INFO] [stdout]             and 10 others
[INFO] [stdout]     = note: this error might have been caused by changes to Rust's type-inference algorithm (see issue #148922 <https://github.com/rust-lang/rust/issues/148922> for more information)
[INFO] [stdout]     = help: you might have intended to use the type `()` here instead
[INFO] [stdout] note: required by a bound in `PgStream::recv_expect`
[INFO] [stdout]    --> /opt/rustwide/cargo-home/registry/src/index.crates.io-1949cf8c6b5b557f/sqlx-postgres-0.7.4/src/connection/stream.rs:68:45
[INFO] [stdout]     |
[INFO] [stdout]  68 |     pub(crate) async fn recv_expect<'de, T: Decode<'de>>(
[INFO] [stdout]     |                                             ^^^^^^^^^^^ required by this bound in `PgStream::recv_expect`
[INFO] [stdout] 
[INFO] [stdout] 
[INFO] [stdout] error[E0277]: the trait bound `!: sqlx_core::io::Decode<'_>` is not satisfied
[INFO] [stdout]    --> /opt/rustwide/cargo-home/registry/src/index.crates.io-1949cf8c6b5b557f/sqlx-postgres-0.7.4/src/copy.rs:351:21
[INFO] [stdout]     |
[INFO] [stdout] 351 |                     conn.stream.recv_expect(MessageFormat::ReadyForQuery).await?;
[INFO] [stdout]     |                     ^^^^^^^^^^^^^^^^^^^^^^^^^^^^^^^^^^^^^^^^^^^^^^^^^^^^^ the trait `sqlx_core::io::Decode<'_>` is not implemented for `!`
[INFO] [stdout]     |
[INFO] [stdout]     = help: the following other types implement trait `sqlx_core::io::Decode<'de, Context>`:
[INFO] [stdout]               ()
[INFO] [stdout]               Authentication
[INFO] [stdout]               AuthenticationSaslContinue
[INFO] [stdout]               AuthenticationSaslFinal
[INFO] [stdout]               BackendKeyData
[INFO] [stdout]               CommandComplete
[INFO] [stdout]               CopyData<sqlx_core::bytes::Bytes>
[INFO] [stdout]               CopyDone
[INFO] [stdout]             and 10 others
[INFO] [stdout]     = note: this error might have been caused by changes to Rust's type-inference algorithm (see issue #148922 <https://github.com/rust-lang/rust/issues/148922> for more information)
[INFO] [stdout]     = help: you might have intended to use the type `()` here instead
[INFO] [stdout] note: required by a bound in `PgStream::recv_expect`
[INFO] [stdout]    --> /opt/rustwide/cargo-home/registry/src/index.crates.io-1949cf8c6b5b557f/sqlx-postgres-0.7.4/src/connection/stream.rs:68:45
[INFO] [stdout]     |
[INFO] [stdout]  68 |     pub(crate) async fn recv_expect<'de, T: Decode<'de>>(
[INFO] [stdout]     |                                             ^^^^^^^^^^^ required by this bound in `PgStream::recv_expect`
[INFO] [stdout] 
[INFO] [stdout] 
[INFO] [stdout] error[E0277]: the trait bound `!: sqlx_core::io::Decode<'_>` is not satisfied
[INFO] [stdout]    --> /opt/rustwide/cargo-home/registry/src/index.crates.io-1949cf8c6b5b557f/sqlx-postgres-0.7.4/src/copy.rs:351:33
[INFO] [stdout]     |
[INFO] [stdout] 351 |                     conn.stream.recv_expect(MessageFormat::ReadyForQuery).await?;
[INFO] [stdout]     |                                 ^^^^^^^^^^^ the trait `sqlx_core::io::Decode<'_>` is not implemented for `!`
[INFO] [stdout]     |
[INFO] [stdout]     = help: the following other types implement trait `sqlx_core::io::Decode<'de, Context>`:
[INFO] [stdout]               ()
[INFO] [stdout]               Authentication
[INFO] [stdout]               AuthenticationSaslContinue
[INFO] [stdout]               AuthenticationSaslFinal
[INFO] [stdout]               BackendKeyData
[INFO] [stdout]               CommandComplete
[INFO] [stdout]               CopyData<sqlx_core::bytes::Bytes>
[INFO] [stdout]               CopyDone
[INFO] [stdout]             and 10 others
[INFO] [stdout]     = note: this error might have been caused by changes to Rust's type-inference algorithm (see issue #148922 <https://github.com/rust-lang/rust/issues/148922> for more information)
[INFO] [stdout]     = help: you might have intended to use the type `()` here instead
[INFO] [stdout] note: required by a bound in `PgStream::recv_expect`
[INFO] [stdout]    --> /opt/rustwide/cargo-home/registry/src/index.crates.io-1949cf8c6b5b557f/sqlx-postgres-0.7.4/src/connection/stream.rs:68:45
[INFO] [stdout]     |
[INFO] [stdout]  68 |     pub(crate) async fn recv_expect<'de, T: Decode<'de>>(
[INFO] [stdout]     |                                             ^^^^^^^^^^^ required by this bound in `PgStream::recv_expect`
[INFO] [stdout] 
[INFO] [stdout] 
[INFO] [stdout] error[E0277]: the trait bound `!: sqlx_core::io::Decode<'_>` is not satisfied
[INFO] [stdout]    --> /opt/rustwide/cargo-home/registry/src/index.crates.io-1949cf8c6b5b557f/sqlx-postgres-0.7.4/src/copy.rs:350:77
[INFO] [stdout]     |
[INFO] [stdout] 350 |                     conn.stream.recv_expect(MessageFormat::CommandComplete).await?;
[INFO] [stdout]     |                                                                             ^^^^^ the trait `sqlx_core::io::Decode<'_>` is not implemented for `!`
[INFO] [stdout]     |
[INFO] [stdout]     = help: the following other types implement trait `sqlx_core::io::Decode<'de, Context>`:
[INFO] [stdout]               ()
[INFO] [stdout]               Authentication
[INFO] [stdout]               AuthenticationSaslContinue
[INFO] [stdout]               AuthenticationSaslFinal
[INFO] [stdout]               BackendKeyData
[INFO] [stdout]               CommandComplete
[INFO] [stdout]               CopyData<sqlx_core::bytes::Bytes>
[INFO] [stdout]               CopyDone
[INFO] [stdout]             and 10 others
[INFO] [stdout]     = note: this error might have been caused by changes to Rust's type-inference algorithm (see issue #148922 <https://github.com/rust-lang/rust/issues/148922> for more information)
[INFO] [stdout]     = help: you might have intended to use the type `()` here instead
[INFO] [stdout] note: required by a bound in `PgStream::recv_expect`
[INFO] [stdout]    --> /opt/rustwide/cargo-home/registry/src/index.crates.io-1949cf8c6b5b557f/sqlx-postgres-0.7.4/src/connection/stream.rs:68:45
[INFO] [stdout]     |
[INFO] [stdout]  68 |     pub(crate) async fn recv_expect<'de, T: Decode<'de>>(
[INFO] [stdout]     |                                             ^^^^^^^^^^^ required by this bound in `PgStream::recv_expect`
[INFO] [stdout] 
[INFO] [stdout] 
[INFO] [stdout] error[E0277]: the trait bound `!: sqlx_core::io::Decode<'_>` is not satisfied
[INFO] [stdout]    --> /opt/rustwide/cargo-home/registry/src/index.crates.io-1949cf8c6b5b557f/sqlx-postgres-0.7.4/src/copy.rs:351:75
[INFO] [stdout]     |
[INFO] [stdout] 351 |                     conn.stream.recv_expect(MessageFormat::ReadyForQuery).await?;
[INFO] [stdout]     |                                                                           ^^^^^ the trait `sqlx_core::io::Decode<'_>` is not implemented for `!`
[INFO] [stdout]     |
[INFO] [stdout]     = help: the following other types implement trait `sqlx_core::io::Decode<'de, Context>`:
[INFO] [stdout]               ()
[INFO] [stdout]               Authentication
[INFO] [stdout]               AuthenticationSaslContinue
[INFO] [stdout]               AuthenticationSaslFinal
[INFO] [stdout]               BackendKeyData
[INFO] [stdout]               CommandComplete
[INFO] [stdout]               CopyData<sqlx_core::bytes::Bytes>
[INFO] [stdout]               CopyDone
[INFO] [stdout]             and 10 others
[INFO] [stdout]     = note: this error might have been caused by changes to Rust's type-inference algorithm (see issue #148922 <https://github.com/rust-lang/rust/issues/148922> for more information)
[INFO] [stdout]     = help: you might have intended to use the type `()` here instead
[INFO] [stdout] note: required by a bound in `PgStream::recv_expect`
[INFO] [stdout]    --> /opt/rustwide/cargo-home/registry/src/index.crates.io-1949cf8c6b5b557f/sqlx-postgres-0.7.4/src/connection/stream.rs:68:45
[INFO] [stdout]     |
[INFO] [stdout]  68 |     pub(crate) async fn recv_expect<'de, T: Decode<'de>>(
[INFO] [stdout]     |                                             ^^^^^^^^^^^ required by this bound in `PgStream::recv_expect`
[INFO] [stdout] 
[INFO] [stdout] 
[INFO] [stderr] error: could not compile `i-slint-compiler` (lib)
[INFO] [stderr] 
[INFO] [stderr] Caused by:
[INFO] [stderr]   process didn't exit successfully: `/opt/rustwide/rustup-home/toolchains/ed77b7b8699e342c2dc842c83cb5fe4025252ee8/bin/rustc --crate-name i_slint_compiler --edition=2024 /opt/rustwide/cargo-home/registry/src/index.crates.io-1949cf8c6b5b557f/i-slint-compiler-1.15.1/lib.rs --error-format=json --json=diagnostic-rendered-ansi,artifacts,future-incompat,unused-externs-silent --crate-type lib --emit=dep-info,metadata,link -Z embed-metadata=no -C embed-bitcode=no --cfg 'feature="bundle-translations"' --cfg 'feature="default"' --cfg 'feature="display-diagnostics"' --cfg 'feature="fontdue"' --cfg 'feature="image"' --cfg 'feature="proc-macro2"' --cfg 'feature="proc_macro_span"' --cfg 'feature="quote"' --cfg 'feature="rust"' --cfg 'feature="software-renderer"' --check-cfg 'cfg(docsrs,test)' --check-cfg 'cfg(feature, values("bundle-translations", "cpp", "default", "display-diagnostics", "experimental-library-module", "fontdue", "image", "proc-macro2", "proc_macro_span", "python", "quote", "rust", "sdf-fonts", "software-renderer"))' -C metadata=ed144a0f027d481e -C extra-filename=-26a5b78367fcf881 --out-dir /opt/rustwide/target/debug/build/i-slint-compiler/26a5b78367fcf881/out -L dependency=/opt/rustwide/target/debug/build/adler2/51ecac0604f61405/out -L dependency=/opt/rustwide/target/debug/build/ahash/4409c5a930042722/out -L dependency=/opt/rustwide/target/debug/build/aligned-vec/10567d3c419915a7/out -L dependency=/opt/rustwide/target/debug/build/aligned/d4c33612c1737876/out -L dependency=/opt/rustwide/target/debug/build/allocator-api2/42b8139a42d2dc4b/out -L dependency=/opt/rustwide/target/debug/build/anstyle/bf59f5a8ea3f4e4c/out -L dependency=/opt/rustwide/target/debug/build/anyhow/98345026c589e003/out -L dependency=/opt/rustwide/target/debug/build/arg_enum_proc_macro/fe83b700e6225b48/out -L dependency=/opt/rustwide/target/debug/build/arrayref/3eadbe9ba9aadc5a/out -L dependency=/opt/rustwide/target/debug/build/arrayvec/a12fdc0132406814/out -L dependency=/opt/rustwide/target/debug/build/as-slice/e4bc249942f97fe7/out -L dependency=/opt/rustwide/target/debug/build/av-scenechange/5767ee8bbb6bd69c/out -L dependency=/opt/rustwide/target/debug/build/av1-grain/f8865e2168b6dd0b/out -L dependency=/opt/rustwide/target/debug/build/avif-serialize/5949f1dfa5e44198/out -L dependency=/opt/rustwide/target/debug/build/base64/c3f6fce0270f46f0/out -L dependency=/opt/rustwide/target/debug/build/bit_field/91ed0dd32ee77e5b/out -L dependency=/opt/rustwide/target/debug/build/bitflags/1969f6684f376d5e/out -L dependency=/opt/rustwide/target/debug/build/bitflags/3d4f05b564e1f05d/out -L dependency=/opt/rustwide/target/debug/build/bitstream-io/8f3acd1bd02ad990/out -L dependency=/opt/rustwide/target/debug/build/bytemuck/a0434fa6ed93a2bd/out -L dependency=/opt/rustwide/target/debug/build/bytemuck_derive/7c5527f5a02afe71/out -L dependency=/opt/rustwide/target/debug/build/byteorder-lite/9f8446cb93a98fc1/out -L dependency=/opt/rustwide/target/debug/build/cfg-if/9c7f9eb9639deea5/out -L dependency=/opt/rustwide/target/debug/build/color_quant/2ebb6c53d419483f/out -L dependency=/opt/rustwide/target/debug/build/core2/cae20cb36b7c9a75/out -L dependency=/opt/rustwide/target/debug/build/core_maths/53ef6a48d3ff0f8b/out -L dependency=/opt/rustwide/target/debug/build/countme/41ef0b9bd831847a/out -L dependency=/opt/rustwide/target/debug/build/crc32fast/2c1904efa7b19b8a/out -L dependency=/opt/rustwide/target/debug/build/crossbeam-deque/39735ee95a70f724/out -L dependency=/opt/rustwide/target/debug/build/crossbeam-epoch/9c73e0b5463ce93a/out -L dependency=/opt/rustwide/target/debug/build/crossbeam-utils/08647a8004c086ee/out -L dependency=/opt/rustwide/target/debug/build/data-url/6a86ca603043dfc5/out -L dependency=/opt/rustwide/target/debug/build/derive_more-impl/b82203cd1e0668e1/out -L dependency=/opt/rustwide/target/debug/build/displaydoc/941b88e4d28c9822/out -L dependency=/opt/rustwide/target/debug/build/dlib/32b88e81e44303c2/out -L dependency=/opt/rustwide/target/debug/build/either/5d35513778b8b8e9/out -L dependency=/opt/rustwide/target/debug/build/equator-macro/0a49c8cb3b57c0a8/out -L dependency=/opt/rustwide/target/debug/build/equator/30c90e9bfe1b0094/out -L dependency=/opt/rustwide/target/debug/build/equivalent/1cd2a250f2449a60/out -L dependency=/opt/rustwide/target/debug/build/euclid/8e1ea6cdffcc7acc/out -L dependency=/opt/rustwide/target/debug/build/exr/379e20f4e04c05ef/out -L dependency=/opt/rustwide/target/debug/build/fax/074670ef8cacdcc1/out -L dependency=/opt/rustwide/target/debug/build/fax_derive/a3ca2753456deebc/out -L dependency=/opt/rustwide/target/debug/build/fdeflate/4030082ca7174989/out -L dependency=/opt/rustwide/target/debug/build/flate2/c9571354ada9aee9/out -L dependency=/opt/rustwide/target/debug/build/float-cmp/9e2c18e269496d6a/out -L dependency=/opt/rustwide/target/debug/build/foldhash/2ef96db4f84fea1f/out -L dependency=/opt/rustwide/target/debug/build/foldhash/fca0c474d382b9b6/out -L dependency=/opt/rustwide/target/debug/build/font-types/870b18492f30f646/out -L dependency=/opt/rustwide/target/debug/build/fontdb/e2add2c292853dd9/out -L dependency=/opt/rustwide/target/debug/build/fontique/915ec46d89dcc57c/out -L dependency=/opt/rustwide/target/debug/build/form_urlencoded/204b977b77b146ff/out -L dependency=/opt/rustwide/target/debug/build/getrandom/233a29c9ad93d1fa/out -L dependency=/opt/rustwide/target/debug/build/gif/3c7fc244c0ad8640/out -L dependency=/opt/rustwide/target/debug/build/half/00a4d4d0c194accd/out -L dependency=/opt/rustwide/target/debug/build/hashbrown/114b1a263dfc3527/out -L dependency=/opt/rustwide/target/debug/build/hashbrown/81dc30b164356bcf/out -L dependency=/opt/rustwide/target/debug/build/hashbrown/9467ad75a8dc5cb9/out -L dependency=/opt/rustwide/target/debug/build/icu_collections/b4917ec3561cef8e/out -L dependency=/opt/rustwide/target/debug/build/icu_locale_core/fc450f0a85df8f68/out -L dependency=/opt/rustwide/target/debug/build/icu_normalizer/db95740cbb379604/out -L dependency=/opt/rustwide/target/debug/build/icu_normalizer_data/56a8f9be4ffd6289/out -L dependency=/opt/rustwide/target/debug/build/icu_properties/c482d2011238e7fb/out -L dependency=/opt/rustwide/target/debug/build/icu_properties_data/b8d74dcb9bd37933/out -L dependency=/opt/rustwide/target/debug/build/icu_provider/c92eb59a23704445/out -L dependency=/opt/rustwide/target/debug/build/idna/5a5f3b79e482438f/out -L dependency=/opt/rustwide/target/debug/build/idna_adapter/4e4cf7bcd6bd5fa8/out -L dependency=/opt/rustwide/target/debug/build/image-webp/2d2f18069da90e09/out -L dependency=/opt/rustwide/target/debug/build/imagesize/c3d1818c0529320b/out -L dependency=/opt/rustwide/target/debug/build/imgref/6ff8fbe3ce02b650/out -L dependency=/opt/rustwide/target/debug/build/itertools/69d89d89fe8968d3/out -L dependency=/opt/rustwide/target/debug/build/kurbo/55ab6e32eac07e25/out -L dependency=/opt/rustwide/target/debug/build/lazy_static/bcf4d76e77cc406a/out -L dependency=/opt/rustwide/target/debug/build/lebe/47482b1d4e2bcb6d/out -L dependency=/opt/rustwide/target/debug/build/libc/89aab3ab9d426b59/out -L dependency=/opt/rustwide/target/debug/build/libloading/de43f9bf4e778113/out -L dependency=/opt/rustwide/target/debug/build/libm/65be4dc95cc7fbb2/out -L dependency=/opt/rustwide/target/debug/build/linebender_resource_handle/6f1a039467556dcc/out -L dependency=/opt/rustwide/target/debug/build/linked-hash-map/0390ae5d716f4883/out -L dependency=/opt/rustwide/target/debug/build/litemap/2057fff2ab29ff0f/out -L dependency=/opt/rustwide/target/debug/build/log/cdb5bc70679a4107/out -L dependency=/opt/rustwide/target/debug/build/loop9/c3b808095cc8aca2/out -L dependency=/opt/rustwide/target/debug/build/lyon_geom/667079098c0cc800/out -L dependency=/opt/rustwide/target/debug/build/lyon_path/802daa077dfa2cf8/out -L dependency=/opt/rustwide/target/debug/build/maybe-rayon/a54596e5c9682087/out -L dependency=/opt/rustwide/target/debug/build/memchr/9f16a2ed58d5c44b/out -L dependency=/opt/rustwide/target/debug/build/memmap2/221f1d6933a0c271/out -L dependency=/opt/rustwide/target/debug/build/miniz_oxide/57f124cf44972350/out -L dependency=/opt/rustwide/target/debug/build/moxcms/3801199de2e09041/out -L dependency=/opt/rustwide/target/debug/build/natord/22e68ae571e525c7/out -L dependency=/opt/rustwide/target/debug/build/new_debug_unreachable/ded5321d275224be/out -L dependency=/opt/rustwide/target/debug/build/nom/5ad2efe724a60240/out -L dependency=/opt/rustwide/target/debug/build/noop_proc_macro/2e1b35bb98ddaa7a/out -L dependency=/opt/rustwide/target/debug/build/num-bigint/9a330ed9a891c2c1/out -L dependency=/opt/rustwide/target/debug/build/num-derive/bacc359f87d5486d/out -L dependency=/opt/rustwide/target/debug/build/num-integer/1c88be7a1d03bdd1/out -L dependency=/opt/rustwide/target/debug/build/num-rational/f2dd6893f7d03795/out -L dependency=/opt/rustwide/target/debug/build/num-traits/f5a2afdbabe54276/out -L dependency=/opt/rustwide/target/debug/build/num_enum_derive/8a5f5be3e1707b23/out -L dependency=/opt/rustwide/target/debug/build/once_cell/05887c23ecc18d47/out -L dependency=/opt/rustwide/target/debug/build/paste/c5e5e8a2bd161c29/out -L dependency=/opt/rustwide/target/debug/build/pastey/00e694bb8c5bde9f/out -L dependency=/opt/rustwide/target/debug/build/percent-encoding/2031134c95a34a69/out -L dependency=/opt/rustwide/target/debug/build/pico-args/1b55c5189d0b050a/out -L dependency=/opt/rustwide/target/debug/build/png/b23a941c9c6fd6f2/out -L dependency=/opt/rustwide/target/debug/build/png/de61eeff0d8ec478/out -L dependency=/opt/rustwide/target/debug/build/potential_utf/ce0acfc587b37793/out -L dependency=/opt/rustwide/target/debug/build/proc-macro2/4e65ba962a324510/out -L dependency=/opt/rustwide/target/debug/build/profiling-procmacros/2c6e79d5b1b0d38f/out -L dependency=/opt/rustwide/target/debug/build/profiling/af6c236dd315d96c/out -L dependency=/opt/rustwide/target/debug/build/pxfm/ac5dede466a682f5/out -L dependency=/opt/rustwide/target/debug/build/qoi/ce4f7e3d200595a1/out -L dependency=/opt/rustwide/target/debug/build/quick-error/27dbd0e442bc529b/out -L dependency=/opt/rustwide/target/debug/build/rav1e/65e08d387f5b947f/out -L dependency=/opt/rustwide/target/debug/build/ravif/f847d75d113c46b5/out -L dependency=/opt/rustwide/target/debug/build/rayon-core/018e4ab4aa5c7653/out -L dependency=/opt/rustwide/target/debug/build/rayon/a03b48e4bdc798f8/out -L dependency=/opt/rustwide/target/debug/build/read-fonts/dfdd62a4502b95e6/out -L dependency=/opt/rustwide/target/debug/build/rgb/cd656448475105ed/out -L dependency=/opt/rustwide/target/debug/build/roxmltree/a26602879ee62329/out -L dependency=/opt/rustwide/target/debug/build/rustc-hash/c94cda88a025c06c/out -L dependency=/opt/rustwide/target/debug/build/rustversion/5a027c01becb027b/out -L dependency=/opt/rustwide/target/debug/build/rustybuzz/889c63951cad939d/out -L dependency=/opt/rustwide/target/debug/build/serde/b55b12ad65f2c43f/out -L dependency=/opt/rustwide/target/debug/build/serde_core/123d162581b8427e/out -L dependency=/opt/rustwide/target/debug/build/serde_derive/b95eb8bb4d4dab60/out -L dependency=/opt/rustwide/target/debug/build/simd-adler32/8cb562ff854ea7ef/out -L dependency=/opt/rustwide/target/debug/build/simd_helpers/aba69cc8a0a7b9e9/out -L dependency=/opt/rustwide/target/debug/build/simplecss/2d99cd08699bcd11/out -L dependency=/opt/rustwide/target/debug/build/siphasher/924578c8d2d31401/out -L dependency=/opt/rustwide/target/debug/build/slotmap/0f08c04681ef0a6a/out -L dependency=/opt/rustwide/target/debug/build/smallvec/f002a74aede8c00e/out -L dependency=/opt/rustwide/target/debug/build/snafu-derive/8a397669280508ac/out -L dependency=/opt/rustwide/target/debug/build/snafu/fc9d01f7df39f4ac/out -L dependency=/opt/rustwide/target/debug/build/stable_deref_trait/8e8044a479f43a28/out -L dependency=/opt/rustwide/target/debug/build/strict-num/7c8e3cffc6949332/out -L dependency=/opt/rustwide/target/debug/build/strum_macros/ca0d9a4b1affe92b/out -L dependency=/opt/rustwide/target/debug/build/svgtypes/5d31140b7600031b/out -L dependency=/opt/rustwide/target/debug/build/text-size/b5db2dab547bd8c9/out -L dependency=/opt/rustwide/target/debug/build/thiserror-impl/d78e23a96e88b340/out -L dependency=/opt/rustwide/target/debug/build/thiserror/9751569986e3dea9/out -L dependency=/opt/rustwide/target/debug/build/tiff/d1b471d2c9d517d2/out -L dependency=/opt/rustwide/target/debug/build/tiny-skia-path/fb07b54c9984ad84/out -L dependency=/opt/rustwide/target/debug/build/tiny-skia/6fc6538f1f22eaa1/out -L dependency=/opt/rustwide/target/debug/build/tinystr/efcba14ae3b22720/out -L dependency=/opt/rustwide/target/debug/build/tinyvec/1cbb6c78fc9f102a/out -L dependency=/opt/rustwide/target/debug/build/tinyvec_macros/3b332f7cd1ec10e8/out -L dependency=/opt/rustwide/target/debug/build/ttf-parser/6c1cfac150fbffd2/out -L dependency=/opt/rustwide/target/debug/build/ttf-parser/f218860de49dff30/out -L dependency=/opt/rustwide/target/debug/build/unicode-bidi-mirroring/d1475e98f01585e2/out -L dependency=/opt/rustwide/target/debug/build/unicode-bidi/4e34fd4f5e93c3a6/out -L dependency=/opt/rustwide/target/debug/build/unicode-ccc/57cb5cdda6a2e91d/out -L dependency=/opt/rustwide/target/debug/build/unicode-ident/8c98a1a0e58216a9/out -L dependency=/opt/rustwide/target/debug/build/unicode-linebreak/b3db05733e11e19f/out -L dependency=/opt/rustwide/target/debug/build/unicode-properties/a90c138240d3c0ed/out -L dependency=/opt/rustwide/target/debug/build/unicode-script/65c0c9a3aaa52fb6/out -L dependency=/opt/rustwide/target/debug/build/unicode-vo/591a7061cdd38d28/out -L dependency=/opt/rustwide/target/debug/build/unicode-width/a34389d66ff79b3f/out -L dependency=/opt/rustwide/target/debug/build/usvg/97bc7a68a08b8843/out -L dependency=/opt/rustwide/target/debug/build/utf8_iter/83d48b7642e6f3cb/out -L dependency=/opt/rustwide/target/debug/build/v_frame/b5dda192703642fe/out -L dependency=/opt/rustwide/target/debug/build/weezl/85a978c5de9ba999/out -L dependency=/opt/rustwide/target/debug/build/writeable/70098fdb42657c1c/out -L dependency=/opt/rustwide/target/debug/build/xmlwriter/2c1e6b963a4b7658/out -L dependency=/opt/rustwide/target/debug/build/y4m/a5447953d55f3375/out -L dependency=/opt/rustwide/target/debug/build/yeslogic-fontconfig-sys/16e99a75b7695897/out -L dependency=/opt/rustwide/target/debug/build/yoke-derive/1424926ec65f33d8/out -L dependency=/opt/rustwide/target/debug/build/yoke/2a3772220c96c615/out -L dependency=/opt/rustwide/target/debug/build/zerocopy-derive/4f9f681344b07f64/out -L dependency=/opt/rustwide/target/debug/build/zerocopy/5e9975c27c0e3440/out -L dependency=/opt/rustwide/target/debug/build/zerofrom-derive/7309ff5fd1e0d0f4/out -L dependency=/opt/rustwide/target/debug/build/zerofrom/0f5dd753e2cb3210/out -L dependency=/opt/rustwide/target/debug/build/zerotrie/78a7e8f00f36182f/out -L dependency=/opt/rustwide/target/debug/build/zerovec-derive/56b27e75ca3b735e/out -L dependency=/opt/rustwide/target/debug/build/zerovec/6b7df10035e3cb38/out -L dependency=/opt/rustwide/target/debug/build/zune-core/1dc42d9fc80e4d34/out -L dependency=/opt/rustwide/target/debug/build/zune-core/a8d88f49c45d2437/out -L dependency=/opt/rustwide/target/debug/build/zune-inflate/b5be081385906042/out -L dependency=/opt/rustwide/target/debug/build/zune-jpeg/9b6cd222df32cf9e/out -L dependency=/opt/rustwide/target/debug/build/zune-jpeg/f0f8b79c125d58e1/out --extern annotate_snippets=/opt/rustwide/target/debug/build/annotate-snippets/79ed376ee875b3e4/out/libannotate_snippets-79ed376ee875b3e4.rmeta --extern by_address=/opt/rustwide/target/debug/build/by_address/f373cf464533665f/out/libby_address-f373cf464533665f.rmeta --extern derive_more=/opt/rustwide/target/debug/build/derive_more/e9acf3353542a83e/out/libderive_more-e9acf3353542a83e.rmeta --extern fontdue=/opt/rustwide/target/debug/build/fontdue/25a6c759447353b4/out/libfontdue-25a6c759447353b4.rmeta --extern i_slint_common=/opt/rustwide/target/debug/build/i-slint-common/2b5432de6dea1311/out/libi_slint_common-2b5432de6dea1311.rmeta --extern image=/opt/rustwide/target/debug/build/image/979983d0e990743e/out/libimage-979983d0e990743e.rmeta --extern itertools=/opt/rustwide/target/debug/build/itertools/69d89d89fe8968d3/out/libitertools-69d89d89fe8968d3.rmeta --extern linked_hash_set=/opt/rustwide/target/debug/build/linked_hash_set/bb36c5116a78205d/out/liblinked_hash_set-bb36c5116a78205d.rmeta --extern lyon_extra=/opt/rustwide/target/debug/build/lyon_extra/15b12d4d6fbb5bca/out/liblyon_extra-15b12d4d6fbb5bca.rmeta --extern lyon_path=/opt/rustwide/target/debug/build/lyon_path/802daa077dfa2cf8/out/liblyon_path-802daa077dfa2cf8.rmeta --extern num_enum=/opt/rustwide/target/debug/build/num_enum/712f481b17537097/out/libnum_enum-712f481b17537097.rmeta --extern proc_macro2=/opt/rustwide/target/debug/build/proc-macro2/4e65ba962a324510/out/libproc_macro2-4e65ba962a324510.rmeta --extern quote=/opt/rustwide/target/debug/build/quote/2c78a468e91215ba/out/libquote-2c78a468e91215ba.rmeta --extern rayon=/opt/rustwide/target/debug/build/rayon/a03b48e4bdc798f8/out/librayon-a03b48e4bdc798f8.rmeta --extern resvg=/opt/rustwide/target/debug/build/resvg/b0c1370fc4c1e2bd/out/libresvg-b0c1370fc4c1e2bd.rmeta --extern rowan=/opt/rustwide/target/debug/build/rowan/83c75ae280801257/out/librowan-83c75ae280801257.rmeta --extern rspolib=/opt/rustwide/target/debug/build/rspolib/133adda277a45001/out/librspolib-133adda277a45001.rmeta --extern smol_str=/opt/rustwide/target/debug/build/smol_str/a6b2d90190d95abf/out/libsmol_str-a6b2d90190d95abf.rmeta --extern strum=/opt/rustwide/target/debug/build/strum/8d989edc46b66bd1/out/libstrum-8d989edc46b66bd1.rmeta --extern typed_index_collections=/opt/rustwide/target/debug/build/typed-index-collections/0661356f900b970d/out/libtyped_index_collections-0661356f900b970d.rmeta --extern url=/opt/rustwide/target/debug/build/url/44689708bfd8775f/out/liburl-44689708bfd8775f.rmeta --cap-lints allow --cap-lints=forbid --force-warn=unused_crate_dependencies --check-cfg 'cfg(slint_debug_property)'` (signal: 9, SIGKILL: kill)
[INFO] [stderr] warning: build failed, waiting for other jobs to finish...
[INFO] [stdout] For more information about this error, try `rustc --explain E0277`.
[INFO] [stdout] 
[INFO] [stderr] error: could not compile `sqlx-postgres` (lib) due to 15 previous errors
[INFO] running `Command { std: "docker" "inspect" "23b4e4c145c5e85396c73d44c7570ca5b70140405775062f2662daa07090d750", kill_on_drop: false }`
[INFO] running `Command { std: "docker" "rm" "-f" "23b4e4c145c5e85396c73d44c7570ca5b70140405775062f2662daa07090d750", kill_on_drop: false }`
[INFO] [stdout] 23b4e4c145c5e85396c73d44c7570ca5b70140405775062f2662daa07090d750
