[INFO] cloning repository https://github.com/sammyfilly/Get-zola
[INFO] running `Command { std: "git" "-c" "credential.helper=" "-c" "credential.helper=/workspace/cargo-home/bin/git-credential-null" "clone" "--bare" "https://github.com/sammyfilly/Get-zola" "/workspace/cache/git-repos/https%3A%2F%2Fgithub.com%2Fsammyfilly%2FGet-zola", kill_on_drop: false }`
[INFO] [stderr] Cloning into bare repository '/workspace/cache/git-repos/https%3A%2F%2Fgithub.com%2Fsammyfilly%2FGet-zola'...
[INFO] running `Command { std: "git" "rev-parse" "HEAD", kill_on_drop: false }`
[INFO] [stdout] fc98cafe4a1d1df597f38f963e006d037fcff7ff
[INFO] checking sammyfilly/Get-zola against 0335fc7ee9e33d92e03d99f3e2fb0fe6119f3cc0 for pr-158915-1
[INFO] running `Command { std: "git" "clone" "/workspace/cache/git-repos/https%3A%2F%2Fgithub.com%2Fsammyfilly%2FGet-zola" "/workspace/builds/worker-5-tc2/source", kill_on_drop: false }`
[INFO] [stderr] Cloning into '/workspace/builds/worker-5-tc2/source'...
[INFO] [stderr] done.
[INFO] started tweaking git repo https://github.com/sammyfilly/Get-zola
[INFO] finished tweaking git repo https://github.com/sammyfilly/Get-zola
[INFO] tweaked toml for git repo https://github.com/sammyfilly/Get-zola written to /workspace/builds/worker-5-tc2/source/Cargo.toml
[INFO] validating manifest of git repo https://github.com/sammyfilly/Get-zola on toolchain 0335fc7ee9e33d92e03d99f3e2fb0fe6119f3cc0
[INFO] running `Command { std: CARGO_HOME="/workspace/cargo-home" RUSTUP_HOME="/workspace/rustup-home" "/workspace/cargo-home/bin/cargo" "+0335fc7ee9e33d92e03d99f3e2fb0fe6119f3cc0" "metadata" "--manifest-path" "Cargo.toml" "--no-deps", kill_on_drop: false }`
[INFO] crate git repo https://github.com/sammyfilly/Get-zola already has a lockfile, it will not be regenerated
[INFO] running `Command { std: CARGO_HOME="/workspace/cargo-home" RUSTUP_HOME="/workspace/rustup-home" "/workspace/cargo-home/bin/cargo" "+0335fc7ee9e33d92e03d99f3e2fb0fe6119f3cc0" "fetch" "--manifest-path" "Cargo.toml", kill_on_drop: false }`
[INFO] [stderr] warning: explicit `package.readme` can be inferred
[INFO] [stderr]   --> Cargo.toml:70:1
[INFO] [stderr]    |
[INFO] [stderr] 70 | readme = "README.md"
[INFO] [stderr]    | ^^^^^^^^^^^^^^^^^^^^
[INFO] [stderr]    |
[INFO] [stderr]    = note: `cargo::manual_readme` is set to `warn` by default
[INFO] [stderr] help: consider removing `package.readme`
[INFO] [stderr] warning: `zola` (manifest) generated 1 warning
[INFO] [stderr]     Blocking waiting for file lock on package cache
[INFO] [stderr]     Blocking waiting for file lock on package cache
[INFO] [stderr]  Downloading crates ...
[INFO] [stderr]   Downloaded unicode-bidi v0.3.11
[INFO] [stderr]   Downloaded ws v0.9.2
[INFO] [stderr]   Downloaded serde_derive v1.0.156
[INFO] [stderr]   Downloaded io-lifetimes v1.0.6
[INFO] [stderr]   Downloaded zune-inflate v0.2.51
[INFO] [stderr]   Downloaded spin v0.9.6
[INFO] [stderr]   Downloaded unic-langid v0.9.1
[INFO] [stderr]   Downloaded serde v1.0.156
[INFO] [stderr]   Downloaded displaydoc v0.2.3
[INFO] [stderr]   Downloaded unic-langid-impl v0.9.1
[INFO] [stderr]   Downloaded tinystr v0.7.1
[INFO] [stderr]   Downloaded serde_spanned v0.6.1
[INFO] [stderr]   Downloaded slug v0.1.4
[INFO] [stderr]   Downloaded toml v0.7.3
[INFO] [stderr]   Downloaded pest_derive v2.5.6
[INFO] [stderr]   Downloaded pest_generator v2.5.6
[INFO] [stderr]   Downloaded sha2 v0.10.6
[INFO] [stderr]   Downloaded pest_meta v2.5.6
[INFO] [stderr]   Downloaded uncased v0.9.7
[INFO] [stderr]   Downloaded globset v0.4.10
[INFO] [stderr]   Downloaded chrono-tz-build v0.0.2
[INFO] [stderr]   Downloaded ucd-trie v0.1.5
[INFO] [stderr]   Downloaded ignore v0.4.20
[INFO] [stderr]   Downloaded tera v1.18.1
[INFO] [stderr]   Downloaded deunicode v0.4.3
[INFO] [stderr]   Downloaded cargo-platform v0.1.2
[INFO] [stderr]   Downloaded pest v2.5.6
[INFO] [stderr]   Downloaded camino v1.1.4
[INFO] [stderr]   Downloaded plist v1.4.2
[INFO] [stderr]   Downloaded roxmltree v0.18.0
[INFO] [stderr]   Downloaded xmlparser v0.13.5
[INFO] [stderr]   Downloaded exr v1.6.3
[INFO] [stderr]   Downloaded rustix v0.36.9
[INFO] [stderr]   Downloaded pure-rust-locales v0.5.6
[INFO] [stderr]   Downloaded pulldown-cmark v0.9.2
[INFO] [stderr]   Downloaded reqwest v0.11.14
[INFO] [stderr]   Downloaded security-framework-sys v2.8.0
[INFO] [stderr]   Downloaded openssl-sys v0.9.81
[INFO] [stderr]   Downloaded rustls-pemfile v1.0.2
[INFO] [stderr]   Downloaded security-framework v2.8.2
[INFO] [stderr]   Downloaded quickxml_to_serde v0.5.0
[INFO] [stderr]   Downloaded bstr v1.3.0
[INFO] [stderr]   Downloaded futures-channel v0.3.27
[INFO] [stderr]   Downloaded relative-path v1.8.0
[INFO] [stderr]   Downloaded minidom v0.12.0
[INFO] [stderr]   Downloaded nom_locate v2.1.0
[INFO] [stderr]   Downloaded quick-xml v0.17.2
[INFO] [stderr]   Downloaded openssl v0.10.46
[INFO] [stderr]   Downloaded chrono-tz v0.6.1
[INFO] [stderr]   Downloaded svg_metadata v0.4.4
[INFO] [stderr]   Downloaded nom_locate v1.0.0
[INFO] [stderr]   Downloaded bytecount v0.3.2
[INFO] [stderr]   Downloaded nom-tracable-macros v0.5.2
[INFO] [stderr]   Downloaded minify-js v0.4.3
[INFO] [stderr]   Downloaded parse-js v0.10.3
[INFO] [stderr]   Downloaded css-minify v0.3.1
[INFO] [stderr]   Downloaded lexical-sort v0.3.1
[INFO] [stderr]   Downloaded grass v0.12.3
[INFO] [stderr]   Downloaded lasso v0.6.0
[INFO] [stderr]   Downloaded codemap v0.1.3
[INFO] [stderr]   Downloaded phf v0.11.1
[INFO] [stderr]   Downloaded phf_shared v0.11.1
[INFO] [stderr]   Downloaded lindera-core v0.13.5
[INFO] [stderr]   Downloaded yada v0.5.0
[INFO] [stderr]   Downloaded minify-html v0.10.8
[INFO] [stderr]   Downloaded grass_compiler v0.12.3
[INFO] [stderr]   Downloaded elasticlunr-rs v3.0.1
[INFO] [stderr]   Downloaded any_ascii v0.1.7
[INFO] [stderr]   Downloaded syntect v5.0.0
[INFO] [stderr]   Downloaded tokio v1.26.0
[INFO] [stderr]   Downloaded lindera v0.14.0
[INFO] [stderr]   Downloaded lindera-unidic-builder v0.13.5
[INFO] [stderr]   Downloaded lindera-decompress v0.13.5
[INFO] [stderr]   Downloaded lzma-rs v0.2.0
[INFO] [stderr]   Downloaded build_const v0.2.2
[INFO] [stderr]   Downloaded lindera-ko-dic-builder v0.13.5
[INFO] [stderr]   Downloaded lindera-ipadic-builder v0.13.5
[INFO] [stderr]   Downloaded xattr v0.2.3
[INFO] [stderr]   Downloaded lindera-dictionary v0.13.5
[INFO] [stderr]   Downloaded lindera-cc-cedict-builder v0.13.5
[INFO] [stderr]   Downloaded phf_generator v0.11.1
[INFO] [stderr]   Downloaded cedarwood v0.4.6
[INFO] [stderr]   Downloaded phf_codegen v0.11.1
[INFO] [stderr]   Downloaded tar v0.4.38
[INFO] [stderr]   Downloaded mockito v0.31.1
[INFO] [stderr]   Downloaded test-case v3.0.0
[INFO] [stderr]   Downloaded similar v2.2.1
[INFO] [stderr]   Downloaded webp v0.2.2
[INFO] [stderr]   Downloaded csv v1.2.1
[INFO] [stderr]   Downloaded test-case-macros v3.0.0
[INFO] [stderr]   Downloaded test-case-core v3.0.0
[INFO] [stderr]   Downloaded open v3.4.0
[INFO] [stderr]   Downloaded insta v1.28.0
[INFO] [stderr]   Downloaded is-terminal v0.4.4
[INFO] [stderr]   Downloaded ctrlc v3.2.5
[INFO] [stderr]   Downloaded clap_complete v4.1.4
[INFO] [stderr]   Downloaded libwebp-sys v0.4.2
[INFO] [stderr]   Downloaded nom-bibtex v0.3.0
[INFO] [stderr]   Downloaded jieba-rs v0.6.7
[INFO] [stderr]   Downloaded gh-emoji v1.0.7
[INFO] [stderr]   Downloaded nom-tracable v0.5.2
[INFO] [stderr]   Downloaded lindera-ipadic v0.13.5
[INFO] running `Command { std: "docker" "create" "-v" "/var/lib/crater-agent-workspace/builds/worker-5-tc2/source:/opt/rustwide/workdir:ro,Z" "-v" "/var/lib/crater-agent-workspace/builds/worker-5-tc2/target:/opt/rustwide/target:rw,Z" "-v" "/var/lib/crater-agent-workspace/cargo-home:/opt/rustwide/cargo-home:ro,Z" "-v" "/var/lib/crater-agent-workspace/rustup-home:/opt/rustwide/rustup-home:ro,Z" "-m" "1610612736" "--network" "none" "ghcr.io/rust-lang/crates-build-env/linux@sha256:8683fc1fc2eb5c9ac98e0d076ab094b2ffac7f99da555d2b6a2e27f346de2ec7" "sleep" "infinity", kill_on_drop: false }`
[INFO] [stdout] c89d78065c6ef758b49fa80388e87503d1435f3e855afc53398f286858ac9cc3
[INFO] running `Command { std: "docker" "start" "c89d78065c6ef758b49fa80388e87503d1435f3e855afc53398f286858ac9cc3", kill_on_drop: false }`
[INFO] running `Command { std: "docker" "inspect" "c89d78065c6ef758b49fa80388e87503d1435f3e855afc53398f286858ac9cc3", kill_on_drop: false }`
[INFO] running `Command { std: "docker" "exec" "-e" "SOURCE_DIR=/opt/rustwide/workdir" "-e" "CARGO_HOME=/opt/rustwide/cargo-home" "-e" "RUSTUP_HOME=/opt/rustwide/rustup-home" "-e" "CARGO_TARGET_DIR=/opt/rustwide/target" "-w" "/opt/rustwide/workdir" "--user" "0:0" "c89d78065c6ef758b49fa80388e87503d1435f3e855afc53398f286858ac9cc3" "/opt/rustwide/cargo-home/bin/cargo" "+0335fc7ee9e33d92e03d99f3e2fb0fe6119f3cc0" "metadata" "--no-deps" "--format-version=1", kill_on_drop: false }`
[INFO] running `Command { std: "docker" "inspect" "c89d78065c6ef758b49fa80388e87503d1435f3e855afc53398f286858ac9cc3", kill_on_drop: false }`
[INFO] running `Command { std: "docker" "exec" "-e" "SOURCE_DIR=/opt/rustwide/workdir" "-e" "CARGO_HOME=/opt/rustwide/cargo-home" "-e" "RUSTUP_HOME=/opt/rustwide/rustup-home" "-e" "CARGO_TARGET_DIR=/opt/rustwide/target" "-e" "CARGO_INCREMENTAL=0" "-e" "RUST_BACKTRACE=full" "-e" "RUSTFLAGS=--cap-lints=forbid" "-e" "RUSTDOCFLAGS=--cap-lints=forbid" "-w" "/opt/rustwide/workdir" "--user" "0:0" "c89d78065c6ef758b49fa80388e87503d1435f3e855afc53398f286858ac9cc3" "/opt/rustwide/cargo-home/bin/cargo" "+0335fc7ee9e33d92e03d99f3e2fb0fe6119f3cc0" "check" "--frozen" "--all" "--all-targets" "--message-format=json", kill_on_drop: false }`
[INFO] [stderr] warning: explicit `package.readme` can be inferred
[INFO] [stderr]   --> Cargo.toml:70:1
[INFO] [stderr]    |
[INFO] [stderr] 70 | readme = "README.md"
[INFO] [stderr]    | ^^^^^^^^^^^^^^^^^^^^
[INFO] [stderr]    |
[INFO] [stderr]    = note: `cargo::manual_readme` is set to `warn` by default
[INFO] [stderr] help: consider removing `package.readme`
[INFO] [stderr] warning: `zola` (manifest) generated 1 warning
[INFO] [stderr]    Compiling libc v0.2.140
[INFO] [stderr]    Compiling proc-macro2 v1.0.52
[INFO] [stderr]    Compiling quote v1.0.26
[INFO] [stderr]    Compiling unicode-ident v1.0.8
[INFO] [stderr]    Compiling syn v1.0.109
[INFO] [stderr]    Compiling autocfg v1.1.0
[INFO] [stderr]    Compiling version_check v0.9.4
[INFO] [stderr]     Checking cfg-if v1.0.0
[INFO] [stderr]    Compiling memchr v2.5.0
[INFO] [stderr]    Compiling serde_derive v1.0.156
[INFO] [stderr]    Compiling serde v1.0.156
[INFO] [stderr]     Checking once_cell v1.17.1
[INFO] [stderr]    Compiling log v0.4.17
[INFO] [stderr]     Checking bitflags v1.3.2
[INFO] [stderr]    Compiling ppv-lite86 v0.2.17
[INFO] [stderr]     Checking hashbrown v0.12.3
[INFO] [stderr]     Checking itoa v1.0.6
[INFO] [stderr]    Compiling siphasher v0.3.10
[INFO] [stderr]     Checking ryu v1.0.13
[INFO] [stderr]     Checking scopeguard v1.1.0
[INFO] [stderr]    Compiling proc-macro-hack v0.5.20+deprecated
[INFO] [stderr]    Compiling serde_json v1.0.94
[INFO] [stderr]    Compiling io-lifetimes v1.0.6
[INFO] [stderr]    Compiling futures-core v0.3.27
[INFO] [stderr]    Compiling indexmap v1.9.2
[INFO] [stderr]    Compiling lock_api v0.4.9
[INFO] [stderr]    Compiling uncased v0.9.7
[INFO] [stderr]    Compiling unicase v2.6.0
[INFO] [stderr]     Checking lazy_static v1.4.0
[INFO] [stderr]    Compiling typenum v1.16.0
[INFO] [stderr]    Compiling rustix v0.36.9
[INFO] [stderr]    Compiling crossbeam-utils v0.8.15
[INFO] [stdout] error[E0422]: cannot find struct, variant or union type `LineColumn` in crate `proc_macro`
[INFO] [stdout]    --> /opt/rustwide/cargo-home/registry/src/index.crates.io-1949cf8c6b5b557f/proc-macro2-1.0.52/src/wrapper.rs:475:33
[INFO] [stdout]     |
[INFO] [stdout] 475 |                 let proc_macro::LineColumn { line, column } = s.start();
[INFO] [stdout]     |                                 ^^^^^^^^^^ not found in `proc_macro`
[INFO] [stdout]     |
[INFO] [stdout] help: consider importing this struct through its public re-export
[INFO] [stdout]     |
[INFO] [stdout]   1 + use crate::LineColumn;
[INFO] [stdout]     |
[INFO] [stdout] help: if you import `LineColumn`, refer to it directly
[INFO] [stdout]     |
[INFO] [stdout] 475 -                 let proc_macro::LineColumn { line, column } = s.start();
[INFO] [stdout] 475 +                 let LineColumn { line, column } = s.start();
[INFO] [stdout]     |
[INFO] [stdout] 
[INFO] [stdout] 
[INFO] [stdout] error[E0422]: cannot find struct, variant or union type `LineColumn` in crate `proc_macro`
[INFO] [stdout]    --> /opt/rustwide/cargo-home/registry/src/index.crates.io-1949cf8c6b5b557f/proc-macro2-1.0.52/src/wrapper.rs:489:33
[INFO] [stdout]     |
[INFO] [stdout] 489 |                 let proc_macro::LineColumn { line, column } = s.end();
[INFO] [stdout]     |                                 ^^^^^^^^^^ not found in `proc_macro`
[INFO] [stdout]     |
[INFO] [stdout] help: consider importing this struct through its public re-export
[INFO] [stdout]     |
[INFO] [stdout]   1 + use crate::LineColumn;
[INFO] [stdout]     |
[INFO] [stdout] help: if you import `LineColumn`, refer to it directly
[INFO] [stdout]     |
[INFO] [stdout] 489 -                 let proc_macro::LineColumn { line, column } = s.end();
[INFO] [stdout] 489 +                 let LineColumn { line, column } = s.end();
[INFO] [stdout]     |
[INFO] [stdout] 
[INFO] [stdout] 
[INFO] [stderr]    Compiling memoffset v0.8.0
[INFO] [stdout] error[E0635]: unknown feature `proc_macro_span_shrink`
[INFO] [stdout]   --> /opt/rustwide/cargo-home/registry/src/index.crates.io-1949cf8c6b5b557f/proc-macro2-1.0.52/src/lib.rs:92:30
[INFO] [stdout]    |
[INFO] [stdout] 92 |     feature(proc_macro_span, proc_macro_span_shrink)
[INFO] [stdout]    |                              ^^^^^^^^^^^^^^^^^^^^^^
[INFO] [stdout]    |
[INFO] [stdout] help: there is a feature with a similar name: `proc_macro_span_file`
[INFO] [stdout]    |
[INFO] [stdout] 92 -     feature(proc_macro_span, proc_macro_span_shrink)
[INFO] [stdout] 92 +     feature(proc_macro_span, proc_macro_span_file)
[INFO] [stdout]    |
[INFO] [stdout] 
[INFO] [stdout] 
[INFO] [stderr]    Compiling slab v0.4.8
[INFO] [stderr]    Compiling phf_shared v0.10.0
[INFO] [stderr]     Checking fnv v1.0.7
[INFO] [stderr]     Checking aho-corasick v0.7.20
[INFO] [stderr]    Compiling crossbeam-epoch v0.9.14
[INFO] [stderr]     Checking regex-syntax v0.6.28
[INFO] [stderr]    Compiling thiserror v1.0.39
[INFO] [stderr]     Checking pin-project-lite v0.2.9
[INFO] [stderr]    Compiling num-traits v0.2.15
[INFO] [stderr]     Checking bytes v1.4.0
[INFO] [stdout] Some errors have detailed explanations: E0422, E0635.
[INFO] [stdout] 
[INFO] [stdout] For more information about an error, try `rustc --explain E0422`.
[INFO] [stdout] 
[INFO] [stderr] error: could not compile `proc-macro2` (lib) due to 3 previous errors
[INFO] [stderr] warning: build failed, waiting for other jobs to finish...
[INFO] running `Command { std: "docker" "inspect" "c89d78065c6ef758b49fa80388e87503d1435f3e855afc53398f286858ac9cc3", kill_on_drop: false }`
[INFO] running `Command { std: "docker" "rm" "-f" "c89d78065c6ef758b49fa80388e87503d1435f3e855afc53398f286858ac9cc3", kill_on_drop: false }`
[INFO] [stdout] c89d78065c6ef758b49fa80388e87503d1435f3e855afc53398f286858ac9cc3
